15:43:23 T:2964455424 M:319283200 DEBUG: Boxee: 30/12/09 14:43:23#DEBUG#bxservicesmanager.cpp:245(IsRegisterToServices)#BXServicesManager::IsRegisterToServices - [serviceIdentifier=netflix] from type [identifierTypeEnum=1=NAME=NAME] WAS found in the ServicesList. Exit function and return TRUE (serv)
15:43:23 T:2964455424 M:319275008 DEBUG: BoxeeUtils::ResolveItem, for boxee id = 372966, items size = 1 (ri)
15:43:23 T:2964455424 M:319250432 DEBUG: CBoxeeFeedItemsLoader::LoadItem, resolved item for boxee id = 372966, label =Oldboy (feedloader) (ri)
15:43:23 T:2964455424 M:319250432 DEBUG: CBackgroundInfoLoader::LoadCustomImages - Enter function with item [path=app://netflix/play?titleid=http%3A%2F%2Fapi.netflix.com%2Fcatalog%2Ftitles%2Fmovies%2F70024111&ourl=http%3A%2F%2Fwww.netflix.com%2FMovie%2FOldboy%2F70024111][label=Oldboy]. [bCanBlock=1] (custi)
15:43:23 T:2964455424 M:319246336 DEBUG: CBackgroundInfoLoader::LoadCustomImages - Enter function with item [path=http://www.youtube.com/watch?v=J3c8zuTy2Wc&feature=youtube_gdata][label=Trailer]. [bCanBlock=1] (custi)
15:43:23 T:2964455424 M:319238144 DEBUG: CPictureThumbLoader::LoadItem - Item [path=app://netflix/play?titleid=http%3A%2F%2Fapi.netflix.com%2Fcatalog%2Ftitles%2Fmovies%2F70024111&ourl=http%3A%2F%2Fwww.netflix.com%2FMovie%2FOldboy%2F70024111] is a folder (foldert)
15:43:23 T:2964455424 M:319234048 DEBUG: CPictureThumbLoader::LoadItem - For item [path=app://netflix/play?titleid=http%3A%2F%2Fapi.netflix.com%2Fcatalog%2Ftitles%2Fmovies%2F70024111&ourl=http%3A%2F%2Fwww.netflix.com%2FMovie%2FOldboy%2F70024111] going to return TRUE [Not queue for background loading] (foldert)
15:43:23 T:2965512192 M:319160320 DEBUG: Channel thumbnail:
15:43:23 T:2965512192 M:319139840 DEBUG: CRssFeed::ReadFeed - open search, startIndex = -1, itemsPerPage = -1, totalResults = -1 (paging)
15:43:23 T:2965512192 M:319139840 DEBUG: Boxee: 30/12/09 14:43:23#DEBUG#bxservicesmanager.cpp:215(IsRegisterToServices)#BXServicesManager::IsRegisterToServices - Enter function with [serviceIdentifier=netflix][identifierTypeEnum=1=NAME][ServicesListSize=2] (serv)
15:43:23 T:2965512192 M:319139840 DEBUG: Boxee: 30/12/09 14:43:23#DEBUG#bxservicesmanager.cpp:245(IsRegisterToServices)#BXServicesManager::IsRegisterToServices - [serviceIdentifier=netflix] from type [identifierTypeEnum=1=NAME=NAME] WAS found in the ServicesList. Exit function and return TRUE (serv)
15:43:23 T:2965512192 M:319131648 DEBUG: DATEDATE, label = Ink, text = Tue, 10 Nov 2009
05:00:00 GMT, release date = 10 Nov 2009
15:43:23 T:2965512192 M:319127552 DEBUG: BoxeeUtils::ResolveItem, for boxee id = 392313, items size = 1 (ri)
15:43:23 T:2965512192 M:319119360 DEBUG: CBoxeeFeedItemsLoader::LoadItem, resolved item for boxee id = 392313, label =Ink (feedloader) (ri)
15:43:23 T:2965512192 M:319102976 DEBUG: CBackgroundInfoLoader::LoadCustomImages - Enter function with item [path=app://netflix/play?titleid=http%3A%2F%2Fapi.netflix.com%2Fcatalog%2Ftitles%2Fmovies%2F70125584&ourl=http%3A%2F%2Fwww.netflix.com%2FMovie%2FInk%2F70125584][label=Ink]. [bCanBlock=1] (custi)
15:43:23 T:2965512192 M:319094784 DEBUG: CPictureThumbLoader::LoadItem - Item [path=app://netflix/play?titleid=http%3A%2F%2Fapi.netflix.com%2Fcatalog%2Ftitles%2Fmovies%2F70125584&ourl=http%3A%2F%2Fwww.netflix.com%2FMovie%2FInk%2F70125584] is a folder (foldert)
15:43:23 T:2965512192 M:319094784 DEBUG: CPictureThumbLoader::LoadItem - For item [path=app://netflix/play?titleid=http%3A%2F%2Fapi.netflix.com%2Fcatalog%2Ftitles%2Fmovies%2F70125584&ourl=http%3A%2F%2Fwww.netflix.com%2FMovie%2FInk%2F70125584] going to return TRUE [Not queue for background loading] (foldert)
15:43:23 T:2965512192 M:319086592 DEBUG: CBackgroundInfoLoader::LoadCustomImages - Enter function with item [path=http://www.youtube.com/watch?v=hW7HG423wLU&feature=youtube_gdata][label=Trailer]. [bCanBlock=1] (custi)
15:43:23 T:2965512192 M:319066112 DEBUG: CBackgroundInfoLoader::LoadCustomImages - Enter function with item [path=http://www.hulu.com/watch/116313][label=Ad Supported]. [bCanBlock=1] (custi)
15:43:23 T:2962382848 M:316432384 DEBUG: CBoxeeFeedItemsLoader::LoadItem, going to resolve item label =An Engineer's Guide to Cats (feedloader) (ri)
15:43:23 T:2962382848 M:316424192 DEBUG: CBoxeeFeedItemsLoader::LoadItem - Not handling item [label=An Engineer's Guide to Cats][showid=][boxeeid=][isfeedalbum=][referral=16906258] (feedloader)(ri)
15:43:23 T:2962382848 M:316424192 DEBUG: CBackgroundInfoLoader::LoadCustomImages - Enter function with item [path=http://www.youtube.com/watch?v=mHXBL6bzAR4&feature=youtube_gdata&fmt=18][label=An Engineer's Guide to Cats]. [bCanBlock=1] (custi)
15:43:23 T:2964455424 M:316432384 DEBUG: CBoxeeFeedItemsLoader::LoadItem, going to resolve item label =Bacon - the most beautiful thing on Earth (feedloader) (ri)
15:43:23 T:2964455424 M:316416000 DEBUG: CBoxeeFeedItemsLoader::LoadItem - Not handling item [label=Bacon - the most beautiful thing on Earth][showid=][boxeeid=][isfeedalbum=][referral=16901046] (feedloader)(ri)
15:43:23 T:2962382848 M:316416000 DEBUG: CBoxeeFeedItemsLoader::LoadItem, going to resolve item label =Avatar Mirrors Emotions With Motion Capture (feedloader) (ri)
15:43:23 T:2962382848 M:316407808 DEBUG: CBoxeeFeedItemsLoader::LoadItem - Not handling item [label=Avatar Mirrors Emotions With Motion Capture][showid=][boxeeid=][isfeedalbum=][referral=16901045] (feedloader)(ri)
15:43:23 T:2964455424 M:316407808 DEBUG: CBackgroundInfoLoader::LoadCustomImages - Enter function with item [path=http://www.break.com/usercontent/2009/3/Jim-Gaffigan-Bacon-KING-BABY-Premieres-March-29th-9pm-on-C-683552.html][label=Bacon - the most beautiful thing on Earth]. [bCanBlock=1] (custi)
15:43:23 T:2962382848 M:316407808 DEBUG: CBackgroundInfoLoader::LoadCustomImages - Enter function with item [path=http://dir.boxee.tv/apps/brightcove/play/wired/57975931001][label=Avatar Mirrors Emotions With Motion Capture]. [bCanBlock=1] (custi)
15:43:23 T:2962382848 M:316432384 DEBUG: CBoxeeFeedItemsLoader::LoadItem, going to resolve item label =Avatar: The Making of the Bootleg (feedloader) (ri)
15:43:23 T:2962382848 M:316424192 DEBUG: CBoxeeFeedItemsLoader::LoadItem - Not handling item [label=Avatar: The Making of the Bootleg][showid=][boxeeid=][isfeedalbum=][referral=16907260] (feedloader)(ri)
15:43:23 T:2962382848 M:316424192 DEBUG: CBackgroundInfoLoader::LoadCustomImages - Enter function with item [path=http://www.youtube.com/watch?v=thsc60UTUIE&feature=youtube_gdata&fmt=18][label=Avatar: The Making of the Bootleg]. [bCanBlock=1] (custi)
15:43:25 T:2962382848 M:314810368 DEBUG: Looking for shares in ip 194.109.0.3
15:43:25 T:2964455424 M:314777600 DEBUG: Looking for shares in ip 194.109.0.6
15:43:25 T:2965512192 M:314769408 DEBUG: Looking for shares in ip 194.109.0.20
15:43:25 T:2967269376 M:314761216 DEBUG: Looking for shares in ip 194.109.0.34
15:43:25 T:2968326144 M:314753024 DEBUG: Looking for shares in ip 194.109.0.33
15:43:25 T:2966044672 M:314744832 DEBUG: Thread 2966044672 terminating
15:43:25 T:2962382848 M:314757120 DEBUG: OpenDir - Using authentication url smb://194%2e109%2e0%2e3
15:43:25 T:2964455424 M:314617856 DEBUG: OpenDir - Using authentication url smb://194%2e109%2e0%2e6
15:43:25 T:2965512192 M:314617856 DEBUG: OpenDir - Using authentication url smb://194%2e109%2e0%2e20
15:43:25 T:2967269376 M:314617856 DEBUG: OpenDir - Using authentication url smb://194%2e109%2e0%2e34
15:43:25 T:2968326144 M:314617856 DEBUG: OpenDir - Using authentication url smb://194%2e109%2e0%2e33
15:43:25 T:2962382848 M:314732544 DEBUG: OpenDir - Using authentication url smb://******@194%2e109%2e0%2e3
15:43:25 T:2964455424 M:314646528 DEBUG: OpenDir - Using authentication url smb://******@194%2e109%2e0%2e6
15:43:25 T:2967269376 M:314703872 DEBUG: OpenDir - Using authentication url smb://******@194%2e109%2e0%2e34
15:43:26 T:2693097248 M:314454016 DEBUG: SDLKeyboard: scancode: 126, sym: 273, unicode: 63232, modifier: 0
15:43:26 T:2693097248 M:314454016 DEBUG: CApplication::OnKey - [key=61478][window=10000][action=3]
15:43:26 T:2693097248 M:314454016 DEBUG: OnKey: 61478 pressed, action is 3
15:43:27 T:2693097248 M:314417152 DEBUG: SDLKeyboard: scancode: 124, sym: 275, unicode: 63235, modifier: 0
15:43:27 T:2693097248 M:314417152 DEBUG: CApplication::OnKey - [key=61479][window=10000][action=2]
15:43:27 T:2693097248 M:314417152 DEBUG: OnKey: 61479 pressed, action is 2
15:43:27 T:2962653184 M:314396672 DEBUG: CFileScanner::Process, scan share special://userhome/Downloads/Boxee, scan type 3, last scanned 1262182613 (filescanner)
15:43:27 T:2962653184 M:314396672 DEBUG: CFileScanner::Process, SCANNING share special://userhome/Downloads/Boxee, scan type 3 (filescanner)
15:43:27 T:2693097248 M:314396672 DEBUG: SDLKeyboard: scancode: 36, sym: 13, unicode: 13, modifier: 0
15:43:27 T:2693097248 M:314396672 DEBUG: CApplication::OnKey - [key=61453][window=10000][action=7]
15:43:27 T:2693097248 M:314396672 DEBUG: OnKey: 61453 pressed, action is 7
15:43:27 T:2693097248 M:314347520 DEBUG: ExecuteXBMCAction : Translating ActivateWindow(Settings)
15:43:27 T:2693097248 M:314347520 DEBUG: ExecuteXBMCAction : To ActivateWindow(Settings)
15:43:27 T:2693097248 M:314347520 DEBUG: Activating window ID: 10004
15:43:27 T:2693097248 M:314347520 DEBUG: Checking if window ID 10004 is locked.
15:43:27 T:2693097248 M:314347520 DEBUG: ------ Window Deinit (Home.xml) ------
15:43:27 T:2693097248 M:314347520 ERROR: (pthread_mutex_destroy(&m_mutex)): [XCriticalSection.cpp:84] 16
15:43:27 T:2693097248 M:314347520 DEBUG: ------ Window Init (Settings.xml) ------
15:43:27 T:2693097248 M:314347520 INFO: Loading skin file: Settings.xml
15:43:27 T:2693097248 M:314347520 DEBUG: CGUIBaseContainer::CGUIBaseContainer, 52 (basecontainer)
15:43:27 T:2693097248 M:314347520 DEBUG: Load Settings.xml: 17.56ms
15:43:27 T:2962653184 M:314290176 DEBUG: CFileScanner::Process, scan share special://userhome/Movies, scan type 3, last scanned 1262182320 (filescanner)
15:43:27 T:2693097248 M:314290176 DEBUG: Alloc resources: 18.34ms (17.67 ms skin load)
15:43:27 T:2962653184 M:314290176 DEBUG: CFileScanner::Process, SCANNING share special://userhome/Movies, scan type 3 (filescanner)
15:43:27 T:2962653184 M:318148608 DEBUG: CFileScanner::Process, scan share special://userhome/Music, scan type 3, last scanned 1262182575 (filescanner)
15:43:27 T:2962653184 M:318148608 DEBUG: CFileScanner::Process, SCANNING share special://userhome/Music, scan type 3 (filescanner)
15:43:33 T:2693097248 M:319098880 DEBUG: SDLKeyboard: scancode: 0, sym: 310, unicode: 0, modifier: 0
15:43:35 T:2968326144 M:320077824 DEBUG: SMBDirectory->GetDirectory: Unable to open directory : 'smb://194%2e109%2e0%2e33' unix_err:'1' error : 'Operation not permitted'
15:43:35 T:2968326144 M:320028672 DEBUG: GetDirectory - Error getting smb://194.109.0.33
15:43:35 T:2968326144 M:319979520 DEBUG: Looking for shares in ip 194.109.0.35
15:43:35 T:2962382848 M:320040960 DEBUG: OpenDir - Using authentication url smb://******@194%2e109%2e0%2e3
15:43:35 T:2964455424 M:320032768 DEBUG: OpenDir - Using authentication url smb://******@194%2e109%2e0%2e6
15:43:35 T:2965512192 M:320032768 DEBUG: Looking for shares in ip 194.109.0.68
15:43:35 T:2967269376 M:320024576 DEBUG: OpenDir - Using authentication url smb://******@194%2e109%2e0%2e34
15:43:35 T:2968326144 M:319971328 DEBUG: OpenDir - Using authentication url smb://194%2e109%2e0%2e35
15:43:35 T:2962382848 M:320016384 DEBUG: SMBDirectory->GetDirectory: Unable to open directory : 'smb://******@194%2e109%2e0%2e3' unix_err:'d' error : 'Permission denied'
15:43:35 T:2962382848 M:320016384 DEBUG: GetDirectory - Error getting smb://194.109.0.3
15:43:35 T:2962382848 M:320016384 DEBUG: Looking for shares in ip 194.109.0.65
15:43:35 T:2964455424 M:320008192 DEBUG: SMBDirectory->GetDirectory: Unable to open directory : 'smb://******@194%2e109%2e0%2e6' unix_err:'d' error : 'Permission denied'
15:43:35 T:2965512192 M:319967232 DEBUG: OpenDir - Using authentication url smb://194%2e109%2e0%2e68
15:43:35 T:2964455424 M:319893504 DEBUG: GetDirectory - Error getting smb://194.109.0.6
15:43:35 T:2964455424 M:319868928 DEBUG: Looking for shares in ip 194.109.0.84
15:43:35 T:2967269376 M:320000000 DEBUG: SMBDirectory->GetDirectory: Unable to open directory : 'smb://******@194%2e109%2e0%2e34' unix_err:'d' error : 'Permission denied'
15:43:35 T:2967269376 M:319897600 DEBUG: GetDirectory - Error getting smb://194.109.0.34
15:43:35 T:2967269376 M:319860736 DEBUG: Looking for shares in ip 194.109.0.88
15:43:35 T:2968326144 M:319991808 DEBUG: OpenDir - Using authentication url smb://******@194%2e109%2e0%2e35
15:43:35 T:2962382848 M:319852544 DEBUG: OpenDir - Using authentication url smb://194%2e109%2e0%2e65
15:43:35 T:2965512192 M:319991808 DEBUG: OpenDir - Using authentication url smb://******@194%2e109%2e0%2e68
15:43:35 T:2964455424 M:319979520 DEBUG: OpenDir - Using authentication url smb://194%2e109%2e0%2e84
15:43:35 T:2967269376 M:319893504 DEBUG: OpenDir - Using authentication url smb://194%2e109%2e0%2e88
15:43:35 T:2968326144 M:319971328 DEBUG: OpenDir - Using authentication url smb://******@194%2e109%2e0%2e35
15:43:35 T:2962382848 M:319877120 DEBUG: OpenDir - Using authentication url smb://******@194%2e109%2e0%2e65
15:43:35 T:2965512192 M:319967232 DEBUG: OpenDir - Using authentication url smb://******@194%2e109%2e0%2e68
15:43:36 T:2967269376 M:319959040 DEBUG: OpenDir - Using authentication url smb://******@194%2e109%2e0%2e88
15:43:36 T:2968326144 M:319950848 DEBUG: SMBDirectory->GetDirectory: Unable to open directory : 'smb://******@194%2e109%2e0%2e35' unix_err:'d' error : 'Permission denied'
15:43:36 T:2968326144 M:319881216 DEBUG: GetDirectory - Error getting smb://194.109.0.35
15:43:36 T:2968326144 M:319811584 DEBUG: Looking for shares in ip 194.109.0.91
15:43:36 T:2962382848 M:319938560 DEBUG: OpenDir - Using authentication url smb://******@194%2e109%2e0%2e65
15:43:36 T:2965512192 M:319942656 DEBUG: SMBDirectory->GetDirectory: Unable to open directory : 'smb://******@194%2e109%2e0%2e68' unix_err:'d' error : 'Permission denied'
15:43:36 T:2965512192 M:319942656 DEBUG: GetDirectory - Error getting smb://194.109.0.68
15:43:36 T:2965512192 M:319942656 DEBUG: Looking for shares in ip 194.109.0.89
15:43:36 T:2964455424 M:319942656 DEBUG: Looking for shares in ip 194.109.0.108
15:43:36 T:2967269376 M:319934464 DEBUG: OpenDir - Using authentication url smb://******@194%2e109%2e0%2e88
15:43:36 T:2968326144 M:319930368 DEBUG: OpenDir - Using authentication url smb://194%2e109%2e0%2e91
15:43:36 T:2962382848 M:319926272 DEBUG: SMBDirectory->GetDirectory: Unable to open directory : 'smb://******@194%2e109%2e0%2e65' unix_err:'d' error : 'Permission denied'
15:43:36 T:2965512192 M:319881216 DEBUG: OpenDir - Using authentication url smb://194%2e109%2e0%2e89
15:43:36 T:2964455424 M:319795200 DEBUG: OpenDir - Using authentication url smb://194%2e109%2e0%2e108
15:43:36 T:2962382848 M:319787008 DEBUG: GetDirectory - Error getting smb://194.109.0.65
15:43:36 T:2962382848 M:319787008 DEBUG: Looking for shares in ip 194.109.0.94
15:43:36 T:2967269376 M:319905792 DEBUG: SMBDirectory->GetDirectory: Unable to open directory : 'smb://******@194%2e109%2e0%2e88' unix_err:'d' error : 'Permission denied'
15:43:36 T:2967269376 M:319823872 DEBUG: GetDirectory - Error getting smb://194.109.0.88
15:43:36 T:2967269376 M:319778816 DEBUG: Looking for shares in ip 194.109.0.110
15:43:36 T:2968326144 M:319897600 DEBUG: OpenDir - Using authentication url smb://******@194%2e109%2e0%2e91
15:43:36 T:2965512192 M:319889408 DEBUG: OpenDir - Using authentication url smb://******@194%2e109%2e0%2e89
15:43:36 T:2964455424 M:319893504 DEBUG: OpenDir - Using authentication url smb://******@194%2e109%2e0%2e108
15:43:36 T:2962382848 M:319754240 DEBUG: OpenDir - Using authentication url smb://194%2e109%2e0%2e94
15:43:36 T:2967269376 M:319754240 DEBUG: OpenDir - Using authentication url smb://194%2e109%2e0%2e110
15:43:36 T:2968326144 M:319864832 DEBUG: OpenDir - Using authentication url smb://******@194%2e109%2e0%2e91
15:43:36 T:2965512192 M:319864832 DEBUG: OpenDir - Using authentication url smb://******@194%2e109%2e0%2e89
15:43:36 T:2964455424 M:319848448 DEBUG: OpenDir - Using authentication url smb://******@194%2e109%2e0%2e108
15:43:36 T:2962382848 M:319844352 DEBUG: OpenDir - Using authentication url smb://******@194%2e109%2e0%2e94
15:43:36 T:2967269376 M:319840256 DEBUG: OpenDir - Using authentication url smb://******@194%2e109%2e0%2e110
15:43:36 T:2968326144 M:319832064 DEBUG: SMBDirectory->GetDirectory: Unable to open directory : 'smb://******@194%2e109%2e0%2e91' unix_err:'d' error : 'Permission denied'
15:43:36 T:2968326144 M:319766528 DEBUG: GetDirectory - Error getting smb://194.109.0.91
15:43:36 T:2968326144 M:319705088 DEBUG: Looking for shares in ip 194.109.0.106
15:43:36 T:2965512192 M:319836160 DEBUG: SMBDirectory->GetDirectory: Unable to open directory : 'smb://******@194%2e109%2e0%2e89' unix_err:'d' error : 'Permission denied'
15:43:36 T:2965512192 M:319750144 DEBUG: GetDirectory - Error getting smb://194.109.0.89
15:43:36 T:2965512192 M:319696896 DEBUG: Looking for shares in ip 194.109.0.120
15:43:36 T:2964455424 M:319827968 DEBUG: SMBDirectory->GetDirectory: Unable to open directory : 'smb://******@194%2e109%2e0%2e108' unix_err:'d' error : 'Permission denied'
15:43:36 T:2964455424 M:319778816 DEBUG: GetDirectory - Error getting smb://194.109.0.108
15:43:36 T:2964455424 M:319688704 DEBUG: Looking for shares in ip 194.109.0.102
15:43:36 T:2962382848 M:319655936 DEBUG: OpenDir - Using authentication url smb://******@194%2e109%2e0%2e94
15:43:36 T:2967269376 M:319811584 DEBUG: OpenDir - Using authentication url smb://******@194%2e109%2e0%2e110
15:43:36 T:2968326144 M:319803392 DEBUG: OpenDir - Using authentication url smb://194%2e109%2e0%2e106
15:43:36 T:2965512192 M:319725568 DEBUG: OpenDir - Using authentication url smb://194%2e109%2e0%2e120
15:43:36 T:2964455424 M:319672320 DEBUG: OpenDir - Using authentication url smb://194%2e109%2e0%2e102
15:43:36 T:2962382848 M:319803392 DEBUG: SMBDirectory->GetDirectory: Unable to open directory : 'smb://******@194%2e109%2e0%2e94' unix_err:'d' error : 'Permission denied'
15:43:36 T:2962382848 M:319733760 DEBUG: GetDirectory - Error getting smb://194.109.0.94
15:43:36 T:2962382848 M:319664128 DEBUG: Looking for shares in ip 194.109.0.137
15:43:36 T:2967269376 M:319782912 DEBUG: SMBDirectory->GetDirectory: Unable to open directory : 'smb://******@194%2e109%2e0%2e110' unix_err:'d' error : 'Permission denied'
15:43:36 T:2967269376 M:319660032 DEBUG: GetDirectory - Error getting smb://194.109.0.110
15:43:36 T:2967269376 M:319655936 DEBUG: Looking for shares in ip 194.109.0.163
15:43:36 T:2968326144 M:319795200 DEBUG: SMBDirectory->GetDirectory: Unable to open directory : 'smb://194%2e109%2e0%2e106' unix_err:'3c' error : 'Operation timed out'
15:43:36 T:2968326144 M:319655936 DEBUG: GetDirectory - Error getting smb://194.109.0.106
15:43:36 T:2968326144 M:319655936 DEBUG: Looking for shares in ip 194.109.0.156
15:43:53 T:2969391104 M:319713280 DEBUG: Thread 2969391104 terminating (autodelete)
15:43:54 T:2965512192 M:319864832 DEBUG: SMBDirectory->GetDirectory: Unable to open directory : 'smb://194%2e109%2e0%2e120' unix_err:'3c' error : 'Operation timed out'
15:43:54 T:2965512192 M:319864832 DEBUG: GetDirectory - Error getting smb://194.109.0.120
15:43:54 T:2965512192 M:319864832 DEBUG: Looking for shares in ip 194.109.0.167
15:43:54 T:2964455424 M:319844352 DEBUG: OpenDir - Using authentication url smb://******@194%2e109%2e0%2e102
15:43:54 T:2962382848 M:319844352 DEBUG: OpenDir - Using authentication url smb://194%2e109%2e0%2e137
15:43:54 T:2967269376 M:319819776 DEBUG: OpenDir - Using authentication url smb://194%2e109%2e0%2e163
15:43:54 T:2968326144 M:319729664 DEBUG: OpenDir - Using authentication url smb://194%2e109%2e0%2e156
15:43:54 T:2965512192 M:319705088 DEBUG: OpenDir - Using authentication url smb://194%2e109%2e0%2e167
15:43:54 T:2964455424 M:319832064 DEBUG: OpenDir - Using authentication url smb://******@194%2e109%2e0%2e102
15:43:54 T:2962382848 M:319819776 DEBUG: OpenDir - Using authentication url smb://******@194%2e109%2e0%2e137
15:43:54 T:2965512192 M:319807488 DEBUG: OpenDir - Using authentication url smb://******@194%2e109%2e0%2e167
15:43:54 T:2964455424 M:319807488 DEBUG: SMBDirectory->GetDirectory: Unable to open directory : 'smb://******@194%2e109%2e0%2e102' unix_err:'d' error : 'Permission denied'
15:43:54 T:2964455424 M:319807488 DEBUG: GetDirectory - Error getting smb://194.109.0.102
15:43:54 T:2964455424 M:319791104 DEBUG: Looking for shares in ip 194.109.0.176
15:43:54 T:2962382848 M:319799296 DEBUG: OpenDir - Using authentication url smb://******@194%2e109%2e0%2e137
15:43:54 T:2968326144 M:319799296 DEBUG: Looking for shares in ip 194.109.0.193
15:43:54 T:2967269376 M:319774720 DEBUG: Looking for shares in ip 194.109.0.207
15:43:54 T:2965512192 M:319791104 DEBUG: OpenDir - Using authentication url smb://******@194%2e109%2e0%2e167
15:43:54 T:2964455424 M:319721472 DEBUG: OpenDir - Using authentication url smb://194%2e109%2e0%2e176
15:43:54 T:2962382848 M:319782912 DEBUG: SMBDirectory->GetDirectory: Unable to open directory : 'smb://******@194%2e109%2e0%2e137' unix_err:'d' error : 'Permission denied'
15:43:54 T:2968326144 M:319778816 DEBUG: OpenDir - Using authentication url smb://194%2e109%2e0%2e193
15:43:54 T:2967269376 M:319692800 DEBUG: OpenDir - Using authentication url smb://194%2e109%2e0%2e207
15:43:54 T:2962382848 M:319643648 DEBUG: GetDirectory - Error getting smb://194.109.0.137
15:43:54 T:2962382848 M:319643648 DEBUG: Looking for shares in ip 194.109.0.200
15:43:54 T:2965512192 M:319758336 DEBUG: SMBDirectory->GetDirectory: Unable to open directory : 'smb://******@194%2e109%2e0%2e167' unix_err:'d' error : 'Permission denied'
15:43:54 T:2965512192 M:319660032 DEBUG: GetDirectory - Error getting smb://194.109.0.167
15:43:54 T:2965512192 M:319619072 DEBUG: Looking for shares in ip 194.109.0.211
15:43:54 T:2964455424 M:319750144 DEBUG: OpenDir - Using authentication url smb://******@194%2e109%2e0%2e176
15:43:54 T:2968326144 M:319750144 DEBUG: SMBDirectory->GetDirectory: Unable to open directory : 'smb://194%2e109%2e0%2e193' unix_err:'1' error : 'Operation not permitted'
15:43:54 T:2968326144 M:319631360 DEBUG: GetDirectory - Error getting smb://194.109.0.193
15:43:54 T:2968326144 M:319610880 DEBUG: Looking for shares in ip 194.109.0.239
15:43:54 T:2967269376 M:319741952 DEBUG: OpenDir - Using authentication url smb://******@194%2e109%2e0%2e207
15:43:54 T:2962382848 M:319684608 DEBUG: OpenDir - Using authentication url smb://194%2e109%2e0%2e200
15:43:54 T:2965512192 M:319602688 DEBUG: OpenDir - Using authentication url smb://194%2e109%2e0%2e211
15:43:54 T:2964455424 M:319733760 DEBUG: OpenDir - Using authentication url smb://******@194%2e109%2e0%2e176
15:43:54 T:2968326144 M:319733760 DEBUG: OpenDir - Using authentication url smb://194%2e109%2e0%2e239
15:43:54 T:2967269376 M:319725568 DEBUG: OpenDir - Using authentication url smb://******@194%2e109%2e0%2e207
15:43:55 T:2965512192 M:319545344 DEBUG: OpenDir - Using authentication url smb://******@194%2e109%2e0%2e211
15:43:55 T:2964455424 M:319692800 DEBUG: SMBDirectory->GetDirectory: Unable to open directory : 'smb://******@194%2e109%2e0%2e176' unix_err:'d' error : 'Permission denied'
15:43:55 T:2964455424 M:319602688 DEBUG: GetDirectory - Error getting smb://194.109.0.176
15:43:55 T:2964455424 M:319557632 DEBUG: Looking for shares in ip 194.109.0.234
15:43:55 T:2968326144 M:319684608 DEBUG: OpenDir - Using authentication url smb://******@194%2e109%2e0%2e239
15:43:55 T:2967269376 M:319680512 DEBUG: SMBDirectory->GetDirectory: Unable to open directory : 'smb://******@194%2e109%2e0%2e207' unix_err:'d' error : 'Permission denied'
15:43:55 T:2967269376 M:319680512 DEBUG: GetDirectory - Error getting smb://194.109.0.207
15:43:55 T:2967269376 M:319680512 DEBUG: Looking for shares in ip 194.109.0.117
15:43:55 T:2962382848 M:319680512 DEBUG: Looking for shares in ip 194.109.0.240
15:43:55 T:2965512192 M:319672320 DEBUG: OpenDir - Using authentication url smb://******@194%2e109%2e0%2e211
15:43:55 T:2964455424 M:319578112 DEBUG: OpenDir - Using authentication url smb://194%2e109%2e0%2e234
15:43:55 T:2968326144 M:319664128 DEBUG: OpenDir - Using authentication url smb://******@194%2e109%2e0%2e239
15:43:55 T:2967269376 M:319647744 DEBUG: OpenDir - Using authentication url smb://194%2e109%2e0%2e117
15:43:55 T:2962382848 M:319565824 DEBUG: OpenDir - Using authentication url smb://194%2e109%2e0%2e240
15:43:55 T:2965512192 M:319352832 DEBUG: SMBDirectory->GetDirectory: Unable to open directory : 'smb://******@194%2e109%2e0%2e211' unix_err:'d' error : 'Permission denied'
15:43:55 T:2965512192 M:319250432 DEBUG: GetDirectory - Error getting smb://194.109.0.211
15:43:55 T:2965512192 M:319229952 DEBUG: Looking for shares in ip 194.109.0.252
15:43:55 T:2964455424 M:319344640 DEBUG: OpenDir - Using authentication url smb://******@194%2e109%2e0%2e234
15:43:55 T:2968326144 M:319352832 DEBUG: SMBDirectory->GetDirectory: Unable to open directory : 'smb://******@194%2e109%2e0%2e239' unix_err:'d' error : 'Permission denied'
15:43:55 T:2968326144 M:319258624 DEBUG: GetDirectory - Error getting smb://194.109.0.239
15:43:55 T:2968326144 M:319213568 DEBUG: Looking for shares in ip 194.109.0.231
15:43:55 T:2962382848 M:318464000 DEBUG: OpenDir - Using authentication url smb://******@194%2e109%2e0%2e240
15:43:55 T:2965512192 M:318349312 DEBUG: OpenDir - Using authentication url smb://194%2e109%2e0%2e252
15:43:55 T:2964455424 M:318468096 DEBUG: OpenDir - Using authentication url smb://******@194%2e109%2e0%2e234
15:43:55 T:2968326144 M:318328832 DEBUG: OpenDir - Using authentication url smb://194%2e109%2e0%2e231
15:43:55 T:2967269376 M:318328832 DEBUG: Looking for shares in ip 194.109.0.53
15:43:55 T:2962382848 M:318455808 DEBUG: OpenDir - Using authentication url smb://******@194%2e109%2e0%2e240
15:43:55 T:2965512192 M:318451712 DEBUG: OpenDir - Using authentication url smb://******@194%2e109%2e0%2e252
15:43:55 T:2964455424 M:317956096 DEBUG: SMBDirectory->GetDirectory: Unable to open directory : 'smb://******@194%2e109%2e0%2e234' unix_err:'d' error : 'Permission denied'
15:43:55 T:2964455424 M:317861888 DEBUG: GetDirectory - Error getting smb://194.109.0.234
15:44:12 T:2956800000 M:316735488 DEBUG: WATCHDOG: share . available: 1. has info: 1
15:44:12 T:2956800000 M:316735488 DEBUG: WATCHDOG: share . available: 1. has info: 1
15:44:12 T:2956800000 M:316735488 DEBUG: WATCHDOG: share . available: 1. has info: 1
15:44:12 T:2956800000 M:316735488 DEBUG: WATCHDOG: share . available: 1. has info: 1
15:44:12 T:2956800000 M:316735488 INFO: CheckIdle - Closing session to http ://s3.boxee.tv (easy=0x1cfe6000, multi=0x1a1b75f0)
15:44:12 T:2956800000 M:316735488 INFO: CheckIdle - Closing session to http ://xoap.weather.com (easy=0x1cfca000, multi=0x1d255150)
15:44:13 T:2968326144 M:316874752 DEBUG: SMBDirectory->GetDirectory: Unable to open directory : 'smb://194%2e109%2e0%2e231' unix_err:'3c' error : 'Operation timed out'
15:44:13 T:2967269376 M:316829696 DEBUG: OpenDir - Using authentication url smb://194%2e109%2e0%2e53
15:44:13 T:2968326144 M:316751872 DEBUG: GetDirectory - Error getting smb://194.109.0.231
15:44:13 T:2962382848 M:316882944 DEBUG: SMBDirectory->GetDirectory: Unable to open directory : 'smb://******@194%2e109%2e0%2e240' unix_err:'d' error : 'Permission denied'
15:44:13 T:2962382848 M:316837888 DEBUG: GetDirectory - Error getting smb://194.109.0.240
15:44:13 T:2965512192 M:316891136 DEBUG: OpenDir - Using authentication url smb://******@194%2e109%2e0%2e252
15:44:13 T:2967269376 M:316751872 DEBUG: OpenDir - Using authentication url smb://******@194%2e109%2e0%2e53
15:44:13 T:2965512192 M:316743680 DEBUG: SMBDirectory->GetDirectory: Unable to open directory : 'smb://******@194%2e109%2e0%2e252' unix_err:'d' error : 'Permission denied'
15:44:13 T:2965512192 M:316686336 DEBUG: GetDirectory - Error getting smb://194.109.0.252
15:44:13 T:2967269376 M:316473344 DEBUG: OpenDir - Using authentication url smb://******@194%2e109%2e0%2e53
15:44:13 T:2967269376 M:316481536 DEBUG: SMBDirectory->GetDirectory: Unable to open directory : 'smb://******@194%2e109%2e0%2e53' unix_err:'d' error : 'Permission denied'
15:44:13 T:2967269376 M:316481536 DEBUG: GetDirectory - Error getting smb://194.109.0.53
15:44:14 T:2693097248 M:316502016 DEBUG: SDLKeyboard: scancode: 125, sym: 274, unicode: 63233, modifier: 0
15:44:14 T:2693097248 M:316502016 DEBUG: CApplication::OnKey - [key=61480][window=10004][action=4]
15:44:14 T:2693097248 M:316502016 DEBUG: OnKey: 61480 pressed, action is 4
15:44:14 T:2693097248 M:316514304 DEBUG: SDLKeyboard: scancode: 125, sym: 274, unicode: 63233, modifier: 0
15:44:14 T:2693097248 M:316514304 DEBUG: CApplication::OnKey - [key=61480][window=10004][action=4]
15:44:14 T:2693097248 M:316514304 DEBUG: OnKey: 61480 pressed, action is 4
15:44:15 T:2693097248 M:316497920 DEBUG: SDLKeyboard: scancode: 124, sym: 275, unicode: 63235, modifier: 0
15:44:15 T:2693097248 M:316497920 DEBUG: CApplication::OnKey - [key=61479][window=10004][action=2]
15:44:15 T:2693097248 M:316497920 DEBUG: OnKey: 61479 pressed, action is 2
15:44:15 T:2693097248 M:318435328 DEBUG: SDLKeyboard: scancode: 124, sym: 275, unicode: 63235, modifier: 0
15:44:15 T:2693097248 M:318435328 DEBUG: CApplication::OnKey - [key=61479][window=10004][action=2]
15:44:15 T:2693097248 M:318435328 DEBUG: OnKey: 61479 pressed, action is 2
15:44:16 T:2693097248 M:317833216 DEBUG: SDLKeyboard: scancode: 36, sym: 13, unicode: 13, modifier: 0
15:44:16 T:2693097248 M:317833216 DEBUG: CApplication::OnKey - [key=61453][window=10004][action=7]
15:44:16 T:2693097248 M:317833216 DEBUG: OnKey: 61453 pressed, action is 7
15:44:16 T:2693097248 M:317808640 DEBUG: ExecuteXBMCAction : Translating ActivateWindow(NetworkSettings)
15:44:16 T:2693097248 M:317808640 DEBUG: ExecuteXBMCAction : To ActivateWindow(NetworkSettings)
15:44:16 T:2693097248 M:317808640 DEBUG: Activating window ID: 10018
15:44:16 T:2693097248 M:317808640 DEBUG: Checking if window ID 10018 is locked.
15:44:16 T:2693097248 M:317808640 DEBUG: ------ Window Deinit (Settings.xml) ------
15:44:16 T:2693097248 M:317808640 ERROR: (pthread_mutex_destroy(&m_mutex)): [XCriticalSection.cpp:84] 16
15:44:16 T:2693097248 M:317808640 DEBUG: Error: Requested setting (boxee.irssremote) was not found. It must be case-sensitive
15:44:16 T:2693097248 M:317808640 DEBUG: ------ Window Init (SettingsCategory.xml) ------
15:44:16 T:2693097248 M:317808640 INFO: Loading skin file: SettingsCategory.xml
15:44:16 T:2693097248 M:317796352 DEBUG: Load SettingsCategory.xml: 20.91ms
15:44:16 T:2693097248 M:317751296 DEBUG: Alloc resources: 21.95ms (21.11 ms skin load)
15:44:17 T:2693097248 M:317767680 DEBUG: SDLKeyboard: scancode: 125, sym: 274, unicode: 63233, modifier: 0
15:44:17 T:2693097248 M:317775872 DEBUG: CApplication::OnKey - [key=61480][window=10018][action=4]
15:44:17 T:2693097248 M:317775872 DEBUG: OnKey: 61480 pressed, action is 4
15:44:17 T:2693097248 M:317796352 DEBUG: CSettings::SaveProfiles, LOGIN, save lock code:
15:44:17 T:2693097248 M:317796352 DEBUG: CSettings::SaveProfiles, LOGIN, save lock code: -
15:44:18 T:2693097248 M:317685760 DEBUG: SDLKeyboard: scancode: 125, sym: 274, unicode: 63233, modifier: 0
15:44:18 T:2693097248 M:317702144 DEBUG: CApplication::OnKey - [key=61480][window=10018][action=4]
15:44:18 T:2693097248 M:317702144 DEBUG: OnKey: 61480 pressed, action is 4
15:44:18 T:2693097248 M:317796352 DEBUG: SDLKeyboard: scancode: 126, sym: 273, unicode: 63232, modifier: 0
15:44:18 T:2693097248 M:317792256 DEBUG: CApplication::OnKey - [key=61478][window=10018][action=3]
15:44:18 T:2693097248 M:317792256 DEBUG: OnKey: 61478 pressed, action is 3
15:44:18 T:2693097248 M:317792256 DEBUG: CSettings::SaveProfiles, LOGIN, save lock code:
15:44:18 T:2693097248 M:317792256 DEBUG: CSettings::SaveProfiles, LOGIN, save lock code: -
15:44:19 T:2693097248 M:317739008 DEBUG: SDLKeyboard: scancode: 125, sym: 274, unicode: 63233, modifier: 0
15:44:19 T:2693097248 M:317747200 DEBUG: CApplication::OnKey - [key=61480][window=10018][action=4]
15:44:19 T:2693097248 M:317747200 DEBUG: OnKey: 61480 pressed, action is 4
15:44:21 T:2693097248 M:317644800 DEBUG: SDLKeyboard: scancode: 0, sym: 310, unicode: 0, modifier: 0
15:44:21 T:2693097248 M:317632512 DEBUG: SDLKeyboard: scancode: 0, sym: 304, unicode: 0, modifier: 400
15:44:21 T:2693097248 M:317632512 DEBUG: CApplication::OnKey - [key=61600][window=10018][action=0]
15:44:21 T:2693097248 M:317632512 DEBUG: OnKey: 61600 pressed, action is 0
15:44:22 T:2962382848 M:316751872 DEBUG: Boxee: 30/12/09 14:44:22#DEBUG#bxmetadataengine.cpp:439(DoWork)#BXAlbumResolverJob::DoWork, resolving 0 albums (musicresolver)
15:44:24 T:2693097248 M:314286080 DEBUG: SDLKeyboard: scancode: 126, sym: 273, unicode: 63232, modifier: 0
15:44:24 T:2693097248 M:314294272 DEBUG: CApplication::OnKey - [key=61478][window=10018][action=3]
15:44:24 T:2693097248 M:314294272 DEBUG: OnKey: 61478 pressed, action is 3
15:44:24 T:2693097248 M:314265600 DEBUG: CSettings::SaveProfiles, LOGIN, save lock code:
15:44:24 T:2693097248 M:314265600 DEBUG: CSettings::SaveProfiles, LOGIN, save lock code: -
15:44:24 T:2693097248 M:313438208 DEBUG: SDLKeyboard: scancode: 0, sym: 310, unicode: 0, modifier: 0
15:44:24 T:2693097248 M:313425920 DEBUG: SDLKeyboard: scancode: 0, sym: 304, unicode: 0, modifier: 400
15:44:24 T:2693097248 M:313425920 DEBUG: CApplication::OnKey - [key=61600][window=10018][action=0]
15:44:24 T:2693097248 M:313425920 DEBUG: OnKey: 61600 pressed, action is 0
15:44:26 T:2693097248 M:313286656 DEBUG: SDLKeyboard: scancode: 0, sym: 310, unicode: 0, modifier: 0
15:44:26 T:2693097248 M:313294848 DEBUG: SDLKeyboard: scancode: 0, sym: 304, unicode: 0, modifier: 400
15:44:26 T:2693097248 M:313294848 DEBUG: CApplication::OnKey - [key=61600][window=10018][action=0]
15:44:26 T:2693097248 M:313294848 DEBUG: OnKey: 61600 pressed, action is 0
15:44:30 T:2693097248 M:312176640 DEBUG: SDLKeyboard: scancode: 124, sym: 275, unicode: 63235, modifier: 0
15:44:30 T:2693097248 M:312184832 DEBUG: CApplication::OnKey - [key=61479][window=10018][action=2]
15:44:30 T:2693097248 M:312184832 DEBUG: OnKey: 61479 pressed, action is 2
15:44:31 T:2693097248 M:312164352 DEBUG: SDLKeyboard: scancode: 123, sym: 276, unicode: 63234, modifier: 0
15:44:31 T:2693097248 M:312164352 DEBUG: CApplication::OnKey - [key=61477][window=10018][action=1]
15:44:31 T:2693097248 M:312164352 DEBUG: OnKey: 61477 pressed, action is 1
15:44:31 T:2693097248 M:312164352 DEBUG: ExecuteXBMCAction : Translating -
15:44:31 T:2693097248 M:312164352 DEBUG: ExecuteXBMCAction : To -
15:44:31 T:2693097248 M:312143872 DEBUG: SDLKeyboard: scancode: 125, sym: 274, unicode: 63233, modifier: 0
15:44:31 T:2693097248 M:312152064 DEBUG: CApplication::OnKey - [key=61480][window=10018][action=4]
15:44:31 T:2693097248 M:312152064 DEBUG: OnKey: 61480 pressed, action is 4
15:44:31 T:2693097248 M:312152064 DEBUG: CSettings::SaveProfiles, LOGIN, save lock code:
15:44:31 T:2693097248 M:312152064 DEBUG: CSettings::SaveProfiles, LOGIN, save lock code: -
15:44:32 T:2693097248 M:312152064 DEBUG: SDLKeyboard: scancode: 36, sym: 13, unicode: 13, modifier: 0
15:44:32 T:2693097248 M:312152064 DEBUG: CApplication::OnKey - [key=61453][window=10018][action=7]
15:44:32 T:2693097248 M:312152064 DEBUG: OnKey: 61453 pressed, action is 7
15:44:32 T:2693097248 M:312127488 DEBUG: ExecuteXBMCAction : Translating SetFocus(5)
15:44:32 T:2693097248 M:312143872 DEBUG: ExecuteXBMCAction : To SetFocus(5)
15:44:32 T:2693097248 M:312066048 DEBUG: SDLKeyboard: scancode: 125, sym: 274, unicode: 63233, modifier: 0
15:44:32 T:2693097248 M:312066048 DEBUG: CApplication::OnKey - [key=61480][window=10018][action=4]
15:44:32 T:2693097248 M:312066048 DEBUG: OnKey: 61480 pressed, action is 4
15:44:32 T:2693097248 M:312066048 DEBUG: SDLKeyboard: scancode: 36, sym: 13, unicode: 13, modifier: 0
15:44:32 T:2693097248 M:312082432 DEBUG: CApplication::OnKey - [key=61453][window=10018][action=7]
15:44:32 T:2693097248 M:312082432 DEBUG: OnKey: 61453 pressed, action is 181
15:44:32 T:2693097248 M:312082432 ERROR: Control 7 in window 10018 has been asked to focus, but it can't
15:44:33 T:2693097248 M:312057856 DEBUG: SDLKeyboard: scancode: 36, sym: 13, unicode: 13, modifier: 0
15:44:33 T:2693097248 M:312066048 DEBUG: CApplication::OnKey - [key=61453][window=10018][action=7]
15:44:33 T:2693097248 M:312066048 DEBUG: OnKey: 61453 pressed, action is 7
15:44:34 T:2693097248 M:312012800 DEBUG: SDLKeyboard: scancode: 125, sym: 274, unicode: 63233, modifier: 0
15:44:34 T:2693097248 M:312029184 DEBUG: CApplication::OnKey - [key=61480][window=10018][action=4]
15:44:34 T:2693097248 M:312029184 DEBUG: OnKey: 61480 pressed, action is 4
15:44:34 T:2693097248 M:312029184 DEBUG: CSettings::SaveProfiles, LOGIN, save lock code:
15:44:34 T:2693097248 M:312045568 DEBUG: CSettings::SaveProfiles, LOGIN, save lock code: -
15:44:36 T:2693097248 M:312012800 DEBUG: SDLKeyboard: scancode: 124, sym: 275, unicode: 63235, modifier: 0
15:44:36 T:2693097248 M:312012800 DEBUG: CApplication::OnKey - [key=61479][window=10018][action=2]
15:44:36 T:2693097248 M:312012800 DEBUG: OnKey: 61479 pressed, action is 2
15:44:37 T:2693097248 M:312000512 DEBUG: SDLKeyboard: scancode: 123, sym: 276, unicode: 63234, modifier: 0
15:44:37 T:2693097248 M:312008704 DEBUG: CApplication::OnKey - [key=61477][window=10018][action=1]
15:44:37 T:2693097248 M:312008704 DEBUG: OnKey: 61477 pressed, action is 1
15:44:38 T:2693097248 M:312008704 DEBUG: SDLKeyboard: scancode: 125, sym: 274, unicode: 63233, modifier: 0
15:44:38 T:2693097248 M:312008704 DEBUG: CApplication::OnKey - [key=61480][window=10018][action=4]
15:44:38 T:2693097248 M:312008704 DEBUG: OnKey: 61480 pressed, action is 4
15:44:39 T:2693097248 M:312160256 DEBUG: SDLKeyboard: scancode: 123, sym: 276, unicode: 63234, modifier: 0
15:44:39 T:2693097248 M:312160256 DEBUG: CApplication::OnKey - [key=61477][window=10018][action=1]
15:44:39 T:2693097248 M:312160256 DEBUG: OnKey: 61477 pressed, action is 1
15:44:39 T:2693097248 M:312147968 DEBUG: SDLKeyboard: scancode: 125, sym: 274, unicode: 63233, modifier: 0
15:44:39 T:2693097248 M:312156160 DEBUG: CApplication::OnKey - [key=61480][window=10018][action=4]
15:44:39 T:2693097248 M:312156160 DEBUG: OnKey: 61480 pressed, action is 4
15:44:40 T:2693097248 M:312164352 DEBUG: SDLKeyboard: scancode: 124, sym: 275, unicode: 63235, modifier: 0
15:44:40 T:2693097248 M:312164352 DEBUG: CApplication::OnKey - [key=61479][window=10018][action=2]
15:44:40 T:2693097248 M:312164352 DEBUG: OnKey: 61479 pressed, action is 2
15:44:41 T:2693097248 M:312131584 DEBUG: SDLKeyboard: scancode: 0, sym: 310, unicode: 0, modifier: 0
15:44:56 T:2693097248 M:312205312 DEBUG: SDLKeyboard: scancode: 53, sym: 27, unicode: 27, modifier: 0
15:44:56 T:2693097248 M:312213504 DEBUG: CApplication::OnKey - [key=61467][window=10018][action=10]
15:44:56 T:2693097248 M:312213504 DEBUG: OnKey: 61467 pressed, action is 10
15:44:56 T:2693097248 M:312205312 DEBUG: CSettings::SaveProfiles, LOGIN, save lock code:
15:44:56 T:2693097248 M:312205312 DEBUG: CSettings::SaveProfiles, LOGIN, save lock code: -
15:44:56 T:2693097248 M:312193024 DEBUG: CGUIWindowManager::PreviousWindow: Deactivate
15:44:56 T:2693097248 M:312205312 DEBUG: ------ Window Deinit (SettingsCategory.xml) ------
15:44:56 T:2693097248 M:312205312 DEBUG: CGUIWindowManager::PreviousWindow: Activate new
15:44:56 T:2693097248 M:312205312 DEBUG: ------ Window Init (Settings.xml) ------
15:44:56 T:2693097248 M:312205312 INFO: Loading skin file: Settings.xml
15:44:56 T:2693097248 M:312172544 DEBUG: CGUIBaseContainer::CGUIBaseContainer, 52 (basecontainer)
15:44:56 T:2693097248 M:312180736 DEBUG: Load Settings.xml: 6.87ms
15:44:56 T:2693097248 M:312090624 DEBUG: Alloc resources: 7.65ms (6.97 ms skin load)
15:44:57 T:2693097248 M:311853056 DEBUG: SDLKeyboard: scancode: 1, sym: 115, unicode: 115, modifier: 0
15:44:57 T:2693097248 M:311853056 DEBUG: CApplication::OnKey - [key=61523][window=10004][action=122]
15:44:57 T:2693097248 M:311853056 DEBUG: OnKey: 61523 pressed, action is 122
15:44:57 T:2693097248 M:311853056 DEBUG: Activating window ID: 10111
15:44:57 T:2693097248 M:311853056 DEBUG: Checking if window ID 10111 is locked.
15:44:57 T:2693097248 M:311853056 DEBUG: ------ Window Init (DialogButtonMenu.xml) ------
15:44:57 T:2693097248 M:311853056 INFO: Loading skin file: DialogButtonMenu.xml
15:44:57 T:2693097248 M:311853056 DEBUG: CGUIBaseContainer::CGUIBaseContainer, 10 (basecontainer)
15:44:57 T:2693097248 M:311853056 DEBUG: Load DialogButtonMenu.xml: 2.43ms
15:44:57 T:2693097248 M:311853056 DEBUG: Alloc resources: 2.52ms (2.52 ms skin load)
15:44:58 T:2693097248 M:311668736 DEBUG: SDLKeyboard: scancode: 36, sym: 13, unicode: 13, modifier: 0
15:44:58 T:2693097248 M:311668736 DEBUG: CApplication::OnKey - [key=61453][window=10111][action=7]
15:44:58 T:2693097248 M:311668736 DEBUG: OnKey: 61453 pressed, action is 7
15:44:58 T:2693097248 M:311644160 DEBUG: ExecuteXBMCAction : Translating XBMC.ShutDown()
15:44:58 T:2693097248 M:311644160 DEBUG: ExecuteXBMCAction : To XBMC.ShutDown()
15:44:58 T:2693097248 M:311644160 NOTICE: Storing total System Uptime
15:44:58 T:2693097248 M:311644160 NOTICE: Saving settings
15:44:58 T:2693097248 M:311644160 DEBUG: CSettings::SaveProfiles, LOGIN, save lock code:
15:44:58 T:2693097248 M:311644160 DEBUG: CSettings::SaveProfiles, LOGIN, save lock code: -
15:44:58 T:2693097248 M:311644160 NOTICE: stop all
15:44:58 T:2693097248 M:311644160 DEBUG: NetworkMessage - Signaling network services to stop
15:44:58 T:2693097248 M:311644160 NOTICE: Webserver: Stopping...
15:44:58 T:2693097248 M:311644160 NOTICE: ES: Stopping event server
15:44:58 T:2693097248 M:311644160 DEBUG: NetworkMessage - Waiting for network services to stop
15:44:58 T:2693097248 M:311644160 NOTICE: stopping upnp
15:44:58 T:2693097248 M:311750656 NOTICE: stopping zeroconf publishing
15:44:58 T:2693097248 M:311750656 DEBUG: CLastfmScrobbler: Journal with 0 entries saved to special://masterprofile/profiles/rolf/LastfmScrobbler.xml
15:44:58 T:2693097248 M:311750656 DEBUG: CLibrefmScrobbler: Journal with 0 entries saved to special://masterprofile/profiles/rolf/LibrefmScrobbler.xml
15:44:59 T:2957602816 M:311717888 DEBUG: WebServer:Exiting thread sockReady=0, sockSelect=0.
15:44:59 T:2957602816 M:311717888 DEBUG: WebServer:OnExit - Exit web server.
15:44:59 T:2957602816 M:311758848 DEBUG: Thread 2957602816 terminating
15:44:59 T:2693097248 M:311771136 DEBUG: xbmcHttpShim ends
15:44:59 T:2693097248 M:311771136 DEBUG: xbmcHttp ends
15:44:59 T:2693097248 M:311771136 NOTICE: Webserver: Stopped...
15:44:59 T:2960797696 M:311771136 NOTICE: ES: UDP Event server stopped
15:44:59 T:2960797696 M:311771136 DEBUG: Thread 2960797696 terminating
15:44:59 T:2693097248 M:311787520 NOTICE: stop dvd detect media
15:44:59 T:2955202560 M:311787520 DEBUG: Thread 2955202560 terminating
15:44:59 T:2693097248 M:311820288 NOTICE: stop sap announcement listener
15:44:59 T:2693097248 M:311820288 NOTICE: clean cached files!
15:44:59 T:2693097248 M:311820288 NOTICE: unload skin
15:44:59 T:2693097248 M:311836672 DEBUG: CCoreAudioDevice::Close: Closed device 0x0106
15:44:59 T:2693097248 M:311836672 INFO: CoreAudioRenderer::Deinitialize: Renderer has been shut down.
15:44:59 T:2693097248 M:311836672 DEBUG: ------ Window Deinit (Settings.xml) ------
15:44:59 T:2693097248 M:311836672 DEBUG: ------ Window Deinit (DialogButtonMenu.xml) ------
15:44:59 T:2693097248 M:311836672 DEBUG: ------ Window Deinit (Pointer.xml) ------
15:44:59 T:2693097248 M:311836672 DEBUG: ------ Window Deinit (DialogMuteBug.xml) ------
15:44:59 T:2693097248 M:311836672 WARNING: Cleanup: Having to cleanup texture icons/icon_menu_tvshows.png
15:44:59 T:2693097248 M:311840768 WARNING: Cleanup: Having to cleanup texture icons/icon_menu_logout.png
15:44:59 T:2693097248 M:311840768 WARNING: Cleanup: Having to cleanup texture icons/icon_menu_settings.png
15:44:59 T:2693097248 M:311840768 WARNING: Cleanup: Having to cleanup texture icons/icon_menu_search.png
15:44:59 T:2693097248 M:311840768 WARNING: Cleanup: Having to cleanup texture icons/icon_menu_queue.png
15:44:59 T:2693097248 M:311840768 WARNING: Cleanup: Having to cleanup texture icons/icon_menu_share.png
15:44:59 T:2693097248 M:311840768 WARNING: Cleanup: Having to cleanup texture icons/icon_menu_history.png
15:44:59 T:2693097248 M:311840768 WARNING: Cleanup: Having to cleanup texture icons/icon_menu_photos.png
15:44:59 T:2693097248 M:311861248 WARNING: Cleanup: Having to cleanup texture icons/icon_menu_music.png
15:44:59 T:2693097248 M:311975936 WARNING: Cleanup: Having to cleanup texture icons/icon_menu_video.png
15:44:59 T:2693097248 M:311980032 WARNING: Cleanup: Having to cleanup texture icons/icon_menu_home.png
15:44:59 T:2693097248 M:312107008 WARNING: Cleanup: Having to cleanup texture icons/icon_menu_apps.png
15:44:59 T:2693097248 M:312143872 WARNING: Cleanup: Having to cleanup texture icons/icon_menu_files.png
15:44:59 T:2693097248 M:312147968 WARNING: Cleanup: Having to cleanup texture icons/icon_menu_settings_small.png
15:44:59 T:2693097248 M:312152064 WARNING: Cleanup: Having to cleanup texture icons/icon_cancel.png
15:44:59 T:2693097248 M:312152064 WARNING: Cleanup: Having to cleanup texture nofocus.png
15:44:59 T:2693097248 M:312156160 WARNING: Cleanup: Having to cleanup texture action_menu_bg.png
15:44:59 T:2693097248 M:312258560 WARNING: Cleanup: Having to cleanup texture main_menu_separator.png
15:44:59 T:2693097248 M:312258560 WARNING: Cleanup: Having to cleanup texture main_menu_top.png
15:44:59 T:2693097248 M:312528896 WARNING: Cleanup: Having to cleanup texture main_menu_center.png
15:44:59 T:2693097248 M:312799232 WARNING: Cleanup: Having to cleanup texture main_menu_bottom.png
15:44:59 T:2693097248 M:313069568 WARNING: Cleanup: Having to cleanup texture defaultloading.gif
15:44:59 T:2693097248 M:313425920 WARNING: Cleanup: Having to cleanup texture loading_placeholder.png
15:44:59 T:2693097248 M:313430016 WARNING: Cleanup: Having to cleanup texture masks/thumb_background_on.png
15:44:59 T:2693097248 M:313434112 WARNING: Cleanup: Having to cleanup texture masks/thumb_background.png
15:44:59 T:2693097248 M:313438208 WARNING: Cleanup: Having to cleanup texture masks/default_video.png
15:44:59 T:2693097248 M:313438208 WARNING: Cleanup: Having to cleanup texture masks/default_photo.png
15:44:59 T:2693097248 M:313438208 WARNING: Cleanup: Having to cleanup texture masks/default_music.png
15:44:59 T:2693097248 M:313438208 WARNING: Cleanup: Having to cleanup texture masks/default_general.png
15:44:59 T:2693097248 M:313438208 WARNING: Cleanup: Having to cleanup texture masks/default_folder.png
15:44:59 T:2693097248 M:313438208 WARNING: Cleanup: Having to cleanup texture special://masterprofile/Thumbnails/Pictures/c/c7b9e04d.tbn
15:44:59 T:2693097248 M:317894656 INFO: (helper) Stopping helper
15:44:59 T:2693097248 M:317841408 INFO: (helper) killing process 27625
15:44:59 T:2693097248 M:317857792 NOTICE: stop python
15:44:59 T:2693097248 M:317857792 DEBUG: WATCHDOG: clean watched paths
15:44:59 T:2693097248 M:317857792 NOTICE: stop rss source manager
15:44:59 T:2693097248 M:317857792 INFO: Stop CRssSourceManager STOPPED !!!
15:44:59 T:2693097248 M:317857792 NOTICE: stop file scanner
15:44:59 T:2693097248 M:317857792 INFO: Boxee File Scanner, Stopped (filescanner)
15:44:59 T:2962653184 M:319365120 DEBUG: Boxee File Scanner, Exiting process loop (filescanner)
15:44:59 T:2962653184 M:319348736 DEBUG: Thread 2962653184 terminating
15:44:59 T:2956800000 M:319369216 INFO: WatchDog Process - done
15:44:59 T:2956800000 M:319385600 DEBUG: Thread 2956800000 terminating
15:44:59 T:2693097248 M:319422464 DEBUG: Boxee: 30/12/09 14:44:59#DEBUG#bxmetadataengine.cpp:124(Stop)#Boxee Metadata Engine, stopping....
15:44:59 T:2693097248 M:319422464 INFO: Boxee Metadata Resolver, stopping...
15:44:59 T:2693097248 M:319422464 INFO: Boxee Metadata Resolver Music, stopping...
15:44:59 T:2957332480 M:319504384 DEBUG: Boxee: 30/12/09 14:44:59#DEBUG#bxmetadataengine.cpp:395(EngineThread)#BXMetadataEngine::EngineThread, Engine, exiting...(resolver)
15:44:59 T:2693097248 M:319516672 DEBUG: Boxee: 30/12/09 14:44:59#DEBUG#bxmetadataengine.cpp:155(Stop)#Boxee Metadata Engine, stoppped....
15:44:59 T:2956267520 M:319533056 DEBUG: Boxee: 30/12/09 14:44:59#DEBUG#bxscheduletaskmanager.cpp:371(ScheduleTaskProcess)#CBoxeeScheduleTaskManager::ScheduleTaskProcess - After CondWaitTimeout, going to handle [name=RequestRecommendationsList][jobId=14][taskExecuteTimeInMS=610632]. [currentTimeInMS=107928][ScheduleTaskListSize=9] (bstm)
15:44:59 T:2956267520 M:319533056 DEBUG: Boxee: 30/12/09 14:44:59#DEBUG#bxscheduletaskmanager.cpp:383(ScheduleTaskProcess)#CBoxeeScheduleTaskManager::ScheduleTaskProcess - After call to CondWaitTimeout with [name=RequestRecommendationsList][jobId=14][delay=299989]. Call returned [wokeUpReason=0=SIGNAL]. [ScheduleTaskListSize=9] (bstm)
15:44:59 T:2956267520 M:319533056 DEBUG: Boxee: 30/12/09 14:44:59#DEBUG#bxscheduletaskmanager.cpp:392(ScheduleTaskProcess)#CBoxeeScheduleTaskManager::ScheduleTaskProcess - A new task was added to the front. Do nothing and loop again in order to set a new timeout (bstm)
15:44:59 T:2956267520 M:319533056 DEBUG: Boxee: 30/12/09 14:44:59#DEBUG#bxscheduletaskmanager.cpp:424(ScheduleTaskProcess)#CBoxeeScheduleTaskManager::ScheduleTaskProcess - After exit loop. [IsRunning=0]. Going to exit function and return [0] (bstm)
15:44:59 T:2693097248 M:320548864 NOTICE: stopped
15:44:59 T:2693097248 M:320565248 NOTICE: destroy
15:44:59 T:2693097248 M:320565248 DEBUG: CBackgroundInfoLoader::StopThread - stopping 1 threads
