17:02:32 T:4364 M:1011187712 DEBUG: Boxee: 10/12/09 15:02:32#DEBUG#..\..\xbmc\lib\libBoxee\bxmetadataengine.cpp:439(BOXEE::BXAlbumResolverJob::DoWork)#BXAlbumResolverJob::DoWork, resolving 308 albums (musicresolver)
17:02:32 T:4364 M:1011175424 DEBUG: CMetadataResolverMusic::ResolveAlbumMetadata, Resolving album = Eros, artist = Eros Ramazzotti (musicresolver)
17:02:32 T:4364 M:1011113984 DEBUG: MUSIC_GRABBER::CMusicInfoScraper::FindAlbuminfo: Searching for 'eros ramazzotti - eros' using scraper (file: 'allmusic.xml', content: 'albums', date: '', framework: '')
17:02:32 T:4364 M:1011023872 DEBUG: FileCurl::Open(0DC5ED58) http://www.allmusic.com/cg/amg.dll?P=amg&SQL=eros&OPT1=2
17:02:32 T:4364 M:1011019776 DEBUG: XCURL::DllLibCurlGlobal::easy_aquire - Created session to http://www.allmusic.com
17:02:32 T:4200 M:1009487872 DEBUG: Boxee: 10/12/09 15:02:32#DEBUG#..\..\xbmc\lib\libBoxee\bxapplicationsmanager.cpp:260(BOXEE::BXApplicationsManager::RequestApplicationsListFromServerTask::DoWork)#RequestApplicationsListFromServerTask::DoWork - Call LoadFromURL with [http://app.boxee.tv/api/get_applications] returned [ApplicationsListSize=86][retVal=1][timestamp=1260457356]. Going to call CopyApplicationsList() (apps)(schedule)
17:02:32 T:4200 M:1009487872 DEBUG: Boxee: 10/12/09 15:02:32#DEBUG#..\..\xbmc\lib\libBoxee\bxapplicationsmanager.cpp:275(BOXEE::BXApplicationsManager::RequestApplicationsListFromServerTask::DoWork)#RequestApplicationsListFromServerTask::DoWork - Exit function (apps)
17:02:32 T:4200 M:1009434624 DEBUG: Boxee: 10/12/09 15:02:32#DEBUG#..\..\xbmc\lib\libBoxee\bxscheduletaskmanager.cpp:48(BOXEE::BoxeeScheduleTask::PostDoWork)#BoxeeScheduleTask::PostDoWork - Enter function. [name=RequestApplicationsList][jobId=4][repeat=0][currentTime=1031329] (bstm)
17:02:32 T:4332 M:1009643520 DEBUG: FileCurl::Open(0E35FD08) http://xoap.weather.com/weather/local/USNY0996?cc=*&unit=m&dayf=4&prod=xoap&link=xoap&par=1004124588&key=079f24145f208494
17:02:32 T:4332 M:1009643520 DEBUG: XCURL::DllLibCurlGlobal::easy_aquire - Created session to http://xoap.weather.com
17:02:32 T:4220 M:1009696768 DEBUG: Boxee: 10/12/09 15:02:32#DEBUG#..\..\xbmc\lib\libBoxee\bxappboxmanager.cpp:509(BOXEE::BXAppBoxManager::RequestAppBoxPopularitiesListFromServerTask::DoWork)#RequestAppBoxPopularitiesListFromServerTask::DoWork - Exit function (appbox)
17:02:32 T:4220 M:1009696768 DEBUG: Boxee: 10/12/09 15:02:32#DEBUG#..\..\xbmc\lib\libBoxee\bxscheduletaskmanager.cpp:48(BOXEE::BoxeeScheduleTask::PostDoWork)#BoxeeScheduleTask::PostDoWork - Enter function. [name=RequestApplicationsList][jobId=9][repeat=0][currentTime=1031656] (bstm)
17:02:33 T:4204 M:1010085888 DEBUG: Boxee: 10/12/09 15:02:33#DEBUG#..\..\xbmc\lib\libBoxee\bxsubscriptionsmanager.cpp:334(BOXEE::BXSubscriptionsManager::RequestSubscriptionsListFromServerTask::DoWork)#RequestSubscriptionsListFromServerTask::DoWork - Exit function (subs)
17:02:33 T:4204 M:1010085888 DEBUG: Boxee: 10/12/09 15:02:33#DEBUG#..\..\xbmc\lib\libBoxee\bxscheduletaskmanager.cpp:48(BOXEE::BoxeeScheduleTask::PostDoWork)#BoxeeScheduleTask::PostDoWork - Enter function. [name=RequestSubscriptionsList][jobId=5][repeat=0][currentTime=1032238] (bstm)
17:02:33 T:4208 M:1010130944 DEBUG: Boxee: 10/12/09 15:02:33#DEBUG#..\..\xbmc\lib\libBoxee\bxservicesmanager.cpp:299(BOXEE::BXServicesManager::RequestServicesListFromServerTask::DoWork)#RequestServicesListFromServerTask::DoWork - Exit function (serv)
17:02:33 T:4208 M:1010130944 DEBUG: Boxee: 10/12/09 15:02:33#DEBUG#..\..\xbmc\lib\libBoxee\bxscheduletaskmanager.cpp:48(BOXEE::BoxeeScheduleTask::PostDoWork)#BoxeeScheduleTask::PostDoWork - Enter function. [name=RequestServicesList][jobId=6][repeat=0][currentTime=1032306] (bstm)
17:02:33 T:4216 M:1009364992 DEBUG: Boxee: 10/12/09 15:02:33#DEBUG#..\..\xbmc\lib\libBoxee\bxappboxmanager.cpp:476(BOXEE::BXAppBoxManager::RequestAppBoxBoxeeApplicationsListFromServerTask::DoWork)#RequestAppBoxBoxeeApplicationsListFromServerTask::DoWork - Exit function (appbox)
17:02:33 T:4216 M:1009356800 DEBUG: Boxee: 10/12/09 15:02:33#DEBUG#..\..\xbmc\lib\libBoxee\bxscheduletaskmanager.cpp:48(BOXEE::BoxeeScheduleTask::PostDoWork)#BoxeeScheduleTask::PostDoWork - Enter function. [name=RequestApplicationsList][jobId=8][repeat=0][currentTime=1032490] (bstm)
17:02:33 T:4332 M:1009111040 DEBUG: XFILE::CFileCurl::Open - filesize: 5054
17:02:33 T:4332 M:1008963584 DEBUG: FileCurl::Close(0E35FD08) http://xoap.weather.com/weather/local/USNY0996?cc=*&unit=m&dayf=4&prod=xoap&link=xoap&par=1004124588&key=079f24145f208494
17:02:33 T:4224 M:1009139712 DEBUG: Boxee: 10/12/09 15:02:33#DEBUG#..\..\xbmc\lib\libBoxee\bxappboxmanager.cpp:623(BOXEE::BXAppBoxManager::RequestAppBoxRepositoriesListFromServerTask::BuildRepositoriesApplicationsList)#RequestAppBoxRepositoriesListFromServerTask::BuildRepositoriesApplicationsList - [1/3] - After add RepositoryApplicationAml for [repoId=http://tapp.boxee.tv/flickr/index.xml][repoName=flickr.tapp]. [3rdPartyRepositoriesApplicationsMap=234224408] (repos)
17:02:33 T:4224 M:1009139712 DEBUG: Boxee: 10/12/09 15:02:33#DEBUG#..\..\xbmc\lib\libBoxee\bxappboxmanager.cpp:577(BOXEE::BXAppBoxManager::RequestAppBoxRepositoriesListFromServerTask::BuildRepositoriesApplicationsList)#RequestAppBoxRepositoriesListFromServerTask::BuildRepositoriesApplicationsList - [2/3] - Going to get ApplicationList for [repoId=suicidegirls.tapp][repoName=suicidegirls.tapp] (repos)
17:02:33 T:4224 M:1009139712 DEBUG: Boxee: 10/12/09 15:02:33#DEBUG#..\..\xbmc\lib\libBoxee\bxappboxmanager.cpp:594(BOXEE::BXAppBoxManager::RequestAppBoxRepositoriesListFromServerTask::BuildRepositoriesApplicationsList)#RequestAppBoxRepositoriesListFromServerTask::BuildRepositoriesApplicationsList - [2/3] - Try to get [strUrl=http://tapp.boxee.tv/suicidegirls/index.xml] for [repoId=suicidegirls.tapp][repoName=suicidegirls.tapp] (repos)
17:02:34 T:4356 M:1008418816 DEBUG: Channel thumbnail:
17:02:34 T:4356 M:1008418816 DEBUG: CRssFeed::ReadFeed - open search, startIndex = -1, itemsPerPage = -1, totalResults = -1 (paging)
17:02:34 T:4356 M:1008398336 DEBUG: Boxee: 10/12/09 15:02:34#DEBUG#..\..\xbmc\lib\libBoxee\bxservicesmanager.cpp:215(BOXEE::BXServicesManager::IsRegisterToServices)#BXServicesManager::IsRegisterToServices - Enter function with [serviceIdentifier=netflix][identifierTypeEnum=1=NAME][ServicesListSize=3] (serv)
17:02:34 T:4356 M:1008398336 DEBUG: Boxee: 10/12/09 15:02:34#DEBUG#..\..\xbmc\lib\libBoxee\bxservicesmanager.cpp:245(BOXEE::BXServicesManager::IsRegisterToServices)#BXServicesManager::IsRegisterToServices - [serviceIdentifier=netflix] from type [identifierTypeEnum=1=NAME=NAME] WAS found in the ServicesList. Exit function and return TRUE (serv)
17:02:34 T:4356 M:1008398336 DEBUG: BoxeeUtils::ResolveItem, for boxee id = 398274, items size = 1 (ri)
17:02:34 T:4356 M:1008398336 DEBUG: CBoxeeFeedItemsLoader::LoadItem, resolved item for boxee id = 398274, label =Cartman Gets an Anal Probe (feedloader) (ri)
17:02:34 T:4356 M:1008394240 DEBUG: CBackgroundInfoLoader::LoadCustomImages - Enter function with item [path=app://netflix/play?titleid=http%3A%2F%2Fapi.netflix.com%2Fcatalog%2Ftitles%2Fprograms%2F71626%2F70116398&ourl=http%3A%2F%2Fwww.netflix.com%2FMovie%2FSouth_Park_Season_1_Cartman_Gets_an_Anal_Probe%2F70][label=Cartman Gets an Anal Probe]. [bCanBlock=1] (custi)
17:02:34 T:4356 M:1008394240 DEBUG: CPictureThumbLoader::LoadItem - Item [path=app://netflix/play?titleid=http%3A%2F%2Fapi.netflix.com%2Fcatalog%2Ftitles%2Fprograms%2F71626%2F70116398&ourl=http%3A%2F%2Fwww.netflix.com%2FMovie%2FSouth_Park_Season_1_Cartman_Gets_an_Anal_Probe%2F70] is a folder (foldert)
17:02:34 T:4356 M:1008394240 DEBUG: CPictureThumbLoader::LoadItem - For item [path=app://netflix/play?titleid=http%3A%2F%2Fapi.netflix.com%2Fcatalog%2Ftitles%2Fprograms%2F71626%2F70116398&ourl=http%3A%2F%2Fwww.netflix.com%2FMovie%2FSouth_Park_Season_1_Cartman_Gets_an_Anal_Probe%2F70] going to return TRUE [Not queue for background loading] (foldert)
17:02:34 T:4356 M:1008394240 DEBUG: CBackgroundInfoLoader::LoadCustomImages - Enter function with item [path=http://www.southparkstudios.com/episodes/103511][label=Ad Supported]. [bCanBlock=1] (custi)
17:02:34 T:4344 M:1007452160 DEBUG: Channel thumbnail:
17:02:34 T:4344 M:1007493120 DEBUG: CRssFeed::ReadFeed - open search, startIndex = -1, itemsPerPage = -1, totalResults = -1 (paging)
17:02:34 T:4344 M:1007452160 DEBUG: CMetadataResolver::ResolveVideoFolder, Resolved metadata for video, path = H:\MOVIES\(500) Days of Summer 2009 720p BluRay DTS x264 WiKi.mkv, name = 500 Days of Summer (resolver) (videoresolver)
17:02:34 T:4344 M:1007452160 DEBUG: CMetadataResolver::ResolveVideoFolder, Video was resolved by name, adding to DB, path = H:\MOVIES\(500) Days of Summer 2009 720p BluRay DTS x264 WiKi.mkv, name = 500 Days of Summer (resolver) (videoresolver)
17:02:34 T:4344 M:1007452160 DEBUG: CMetadataResolver::CacheThumb, strItemPath = H:\MOVIES\(500) Days of Summer 2009 720p BluRay DTS x264 WiKi.mkv, strThumbnailPath = http://s3.boxee.tv/titlethumbs/9/5/7e393a2dc8a0133e82df8b810a932e.jpg (thumb)
17:02:34 T:4344 M:1007493120 DEBUG: CMetadataResolver::CacheThumb, strThumbnailPath = http://s3.boxee.tv/titlethumbs/9/5/7e393a2dc8a0133e82df8b810a932e.jpg, cached path = special://masterprofile/profiles/abendavid/Thumbnails/Video/2/2bf6533f.tbn (thumb)
17:02:34 T:4344 M:1007460352 INFO: Creating thumb from: http://s3.boxee.tv/titlethumbs/9/5/7e393a2dc8a0133e82df8b810a932e.jpg as: special://masterprofile/profiles/abendavid/Thumbnails/Video/2/2bf6533f.tbn
17:02:34 T:4344 M:1007636480 DEBUG: FileCurl::Open(0D65F54C) http://s3.boxee.tv/titlethumbs/9/5/7e393a2dc8a0133e82df8b810a932e.jpg
17:02:34 T:4344 M:1007636480 DEBUG: XCURL::DllLibCurlGlobal::easy_aquire - Created session to http://s3.boxee.tv
17:02:34 T:4196 M:1007243264 DEBUG: Boxee: 10/12/09 15:02:34#DEBUG#..\..\xbmc\lib\libBoxee\bxscheduletaskmanager.cpp:48(BOXEE::BoxeeScheduleTask::PostDoWork)#BoxeeScheduleTask::PostDoWork - Enter function. [name=RequestVideoGneresList][jobId=12][repeat=0][currentTime=1033646] (bstm)
17:02:34 T:4332 M:1007362048 INFO: WEATHER: Weather download successful
17:02:35 T:4364 M:1002700800 DEBUG: XFILE::CFileCurl::Open - filesize: 72594
17:02:35 T:4344 M:1001861120 DEBUG: XFILE::CFileCurl::Open - filesize: 59786
17:02:35 T:4224 M:1001861120 DEBUG: Boxee: 10/12/09 15:02:35#DEBUG#..\..\xbmc\lib\libBoxee\bxappboxmanager.cpp:623(BOXEE::BXAppBoxManager::RequestAppBoxRepositoriesListFromServerTask::BuildRepositoriesApplicationsList)#RequestAppBoxRepositoriesListFromServerTask::BuildRepositoriesApplicationsList - [2/3] - After add RepositoryApplicationAml for [repoId=http://tapp.boxee.tv/suicidegirls/index.xml][repoName=suicidegirls.tapp]. [3rdPartyRepositoriesApplicationsMap=239965776] (repos)
17:02:35 T:4224 M:1001861120 DEBUG: Boxee: 10/12/09 15:02:35#DEBUG#..\..\xbmc\lib\libBoxee\bxappboxmanager.cpp:577(BOXEE::BXAppBoxManager::RequestAppBoxRepositoriesListFromServerTask::BuildRepositoriesApplicationsList)#RequestAppBoxRepositoriesListFromServerTask::BuildRepositoriesApplicationsList - [3/3] - Going to get ApplicationList for [repoId=com.fuzzthed][repoName=Boxee Repo] (repos)
17:02:35 T:4224 M:1001861120 DEBUG: Boxee: 10/12/09 15:02:35#DEBUG#..\..\xbmc\lib\libBoxee\bxappboxmanager.cpp:594(BOXEE::BXAppBoxManager::RequestAppBoxRepositoriesListFromServerTask::BuildRepositoriesApplicationsList)#RequestAppBoxRepositoriesListFromServerTask::BuildRepositoriesApplicationsList - [3/3] - Try to get [strUrl=http://www.fuzzthed.com/repository/index.xml] for [repoId=com.fuzzthed][repoName=Boxee Repo] (repos)
17:02:35 T:4360 M:1001852928 DEBUG: Channel thumbnail:
17:02:35 T:4360 M:1001852928 DEBUG: CRssFeed::ReadFeed - open search, startIndex = -1, itemsPerPage = -1, totalResults = -1 (paging)
17:02:35 T:4360 M:1001844736 DEBUG: Boxee: 10/12/09 15:02:35#DEBUG#..\..\xbmc\lib\libBoxee\bxservicesmanager.cpp:215(BOXEE::BXServicesManager::IsRegisterToServices)#BXServicesManager::IsRegisterToServices - Enter function with [serviceIdentifier=netflix][identifierTypeEnum=1=NAME][ServicesListSize=3] (serv)
17:02:35 T:4360 M:1001844736 DEBUG: Boxee: 10/12/09 15:02:35#DEBUG#..\..\xbmc\lib\libBoxee\bxservicesmanager.cpp:245(BOXEE::BXServicesManager::IsRegisterToServices)#BXServicesManager::IsRegisterToServices - [serviceIdentifier=netflix] from type [identifierTypeEnum=1=NAME=NAME] WAS found in the ServicesList. Exit function and return TRUE (serv)
17:02:35 T:4360 M:1001844736 DEBUG: DATEDATE, label = Bolt, text = Fri, 21 Nov 2008
00:00:00 GMT, release date = 20 Nov 2008
17:02:35 T:4360 M:1001844736 DEBUG: BoxeeUtils::ResolveItem, for boxee id = 304115, items size = 1 (ri)
17:02:35 T:4360 M:1001844736 DEBUG: CBoxeeFeedItemsLoader::LoadItem, resolved item for boxee id = 304115, label =Bolt (feedloader) (ri)
17:02:35 T:4360 M:1001844736 DEBUG: CBackgroundInfoLoader::LoadCustomImages - Enter function with item [path=app://netflix/play?titleid=http%3A%2F%2Fapi.netflix.com%2Fcatalog%2Ftitles%2Fmovies%2F70099615&ourl=http%3A%2F%2Fwww.netflix.com%2FMovie%2FBolt%2F70099615][label=Bolt]. [bCanBlock=1] (custi)
17:02:35 T:4360 M:1001844736 DEBUG: CBackgroundInfoLoader::LoadCustomImages - Enter function with item [path=http://www.youtube.com/watch?v=Y5lj590mpS0&feature=youtube_gdata][label=Trailer]. [bCanBlock=1] (custi)
17:02:35 T:4360 M:1001844736 DEBUG: CPictureThumbLoader::LoadItem - Item [path=app://netflix/play?titleid=http%3A%2F%2Fapi.netflix.com%2Fcatalog%2Ftitles%2Fmovies%2F70099615&ourl=http%3A%2F%2Fwww.netflix.com%2FMovie%2FBolt%2F70099615] is a folder (foldert)
17:02:35 T:4360 M:1001844736 DEBUG: CPictureThumbLoader::LoadItem - For item [path=app://netflix/play?titleid=http%3A%2F%2Fapi.netflix.com%2Fcatalog%2Ftitles%2Fmovies%2F70099615&ourl=http%3A%2F%2Fwww.netflix.com%2FMovie%2FBolt%2F70099615] going to return TRUE [Not queue for background loading] (foldert)
17:02:35 T:4312 M:1006182400 DEBUG: CFileScanner::Process, scan share special://myvideos, scan type 3, last scanned 1260455932 (filescanner)
17:02:35 T:4312 M:1006182400 DEBUG: CFileScanner::Process, SCANNING share special://myvideos, scan type 3 (filescanner)
17:02:36 T:4312 M:1006956544 DEBUG: CFileScanner::Process, scan share E:\Media\, scan type 2, last scanned 0 (filescanner)
17:02:36 T:4312 M:1006956544 DEBUG: CFileScanner::Process, SCANNING share E:\Media\, scan type 2 (filescanner)
17:02:36 T:4344 M:1006956544 DEBUG: FileCurl::Close(0D65F54C) http://s3.boxee.tv/titlethumbs/9/5/7e393a2dc8a0133e82df8b810a932e.jpg
17:02:36 T:4364 M:1006936064 DEBUG: FileCurl::Close(0DC5ED58) http://www.allmusic.com/cg/amg.dll?P=amg&SQL=eros&OPT1=2
17:02:36 T:4344 M:1006936064 INFO: Creating album thumb from memory: special://masterprofile/profiles/abendavid/Thumbnails/Video/2/2bf6533f.tbn
17:02:36 T:4432 M:1006358528 DEBUG: thread start, auto delete: 0
17:02:36 T:4432 M:1006305280 DEBUG: MUSIC_GRABBER::CMusicInfoScraper::FindAlbuminfo: Searching for 'eros ramazzotti - eros' using scraper (file: 'allmusic.xml', content: 'albums', date: '', framework: '')
17:02:36 T:4432 M:1006235648 DEBUG: FileCurl::Open(0DC5ED58) http://www.allmusic.com/cg/amg.dll?P=amg&SQL=eros&OPT1=2
17:02:36 T:4344 M:1006878720 DEBUG: Boxee: 10/12/09 15:02:36#DEBUG#..\..\xbmc\lib\libBoxee\bxvideodatabase.cpp:766(BOXEE::BXVideoDatabase::AddVideo)#BXVideoDatabase::AddVideo, Adding video, path = H:\MOVIES\(500) Days of Summer 2009 720p BluRay DTS x264 WiKi.mkv (videodb)
17:02:36 T:4344 M:1006878720 DEBUG: Boxee: 10/12/09 15:02:36#DEBUG#..\..\xbmc\lib\libBoxee\bxvideodatabase.cpp:777(BOXEE::BXVideoDatabase::AddVideo)#BXVideoDatabase::AddVideo, Adding video, title (500) Days of Summer, path H:\MOVIES\(500) Days of Summer 2009 720p BluRay DTS x264 WiKi.mkv
17:02:36 T:4344 M:1006878720 DEBUG: Boxee: 10/12/09 15:02:36#DEBUG#..\..\xbmc\lib\libBoxee\bxvideodatabase.cpp:183(BOXEE::BXVideoDatabase::GetVideoByPath)#LIBRARY, GetVideoByPath, path = H:\MOVIES\(500) Days of Summer 2009 720p BluRay DTS x264 WiKi.mkv
17:02:36 T:4344 M:1006878720 DEBUG: Boxee: 10/12/09 15:02:36#DEBUG#..\..\xbmc\lib\libBoxee\bxvideodatabase.cpp:237(BOXEE::BXVideoDatabase::GetVideoByPath)#LIBRARY, get part by path, path = H:\MOVIES\(500) Days of Summer 2009 720p BluRay DTS x264 WiKi.mkv
17:02:36 T:4344 M:1006551040 DEBUG: CMetadataResolverVideo::LoadVideoContext, path = H:\MOVIES\Across.The.Universe.720p.Bluray.x264-SEPTiC.mkv (videoresolver) (resolver)
17:02:36 T:4344 M:1006551040 DEBUG: CMetadataResolverVideo::GetCleanName, initial name = Across.The.Universe.720p.Bluray.x264-SEPTiC (cleanname)
17:02:36 T:4344 M:1006551040 DEBUG: CMetadataResolverVideo::GetCleanName, without year = Across.The.Universe.720p.Bluray.x264-SEPTiC (cleanname)
17:02:36 T:4344 M:1006551040 DEBUG: CMetadataResolverVideo::ParseSeriesTag, unable to parse term = *across.the.universe.720p.bluray.x264-septic*, expr = \[[Ss]([0-9]+)\]_\[[Ee]([0-9]+)\]?([^\\/]*)$ (seriestag)
17:02:36 T:4344 M:1006551040 DEBUG: CMetadataResolverVideo::ParseSeriesTag, unable to parse term = *across.the.universe.720p.bluray.x264-septic*, expr = [\\/\._ \[-]([0-9]+)x([0-9]+)([^\\/]*)$ (seriestag)
17:02:36 T:4344 M:1006551040 DEBUG: CMetadataResolverVideo::ParseSeriesTag, unable to parse term = *across.the.universe.720p.bluray.x264-septic*, expr = [Ss]([0-9]+)[\.-]?[Ee]([0-9]+)([^\\/]*)$ (seriestag)
17:02:36 T:4344 M:1006551040 DEBUG: CMetadataResolverVideo::ParseSeriesTag, unable to parse term = *across.the.universe.720p.bluray.x264-septic*, expr = [\\/\._ -]([0-9]+)([0-9][0-9])([\._ -][^\\/]*)$ (seriestag)
17:02:36 T:4344 M:1006551040 DEBUG: CMetadataResolverVideo::GetCleanName, without series tag = Across.The.Universe.720p.Bluray.x264-SEPTiC (cleanname)
17:02:36 T:4344 M:1006551040 DEBUG: CMetadataResolverVideo::GetCleanName, after cleaning = Across The Universe (cleanname)
17:02:36 T:4344 M:1006551040 DEBUG: CMetadataResolverVideo::LoadVideoContext, path = H:\MOVIES\Across.The.Universe.720p.Bluray.x264-SEPTiC.mkv, name = Across The Universe (videoresolver) (resolver)
17:02:36 T:4312 M:1006415872 DEBUG: CFileScanner::Process, scan share H:\MOVIES\Hellboy 2 Golden Army 2008 BRRip Xvid\, scan type 2, last scanned 0 (filescanner)
17:02:36 T:4312 M:1006411776 DEBUG: CFileScanner::Process, SCANNING share H:\MOVIES\Hellboy 2 Golden Army 2008 BRRip Xvid\, scan type 2 (filescanner)
17:02:36 T:4344 M:1006280704 DEBUG: CMetadataResolverVideo::ResolveVideo, resolving video, path = H:\MOVIES\Across.The.Universe.720p.Bluray.x264-SEPTiC.mkv (videoresolver) (resolver)
17:02:36 T:4344 M:1006280704 DEBUG: CMetadataResolverVideo::ResolveVideo, resolving movie, path = H:\MOVIES\Across.The.Universe.720p.Bluray.x264-SEPTiC.mkv (videoresolver) (resolver)
17:02:36 T:4344 M:1006280704 DEBUG: CMetadataResolverVideo::ResolveVideo, resolving movie, name = Across The Universe, link = http://res.boxee.tv/title/movie/?h=a0d8ef60e8cbf6be%3a7042658422&name=Across%20The%20Universe (videoresolver) (resolver)
17:02:36 T:4344 M:1006280704 INFO: Initializing feed: http://res.boxee.tv/title/movie/?h=a0d8ef60e8cbf6be%3a7042658422&name=Across%20The%20Universe
17:02:36 T:4344 M:1006280704 DEBUG: CRssFeed::ReadFeed - RSS, Loading feed from URL: http://res.boxee.tv/title/movie/?h=a0d8ef60e8cbf6be%3a7042658422&name=Across%20The%20Universe
17:02:37 T:4436 M:1006514176 DEBUG: Looking for shares in ip 10.0.0.138
17:02:37 T:4440 M:1006501888 DEBUG: Looking for shares in ip 10.0.0.141
17:02:37 T:4444 M:1006489600 DEBUG: Looking for shares in ip 10.0.0.162
17:02:37 T:4448 M:1006477312 DEBUG: Looking for shares in ip 10.0.0.175
17:02:37 T:4316 M:1006473216 DEBUG: Thread 4316 terminating
17:02:37 T:4452 M:1006460928 DEBUG: Looking for shares in ip 10.0.0.110
17:02:37 T:4440 M:1005432832 DEBUG: Trying to connect to \\10.0.0.141 with username() and password()
17:02:37 T:4444 M:1005318144 DEBUG: Trying to connect to \\10.0.0.162 with username() and password()
17:02:37 T:4440 M:1005113344 DEBUG: Found Server/Share: \\10.0.0.141\C
17:02:37 T:4440 M:1005113344 DEBUG: Found Server/Share: \\10.0.0.141\Movie Collection
17:02:37 T:4440 M:1005113344 DEBUG: Found Server/Share: \\10.0.0.141\Users
17:02:37 T:4440 M:1005109248 DEBUG: Looking for shares in ip 10.0.0.123
17:02:37 T:4444 M:1005019136 DEBUG: Found Server/Share: \\10.0.0.162\tomer
17:02:37 T:4444 M:1005019136 DEBUG: Looking for shares in ip 10.0.0.125
17:02:37 T:4312 M:1004896256 ERROR: DIRECTORY::CDirectory::GetDirectory - Error getting H:\MOVIES\Hellboy 2 Golden Army 2008 BRRip Xvid\Hell.II.PRoDji..part02.rar
17:02:37 T:4312 M:1004896256 ERROR: DIRECTORY::CDirectory::GetDirectory - Error getting H:\MOVIES\Hellboy 2 Golden Army 2008 BRRip Xvid\Hell.II.PRoDji..part03.rar
17:02:37 T:4312 M:1004908544 ERROR: DIRECTORY::CDirectory::GetDirectory - Error getting H:\MOVIES\Hellboy 2 Golden Army 2008 BRRip Xvid\Hell.II.PRoDji..part04.rar
17:02:37 T:4312 M:1004851200 ERROR: DIRECTORY::CDirectory::GetDirectory - Error getting H:\MOVIES\Hellboy 2 Golden Army 2008 BRRip Xvid\Hell.II.PRoDji..part05.rar
17:02:37 T:4444 M:1004793856 DEBUG: Trying to connect to \\10.0.0.125 with username() and password()
17:02:37 T:4452 M:1004789760 DEBUG: Trying to connect to \\10.0.0.110 with username() and password()
17:02:37 T:4452 M:1004740608 DEBUG: Found Server/Share: \\10.0.0.110\shared_password
17:02:37 T:4452 M:1004740608 DEBUG: Found Server/Share: \\10.0.0.110\PublicOnPirate
17:02:37 T:4452 M:1004740608 DEBUG: Found Server/Share: \\10.0.0.110\Stuff
17:02:37 T:4452 M:1004740608 DEBUG: Found Server/Share: \\10.0.0.110\Music
17:02:37 T:4452 M:1004740608 DEBUG: Looking for shares in ip 10.0.0.189
17:02:37 T:4444 M:1004732416 DEBUG: Looking for shares in ip 10.0.0.190
17:02:37 T:4312 M:1004777472 ERROR: DIRECTORY::CDirectory::GetDirectory - Error getting H:\MOVIES\Hellboy 2 Golden Army 2008 BRRip Xvid\Hell.II.PRoDji..part06.rar
17:02:37 T:4452 M:1004761088 DEBUG: Trying to connect to \\10.0.0.189 with username() and password()
17:02:37 T:4452 M:1004593152 DEBUG: Found Server/Share: \\10.0.0.189\public
17:02:37 T:4452 M:1004593152 DEBUG: Found Server/Share: \\10.0.0.189\tools
17:02:37 T:4452 M:1004609536 DEBUG: Found Server/Share: \\10.0.0.189\משותף
17:02:37 T:4452 M:1004605440 DEBUG: Looking for shares in ip 10.0.0.191
17:02:37 T:4224 M:1004597248 DEBUG: Boxee: 10/12/09 15:02:37#DEBUG#..\..\xbmc\lib\libBoxee\bxappboxmanager.cpp:623(BOXEE::BXAppBoxManager::RequestAppBoxRepositoriesListFromServerTask::BuildRepositoriesApplicationsList)#RequestAppBoxRepositoriesListFromServerTask::BuildRepositoriesApplicationsList - [3/3] - After add RepositoryApplicationAml for [repoId=http://www.fuzzthed.com/repository/index.xml][repoName=com.fuzzthed]. [3rdPartyRepositoriesApplicationsMap=234224408] (repos)
17:02:37 T:4224 M:1004597248 DEBUG: Boxee: 10/12/09 15:02:37#DEBUG#..\..\xbmc\lib\libBoxee\bxappboxmanager.cpp:551(BOXEE::BXAppBoxManager::RequestAppBoxRepositoriesListFromServerTask::DoWork)#RequestAppBoxRepositoriesListFromServerTask::DoWork - Call to BuildRepositoriesApplicationsList for [NumOfRepositories=3] returned [appBox3rdPartyRepositoriesApplicationsMapSize=3] (repos)
17:02:37 T:4224 M:1004597248 DEBUG: Boxee: 10/12/09 15:02:37#DEBUG#..\..\xbmc\lib\libBoxee\bxappboxmanager.cpp:158(BOXEE::BXAppBoxManager::CopyAppBox3rdPartyRepositoriesApplicationsList)#BXAppBoxManager::CopyAppBox3rdPartyRepositoriesApplicationsList - Enter function. [NumOf3rdPartysList=3] (repos)
17:02:37 T:4224 M:1004597248 DEBUG: Boxee: 10/12/09 15:02:37#DEBUG#..\..\xbmc\lib\libBoxee\bxappboxmanager.cpp:174(BOXEE::BXAppBoxManager::CopyAppBox3rdPartyRepositoriesApplicationsList)#BXAppBoxManager::CopyAppBox3rdPartyRepositoriesApplicationsList - [1/3] - After copy [repositoryId=com.fuzzthed]. [NumOf3rdPartysMap=1] (repos)
17:02:37 T:4224 M:1004597248 DEBUG: Boxee: 10/12/09 15:02:37#DEBUG#..\..\xbmc\lib\libBoxee\bxappboxmanager.cpp:174(BOXEE::BXAppBoxManager::CopyAppBox3rdPartyRepositoriesApplicationsList)#BXAppBoxManager::CopyAppBox3rdPartyRepositoriesApplicationsList - [2/3] - After copy [repositoryId=flickr.tapp]. [NumOf3rdPartysMap=2] (repos)
17:02:37 T:4224 M:1004597248 DEBUG: Boxee: 10/12/09 15:02:37#DEBUG#..\..\xbmc\lib\libBoxee\bxappboxmanager.cpp:174(BOXEE::BXAppBoxManager::CopyAppBox3rdPartyRepositoriesApplicationsList)#BXAppBoxManager::CopyAppBox3rdPartyRepositoriesApplicationsList - [3/3] - After copy [repositoryId=suicidegirls.tapp]. [NumOf3rdPartysMap=3] (repos)
17:02:37 T:4224 M:1004597248 DEBUG: Boxee: 10/12/09 15:02:37#DEBUG#..\..\xbmc\lib\libBoxee\bxappboxmanager.cpp:560(BOXEE::BXAppBoxManager::RequestAppBoxRepositoriesListFromServerTask::DoWork)#RequestAppBoxRepositoriesListFromServerTask::DoWork - Exit function (repos)
17:02:37 T:4224 M:1004597248 DEBUG: Boxee: 10/12/09 15:02:37#DEBUG#..\..\xbmc\lib\libBoxee\bxscheduletaskmanager.cpp:48(BOXEE::BoxeeScheduleTask::PostDoWork)#BoxeeScheduleTask::PostDoWork - Enter function. [name=RequestApplicationsList][jobId=10][repeat=0][currentTime=1036553] (bstm)
17:02:37 T:4444 M:1004658688 DEBUG: Trying to connect to \\10.0.0.190 with username() and password()
17:02:37 T:4444 M:1004617728 DEBUG: Found Server/Share: \\10.0.0.190\shared_password
17:02:37 T:4444 M:1004625920 DEBUG: Found Server/Share: \\10.0.0.190\PublicOnPirate
17:02:37 T:4444 M:1004625920 DEBUG: Found Server/Share: \\10.0.0.190\Stuff
17:02:37 T:4444 M:1004625920 DEBUG: Found Server/Share: \\10.0.0.190\Music
17:02:37 T:4444 M:1004752896 DEBUG: Looking for shares in ip 10.0.0.201
17:02:37 T:4312 M:1004802048 ERROR: DIRECTORY::CDirectory::GetDirectory - Error getting H:\MOVIES\Hellboy 2 Golden Army 2008 BRRip Xvid\Hell.II.PRoDji..part07.rar
17:02:37 T:4444 M:1004773376 DEBUG: Trying to connect to \\10.0.0.201 with username() and password()
17:02:37 T:4444 M:1004777472 DEBUG: Found Server/Share: \\10.0.0.201\tmp
17:02:37 T:4444 M:1004777472 DEBUG: Found Server/Share: \\10.0.0.201\web
17:02:37 T:4444 M:1004781568 DEBUG: Looking for shares in ip 10.0.0.250
17:02:37 T:4444 M:1004777472 DEBUG: Trying to connect to \\10.0.0.250 with username() and password()
17:02:37 T:4444 M:1004744704 DEBUG: Found Server/Share: \\10.0.0.250\tmp
17:02:37 T:4444 M:1004744704 DEBUG: Found Server/Share: \\10.0.0.250\shlogs
17:02:37 T:4444 M:1004740608 DEBUG: Found Server/Share: \\10.0.0.250\sandbox
17:02:37 T:4444 M:1004740608 DEBUG: Found Server/Share: \\10.0.0.250\external
17:02:37 T:4444 M:1004740608 DEBUG: Found Server/Share: \\10.0.0.250\external-s
17:02:37 T:4444 M:1004740608 DEBUG: Found Server/Share: \\10.0.0.250\content
17:02:37 T:4444 M:1004740608 DEBUG: Found Server/Share: \\10.0.0.250\content-s
17:02:37 T:4444 M:1004740608 DEBUG: Found Server/Share: \\10.0.0.250\web
17:02:37 T:4312 M:1004781568 ERROR: DIRECTORY::CDirectory::GetDirectory - Error getting H:\MOVIES\Hellboy 2 Golden Army 2008 BRRip Xvid\Hell.II.PRoDji..part08.rar
17:02:37 T:4444 M:1004781568 DEBUG: Looking for shares in ip 10.0.0.200
17:02:37 T:4344 M:1004785664 DEBUG: Channel thumbnail:
17:02:37 T:4344 M:1004785664 DEBUG: CRssFeed::ReadFeed - open search, startIndex = -1, itemsPerPage = -1, totalResults = -1 (paging)
17:02:37 T:4344 M:1004785664 DEBUG: Boxee: 10/12/09 15:02:37#DEBUG#..\..\xbmc\lib\libBoxee\bxservicesmanager.cpp:215(BOXEE::BXServicesManager::IsRegisterToServices)#BXServicesManager::IsRegisterToServices - Enter function with [serviceIdentifier=netflix][identifierTypeEnum=1=NAME][ServicesListSize=3] (serv)
17:02:37 T:4344 M:1004785664 DEBUG: Boxee: 10/12/09 15:02:37#DEBUG#..\..\xbmc\lib\libBoxee\bxservicesmanager.cpp:245(BOXEE::BXServicesManager::IsRegisterToServices)#BXServicesManager::IsRegisterToServices - [serviceIdentifier=netflix] from type [identifierTypeEnum=1=NAME=NAME] WAS found in the ServicesList. Exit function and return TRUE (serv)
17:02:37 T:4344 M:1004785664 DEBUG: DATEDATE, label = Across the Universe, text = Fri, 12 Oct 2007
00:00:00 GMT, release date = 11 Oct 2007
17:02:37 T:4344 M:1004785664 DEBUG: CMetadataResolver::ResolveVideoFolder, Resolved metadata for video, path = H:\MOVIES\Across.The.Universe.720p.Bluray.x264-SEPTiC.mkv, name = Across The Universe (resolver) (videoresolver)
17:02:37 T:4344 M:1004785664 DEBUG: CMetadataResolver::ResolveVideoFolder, Video was resolved by name, adding to DB, path = H:\MOVIES\Across.The.Universe.720p.Bluray.x264-SEPTiC.mkv, name = Across The Universe (resolver) (videoresolver)
17:02:37 T:4344 M:1004785664 DEBUG: CMetadataResolver::CacheThumb, strItemPath = H:\MOVIES\Across.The.Universe.720p.Bluray.x264-SEPTiC.mkv, strThumbnailPath = http://s3.boxee.tv/titlethumbs/7/a/7bb564c0d95534d3e35234ee01925e.jpg (thumb)
17:02:37 T:4344 M:1004785664 DEBUG: CMetadataResolver::CacheThumb, strThumbnailPath = http://s3.boxee.tv/titlethumbs/7/a/7bb564c0d95534d3e35234ee01925e.jpg, cached path = special://masterprofile/profiles/abendavid/Thumbnails/Video/2/29a402f5.tbn (thumb)
17:02:37 T:4344 M:1004785664 INFO: Creating thumb from: http://s3.boxee.tv/titlethumbs/7/a/7bb564c0d95534d3e35234ee01925e.jpg as: special://masterprofile/profiles/abendavid/Thumbnails/Video/2/29a402f5.tbn
17:02:37 T:4452 M:1004687360 DEBUG: Trying to connect to \\10.0.0.191 with username() and password()
17:02:37 T:4312 M:1004634112 ERROR: DIRECTORY::CDirectory::GetDirectory - Error getting H:\MOVIES\Hellboy 2 Golden Army 2008 BRRip Xvid\Hell.II.PRoDji..part09.rar
17:02:37 T:4452 M:1004773376 DEBUG: Found Server/Share: \\10.0.0.191\boxee tv's public folder
17:02:37 T:4452 M:1004773376 DEBUG: Found Server/Share: \\10.0.0.191\movies
17:02:37 T:4452 M:1004773376 DEBUG: Found Server/Share: \\10.0.0.191\music
17:02:37 T:4452 M:1004773376 DEBUG: Found Server/Share: \\10.0.0.191\pictures
17:02:38 T:4312 M:1004879872 ERROR: DIRECTORY::CDirectory::GetDirectory - Error getting H:\MOVIES\Hellboy 2 Golden Army 2008 BRRip Xvid\Hell.II.PRoDji..part10.rar
17:02:38 T:4344 M:1004892160 DEBUG: FileCurl::Open(0D65F54C) http://s3.boxee.tv/titlethumbs/7/a/7bb564c0d95534d3e35234ee01925e.jpg
17:02:38 T:4448 M:1004978176 DEBUG: Trying to connect to \\10.0.0.175 with username() and password()
17:02:38 T:4448 M:1004978176 ERROR: Couldn't connect to \\10.0.0.175, access denied
17:02:38 T:4448 M:1004978176 ERROR: Couldn't connect to \\10.0.0.175, error code 1326
17:02:38 T:4448 M:1004957696 ERROR: WnetOpenEnum failed with error 5
17:02:38 T:4448 M:1004957696 ERROR: DIRECTORY::CDirectory::GetDirectory - Error getting smb://10.0.0.175
17:02:38 T:4312 M:1004904448 ERROR: DIRECTORY::CDirectory::GetDirectory - Error getting H:\MOVIES\Hellboy 2 Golden Army 2008 BRRip Xvid\Hell.II.PRoDji..part11.rar
17:02:38 T:4312 M:1004883968 ERROR: DIRECTORY::CDirectory::GetDirectory - Error getting H:\MOVIES\Hellboy 2 Golden Army 2008 BRRip Xvid\Hell.II.PRoDji..part12.rar
17:02:38 T:3084 M:1004875776 DEBUG: SDLKeyboard: scancode: 77, sym: 275, unicode: 0, modifier: 0
17:02:38 T:3084 M:1004871680 DEBUG: CApplication::OnKey - [key=61479][window=10000][action=2]
17:02:38 T:3084 M:1004871680 DEBUG: CApplication::OnKey: 61479 pressed, action is 2
17:02:38 T:1464 M:1004859392 DEBUG: CWin32DirectSound::CheckPlayStatus: Resuming Playback
17:02:38 T:4312 M:1004855296 ERROR: DIRECTORY::CDirectory::GetDirectory - Error getting H:\MOVIES\Hellboy 2 Golden Army 2008 BRRip Xvid\Hell.II.PRoDji..part13.rar
17:02:38 T:4444 M:1004847104 DEBUG: Trying to connect to \\10.0.0.200 with username() and password()
17:02:38 T:4444 M:1004789760 DEBUG: Found Server/Share: \\10.0.0.200\MEMORY_CARD
17:02:38 T:1464 M:1004810240 DEBUG: CWin32DirectSound::WaitCompletion - timeout waiting for silence
17:02:38 T:4312 M:1004679168 ERROR: DIRECTORY::CDirectory::GetDirectory - Error getting H:\MOVIES\Hellboy 2 Golden Army 2008 BRRip Xvid\Hell.II.PRoDji..part14.rar
17:02:38 T:4344 M:1004806144 DEBUG: XFILE::CFileCurl::Open - filesize: 585216
17:02:38 T:4312 M:1004806144 ERROR: DIRECTORY::CDirectory::GetDirectory - Error getting H:\MOVIES\Hellboy 2 Golden Army 2008 BRRip Xvid\Hell.II.PRoDji..part15.rar
17:02:38 T:4312 M:1004838912 ERROR: DIRECTORY::CDirectory::GetDirectory - Error getting H:\MOVIES\Hellboy 2 Golden Army 2008 BRRip Xvid\Hell.II.PRoDji..part16.rar
17:02:38 T:4312 M:1004838912 ERROR: DIRECTORY::CDirectory::GetDirectory - Error getting H:\MOVIES\Hellboy 2 Golden Army 2008 BRRip Xvid\Hell.II.PRoDji..part17.rar
17:02:38 T:3084 M:1004838912 DEBUG: SDLKeyboard: scancode: 77, sym: 275, unicode: 0, modifier: 0
17:02:38 T:3084 M:1004838912 DEBUG: CApplication::OnKey - [key=61479][window=10000][action=2]
17:02:38 T:3084 M:1004838912 DEBUG: CApplication::OnKey: 61479 pressed, action is 2
17:02:38 T:1464 M:1004838912 DEBUG: CWin32DirectSound::CheckPlayStatus: Resuming Playback
17:02:38 T:4312 M:1004806144 ERROR: DIRECTORY::CDirectory::GetDirectory - Error getting H:\MOVIES\Hellboy 2 Golden Army 2008 BRRip Xvid\Hell.II.PRoDji..part18.rar
17:02:38 T:1464 M:1004957696 DEBUG: CWin32DirectSound::WaitCompletion - timeout waiting for silence
17:02:38 T:4312 M:1004908544 ERROR: DIRECTORY::CDirectory::GetDirectory - Error getting H:\MOVIES\Hellboy 2 Golden Army 2008 BRRip Xvid\Hell.II.PRoDji..part19.rar
17:02:39 T:4312 M:1004236800 ERROR: DIRECTORY::CDirectory::GetDirectory - Error getting H:\MOVIES\Hellboy 2 Golden Army 2008 BRRip Xvid\Hell.II.PRoDji..part20.rar
17:02:39 T:4440 M:1003970560 DEBUG: Trying to connect to \\10.0.0.123 with username() and password()
17:02:39 T:4440 M:1003970560 ERROR: Couldn't connect to \\10.0.0.123, error code 53
17:02:39 T:4312 M:1003859968 ERROR: DIRECTORY::CDirectory::GetDirectory - Error getting H:\MOVIES\Hellboy 2 Golden Army 2008 BRRip Xvid\Hell.II.PRoDji..part21.rar
17:02:39 T:4312 M:1003622400 ERROR: DIRECTORY::CDirectory::GetDirectory - Error getting H:\MOVIES\Hellboy 2 Golden Army 2008 BRRip Xvid\Hell.II.PRoDji..part22.rar
17:02:39 T:4312 M:1003622400 ERROR: DIRECTORY::CDirectory::GetDirectory - Error getting H:\MOVIES\Hellboy 2 Golden Army 2008 BRRip Xvid\Hell.II.PRoDji..part23.rar
17:02:39 T:4312 M:1003622400 ERROR: DIRECTORY::CDirectory::GetDirectory - Error getting H:\MOVIES\Hellboy 2 Golden Army 2008 BRRip Xvid\Hell.II.PRoDji..part24.rar
17:02:39 T:4432 M:1003622400 DEBUG: XFILE::CFileCurl::Open - filesize: 72594
17:02:39 T:3084 M:1003610112 DEBUG: SDLKeyboard: scancode: 77, sym: 275, unicode: 0, modifier: 0
17:02:39 T:3084 M:1003606016 DEBUG: CApplication::OnKey - [key=61479][window=10000][action=2]
17:02:39 T:3084 M:1003606016 DEBUG: CApplication::OnKey: 61479 pressed, action is 2
17:02:39 T:1464 M:1003593728 DEBUG: CWin32DirectSound::CheckPlayStatus: Resuming Playback
17:02:39 T:4312 M:1003593728 ERROR: DIRECTORY::CDirectory::GetDirectory - Error getting H:\MOVIES\Hellboy 2 Golden Army 2008 BRRip Xvid\Hell.II.PRoDji..part25.rar
17:02:39 T:4312 M:1003503616 ERROR: DIRECTORY::CDirectory::GetDirectory - Error getting H:\MOVIES\Hellboy 2 Golden Army 2008 BRRip Xvid\Hell.II.PRoDji..part26.rar
17:02:39 T:1464 M:1003495424 DEBUG: CWin32DirectSound::WaitCompletion - timeout waiting for silence
17:02:39 T:4312 M:1003171840 ERROR: DIRECTORY::CDirectory::GetDirectory - Error getting H:\MOVIES\Hellboy 2 Golden Army 2008 BRRip Xvid\Hell.II.PRoDji..part27.rar
17:02:39 T:4312 M:1003102208 ERROR: DIRECTORY::CDirectory::GetDirectory - Error getting H:\MOVIES\Hellboy 2 Golden Army 2008 BRRip Xvid\Hell.II.PRoDji..part28.rar
17:02:39 T:4312 M:1002762240 ERROR: DIRECTORY::CDirectory::GetDirectory - Error getting H:\MOVIES\Hellboy 2 Golden Army 2008 BRRip Xvid\Hell.II.PRoDji..part29.rar
17:02:40 T:3084 M:1002696704 DEBUG: SDLKeyboard: scancode: 75, sym: 276, unicode: 0, modifier: 0
17:02:40 T:3084 M:1002696704 DEBUG: CApplication::OnKey - [key=61477][window=10000][action=1]
17:02:40 T:3084 M:1002696704 DEBUG: CApplication::OnKey: 61477 pressed, action is 1
17:02:40 T:1464 M:1002684416 DEBUG: CWin32DirectSound::CheckPlayStatus: Resuming Playback
17:02:40 T:4312 M:1002676224 ERROR: DIRECTORY::CDirectory::GetDirectory - Error getting H:\MOVIES\Hellboy 2 Golden Army 2008 BRRip Xvid\Hell.II.PRoDji..part30.rar
17:02:40 T:4440 M:1002635264 ERROR: WnetOpenEnum failed with error 53
17:02:40 T:4440 M:1002635264 ERROR: DIRECTORY::CDirectory::GetDirectory - Error getting smb://10.0.0.123
17:02:40 T:4312 M:1002639360 ERROR: DIRECTORY::CDirectory::GetDirectory - Error getting H:\MOVIES\Hellboy 2 Golden Army 2008 BRRip Xvid\Hell.II.PRoDji..part31.rar
17:02:40 T:1464 M:1002614784 DEBUG: CWin32DirectSound::WaitCompletion - timeout waiting for silence
17:02:40 T:4344 M:1002598400 DEBUG: FileCurl::Close(0D65F54C) http://s3.boxee.tv/titlethumbs/7/a/7bb564c0d95534d3e35234ee01925e.jpg
17:02:40 T:4312 M:1002004480 ERROR: DIRECTORY::CDirectory::GetDirectory - Error getting H:\MOVIES\Hellboy 2 Golden Army 2008 BRRip Xvid\Hell.II.PRoDji..part32.rar
17:02:40 T:4312 M:1002004480 ERROR: DIRECTORY::CDirectory::GetDirectory - Error getting H:\MOVIES\Hellboy 2 Golden Army 2008 BRRip Xvid\Hell.II.PRoDji..part33.rar
17:02:40 T:4312 M:1002000384 ERROR: DIRECTORY::CDirectory::GetDirectory - Error getting H:\MOVIES\Hellboy 2 Golden Army 2008 BRRip Xvid\Hell.II.PRoDji..part34.rar
17:02:40 T:4344 M:1002004480 INFO: Creating album thumb from memory: special://masterprofile/profiles/abendavid/Thumbnails/Video/2/29a402f5.tbn
17:02:40 T:4344 M:1002217472 DEBUG: Boxee: 10/12/09 15:02:40#DEBUG#..\..\xbmc\lib\libBoxee\bxvideodatabase.cpp:766(BOXEE::BXVideoDatabase::AddVideo)#BXVideoDatabase::AddVideo, Adding video, path = H:\MOVIES\Across.The.Universe.720p.Bluray.x264-SEPTiC.mkv (videodb)
17:02:40 T:4344 M:1002217472 DEBUG: Boxee: 10/12/09 15:02:40#DEBUG#..\..\xbmc\lib\libBoxee\bxvideodatabase.cpp:777(BOXEE::BXVideoDatabase::AddVideo)#BXVideoDatabase::AddVideo, Adding video, title Across the Universe, path H:\MOVIES\Across.The.Universe.720p.Bluray.x264-SEPTiC.mkv
17:02:40 T:4344 M:1002217472 DEBUG: Boxee: 10/12/09 15:02:40#DEBUG#..\..\xbmc\lib\libBoxee\bxvideodatabase.cpp:183(BOXEE::BXVideoDatabase::GetVideoByPath)#LIBRARY, GetVideoByPath, path = H:\MOVIES\Across.The.Universe.720p.Bluray.x264-SEPTiC.mkv
17:02:40 T:4344 M:1002217472 DEBUG: Boxee: 10/12/09 15:02:40#DEBUG#..\..\xbmc\lib\libBoxee\bxvideodatabase.cpp:237(BOXEE::BXVideoDatabase::GetVideoByPath)#LIBRARY, get part by path, path = H:\MOVIES\Across.The.Universe.720p.Bluray.x264-SEPTiC.mkv
17:02:40 T:4312 M:1002192896 ERROR: DIRECTORY::CDirectory::GetDirectory - Error getting H:\MOVIES\Hellboy 2 Golden Army 2008 BRRip Xvid\Hell.II.PRoDji..part35.rar
17:02:40 T:4312 M:1002319872 ERROR: DIRECTORY::CDirectory::GetDirectory - Error getting H:\MOVIES\Hellboy 2 Golden Army 2008 BRRip Xvid\Hell.II.PRoDji..part36.rar
17:02:40 T:4432 M:1002323968 DEBUG: FileCurl::Close(0DC5ED58) http://www.allmusic.com/cg/amg.dll?P=amg&SQL=eros&OPT1=2
17:02:40 T:4312 M:1002291200 ERROR: DIRECTORY::CDirectory::GetDirectory - Error getting H:\MOVIES\Hellboy 2 Golden Army 2008 BRRip Xvid\Hell.II.PRoDji..part37.rar
17:02:40 T:4312 M:1002291200 ERROR: DIRECTORY::CDirectory::GetDirectory - Error getting H:\MOVIES\Hellboy 2 Golden Army 2008 BRRip Xvid\Hell.II.PRoDji..part38.rar
17:02:40 T:4432 M:1002344448 DEBUG: FileCurl::Open(0DC5ED58) http://www.allmusic.com/cg/amg.dll?p=amg&SQL=10:h9frxqujldte
17:02:40 T:4312 M:1002340352 ERROR: DIRECTORY::CDirectory::GetDirectory - Error getting H:\MOVIES\Hellboy 2 Golden Army 2008 BRRip Xvid\Hell.II.PRoDji..part39.rar
17:02:41 T:4312 M:1002586112 ERROR: DIRECTORY::CDirectory::GetDirectory - Error getting H:\MOVIES\Hellboy 2 Golden Army 2008 BRRip Xvid\Hell.II.PRoDji..part40.rar
17:02:41 T:4312 M:1002737664 ERROR: DIRECTORY::CDirectory::GetDirectory - Error getting H:\MOVIES\Hellboy 2 Golden Army 2008 BRRip Xvid\Hell.II.PRoDji..part41.rar
17:02:41 T:4344 M:1002680320 DEBUG: CMetadataResolverVideo::LoadVideoContext, path = H:\MOVIES\Be_Kind_Rewind_(2008)_PROPER_720p_Bluray_x264_SEPTiC.mkv (videoresolver) (resolver)
17:02:41 T:4344 M:1002680320 DEBUG: CMetadataResolverVideo::GetCleanName, initial name = Be_Kind_Rewind_(2008)_PROPER_720p_Bluray_x264_SEPTiC (cleanname)
17:02:41 T:4344 M:1002680320 DEBUG: CMetadataResolverVideo::RemoveYear, name = Be_Kind_Rewind_(2008)_PROPER_720p_Bluray_x264_SEPTiC, newName = Be_Kind_Rewind_( )_PROPER_720p_Bluray_x264_SEPTiC, year = 2008 (cleanname)
17:02:41 T:4344 M:1002680320 DEBUG: CMetadataResolverVideo::GetCleanName, without year = Be_Kind_Rewind_( )_PROPER_720p_Bluray_x264_SEPTiC (cleanname)
17:02:41 T:4344 M:1002680320 DEBUG: CMetadataResolverVideo::ParseSeriesTag, unable to parse term = *be_kind_rewind_( )_proper_720p_bluray_x264_septic*, expr = \[[Ss]([0-9]+)\]_\[[Ee]([0-9]+)\]?([^\\/]*)$ (seriestag)
17:02:41 T:4344 M:1002680320 DEBUG: CMetadataResolverVideo::ParseSeriesTag, unable to parse term = *be_kind_rewind_( )_proper_720p_bluray_x264_septic*, expr = [\\/\._ \[-]([0-9]+)x([0-9]+)([^\\/]*)$ (seriestag)
17:02:41 T:4344 M:1002680320 DEBUG: CMetadataResolverVideo::ParseSeriesTag, unable to parse term = *be_kind_rewind_( )_proper_720p_bluray_x264_septic*, expr = [Ss]([0-9]+)[\.-]?[Ee]([0-9]+)([^\\/]*)$ (seriestag)
17:02:41 T:4344 M:1002680320 DEBUG: CMetadataResolverVideo::ParseSeriesTag, unable to parse term = *be_kind_rewind_( )_proper_720p_bluray_x264_septic*, expr = [\\/\._ -]([0-9]+)([0-9][0-9])([\._ -][^\\/]*)$ (seriestag)
17:02:41 T:4344 M:1002680320 DEBUG: CMetadataResolverVideo::GetCleanName, without series tag = Be_Kind_Rewind_( )_PROPER_720p_Bluray_x264_SEPTiC (cleanname)
17:02:41 T:4344 M:1002680320 DEBUG: CMetadataResolverVideo::GetCleanName, after cleaning = Be Kind Rewind (cleanname)
17:02:41 T:4344 M:1002680320 DEBUG: CMetadataResolverVideo::LoadVideoContext, path = H:\MOVIES\Be_Kind_Rewind_(2008)_PROPER_720p_Bluray_x264_SEPTiC.mkv, name = Be Kind Rewind (videoresolver) (resolver)
17:02:41 T:4344 M:1002475520 DEBUG: CMetadataResolverVideo::ResolveVideo, resolving video, path = H:\MOVIES\Be_Kind_Rewind_(2008)_PROPER_720p_Bluray_x264_SEPTiC.mkv (videoresolver) (resolver)
17:02:41 T:4344 M:1002475520 DEBUG: CMetadataResolverVideo::ResolveVideo, resolving movie, path = H:\MOVIES\Be_Kind_Rewind_(2008)_PROPER_720p_Bluray_x264_SEPTiC.mkv (videoresolver) (resolver)
17:02:41 T:4344 M:1002475520 DEBUG: CMetadataResolverVideo::ResolveVideo, resolving movie, name = Be Kind Rewind, link = http://res.boxee.tv/title/movie/?h=44801078482b9ec5%3a4695451561&name=Be%20Kind%20Rewind&year=2008 (videoresolver) (resolver)
17:02:41 T:4344 M:1002471424 INFO: Initializing feed: http://res.boxee.tv/title/movie/?h=44801078482b9ec5%3a4695451561&name=Be%20Kind%20Rewind&year=2008
17:02:41 T:4344 M:1002471424 DEBUG: CRssFeed::ReadFeed - RSS, Loading feed from URL: http://res.boxee.tv/title/movie/?h=44801078482b9ec5%3a4695451561&name=Be%20Kind%20Rewind&year=2008
17:02:41 T:4312 M:1001861120 ERROR: DIRECTORY::CDirectory::GetDirectory - Error getting H:\MOVIES\Hellboy 2 Golden Army 2008 BRRip Xvid\Hell.II.PRoDji..part42.rar
17:02:41 T:4312 M:1000087552 ERROR: DIRECTORY::CDirectory::GetDirectory - Error getting H:\MOVIES\Hellboy 2 Golden Army 2008 BRRip Xvid\Hell.II.PRoDji..part43.rar
17:02:41 T:4312 M:998916096 ERROR: DIRECTORY::CDirectory::GetDirectory - Error getting H:\MOVIES\Hellboy 2 Golden Army 2008 BRRip Xvid\Hell.II.PRoDji..part44.rar
17:02:41 T:4312 M:998256640 ERROR: DIRECTORY::CDirectory::GetDirectory - Error getting H:\MOVIES\Hellboy 2 Golden Army 2008 BRRip Xvid\Hell.II.PRoDji..part45.rar
17:02:41 T:4312 M:998518784 ERROR: DIRECTORY::CDirectory::GetDirectory - Error getting H:\MOVIES\Hellboy 2 Golden Army 2008 BRRip Xvid\Hell.II.PRoDji..part46.rar
17:02:41 T:4312 M:997048320 ERROR: DIRECTORY::CDirectory::GetDirectory - Error getting H:\MOVIES\Hellboy 2 Golden Army 2008 BRRip Xvid\Hell.II.PRoDji..part47.rar
17:02:41 T:4312 M:997011456 DEBUG: CFileScanner::Process, scan share rar://H%3a%5cMOVIES%5cHellboy%202%20Golden%20Army%202008%20BRRip%20%20Xvid%5cHell%2eII%2ePRoDji%2e%2epart01%2erar/, scan type 2, last scanned 0 (filescanner)
17:02:41 T:4312 M:997011456 DEBUG: CFileScanner::Process, SCANNING share rar://H%3a%5cMOVIES%5cHellboy%202%20Golden%20Army%202008%20BRRip%20%20Xvid%5cHell%2eII%2ePRoDji%2e%2epart01%2erar/, scan type 2 (filescanner)
17:02:41 T:4312 M:995979264 ERROR: DIRECTORY::CDirectory::GetDirectory - Error getting rar:\\H%3a%5cMOVIES%5cHellboy%202%20Golden%20Army%202008%20BRRip%20%20Xvid%5cHell%2eII%2ePRoDji%2e%2epart01%2erar\
17:02:41 T:4312 M:995950592 DEBUG: CFileScanner::Process, scan share H:\MOVIES\, scan type 2, last scanned 0 (filescanner)
17:02:41 T:4312 M:995950592 DEBUG: CFileScanner::Process, SCANNING share H:\MOVIES\, scan type 2 (filescanner)
17:02:42 T:3084 M:969949184 DEBUG: SDLKeyboard: scancode: 75, sym: 276, unicode: 0, modifier: 0
17:02:42 T:3084 M:969949184 DEBUG: CApplication::OnKey - [key=61477][window=10000][action=1]
17:02:42 T:3084 M:969949184 DEBUG: CApplication::OnKey: 61477 pressed, action is 1
17:02:42 T:1464 M:969936896 DEBUG: CWin32DirectSound::CheckPlayStatus: Resuming Playback
17:02:42 T:4432 M:969129984 DEBUG: XFILE::CFileCurl::Open - filesize: 54219
17:02:42 T:1464 M:963641344 DEBUG: CWin32DirectSound::WaitCompletion - timeout waiting for silence
17:02:42 T:3084 M:961232896 DEBUG: SDLKeyboard: scancode: 28, sym: 13, unicode: 13, modifier: 0
17:02:42 T:3084 M:961232896 DEBUG: CApplication::OnKey - [key=61453][window=10000][action=7]
17:02:42 T:3084 M:961232896 DEBUG: CApplication::OnKey: 61453 pressed, action is 7
17:02:42 T:3084 M:961142784 DEBUG: Activating window ID: 10482
17:02:42 T:3084 M:961142784 DEBUG: Checking if window ID 10482 is locked.
17:02:42 T:1464 M:961142784 DEBUG: CWin32DirectSound::CheckPlayStatus: Resuming Playback
17:02:42 T:3084 M:961142784 DEBUG: ------ Window Deinit (Home.xml) ------
17:02:42 T:3084 M:961101824 DEBUG: CGUIWindowBoxeeBrowse::OnMessage,GUI_MSG_WINDOW_INIT, initial path = apps://all, (browse)
17:02:42 T:3084 M:961101824 DEBUG: CGUIWindowBoxeeBrowse::OnMessage, GUI_MSG_WINDOW_INIT, creating new configuration for path = apps://all (browse)
17:02:42 T:3084 M:961101824 DEBUG: CBrowseWindowConfiguration::GetConfigurationByPath, path = apps://all (browse)
17:02:42 T:3084 M:961097728 DEBUG: ------ Window Init (boxee_browse_apps.xml) ------
17:02:42 T:3084 M:961097728 INFO: Loading skin file: boxee_browse_apps.xml
17:02:42 T:3084 M:961077248 DEBUG: CGUIBaseContainer::CGUIBaseContainer, 55 (basecontainer)
17:02:42 T:3084 M:961077248 DEBUG: CGUIBaseContainer::CGUIBaseContainer, 56 (basecontainer)
17:02:42 T:3084 M:961073152 DEBUG: CGUIWindowBoxeeBrowse::InitializeViewController, adding controller id = [55] (browse)
17:02:42 T:3084 M:961073152 DEBUG: CGUIWindowBoxeeBrowse::InitializeViewController, adding controller id = [56] (browse)
17:02:42 T:3084 M:961069056 DEBUG: Load boxee_browse_apps.xml: 12.92ms
17:02:42 T:3084 M:961048576 DEBUG: Alloc resources: 14.65ms (12.94 ms skin load)
17:02:42 T:3084 M:961048576 DEBUG: CGUIWindowBoxeeBrowseApps::OnInitWindow - Enter function (bapps)(browse)
17:02:42 T:3084 M:961048576 DEBUG: CAppsWindowState::Reset - Afer set [my-set=1][all-set=0][repository-set=0] (bapps)(browse)
17:02:42 T:3084 M:961048576 DEBUG: CAppsWindowState::SetApplicationType - Handling click on [All=ALL] (bapps)
17:02:42 T:3084 M:961040384 DEBUG: CAppsWindowState::CreatePath - Enter function. [InSearchMode=0][m_iState=1] (bapps)(browse)
17:02:42 T:3084 M:961040384 DEBUG: CAppsWindowState::CreatePath - Going to return [path=apps://all/]. [m_iState=1] (bapps)(browse)
17:02:42 T:3084 M:961040384 DEBUG: CAppsWindowState::Reset - Afer set [my-set=1][all-set=0][repository-set=0] (bapps)(browse)
17:02:42 T:3084 M:961040384 DEBUG: CAppsWindowState::SetApplicationType - Handling click on [All=ALL] (bapps)
17:02:42 T:3084 M:961040384 DEBUG: CGUIWindowBoxeeBrowse::OnInitWindow, initial path = apps://all/ (browse)
17:02:42 T:3084 M:961040384 DEBUG: CGUIWindowBoxeeBrowse::UpdatePath, item path = apps://all/, reset selected = 0 (browse)
17:02:42 T:3084 M:961040384 DEBUG: CItemLoader::AddControl, window = 10482, control = 0, path = apps://all/ (browse)
17:02:42 T:3084 M:961040384 DEBUG: CItemLoader::AddControl, 2 GUI_MSG_LOADING, window = 10482, control = 0 (basecontainer)
17:02:42 T:3084 M:961040384 DEBUG: CGUIWindowBoxeeBrowse::OnMessage, 4 GUI_MSG_LOADING, window = 10482, control = -1 (basecontainer)
17:02:42 T:3084 M:961024000 DEBUG: CItemLoader::AddControl, added directory job, path = apps://all/ (browse)
17:02:42 T:4624 M:961024000 DEBUG: CGetDirectoryJob::DoWork, NEWUI, loading directory, path = apps://all/
17:02:42 T:4624 M:961011712 DEBUG: CAppsDirectory::GetDirectory - Enter function with [strPath=apps://all/] (bapps)
17:02:42 T:4624 M:961011712 DEBUG: Boxee: 10/12/09 15:02:42#DEBUG#..\..\xbmc\lib\libBoxee\bxappboxmanager.cpp:375(BOXEE::BXAppBoxManager::GetRepositories)#BXApplicationsManager::GetRepositories - Enter function (repos)
17:02:42 T:4624 M:961007616 DEBUG: Boxee: 10/12/09 15:02:42#DEBUG#..\..\xbmc\lib\libBoxee\bxappboxmanager.cpp:408(BOXEE::BXAppBoxManager::GetRepositories)#BXApplicationsManager::GetRepositories - Exit function. After set [RepositoriesListSize=3] (repos)
17:02:42 T:4624 M:961007616 DEBUG: CAppRepositories::Load - Going to add Repository [id=flickr.tapp][name=flickr.tapp][url=http://tapp.boxee.tv/flickr] (repos)
17:02:42 T:4624 M:960970752 DEBUG: CAppRepositories::Load - Going to add Repository [id=suicidegirls.tapp][name=suicidegirls.tapp][url=http://tapp.boxee.tv/suicidegirls] (repos)
17:02:42 T:4624 M:960937984 DEBUG: CAppRepositories::Load - Going to add Repository [id=com.fuzzthed][name=Boxee Repo][url=http://www.fuzzthed.com/repository] (repos)
17:02:42 T:4624 M:960937984 DEBUG: Boxee: 10/12/09 15:02:42#DEBUG#..\..\xbmc\lib\libBoxee\bxappboxmanager.cpp:102(BOXEE::BXAppBoxManager::GetAppBoxBoxeeApplications)#BXAppBoxManager::GetAppBoxBoxeeApplications - Enter function (appbox)
17:02:42 T:4624 M:960905216 DEBUG: Boxee: 10/12/09 15:02:42#DEBUG#..\..\xbmc\lib\libBoxee\bxappboxmanager.cpp:135(BOXEE::BXAppBoxManager::GetAppBoxBoxeeApplications)#BXAppBoxManager::GetAppBoxBoxeeApplications - Exit function (appbox)
17:02:42 T:4624 M:960696320 DEBUG: CAppRepository::GetApps - Got [163] apps out of [163]. [repositoryType=BOXEE] (appbox)
