17:02:57 T:4968 M:1031720960 DEBUG: CPlayerSelectionRule::GetPlayers: considering rule: un-named
17:02:57 T:4968 M:1031720960 DEBUG: CPlayerSelectionRule::GetPlayers: considering rule: un-named
17:02:57 T:4968 M:1031720960 DEBUG: CPlayerSelectionRule::GetPlayers: considering rule: un-named
17:02:57 T:4968 M:1031720960 DEBUG: CPlayerSelectionRule::GetPlayers: considering rule: un-named
17:02:57 T:4968 M:1031720960 DEBUG: CPlayerCoreFactory::GetPlayers: matched 1 rules with players
17:02:57 T:4968 M:1031700480 DEBUG: CPlayerCoreFactory::GetPlayers: adding videodefaultplayer (1)
17:02:57 T:4968 M:1031700480 DEBUG: CPlayerCoreFactory::GetPlayers: for video=1, audio=0
17:02:57 T:4968 M:1031696384 DEBUG: CPlayerCoreFactory::GetPlayers: for video=1, audio=1
17:02:57 T:4968 M:1031696384 DEBUG: CPlayerCoreFactory::GetPlayers: adding player: DVDPlayer (1)
17:02:57 T:4968 M:1031696384 DEBUG: CPlayerCoreFactory::GetPlayers: adding player: FLASHPlayer (4)
17:02:57 T:4968 M:1031696384 DEBUG: CPlayerCoreFactory::GetPlayers: added 2 players
17:02:57 T:4968 M:1031696384 DEBUG: Win32DllLoader::Load(special://xbmc/system/players/flashplayer/FlashLib-win32.dll)
17:02:57 T:3084 M:1031327744 DEBUG: ------ Window Init (DialogProgress.xml) ------
17:02:57 T:3084 M:1031327744 DEBUG: Alloc resources: 0.01ms (0.00 ms skin load)
17:02:57 T:4344 M:1031278592 DEBUG: XFILE::CFileCurl::Open - filesize: 62366
17:02:57 T:4736 M:1031299072 DEBUG: FileCurl::Close(0DC5ED58) http://www.allmusic.com/cg/amg.dll?P=amg&SQL=erotic%20chillout%20sessions&OPT1=2
17:02:57 T:4968 M:1031401472 INFO: about to play url http://www.youtube.com/v/xriKDsJRjFU?f=user_uploads&app=youtube_gdata
17:02:57 T:4968 M:1031401472 DEBUG: CFlashVideoPlayer::ParseFlashURL - parsing
17:02:57 T:4976 M:1031397376 DEBUG: thread start, auto delete: 1
17:02:57 T:4968 M:1029955584 DEBUG: BoxeeUtils::NewFileItemToObject - Enter function (new)
17:02:57 T:4968 M:1029955584 DEBUG: ============================FileItem Dump Start===================================
17:02:57 T:4968 M:1029955584 DEBUG: Is Folder: false
17:02:57 T:4968 M:1029955584 DEBUG: Is Parent Folder: false
17:02:57 T:4968 M:1029955584 DEBUG: Label: All Nighter III Trailer
17:02:57 T:4968 M:1029955584 DEBUG: Label2:
17:02:57 T:4968 M:1029955584 DEBUG: path: http://www.youtube.com/v/xriKDsJRjFU?f=user_uploads&app=youtube_gdata
17:02:57 T:4968 M:1029955584 DEBUG: Label preformatted: false
17:02:57 T:4968 M:1029955584 DEBUG: Thumb: special://masterprofile/profiles/abendavid/Thumbnails/Pictures/5/54703618.tbn
17:02:57 T:4968 M:1029955584 DEBUG: Icon: defaultstreamvideo.png
17:02:57 T:4968 M:1029955584 DEBUG: Title:
17:02:57 T:4968 M:1029955584 DEBUG: m_contenttype: application/x-shockwave-flash
17:02:57 T:4968 M:1029955584 DEBUG: m_extrainfo:
17:02:57 T:4968 M:1029955584 DEBUG: Selected: false
17:02:57 T:4968 M:1029955584 DEBUG: Size: 0
17:02:57 T:4968 M:1029955584 DEBUG: m_iprogramCount: 0
17:02:57 T:4968 M:1029955584 DEBUG: m_idepth: 1
17:02:57 T:4968 M:1029955584 DEBUG: m_lStartOffset: 0
17:02:57 T:4968 M:1029955584 DEBUG: m_lEndOffset: 0
17:02:57 T:4968 M:1029955584 DEBUG: DVD Label:
17:02:57 T:4968 M:1029955584 DEBUG: OverlayIcon: 0
17:02:57 T:4968 M:1029955584 DEBUG: m_iDriveType: 0
17:02:57 T:4968 M:1029955584 DEBUG: m_bCanQueue: true
17:02:57 T:4968 M:1029955584 DEBUG: m_bIsShareOrDrive: false
17:02:57 T:4968 M:1029955584 DEBUG: m_dateTime: 2009-12-09
17:02:57 T:4968 M:1029955584 DEBUG: m_iLockMode: 0
17:02:57 T:4968 M:1029955584 DEBUG: m_strLockCode:
17:02:57 T:4968 M:1029955584 DEBUG: m_iBadPwdCount: 0
17:02:57 T:4968 M:1029955584 DEBUG: ** Video Info Tag:
17:02:57 T:4968 M:1029955584 DEBUG: Title: All Nighter III Trailer
17:02:57 T:4968 M:1029955584 DEBUG: Director:
17:02:57 T:4968 M:1029955584 DEBUG: Picture (spoof):
17:02:57 T:4968 M:1029955584 DEBUG: Picture (xml):
17:02:57 T:4968 M:1029955584 DEBUG: Genre:
17:02:57 T:4968 M:1029955584 DEBUG: Trailer:
17:02:57 T:4968 M:1029955584 DEBUG: Credits:
17:02:57 T:4968 M:1029955584 DEBUG: Plot (80 chars): We're shooting & posting 12 videos in 12 hours, starting this Thursday 12/10 at
17:02:57 T:4968 M:1029955584 DEBUG: Plot-Outline (80 chars): We're shooting & posting 12 videos in 12 hours, starting this Thursday 12/10 at
17:02:57 T:4968 M:1029955584 DEBUG: m_strTagLine:
17:02:57 T:4968 M:1029955584 DEBUG: m_strVotes:
17:02:57 T:4968 M:1029955584 DEBUG: m_strStudio:
17:02:57 T:4968 M:1029955584 DEBUG: m_strRuntime: 01:03
17:02:57 T:4968 M:1029955584 DEBUG: m_strFile:
17:02:57 T:4968 M:1029955584 DEBUG: m_strPath:
17:02:57 T:4968 M:1029951488 DEBUG: m_strIMDBNumber:
17:02:57 T:4968 M:1029951488 DEBUG: m_strMPAARating:
17:02:57 T:4968 M:1029951488 DEBUG: m_strFileNameAndPath:
17:02:57 T:4968 M:1029951488 DEBUG: m_strOriginalTitle:
17:02:57 T:4968 M:1029951488 DEBUG: m_strEpisodeGuide:
17:02:57 T:4968 M:1029951488 DEBUG: m_strPremiered:
17:02:57 T:4968 M:1029951488 DEBUG: m_strStatus:
17:02:57 T:4968 M:1029951488 DEBUG: m_strProductionCode:
17:02:57 T:4968 M:1029951488 DEBUG: m_strFirstAired:
17:02:57 T:4968 M:1029951488 DEBUG: m_strShowTitle:
17:02:57 T:4968 M:1029951488 DEBUG: m_strAlbum:
17:02:57 T:4968 M:1029951488 DEBUG: m_strArtist:
17:02:57 T:4968 M:1029951488 DEBUG: m_playCount: 0
17:02:57 T:4968 M:1029951488 DEBUG: m_iTop250: 0
17:02:57 T:4968 M:1029951488 DEBUG: m_iYear: 0
17:02:57 T:4968 M:1029951488 DEBUG: m_iSeason: -1
17:02:57 T:4968 M:1029951488 DEBUG: m_iEpisode: -1
17:02:57 T:4968 M:1029951488 DEBUG: m_fRating: 0.000000
17:02:57 T:4968 M:1029951488 DEBUG: m_iRating: 0
17:02:57 T:4968 M:1029951488 DEBUG: m_iEpisode: -1
17:02:57 T:4968 M:1029951488 DEBUG: m_iDbId: -1
17:02:57 T:4968 M:1029951488 DEBUG: m_iSpecialSortSeason: -1
17:02:57 T:4968 M:1029951488 DEBUG: m_iSpecialSortEpisode: -1
17:02:57 T:4968 M:1029951488 DEBUG: m_iBookmarkId: -1
17:02:57 T:4968 M:1029951488 DEBUG: cast:
17:02:57 T:4968 M:1029951488 DEBUG: ** No music info tag
17:02:57 T:4968 M:1029951488 DEBUG: Properties (37):
17:02:57 T:4968 M:1029951488 DEBUG: [appid] -> [chtv]
17:02:57 T:4968 M:1029951488 DEBUG: [category] -> []
17:02:57 T:4968 M:1029951488 DEBUG: [contenttype] -> []
17:02:57 T:4968 M:1029951488 DEBUG: [controlId] -> [0]
17:02:57 T:4968 M:1029951488 DEBUG: [DefaultSortLabel] -> [3]
17:02:57 T:4968 M:1029951488 DEBUG: [description] -> [We're shooting & posting 12 videos in 12 hours, starting this Thursday 12/10 at 9pm. It's gonna get weird. Tune in!]
17:02:57 T:4968 M:1029951488 DEBUG: [directoryPath] -> [rss://gdata.youtube.com/feeds/api/users/collegehumor/uploads?orderby=updated&alt=rss&max-results=50]
17:02:57 T:4968 M:1029951488 DEBUG: [DisplayPath] -> [http://www.youtube.com/v/xriKDsJRjFU?f=user_uploads&app=youtube_gdata]
17:02:57 T:4968 M:1029951488 DEBUG: [duration] -> [01:03]
17:02:57 T:4968 M:1029951488 DEBUG: [HasDescription] -> [1]
17:02:57 T:4968 M:1029951488 DEBUG: [hasInfo] -> [1]
17:02:57 T:4968 M:1029951488 DEBUG: [HasMoreInfo] -> [1]
17:02:57 T:4968 M:1029951488 DEBUG: [HasNextItem] -> [1]
17:02:57 T:4968 M:1029951488 DEBUG: [HasThumb] -> [1]
17:02:57 T:4968 M:1029951488 DEBUG: [HasVideoInfo] -> [1]
17:02:57 T:4968 M:1029951488 DEBUG: [index] -> [0]
17:02:57 T:4968 M:1029951488 DEBUG: [IsInternetStream] -> [1]
17:02:57 T:4968 M:1029951488 DEBUG: [isloaded] -> [1]
17:02:57 T:4968 M:1029951488 DEBUG: [ismovie] -> [1]
17:02:57 T:4968 M:1029951488 DEBUG: [isrss] -> [1]
17:02:57 T:4968 M:1029951488 DEBUG: [isvideo] -> [1]
17:02:57 T:4968 M:1029951488 DEBUG: [itemid] -> [1050843-2]
17:02:57 T:4968 M:1029951488 DEBUG: [keywords] -> [collegehumor, all, nighter, hardly, working, funny, video, finals, studying, exams, college]
17:02:57 T:4968 M:1029951488 DEBUG: [link-boxeetype] -> []
17:02:57 T:4968 M:1029951488 DEBUG: [NextItemLabel] -> [Ambiguous Endings Resolved]
17:02:57 T:4968 M:1029951488 DEBUG: [NextItemLabel2] -> []
17:02:57 T:4968 M:1029951488 DEBUG: [NextItemPath] -> [rtsp://v4.cache5.c.youtube.com/CigLENy73wIaHwllKLc84Vh72hMYDSANFEgGUgx1c2VyX3VwbG9hZHMM/0/0/0/video.3gp]
17:02:57 T:4968 M:1029951488 DEBUG: [OriginalThumb] -> [http://i.ytimg.com/vi/xriKDsJRjFU/0.jpg]
17:02:57 T:4968 M:1029951488 DEBUG: [parentPath] -> [rss://gdata.youtube.com/feeds/api/users/collegehumor/uploads?orderby=updated&alt=rss&max-results=50]
17:02:57 T:4968 M:1029951488 DEBUG: [releasedate] -> [09 Dec 2009 ]
17:02:57 T:4968 M:1029951488 DEBUG: [rsschanneltitle] -> []
17:02:57 T:4968 M:1029951488 DEBUG: [rts-mediatype] -> [video]
17:02:57 T:4968 M:1029951488 DEBUG: [title] -> [All Nighter III Trailer]
17:02:57 T:4968 M:1029947392 DEBUG: [videorating] -> [0]
17:02:57 T:4968 M:1029947392 DEBUG: [viewcount] -> [2]
17:02:57 T:4968 M:1029947392 DEBUG: [watched] -> [0]
17:02:57 T:4968 M:1029947392 DEBUG: [windowId] -> [10466]
17:02:57 T:4968 M:1029947392 DEBUG: ** No external file item
17:02:57 T:4968 M:1029947392 DEBUG: ** No additional links
17:02:57 T:4968 M:1029947392 DEBUG: ============================FileItem Dump End===================================
17:02:57 T:4968 M:1029943296 DEBUG: BoxeeUtils::NewFileItemToObject - Enter function with item [label=All Nighter III Trailer][path=http://www.youtube.com/v/xriKDsJRjFU?f=user_uploads&app=youtube_gdata][HasVideoInfoTag=1][HasMusicInfoTag=0][PropertyIsVideo=1][PropertyIsAudio=0] (new)
17:02:57 T:4968 M:1029943296 DEBUG: BoxeeUtils::NewFileItemToObject - For item [label=All Nighter III Trailer][path=http://www.youtube.com/v/xriKDsJRjFU?f=user_uploads&app=youtube_gdata][HasVideoInfoTag=1][HasMusicInfoTag=0][IsVideo=1][IsTvShow=0][IsAudio=0] got [RawType=WEB_RESOLVE_VIDEO=8] (rts)(fito)
17:02:57 T:4968 M:1029935104 DEBUG: BoxeeUtils::NewFileItemToObject - Call to NewFileItemToObject returned a VALID obj. [name=All Nighter III Trailer][type=stream_video][url=http://www.youtube.com/v/xriKDsJRjFU?f=user_uploads&app=youtube_gdata] (fito)
17:02:57 T:4968 M:1029931008 DEBUG: [ActionType=PLAY] - Item [label=All Nighter III Trailer][IsInternetStream=1] is going to be reported to the server. [dont-report=0=]. Obj parameters are [type=stream_video][name=All Nighter III Trailer][url=http://www.youtube.com/v/xriKDsJRjFU?f=user_uploads&app=youtube_gdata][content_type=application/x-shockwave-flash][stream_type=][thumb=http://i.ytimg.com/vi/xriKDsJRjFU/0.jpg][show_name=][episode=][season=][provider=][app_id=chtv][adult=][country=][country_allow=][genre=][release_date=09 Dec 2009 ][boxee_id=][show_id=][show_name=][imdb_id=][release_year=][run_time=01:03][hasDesc=1][func_ref=new] (rts)
17:02:57 T:4968 M:1029931008 DEBUG: Report PLAYBACK http://www.youtube.com/v/xriKDsJRjFU?f=user_uploads&app=youtube_gdata
17:02:57 T:4968 M:1029890048 DEBUG: Thread 4968 terminating (autodelete)
17:02:57 T:4996 M:1029906432 DEBUG: Boxee: 10/12/09 15:02:57#DEBUG#..\..\xbmc\lib\libBoxee\boxee.cpp:442(BOXEE::Boxee::SetUserAction)#Boxee::SetUserAction - Going to call LoadFromURL with [http://app.boxee.tv/action/add]. [ActionType=watch] (sua)
17:02:57 T:4996 M:1029902336 DEBUG: Boxee: 10/12/09 15:02:57#DEBUG#..\..\xbmc\lib\libBoxee\bxcurl.cpp:260(BOXEE::BXCurl::InitHttpTransfer)#setting creds to:
17:02:57 T:4992 M:1029885952 DEBUG: thread start, auto delete: 0
17:02:57 T:4736 M:1029722112 DEBUG: FileCurl::Open(0DC5ED58) http://www.allmusic.com/cg/amg.dll?p=amg&SQL=10:wcfpxqwdldke
17:02:58 T:4436 M:1028243456 DEBUG: Trying to connect to \\10.0.0.138 with username() and password()
17:02:58 T:4996 M:1028190208 DEBUG: Boxee: 10/12/09 15:02:58#DEBUG#..\..\xbmc\lib\libBoxee\boxee.cpp:444(BOXEE::Boxee::SetUserAction)#Boxee::SetUserAction - Call to return LoadFromURL with [http://app.boxee.tv/action/add] returned [retVal=1]. [ActionType=watch] (sua)
17:02:58 T:4436 M:1028206592 ERROR: Couldn't connect to \\10.0.0.138, access denied
17:02:58 T:4436 M:1028206592 ERROR: Couldn't connect to \\10.0.0.138, error code 1326
17:02:58 T:4436 M:1029120000 ERROR: WnetOpenEnum failed with error 5
17:02:58 T:4436 M:1029120000 ERROR: DIRECTORY::CDirectory::GetDirectory - Error getting smb://10.0.0.138
17:02:58 T:4344 M:1026281472 DEBUG: FileCurl::Close(0D65F54C) http://s3.boxee.tv/titlethumbs/c/5/a2cade47ad4d33d3c2701fcde1cb38.jpg
17:02:58 T:4736 M:1026170880 DEBUG: XFILE::CFileCurl::Open - filesize: 51395
17:02:59 T:4344 M:1015201792 INFO: Creating album thumb from memory: special://masterprofile/profiles/abendavid/Thumbnails/Video/c/caf3e072.tbn
17:02:59 T:4344 M:1013911552 DEBUG: Boxee: 10/12/09 15:02:59#DEBUG#..\..\xbmc\lib\libBoxee\bxvideodatabase.cpp:766(BOXEE::BXVideoDatabase::AddVideo)#BXVideoDatabase::AddVideo, Adding video, path = H:\MOVIES\District 9 720p BluRay x264 METiS.mkv (videodb)
17:02:59 T:4344 M:1013907456 DEBUG: Boxee: 10/12/09 15:02:59#DEBUG#..\..\xbmc\lib\libBoxee\bxvideodatabase.cpp:777(BOXEE::BXVideoDatabase::AddVideo)#BXVideoDatabase::AddVideo, Adding video, title District 9, path H:\MOVIES\District 9 720p BluRay x264 METiS.mkv
17:02:59 T:4344 M:1013907456 DEBUG: Boxee: 10/12/09 15:02:59#DEBUG#..\..\xbmc\lib\libBoxee\bxvideodatabase.cpp:183(BOXEE::BXVideoDatabase::GetVideoByPath)#LIBRARY, GetVideoByPath, path = H:\MOVIES\District 9 720p BluRay x264 METiS.mkv
17:02:59 T:4344 M:1013903360 DEBUG: Boxee: 10/12/09 15:02:59#DEBUG#..\..\xbmc\lib\libBoxee\bxvideodatabase.cpp:237(BOXEE::BXVideoDatabase::GetVideoByPath)#LIBRARY, get part by path, path = H:\MOVIES\District 9 720p BluRay x264 METiS.mkv
17:02:59 T:3084 M:995954688 NOTICE: Display resolution DESKTOP : 1080p60 (Full Screen) (12)
17:02:59 T:4988 M:995778560 DEBUG: CAppManager::OnPlayBackStarted (flow)
17:02:59 T:4988 M:995528704 DEBUG: CApplication::OnPlayBackStarted - Playback has started
17:02:59 T:3084 M:995008512 DEBUG: ------ Window Init (VideoOverlay.xml) ------
17:02:59 T:3084 M:994955264 INFO: Loading skin file: VideoOverlay.xml
17:02:59 T:3084 M:994152448 DEBUG: Load VideoOverlay.xml: 0.61ms
17:02:59 T:3084 M:994152448 DEBUG: Alloc resources: 0.68ms (0.68 ms skin load)
17:02:59 T:3084 M:991510528 DEBUG: created yv12 texture 0
17:02:59 T:3084 M:990289920 DEBUG: created yv12 texture 1
17:02:59 T:3084 M:975126528 DEBUG: CGUIInfoManager::SetCurrentMovie(http://www.youtube.com/v/xriKDsJRjFU?f=user_uploads&app=youtube_gdata)
17:02:59 T:3084 M:975122432 DEBUG: ------ Window Deinit (DialogProgress.xml) ------
17:02:59 T:3084 M:975122432 DEBUG: Activating window ID: 12005
17:02:59 T:3084 M:975122432 DEBUG: Checking if window ID 12005 is locked.
17:02:59 T:3084 M:975122432 DEBUG: CGUIWindowBoxeeBrowse::OnMessage, GUI_MSG_WINDOW_DEINIT (browse)
17:02:59 T:3084 M:975114240 DEBUG: ------ Window Deinit (BoxeeBrowseWindow.xml) ------
17:02:59 T:3084 M:975077376 DEBUG: ------ Window Init (VideoFullScreen.xml) ------
17:02:59 T:3084 M:975077376 INFO: Loading skin file: VideoFullScreen.xml
17:02:59 T:3084 M:975065088 DEBUG: Load VideoFullScreen.xml: 3.13ms
17:02:59 T:3084 M:975065088 DEBUG: Alloc resources: 3.42ms (3.33 ms skin load)
17:02:59 T:3084 M:975065088 INFO: Loading skin file: VideoOSD.xml
17:02:59 T:3084 M:975052800 DEBUG: Load VideoOSD.xml: 1.03ms
17:02:59 T:3084 M:975052800 DEBUG: Alloc resources: 0.00ms (0.00 ms skin load)
17:02:59 T:3084 M:975052800 INFO: Loading skin file: VideoOSDSettings.xml
17:02:59 T:3084 M:975024128 DEBUG: Load VideoOSDSettings.xml: 4.02ms
17:02:59 T:3084 M:975011840 DEBUG: Alloc resources: 1.44ms (0.00 ms skin load)
17:02:59 T:3084 M:975011840 INFO: Loading skin file: VideoOSDSettings.xml
17:02:59 T:3084 M:975011840 DEBUG: Load VideoOSDSettings.xml: 2.91ms
17:02:59 T:3084 M:975011840 DEBUG: Alloc resources: 0.14ms (0.00 ms skin load)
17:02:59 T:3084 M:974749696 DEBUG: ------ Window Init (boxee_video_context.xml) ------
17:02:59 T:3084 M:974749696 INFO: Loading skin file: boxee_video_context.xml
17:02:59 T:3084 M:974794752 DEBUG: CGUIBaseContainer::CGUIBaseContainer, 5000 (basecontainer)
17:02:59 T:3084 M:974794752 DEBUG: CGUIBaseContainer::CGUIBaseContainer, 9000 (basecontainer)
17:02:59 T:3084 M:974794752 DEBUG: Load boxee_video_context.xml: 10.51ms
17:02:59 T:3084 M:974794752 DEBUG: Alloc resources: 10.74ms (10.55 ms skin load)
17:02:59 T:3084 M:974794752 DEBUG: CGUIBaseContainer::CGUIBaseContainer, GUI_MSG_LABEL_RESET, 5000 (basecontainer)
17:02:59 T:3084 M:974794752 DEBUG: CGUIBaseContainer::CGUIBaseContainer, GUI_MSG_LABEL_RESET, 5000 (basecontainer)
17:02:59 T:3084 M:974794752 DEBUG: ------ Window Deinit (VideoOverlay.xml) ------
17:03:00 T:4976 M:981618688 DEBUG: Thread 4976 terminating (autodelete)
17:03:00 T:4736 M:982564864 DEBUG: FileCurl::Close(0DC5ED58) http://www.allmusic.com/cg/amg.dll?p=amg&SQL=10:wcfpxqwdldke
17:03:00 T:4736 M:982487040 DEBUG: scraper: GetAlbumDetails returned
http://www.allmusic.com/cg/amg.dll?p=amg&sql=10:wcfpxqwdldke~T0
17:03:00 T:4736 M:982204416 DEBUG: FileCurl::Open(0DC5ED58) http://www.allmusic.com/cg/amg.dll?p=amg&sql=10:wcfpxqwdldke~T0
17:03:01 T:4736 M:968814592 DEBUG: XFILE::CFileCurl::Open - filesize: 51395
17:03:02 T:3084 M:962813952 DEBUG: ------ Window Deinit (DialogKaiToast.xml) ------
17:03:02 T:4736 M:962260992 DEBUG: FileCurl::Close(0DC5ED58) http://www.allmusic.com/cg/amg.dll?p=amg&sql=10:wcfpxqwdldke~T0
17:03:02 T:4736 M:962723840 DEBUG: scraper: ParseAMGAlbum returned
Chillout SessionsVarious ArtistsJul 31, 20062006Pop/Rock1Distancia del Mar 5:09 2Whisper 5:06 3This Life 4:10 4Bohemian Sunset 5:34 5Beautiful 3:34 6Without You 4:31 7Know Who You Are 4:51 8Light a Rainbow <span class="UwB">[Almadrava Mix]</span> 4:50 9Sola Sistim 6:17 10Blind My Mind 4:34 11The Same Deep Water as Me 3:53 12Earth Inside 6:35 13Speck of Gold 5:30 14Killing Me 5:53 15New Day 7:34 16Sunrise <span class="UwB">[DJ Thunda & The K20 Allstars Mix]</span> 6:24 17Standstill 4:40 18So Long Without You 5:39 19Souka Naya (I Will Follow You) <span class="UwB">[Thievery Corporation Mix]</span> 4:18 20Silence <span class="UwB">[Michael Woods Remix]</span> 4:54 21The Moment <span class="UwB">[Original Mix]</span> 5:31 22Unitl the Morning 3:45 23Kebab Shop 4AM 4:51 24Miracle 5:47 25Your Number One 4:00 26Yachts 2:56 27Reality Check 3:38 28Sabbatical 3:47 29One Design 4:34 30Steady <span class="UwB">[Punta del Este Mix]</span> 4:47 31Dry 4:58 32Awake Enough 2:16 http://image.allmusic.com/00/amg/cov200/drh500/h500/h50081a8kv3.jpg
17:03:02 T:4736 M:962719744 DEBUG: Thread 4736 terminating
17:03:02 T:4364 M:962797568 DEBUG: CMetadataResolverMusic::ResolveAlbumMetadata, Resolved album = Erotic Chillout Sessions, artist = Various, description = (musicresolver)
17:03:02 T:4364 M:962797568 DEBUG: Boxee: 10/12/09 15:03:02#DEBUG#..\..\xbmc\lib\libBoxee\bxaudiodatabase.cpp:186(BOXEE::BXAudioDatabase::UpdateAlbum)#BXAudioDatabase::UpdateAlbum, album id = 250, status = 2 (musicresolver) (audiodb)
17:03:03 T:4364 M:961912832 DEBUG: CMetadataResolverMusic::ResolveAlbumMetadata, Resolving album = Essential Guitar (Disc 1), artist = Various Artists (musicresolver)
17:03:03 T:4364 M:961871872 DEBUG: MUSIC_GRABBER::CMusicInfoScraper::FindAlbuminfo: Searching for 'various artists - essential guitar (disc 1)' using scraper (file: 'allmusic.xml', content: 'albums', date: '', framework: '')
17:03:03 T:4364 M:961867776 DEBUG: FileCurl::Open(0DC5ED58) http://www.allmusic.com/cg/amg.dll?P=amg&SQL=essential%20guitar%20%28disc%201%29&OPT1=2
17:03:03 T:3084 M:944353280 NOTICE: Display resolution DESKTOP : 1080p60 (Full Screen) (12)
17:03:03 T:3084 M:944381952 DEBUG: created yv12 texture 0
17:03:03 T:3084 M:944414720 DEBUG: created yv12 texture 1
17:03:05 T:4332 M:930783232 DEBUG: Thread 4332 terminating (autodelete)
17:03:06 T:3084 M:929656832 DEBUG: SDLKeyboard: scancode: 28, sym: 13, unicode: 13, modifier: 0
17:03:06 T:3084 M:929656832 DEBUG: CApplication::OnKey - [key=61453][window=10354][action=7]
17:03:06 T:3084 M:929656832 DEBUG: CApplication::OnKey: 61453 pressed, action is 7
17:03:07 T:3084 M:930041856 DEBUG: SDLKeyboard: scancode: 28, sym: 13, unicode: 13, modifier: 0
17:03:07 T:3084 M:930041856 DEBUG: CApplication::OnKey - [key=61453][window=10354][action=7]
17:03:07 T:3084 M:930041856 DEBUG: CApplication::OnKey: 61453 pressed, action is 7
17:03:07 T:3084 M:930041856 DEBUG: CApplication::ExecuteXBMCAction : Translating PlayerControl(stop)
17:03:07 T:3084 M:930041856 DEBUG: CApplication::ExecuteXBMCAction : To PlayerControl(stop)
17:03:07 T:4344 M:930033664 DEBUG: CMetadataResolverVideo::LoadVideoContext, path = H:\MOVIES\dugs.special.mission.repack.720p.bluray.x264-dvsky.mkv (videoresolver) (resolver)
17:03:07 T:4344 M:930033664 DEBUG: CMetadataResolverVideo::GetCleanName, initial name = dugs.special.mission.repack.720p.bluray.x264-dvsky (cleanname)
17:03:07 T:4344 M:930033664 DEBUG: CMetadataResolverVideo::GetCleanName, without year = dugs.special.mission.repack.720p.bluray.x264-dvsky (cleanname)
17:03:07 T:4344 M:930029568 DEBUG: CMetadataResolverVideo::ParseSeriesTag, unable to parse term = *dugs.special.mission.repack.720p.bluray.x264-dvsky*, expr = \[[Ss]([0-9]+)\]_\[[Ee]([0-9]+)\]?([^\\/]*)$ (seriestag)
17:03:07 T:4344 M:930029568 DEBUG: CMetadataResolverVideo::ParseSeriesTag, unable to parse term = *dugs.special.mission.repack.720p.bluray.x264-dvsky*, expr = [\\/\._ \[-]([0-9]+)x([0-9]+)([^\\/]*)$ (seriestag)
17:03:07 T:4344 M:930029568 DEBUG: CMetadataResolverVideo::ParseSeriesTag, unable to parse term = *dugs.special.mission.repack.720p.bluray.x264-dvsky*, expr = [Ss]([0-9]+)[\.-]?[Ee]([0-9]+)([^\\/]*)$ (seriestag)
17:03:07 T:4344 M:930029568 DEBUG: CMetadataResolverVideo::ParseSeriesTag, unable to parse term = *dugs.special.mission.repack.720p.bluray.x264-dvsky*, expr = [\\/\._ -]([0-9]+)([0-9][0-9])([\._ -][^\\/]*)$ (seriestag)
17:03:07 T:4344 M:930029568 DEBUG: CMetadataResolverVideo::GetCleanName, without series tag = dugs.special.mission.repack.720p.bluray.x264-dvsky (cleanname)
17:03:07 T:4344 M:930013184 DEBUG: CMetadataResolverVideo::GetCleanName, after cleaning = dugs special mission repack (cleanname)
17:03:07 T:4344 M:930029568 DEBUG: CMetadataResolverVideo::LoadVideoContext, path = H:\MOVIES\dugs.special.mission.repack.720p.bluray.x264-dvsky.mkv, name = dugs special mission repack (videoresolver) (resolver)
17:03:07 T:4992 M:929898496 DEBUG: CAppManager::OnPlayBackStopped (flow)
17:03:07 T:4992 M:929898496 DEBUG: CApplication::OnPlayBackStopped - Playback was stopped
17:03:07 T:4992 M:929898496 DEBUG: Thread 4992 terminating
17:03:07 T:3084 M:1023328256 DEBUG: CApplication::ExecuteXBMCAction : Translating Dialog.Close(354)
17:03:07 T:3084 M:1023328256 DEBUG: CApplication::ExecuteXBMCAction : To Dialog.Close(354)
17:03:07 T:3084 M:1023336448 DEBUG: ------ Window Deinit (boxee_video_context.xml) ------
17:03:07 T:3084 M:1023361024 DEBUG: CGUIWindowManager::PreviousWindow: Deactivate
17:03:07 T:3084 M:1023361024 DEBUG: ------ Window Deinit (VideoFullScreen.xml) ------
17:03:07 T:3084 M:1023361024 DEBUG: CSettings::SaveProfiles, LOGIN, save lock code:
17:03:07 T:3084 M:1023361024 DEBUG: CSettings::SaveProfiles, LOGIN, save lock code: OVpos3eBsrGJpn/hJCqCEw==
17:03:07 T:3084 M:1023328256 DEBUG: CGUIWindowManager::PreviousWindow: Activate new
17:03:07 T:3084 M:1023328256 DEBUG: CGUIWindowBoxeeBrowse::OnMessage,GUI_MSG_WINDOW_INIT, initial path = , (browse)
17:03:07 T:3084 M:1023328256 DEBUG: ------ Window Init (BoxeeBrowseWindow.xml) ------
17:03:07 T:3084 M:1023328256 INFO: Loading skin file: BoxeeBrowseWindow.xml
17:03:07 T:3084 M:1023324160 DEBUG: CGUIBaseContainer::CGUIBaseContainer, 52 (basecontainer)
17:03:07 T:3084 M:1023324160 DEBUG: CGUIWindowBoxeeBrowse::InitializeViewController, adding controller id = [52] (browse)
17:03:07 T:3084 M:1023324160 DEBUG: Load BoxeeBrowseWindow.xml: 10.72ms
17:03:07 T:3084 M:1023324160 DEBUG: Alloc resources: 10.99ms (10.75 ms skin load)
17:03:07 T:3084 M:1023324160 DEBUG: CGUIWindowBoxeeBrowse::OnInitWindow, initial path = rss://gdata.youtube.com/feeds/api/users/collegehumor/uploads?orderby=updated&alt=rss&max-results=50 (browse)
17:03:07 T:3084 M:1023324160 DEBUG: CGUIWindowBoxeeBrowse::UpdatePath, item path = rss://gdata.youtube.com/feeds/api/users/collegehumor/uploads?orderby=updated&alt=rss&max-results=50, reset selected = 0 (browse)
17:03:07 T:3084 M:1023324160 DEBUG: CBrowseWindowConfiguration::UpdateFiltersByPath, path = rss://gdata.youtube.com/feeds/api/users/collegehumor/uploads?orderby=updated&alt=rss&max-results=50 (browse)
17:03:07 T:3084 M:1023324160 DEBUG: CBrowseWindowConfiguration::UpdateFiltersByPath, added 0 filters (browse)
17:03:07 T:3084 M:1023324160 DEBUG: CItemLoader::AddControl, window = 10466, control = 0, path = rss://gdata.youtube.com/feeds/api/users/collegehumor/uploads?orderby=updated&alt=rss&max-results=50 (browse)
17:03:07 T:3084 M:1023320064 DEBUG: CItemLoader::AddControl, 2 GUI_MSG_LOADING, window = 10466, control = 0 (basecontainer)
17:03:07 T:3084 M:1023320064 DEBUG: CGUIWindowBoxeeBrowse::OnMessage, 4 GUI_MSG_LOADING, window = 10466, control = -1 (basecontainer)
17:03:07 T:3084 M:1023311872 DEBUG: CItemLoader::AddControl, added directory job, path = rss://gdata.youtube.com/feeds/api/users/collegehumor/uploads?orderby=updated&alt=rss&max-results=50 (browse)
17:03:07 T:5236 M:1023311872 DEBUG: CGetDirectoryJob::DoWork, NEWUI, loading directory, path = rss://gdata.youtube.com/feeds/api/users/collegehumor/uploads?orderby=updated&alt=rss&max-results=50
17:03:07 T:3084 M:1023307776 DEBUG: CApplication::SaveFileState - saving file state http://www.youtube.com/v/xriKDsJRjFU?f=user_uploads&app=youtube_gdata (watched)
17:03:07 T:3084 M:1023307776 DEBUG: CApplication::SaveFileState - Saving file state for video file http://www.youtube.com/v/xriKDsJRjFU?f=user_uploads&app=youtube_gdata
17:03:07 T:3084 M:1023307776 DEBUG: Boxee: 10/12/09 15:03:07#DEBUG#..\..\xbmc\lib\libBoxee\bxmediadatabase.cpp:864(BOXEE::BXMediaDatabase::MarkAsWatched)#BXMediaDatabase::MarkAsWatched, path = http://www.youtube.com/v/xriKDsJRjFU?f=user_uploads&app=youtube_gdata, boxeeid = 22952980 (watched)
17:03:07 T:3084 M:1023307776 DEBUG: Boxee: 10/12/09 15:03:07#DEBUG#..\..\xbmc\lib\libBoxee\bxmediadatabase.cpp:882(BOXEE::BXMediaDatabase::MarkAsWatched)#BXMediaDatabase::MarkAsWatched, add new watched, path = http://www.youtube.com/v/xriKDsJRjFU?f=user_uploads&app=youtube_gdata, boxeeid = (watched)
17:03:07 T:5236 M:1023299584 DEBUG: CDirectory::GetDirectory - Handling item [path=rss://gdata.youtube.com/feeds/api/users/collegehumor/uploads?orderby=updated&alt=rss&max-results=50][label=][thumbnail=] (foldert)
17:03:07 T:5236 M:1023299584 DEBUG: CDirectory::GetDirectory - Going to call CreateDirectoryThumbnail() for item [path=rss://gdata.youtube.com/feeds/api/users/collegehumor/uploads?orderby=updated&alt=rss&max-results=50][label=] because [dirCacheThumbPath=] doesn't exist (foldert)
17:03:07 T:5236 M:1023299584 DEBUG: BoxeeUtils::CreateDirectoryThumbnail - Enter function with directory item [path=rss://gdata.youtube.com/feeds/api/users/collegehumor/uploads?orderby=updated&alt=rss&max-results=50][ItemsSize=50] (foldert)
17:03:07 T:5236 M:1023295488 DEBUG: BoxeeUtils::CreateDirectoryThumbnail - For directory item [path=rss://gdata.youtube.com/feeds/api/users/collegehumor/uploads?orderby=updated&alt=rss&max-results=50] the CachePictureThumbPath [] DOESN'T EXIST. Going to search if an item in the directory can be a thumb (foldert)
17:03:07 T:5236 M:1023295488 DEBUG: BoxeeUtils::CreateDirectoryThumbnail - In directory item [path=rss://gdata.youtube.com/feeds/api/users/collegehumor/uploads?orderby=updated&alt=rss&max-results=50] there are no picture items that could be thumb (foldert)
17:03:07 T:5236 M:1023295488 DEBUG: CDirectory::GetDirectory - Call to CreateDirectoryThumbnail() returned [0] for item [path=rss://gdata.youtube.com/feeds/api/users/collegehumor/uploads?orderby=updated&alt=rss&max-results=50][label=] (foldert)
17:03:07 T:3084 M:1023229952 DEBUG: CApplication::SaveFileState - Marking video file http://www.youtube.com/v/xriKDsJRjFU?f=user_uploads&app=youtube_gdata as watched (watched)
17:03:07 T:3084 M:1023225856 DEBUG: CVideoDatabase::MarkAsWatched - mark video as watched http://www.youtube.com/v/xriKDsJRjFU?f=user_uploads&app=youtube_gdata (watched)
17:03:07 T:4344 M:1022619648 DEBUG: CMetadataResolverVideo::ResolveVideo, resolving video, path = H:\MOVIES\dugs.special.mission.repack.720p.bluray.x264-dvsky.mkv (videoresolver) (resolver)
17:03:07 T:4344 M:1022607360 DEBUG: CMetadataResolverVideo::ResolveVideo, resolving movie, path = H:\MOVIES\dugs.special.mission.repack.720p.bluray.x264-dvsky.mkv (videoresolver) (resolver)
17:03:07 T:4344 M:1022603264 DEBUG: CMetadataResolverVideo::ResolveVideo, resolving movie, name = dugs special mission repack, link = http://res.boxee.tv/title/movie/?h=3b6d7f624db5cc4f%3a117532221&name=dugs%20special%20mission%20repack (videoresolver) (resolver)
17:03:07 T:4344 M:1022595072 INFO: Initializing feed: http://res.boxee.tv/title/movie/?h=3b6d7f624db5cc4f%3a117532221&name=dugs%20special%20mission%20repack
17:03:07 T:4344 M:1022595072 DEBUG: CRssFeed::ReadFeed - RSS, Loading feed from URL: http://res.boxee.tv/title/movie/?h=3b6d7f624db5cc4f%3a117532221&name=dugs%20special%20mission%20repack
17:03:07 T:3084 M:1019072512 DEBUG: CGUIWindowBoxeeBrowse::OnBind, sender = 10466, control = 0 (browse)
17:03:07 T:3084 M:1019154432 DEBUG: CGUIWindowBoxeeBrowse::OnBind, items before processing, path = rss://gdata.youtube.com/feeds/api/users/collegehumor/uploads?orderby=updated&alt=rss&max-results=50, (50 items) (browse) (paging)
17:03:07 T:3084 M:1019154432 DEBUG: CGUIWindowBoxeeBrowse::OnBind, items after processing, path = rss://gdata.youtube.com/feeds/api/users/collegehumor/uploads?orderby=updated&alt=rss&max-results=50, (50 items) (browse) (paging)
17:03:07 T:3084 M:1019154432 DEBUG: CGUIBoxeeViewStateFactory::AddViewsToBoxeeViewVec - Enter function with [viewsToAddSize=2][ViewDefault=50] (vns)(av)
17:03:07 T:3084 M:1019154432 DEBUG: CGUIBoxeeViewStateFactory::AddViewsToBoxeeViewVec - Got from viewsToVec [view=50]. [1/2] (vns)(av)
17:03:07 T:3084 M:1019154432 DEBUG: CGUIBoxeeViewStateFactory::AddViewsToBoxeeViewVec - [viewType=50]==[defaultViewType=50]=line -> defaultViewId was set to [1] (vns)(av)
17:03:07 T:3084 M:1019154432 DEBUG: CGUIBoxeeViewStateFactory::AddViewsToBoxeeViewVec - Going to add to boxeeViewsVec CBoxeeView [viewId=1][ViewType=line=50]. [1/2] (vns)(av)
17:03:07 T:3084 M:1019154432 DEBUG: CGUIBoxeeViewStateFactory::AddViewsToBoxeeViewVec - Got from viewsToVec [view=52]. [2/2] (vns)(av)
17:03:07 T:3084 M:1019154432 DEBUG: CGUIBoxeeViewStateFactory::AddViewsToBoxeeViewVec - Going to add to boxeeViewsVec CBoxeeView [viewId=2][ViewType=thumb=52]. [2/2] (vns)(av)
17:03:07 T:3084 M:1019154432 DEBUG: CGUIBoxeeViewStateFactory::AddViewsToBoxeeViewVec - Going to return from function [boxeeViewsVecSize=2] (vns)(av)
17:03:07 T:3084 M:1019154432 DEBUG: CGUIBoxeeViewState::AddViewMethods - After addind [2] view types and set [1] as the chosen view (vns)
17:03:07 T:3084 M:1019154432 DEBUG: CGUIBoxeeViewStateFactory::AddViewsToBoxeeViewVec - Enter function with [viewsToAddSize=4][ViewDefault=50] (vns)(av)
17:03:07 T:3084 M:1019154432 DEBUG: CGUIBoxeeViewStateFactory::AddViewsToBoxeeViewVec - Got from viewsToVec [view=50]. [1/4] (vns)(av)
17:03:07 T:3084 M:1019154432 DEBUG: CGUIBoxeeViewStateFactory::AddViewsToBoxeeViewVec - [viewType=50]==[defaultViewType=50]=line -> defaultViewId was set to [1] (vns)(av)
17:03:07 T:3084 M:1019154432 DEBUG: CGUIBoxeeViewStateFactory::AddViewsToBoxeeViewVec - Going to add to boxeeViewsVec CBoxeeView [viewId=1][ViewType=line=50]. [1/4] (vns)(av)
17:03:07 T:3084 M:1019154432 DEBUG: CGUIBoxeeViewStateFactory::AddViewsToBoxeeViewVec - Got from viewsToVec [view=51]. [2/4] (vns)(av)
17:03:07 T:3084 M:1019154432 DEBUG: CGUIBoxeeViewStateFactory::AddViewsToBoxeeViewVec - Going to add to boxeeViewsVec CBoxeeView [viewId=2][ViewType=thumb with preview=51]. [2/4] (vns)(av)
17:03:07 T:3084 M:1019154432 DEBUG: CGUIBoxeeViewStateFactory::AddViewsToBoxeeViewVec - Got from viewsToVec [view=52]. [3/4] (vns)(av)
17:03:07 T:3084 M:1019154432 DEBUG: CGUIBoxeeViewStateFactory::AddViewsToBoxeeViewVec - Going to add to boxeeViewsVec CBoxeeView [viewId=3][ViewType=thumb=52]. [3/4] (vns)(av)
17:03:07 T:3084 M:1019154432 DEBUG: CGUIBoxeeViewStateFactory::AddViewsToBoxeeViewVec - Got from viewsToVec [view=53]. [4/4] (vns)(av)
17:03:07 T:3084 M:1019154432 DEBUG: CGUIBoxeeViewStateFactory::AddViewsToBoxeeViewVec - Going to add to boxeeViewsVec CBoxeeView [viewId=4][ViewType=Detailed list=53]. [4/4] (vns)(av)
17:03:07 T:3084 M:1019154432 DEBUG: CGUIBoxeeViewStateFactory::AddViewsToBoxeeViewVec - Going to return from function [boxeeViewsVecSize=4] (vns)(av)
17:03:07 T:3084 M:1019154432 DEBUG: CGUIBoxeeViewState::AddViewMethods - After addind [4] view types and set [1] as the chosen view (vns)
17:03:07 T:3084 M:1019150336 DEBUG: CBoxeeViewDatabase::GetBoxeeViewState - Enter function with [path=rss://gdata.youtube.com/feeds/api/users/collegehumor/uploads?orderby=updated&alt=rss&max-results=50][windowID=10466] (sbvtdb)
17:03:07 T:3084 M:1019150336 DEBUG: CBoxeeViewDatabase::GetBoxeeViewState - After Getting BoxeeViewState from DataBase for [path=rss://gdata.youtube.com/feeds/api/users/collegehumor/uploads/?orderby=updated&alt=rss&max-results=50]. View - [Type=line=50] || Sort - [SortId=1][SortMethod=none=0][SortOrder=ascending=1][SortName=Default][FolderPosition=start] || [changeTime=1260456210] (vns)(sbvtdb)(vsdb)
17:03:07 T:3084 M:1019150336 DEBUG: CGUIBoxeeViewState::ShouldGetParentPath - Enter function with [ParentPath=] (vns)
17:03:07 T:3084 M:1019150336 DEBUG: CGUIBoxeeViewState::ShouldGetParentPath - Exit function and return [0] for [ParentPath=] (vns)
17:03:07 T:3084 M:1019150336 DEBUG: CGUIWindowBoxeeBrowse::OnBind, sender = 10466, control = 52 (browse)
17:03:07 T:3084 M:1019150336 DEBUG: CGUIBaseContainer::CGUIBaseContainer, GUI_MSG_LABEL_BIND, 52 (basecontainer)
17:03:07 T:3084 M:1019150336 DEBUG: CGUIWindowBoxeeBrowse::OnMessage, got items for path = rss://gdata.youtube.com/feeds/api/users/collegehumor/uploads?orderby=updated&alt=rss&max-results=50 (browse)
17:03:07 T:5252 M:1019019264 INFO: Creating thumb from: http://i.ytimg.com/vi/NY1ThIm4YcI/0.jpg as: special://masterprofile/profiles/abendavid/Thumbnails/Pictures/3/3c1147b9.tbn
17:03:07 T:5256 M:1019006976 INFO: Creating thumb from: http://i.ytimg.com/vi/MXVOOfqF3no/0.jpg as: special://masterprofile/profiles/abendavid/Thumbnails/Pictures/d/d15450a7.tbn
17:03:07 T:5260 M:1018994688 INFO: Creating thumb from: http://i.ytimg.com/vi/hcW6t0cROUg/0.jpg as: special://masterprofile/profiles/abendavid/Thumbnails/Pictures/f/f4abbae7.tbn
17:03:07 T:5252 M:1019084800 DEBUG: FileCurl::Open(0633FB28) http://i.ytimg.com/vi/NY1ThIm4YcI/0.jpg
17:03:07 T:5252 M:1019080704 DEBUG: XCURL::DllLibCurlGlobal::easy_aquire - Created session to http://i.ytimg.com
17:03:07 T:5256 M:1019908096 DEBUG: FileCurl::Open(0693FB28) http://i.ytimg.com/vi/MXVOOfqF3no/0.jpg
17:03:07 T:5256 M:1019904000 DEBUG: XCURL::DllLibCurlGlobal::easy_aquire - Created session to http://i.ytimg.com
17:03:08 T:3084 M:1019899904 DEBUG: SDLKeyboard: scancode: 80, sym: 274, unicode: 0, modifier: 0
17:03:08 T:3084 M:1019899904 DEBUG: CApplication::OnKey - [key=61480][window=10466][action=4]
17:03:08 T:3084 M:1019899904 DEBUG: CApplication::OnKey: 61480 pressed, action is 4
17:03:08 T:1464 M:1019887616 DEBUG: CWin32DirectSound::CheckPlayStatus: Resuming Playback
17:03:08 T:5260 M:1019842560 DEBUG: FileCurl::Open(0754FB28) http://i.ytimg.com/vi/hcW6t0cROUg/0.jpg
17:03:08 T:5260 M:1019838464 DEBUG: XCURL::DllLibCurlGlobal::easy_aquire - Created session to http://i.ytimg.com
17:03:08 T:1464 M:1019838464 DEBUG: CWin32DirectSound::WaitCompletion - timeout waiting for silence
17:03:08 T:5256 M:1019682816 DEBUG: XFILE::CFileCurl::Open - filesize: 11880
17:03:08 T:4344 M:1019670528 DEBUG: Boxee: 10/12/09 15:03:08#ERROR#..\..\xbmc\lib\libBoxee\bxcurl.cpp:410(BOXEE::BXCurl::HttpGetString)#curl_easy_perform failed (The requested URL returned error: 404)!
17:03:08 T:5256 M:1019666432 DEBUG: FileCurl::Close(0693FB28) http://i.ytimg.com/vi/MXVOOfqF3no/0.jpg
17:03:08 T:5260 M:1019654144 DEBUG: XFILE::CFileCurl::Open - filesize: 8482
17:03:08 T:5260 M:1019666432 DEBUG: FileCurl::Close(0754FB28) http://i.ytimg.com/vi/hcW6t0cROUg/0.jpg
17:03:08 T:4344 M:1019654144 ERROR: CRssFeed::ReadFeed - RSS Init failed, could not parse feed http://res.boxee.tv/title/movie/?h=3b6d7f624db5cc4f%3a117532221&name=dugs%20special%20mission%20repack. Reason: Error document empty., Row: 0 Col: 0
17:03:08 T:4344 M:1019654144 ERROR: CMetadataResolverVideo::ResolveVideo, could not resolve video by name, path = H:\MOVIES\dugs.special.mission.repack.720p.bluray.x264-dvsky.mkv (videoresolver) (resolver)
17:03:08 T:4344 M:1019650048 DEBUG: CMetadataResolver::ResolveVideoFolder, Could not resolve metadata for video, path = H:\MOVIES\dugs.special.mission.repack.720p.bluray.x264-dvsky.mkv, name = dugs special mission repack (resolver) (videoresolver)
17:03:08 T:4344 M:1019650048 DEBUG: CMetadataResolverVideo::LoadVideoContext, path = H:\MOVIES\Funny People UNRATED REPACK 720p Bluray x264 CBGB.mkv (videoresolver) (resolver)
17:03:08 T:4344 M:1019650048 DEBUG: CMetadataResolverVideo::GetCleanName, initial name = Funny People UNRATED REPACK 720p Bluray x264 CBGB (cleanname)
17:03:08 T:4344 M:1019650048 DEBUG: CMetadataResolverVideo::GetCleanName, without year = Funny People UNRATED REPACK 720p Bluray x264 CBGB (cleanname)
17:03:08 T:4344 M:1019645952 DEBUG: CMetadataResolverVideo::ParseSeriesTag, unable to parse term = *funny people unrated repack 720p bluray x264 cbgb*, expr = \[[Ss]([0-9]+)\]_\[[Ee]([0-9]+)\]?([^\\/]*)$ (seriestag)
17:03:08 T:4344 M:1019645952 DEBUG: CMetadataResolverVideo::ParseSeriesTag, unable to parse term = *funny people unrated repack 720p bluray x264 cbgb*, expr = [\\/\._ \[-]([0-9]+)x([0-9]+)([^\\/]*)$ (seriestag)
17:03:08 T:4344 M:1019645952 DEBUG: CMetadataResolverVideo::ParseSeriesTag, unable to parse term = *funny people unrated repack 720p bluray x264 cbgb*, expr = [Ss]([0-9]+)[\.-]?[Ee]([0-9]+)([^\\/]*)$ (seriestag)
17:03:08 T:4344 M:1019645952 DEBUG: CMetadataResolverVideo::ParseSeriesTag, unable to parse term = *funny people unrated repack 720p bluray x264 cbgb*, expr = [\\/\._ -]([0-9]+)([0-9][0-9])([\._ -][^\\/]*)$ (seriestag)
17:03:08 T:4344 M:1019645952 DEBUG: CMetadataResolverVideo::GetCleanName, without series tag = Funny People UNRATED REPACK 720p Bluray x264 CBGB (cleanname)
17:03:08 T:4344 M:1019641856 DEBUG: CMetadataResolverVideo::GetCleanName, after cleaning = Funny People (cleanname)
17:03:08 T:4344 M:1019641856 DEBUG: CMetadataResolverVideo::LoadVideoContext, path = H:\MOVIES\Funny People UNRATED REPACK 720p Bluray x264 CBGB.mkv, name = Funny People (videoresolver) (resolver)
17:03:08 T:4344 M:1019371520 DEBUG: CMetadataResolverVideo::ResolveVideo, resolving video, path = H:\MOVIES\Funny People UNRATED REPACK 720p Bluray x264 CBGB.mkv (videoresolver) (resolver)
17:03:08 T:4344 M:1019371520 DEBUG: CMetadataResolverVideo::ResolveVideo, resolving movie, path = H:\MOVIES\Funny People UNRATED REPACK 720p Bluray x264 CBGB.mkv (videoresolver) (resolver)
17:03:08 T:4344 M:1019371520 DEBUG: CMetadataResolverVideo::ResolveVideo, resolving movie, name = Funny People, link = http://res.boxee.tv/title/movie/?h=9004154a3c6a6ef9%3a7043196294&name=Funny%20People (videoresolver) (resolver)
17:03:08 T:4344 M:1019371520 INFO: Initializing feed: http://res.boxee.tv/title/movie/?h=9004154a3c6a6ef9%3a7043196294&name=Funny%20People
17:03:08 T:4344 M:1019371520 DEBUG: CRssFeed::ReadFeed - RSS, Loading feed from URL: http://res.boxee.tv/title/movie/?h=9004154a3c6a6ef9%3a7043196294&name=Funny%20People
17:03:08 T:5252 M:1018994688 DEBUG: XFILE::CFileCurl::Open - filesize: 16092
17:03:09 T:3084 M:1019277312 DEBUG: SDLKeyboard: scancode: 80, sym: 274, unicode: 0, modifier: 0
17:03:09 T:3084 M:1019277312 DEBUG: CApplication::OnKey - [key=61480][window=10466][action=4]
17:03:09 T:3084 M:1019277312 DEBUG: CApplication::OnKey: 61480 pressed, action is 4
17:03:09 T:1464 M:1019265024 DEBUG: CWin32DirectSound::CheckPlayStatus: Resuming Playback
17:03:09 T:5256 M:1019260928 INFO: Creating album thumb from memory: special://masterprofile/profiles/abendavid/Thumbnails/Pictures/d/d15450a7.tbn
17:03:09 T:5256 M:1019244544 DEBUG: CBackgroundInfoLoader::LoadCustomImages - Enter function with item [path=rtsp://v4.cache2.c.youtube.com/CigLENy73wIaHwl63oX6OU51MRMYDSANFEgGUgx1c2VyX3VwbG9hZHMM/0/0/0/video.3gp][label=Hardly Working: Human Wrecking Balls]. [bCanBlock=1] (custi)
17:03:09 T:5256 M:1019244544 INFO: Creating thumb from: http://i.ytimg.com/vi/hRE0jYaOlzg/0.jpg as: special://masterprofile/profiles/abendavid/Thumbnails/Pictures/b/b09753b4.tbn
17:03:09 T:5252 M:1019486208 DEBUG: FileCurl::Close(0633FB28) http://i.ytimg.com/vi/NY1ThIm4YcI/0.jpg
17:03:09 T:5260 M:1019469824 INFO: Creating album thumb from memory: special://masterprofile/profiles/abendavid/Thumbnails/Pictures/f/f4abbae7.tbn
17:03:09 T:1464 M:1018892288 DEBUG: CWin32DirectSound::WaitCompletion - timeout waiting for silence
17:03:09 T:4364 M:1018847232 DEBUG: XFILE::CFileCurl::Open - filesize: 83125
17:03:09 T:5260 M:1019355136 DEBUG: CBackgroundInfoLoader::LoadCustomImages - Enter function with item [path=rtsp://v3.cache1.c.youtube.com/CigLENy73wIaHwlIORFHt7rFhRMYDSANFEgGUgx1c2VyX3VwbG9hZHMM/0/0/0/video.3gp][label=Saw Shaming]. [bCanBlock=1] (custi)
17:03:09 T:5256 M:1019486208 DEBUG: FileCurl::Open(0693FB28) http://i.ytimg.com/vi/hRE0jYaOlzg/0.jpg
17:03:09 T:3084 M:1019396096 DEBUG: SDLKeyboard: scancode: 80, sym: 274, unicode: 0, modifier: 0
17:03:09 T:3084 M:1019351040 DEBUG: CApplication::OnKey - [key=61480][window=10466][action=4]
17:03:09 T:3084 M:1019351040 DEBUG: CApplication::OnKey: 61480 pressed, action is 4
17:03:09 T:1464 M:1019482112 DEBUG: CWin32DirectSound::CheckPlayStatus: Resuming Playback
17:03:09 T:5256 M:1019478016 DEBUG: XFILE::CFileCurl::Open - filesize: 18329
17:03:09 T:5252 M:1019482112 INFO: Creating album thumb from memory: special://masterprofile/profiles/abendavid/Thumbnails/Pictures/3/3c1147b9.tbn
17:03:09 T:5252 M:1019359232 DEBUG: CBackgroundInfoLoader::LoadCustomImages - Enter function with item [path=http://www.youtube.com/v/NY1ThIm4YcI?f=user_uploads&app=youtube_gdata][label=Jake and Amir: Miami]. [bCanBlock=1] (custi)
17:03:09 T:1464 M:1019375616 DEBUG: CWin32DirectSound::WaitCompletion - timeout waiting for silence
17:03:09 T:5256 M:1019375616 DEBUG: FileCurl::Close(0693FB28) http://i.ytimg.com/vi/hRE0jYaOlzg/0.jpg
17:03:09 T:4344 M:1019355136 DEBUG: Channel thumbnail:
17:03:09 T:4344 M:1019351040 DEBUG: CRssFeed::ReadFeed - open search, startIndex = -1, itemsPerPage = -1, totalResults = -1 (paging)
17:03:09 T:4344 M:1019351040 DEBUG: DATEDATE, label = Funny People, text = Fri, 31 Jul 2009
00:00:00 GMT, release date = 30 Jul 2009
17:03:09 T:4344 M:1019351040 DEBUG: CMetadataResolver::ResolveVideoFolder, Resolved metadata for video, path = H:\MOVIES\Funny People UNRATED REPACK 720p Bluray x264 CBGB.mkv, name = Funny People (resolver) (videoresolver)
17:03:09 T:4344 M:1019351040 DEBUG: CMetadataResolver::ResolveVideoFolder, Video was resolved by name, adding to DB, path = H:\MOVIES\Funny People UNRATED REPACK 720p Bluray x264 CBGB.mkv, name = Funny People (resolver) (videoresolver)
17:03:09 T:4344 M:1019351040 DEBUG: CMetadataResolver::CacheThumb, strItemPath = H:\MOVIES\Funny People UNRATED REPACK 720p Bluray x264 CBGB.mkv, strThumbnailPath = http://s3.boxee.tv/titlethumbs/2/6/9effff2ef97833987d88bc07e571a0.jpg (thumb)
17:03:09 T:4344 M:1019351040 DEBUG: CMetadataResolver::CacheThumb, strThumbnailPath = http://s3.boxee.tv/titlethumbs/2/6/9effff2ef97833987d88bc07e571a0.jpg, cached path = special://masterprofile/profiles/abendavid/Thumbnails/Video/2/24335104.tbn (thumb)
17:03:09 T:4344 M:1019351040 INFO: Creating thumb from: http://s3.boxee.tv/titlethumbs/2/6/9effff2ef97833987d88bc07e571a0.jpg as: special://masterprofile/profiles/abendavid/Thumbnails/Video/2/24335104.tbn
17:03:09 T:5256 M:1019363328 INFO: Creating album thumb from memory: special://masterprofile/profiles/abendavid/Thumbnails/Pictures/b/b09753b4.tbn
17:03:09 T:5256 M:1019338752 DEBUG: CBackgroundInfoLoader::LoadCustomImages - Enter function with item [path=http://www.youtube.com/v/hRE0jYaOlzg?f=user_uploads&app=youtube_gdata][label=Seth MacFarlane's Secret]. [bCanBlock=1] (custi)
17:03:10 T:4344 M:1019191296 DEBUG: FileCurl::Open(0D65F54C) http://s3.boxee.tv/titlethumbs/2/6/9effff2ef97833987d88bc07e571a0.jpg
17:03:10 T:3084 M:1019252736 DEBUG: SDLKeyboard: scancode: 80, sym: 274, unicode: 0, modifier: 0
17:03:10 T:3084 M:1019252736 DEBUG: CApplication::OnKey - [key=61480][window=10466][action=4]
17:03:10 T:3084 M:1019248640 DEBUG: CApplication::OnKey: 61480 pressed, action is 4
17:03:10 T:1464 M:1019301888 DEBUG: CWin32DirectSound::CheckPlayStatus: Resuming Playback
17:03:10 T:4344 M:1019301888 DEBUG: XFILE::CFileCurl::Open - filesize: 52110
17:03:10 T:1464 M:1019318272 DEBUG: CWin32DirectSound::WaitCompletion - timeout waiting for silence
17:03:10 T:5316 M:1019305984 INFO: Creating thumb from: http://i.ytimg.com/vi/zrvkZsy0Adw/0.jpg as: special://masterprofile/profiles/abendavid/Thumbnails/Pictures/4/4573dc5b.tbn
17:03:11 T:5316 M:1019375616 DEBUG: FileCurl::Open(0633FB28) http://i.ytimg.com/vi/zrvkZsy0Adw/0.jpg
17:03:11 T:3084 M:1019367424 DEBUG: SDLKeyboard: scancode: 80, sym: 274, unicode: 0, modifier: 0
17:03:11 T:3084 M:1019367424 DEBUG: CApplication::OnKey - [key=61480][window=10466][action=4]
17:03:11 T:3084 M:1019367424 DEBUG: CApplication::OnKey: 61480 pressed, action is 4
17:03:11 T:1464 M:1019355136 DEBUG: CWin32DirectSound::CheckPlayStatus: Resuming Playback
17:03:11 T:5316 M:1019355136 DEBUG: XFILE::CFileCurl::Open - filesize: 16417
17:03:11 T:1464 M:1019338752 DEBUG: CWin32DirectSound::WaitCompletion - timeout waiting for silence
17:03:11 T:5320 M:1019363328 INFO: Creating thumb from: http://i.ytimg.com/vi/N_Mt_G060Yc/0.jpg as: special://masterprofile/profiles/abendavid/Thumbnails/Pictures/6/66181d95.tbn
17:03:11 T:5316 M:1019359232 DEBUG: FileCurl::Close(0633FB28) http://i.ytimg.com/vi/zrvkZsy0Adw/0.jpg
17:03:11 T:5320 M:1019334656 DEBUG: FileCurl::Open(0683FB28) http://i.ytimg.com/vi/N_Mt_G060Yc/0.jpg
17:03:11 T:4344 M:1019191296 DEBUG: FileCurl::Close(0D65F54C) http://s3.boxee.tv/titlethumbs/2/6/9effff2ef97833987d88bc07e571a0.jpg
17:03:11 T:5320 M:1019269120 DEBUG: XFILE::CFileCurl::Open - filesize: 13497
17:03:11 T:5316 M:1019236352 INFO: Creating album thumb from memory: special://masterprofile/profiles/abendavid/Thumbnails/Pictures/4/4573dc5b.tbn
17:03:11 T:5316 M:1019117568 DEBUG: CBackgroundInfoLoader::LoadCustomImages - Enter function with item [path=rtsp://v1.cache6.c.youtube.com/CigLENy73wIaHwncAbTMZuS7zhMYDSANFEgGUgx1c2VyX3VwbG9hZHMM/0/0/0/video.3gp][label=The Crucial Man: Being a Gentleman]. [bCanBlock=1] (custi)
17:03:11 T:5320 M:1019117568 DEBUG: FileCurl::Close(0683FB28) http://i.ytimg.com/vi/N_Mt_G060Yc/0.jpg
17:03:12 T:4344 M:1019043840 INFO: Creating album thumb from memory: special://masterprofile/profiles/abendavid/Thumbnails/Video/2/24335104.tbn
17:03:12 T:4344 M:1019015168 DEBUG: Boxee: 10/12/09 15:03:12#DEBUG#..\..\xbmc\lib\libBoxee\bxvideodatabase.cpp:766(BOXEE::BXVideoDatabase::AddVideo)#BXVideoDatabase::AddVideo, Adding video, path = H:\MOVIES\Funny People UNRATED REPACK 720p Bluray x264 CBGB.mkv (videodb)
17:03:12 T:4344 M:1019015168 DEBUG: Boxee: 10/12/09 15:03:12#DEBUG#..\..\xbmc\lib\libBoxee\bxvideodatabase.cpp:777(BOXEE::BXVideoDatabase::AddVideo)#BXVideoDatabase::AddVideo, Adding video, title Funny People, path H:\MOVIES\Funny People UNRATED REPACK 720p Bluray x264 CBGB.mkv
17:03:12 T:4344 M:1019015168 DEBUG: Boxee: 10/12/09 15:03:12#DEBUG#..\..\xbmc\lib\libBoxee\bxvideodatabase.cpp:183(BOXEE::BXVideoDatabase::GetVideoByPath)#LIBRARY, GetVideoByPath, path = H:\MOVIES\Funny People UNRATED REPACK 720p Bluray x264 CBGB.mkv
17:03:12 T:4344 M:1019015168 DEBUG: Boxee: 10/12/09 15:03:12#DEBUG#..\..\xbmc\lib\libBoxee\bxvideodatabase.cpp:237(BOXEE::BXVideoDatabase::GetVideoByPath)#LIBRARY, get part by path, path = H:\MOVIES\Funny People UNRATED REPACK 720p Bluray x264 CBGB.mkv
17:03:12 T:3084 M:1018994688 DEBUG: SDLKeyboard: scancode: 72, sym: 273, unicode: 0, modifier: 0
17:03:12 T:3084 M:1018994688 DEBUG: CApplication::OnKey - [key=61478][window=10466][action=3]
17:03:12 T:3084 M:1018994688 DEBUG: CApplication::OnKey: 61478 pressed, action is 3
17:03:12 T:1464 M:1018982400 DEBUG: CWin32DirectSound::CheckPlayStatus: Resuming Playback
17:03:12 T:4364 M:1018699776 DEBUG: FileCurl::Close(0DC5ED58) http://www.allmusic.com/cg/amg.dll?P=amg&SQL=essential%20guitar%20%28disc%201%29&OPT1=2
17:03:12 T:1464 M:1018695680 DEBUG: CWin32DirectSound::WaitCompletion - timeout waiting for silence
17:03:12 T:3084 M:1018695680 DEBUG: SDLKeyboard: scancode: 72, sym: 273, unicode: 0, modifier: 0
17:03:12 T:3084 M:1018695680 DEBUG: CApplication::OnKey - [key=61478][window=10466][action=3]
17:03:12 T:3084 M:1018695680 DEBUG: CApplication::OnKey: 61478 pressed, action is 3
17:03:12 T:1464 M:1018695680 DEBUG: CWin32DirectSound::CheckPlayStatus: Resuming Playback
17:03:12 T:5320 M:1018417152 INFO: Creating album thumb from memory: special://masterprofile/profiles/abendavid/Thumbnails/Pictures/6/66181d95.tbn
17:03:12 T:5340 M:1017794560 DEBUG: thread start, auto delete: 0
17:03:12 T:5320 M:1018261504 DEBUG: CBackgroundInfoLoader::LoadCustomImages - Enter function with item [path=rtsp://v1.cache6.c.youtube.com/CigLENy73wIaHwmH0Tpt_C3zNxMYDSANFEgGUgx1c2VyX3VwbG9hZHMM/0/0/0/video.3gp][label=Jake and Amir: Love Letter]. [bCanBlock=1] (custi)
17:03:12 T:5340 M:1018257408 DEBUG: MUSIC_GRABBER::CMusicInfoScraper::FindAlbuminfo: Searching for 'various artists - essential guitar (disc 1)' using scraper (file: 'allmusic.xml', content: 'albums', date: '', framework: '')
17:03:12 T:5340 M:1018327040 DEBUG: FileCurl::Open(0DC5ED58) http://www.allmusic.com/cg/amg.dll?P=amg&SQL=essential%20guitar%20%28disc%201%29&OPT1=2
