17:07:36.856 T:3071473440 M:495644672 DEBUG: CGUIWindowBoxeeBrowse::AddButtonItemsToBrowseMenu - [6/6] - adding menu item [label=Repositories][path=boxeeui://apps/?category=repos][isseparator=0]. [menuListControlIs=47] (bm)
17:07:37.188 T:3071473440 M:495644672 DEBUG: CGUIWindowBoxeeBrowse::AddButtonItemsToBrowseMenu - since [BrowseMenuId=mn_library_apps][level=1=1] first clear BrowseMenuStack. [browseMenuListControlId=47] (bm)
17:07:37.188 T:3071473440 M:495644672 DEBUG: CGUIWindowBoxeeBrowse::AddBrowseMenuToStack - after ADD [menuId=mn_library_apps] to stack. [BrowseMenuStackSize=1] (bm)(bmst)
17:07:37.189 T:3071473440 M:495644672 DEBUG: CGUIWindowBoxeeBrowse::UpdateBrowseMenuData - going to set menu title [Apps] (bm)
17:07:37.189 T:3071473440 M:495648768 DEBUG: CGUIWindowBoxeeBrowse::UpdateBrowseMenuData - [NewMenuId=mn_library_apps][mn_library_apps=saveSelectMenuId]. [index=0][label=All] (bm)
17:07:37.189 T:3071473440 M:495648768 DEBUG: CGUIWindowBoxeeBrowse::UpdateTopBrowseMenuSelection - top menu is [id=mn_library_apps]. try to set selection to [browseMenuId=mn_library_apps][index=0][label=All] (bm)
17:07:37.190 T:3071473440 M:495648768 DEBUG: CGUIWindowBoxeeBrowse::UpdateTopBrowseMenuSelection - top menu [id=mn_library_apps] is the selected on. going set selection to [browseMenuId=mn_library_apps][index=0][label=All] (bm)
17:07:37.190 T:3071473440 M:495648768 DEBUG: CGUIWindowBoxeeBrowse::UpdateTopBrowseMenuSelection - [1/3] - going to RESET selection in [menuListId=47] (bm)
17:07:37.190 T:3071473440 M:495648768 DEBUG: CGUIWindowBoxeeBrowse::UpdateTopBrowseMenuSelection - [1/3] - going to SET selection in [menuListId=47] to [pos=0] (bm)
17:07:37.191 T:3071473440 M:495648768 DEBUG: CGUIWindowBoxeeBrowse::UpdateTopBrowseMenuSelection - [2/3] - going to RESET selection in [menuListId=48] (bm)
17:07:37.191 T:3071473440 M:495648768 DEBUG: CGUIWindowBoxeeBrowse::UpdateTopBrowseMenuSelection - [3/3] - going to RESET selection in [menuListId=49] (bm)
17:07:37.191 T:3071473440 M:495648768 DEBUG: CGUIWindowBoxeeBrowse::InitializeStartMenuStructure - going to set [activemenulevel=1] and focus to [pos=0] in [MenuListId=47]. [category=all][windowId=10482] (bm)
17:07:37.192 T:3071473440 M:495648768 DEBUG: CGUIWindowBoxeeBrowse::OnMessage - GUI_MSG_FOCUSED - menu [id=47] got focused. save [m_currentMenuLevelStr=1] (bm)
17:07:37.192 T:3071473440 M:495648768 DEBUG: CGUIFixedListContainer::ScrollToOffset - ENTER. [m_cursor=0][offset=0][m_offset=0] (scroll)
17:07:37.192 T:3071473440 M:495648768 DEBUG: CGUIFixedListContainer::ScrollToOffset - [m_cursor=0][offset=0][m_offset=0][nCurrOffset=0][nTargetOffset=0][numOfItems=6][m_itemsPerPage=10] (scroll)
17:07:37.193 T:3071473440 M:495648768 DEBUG: CGUIFixedListContainer::ScrollToOffset - EXIT. [m_cursor=0][offset=0][m_offset=0] (scroll)
17:07:37.193 T:3071473440 M:495648768 DEBUG: CBrowseWindowSource::ClearItems, clear source, path = appbox://all/ (browse)
17:07:37.194 T:3071473440 M:495648768 DEBUG: CBrowseWindowSource::ClearItems, clear source, path = apps://all/ (browse)
17:07:37.194 T:3071473440 M:495648768 DEBUG: CBrowseWindowSource::ClearItems, clear source, path = appbox://all/repository (browse)
17:07:37.206 T:3071473440 M:495648768 DEBUG: CBrowseWindowSource::RequestItems - request item by source [basePath=appbox://all/][CurrentPath=appbox://all/] for [windowId=10482] (browse)
17:07:37.210 T:3071473440 M:495648768 DEBUG: CItemLoader::AddControl, window = 10482, control = 0, path = appbox://all/ (browse)
17:07:37.210 T:3071473440 M:495648768 DEBUG: CItemLoader::AddControl, 3 GUI_MSG_LOADING, window = 10482, control = 0 (basecontainer)
17:07:37.211 T:3071473440 M:495648768 DEBUG: CGUIWindowBoxeeBrowse::OnMessage, 4 GUI_MSG_LOADING, window = 10482, control = -1 (basecontainer) (browse)
17:07:37.211 T:2926545808 M:495640576 DEBUG: CGetDirectoryJob::DoWork, NEWUI, loading directory, path = appbox://all/
17:07:37.212 T:2926545808 M:495640576 DEBUG: CDirectory::GetDirectory , calling g_directoryCache.GetDirectory with path: appbox://all/ , items: 0 , retreiveAll: 0 (cache check)
17:07:37.212 T:2926545808 M:495640576 DEBUG: CDirectory::GetDirectory , g_directoryCache.GetDirectory returned false (cache check)
17:07:37.212 T:2926545808 M:495640576 DEBUG: CAppBoxDirectory::GetDirectory - Enter function with [strPath=appbox://all/] (bapps)
17:07:37.213 T:2926545808 M:495640576 DEBUG: CAppBoxDirectory::HandleAppBoxRequest - Enter function with [protocol=appbox][host=all][share=][FileName=][GetOptions=] (bapps)
17:07:37.213 T:2926545808 M:495640576 DEBUG: CAppBoxDirectory::HandleAppBoxRequest - Handling repository [name=Boxee Official Repository][id=tv.boxee][url=http://dir.boxee.tv/apps] (erepo)
17:07:37.219 T:3071473440 M:495489024 DEBUG: CItemLoader::AddControl, added directory job, path = appbox://all/ (browse)
17:07:37.360 T:2926545808 M:511746048 DEBUG: update ref map. url http://app.boxee.tv/appindex/dlink.dsm380/1.5.1?regionsku=US&serialnumber=QL011A9000553 new ref_count 0 progress 0 (hcm)
17:07:37.361 T:2926545808 M:511746048 DEBUG: update ref map. url http://app.boxee.tv/appindex/dlink.dsm380/1.5.1?regionsku=US&serialnumber=QL011A9000553 new ref_count 1 progress 0 (hcm)
17:07:37.938 T:2926545808 M:511778816 DEBUG: update ref map. url http://app.boxee.tv/appindex/dlink.dsm380/1.5.1?regionsku=US&serialnumber=QL011A9000553 new ref_count 1 progress 0 (hcm)
17:07:37.938 T:2926545808 M:511778816 DEBUG: update expire time of url http://app.boxee.tv/appindex/dlink.dsm380/1.5.1?regionsku=US&serialnumber=QL011A9000553 to the database (hcm)
17:07:37.940 T:2926545808 M:511778816 DEBUG: update ref map. url http://app.boxee.tv/appindex/dlink.dsm380/1.5.1?regionsku=US&serialnumber=QL011A9000553 new ref_count 0 progress 0 (hcm)
17:07:38.145 T:2926545808 M:511778816 DEBUG: CAppRepository::GetApps - Got [273] apps out of [273]. [repoId=tv.boxee][repositoryType=BOXEE] (appbox)
17:07:38.186 T:2926545808 M:511778816 DEBUG: CAppBoxDirectory::GetAppBoxDirectoryByType - Enter function with [strType=all][strSearchTerm=] (bapps)
17:07:38.226 T:2926545808 M:511778816 DEBUG: Boxee: 22/02/12 15:07:38.2268#WARNING#bxappboxpopularities.cpp:89(GetPopularityById)#BXAppBoxPopularities::GetPopularityById - FAILED to find popularity for [id=adultswim] (appbox)
17:07:38.229 T:2926545808 M:511778816 DEBUG: Boxee: 22/02/12 15:07:38.2297#WARNING#bxappboxpopularities.cpp:89(GetPopularityById)#BXAppBoxPopularities::GetPopularityById - FAILED to find popularity for [id=baeblemusic] (appbox)
17:07:38.230 T:2926545808 M:511778816 DEBUG: Boxee: 22/02/12 15:07:38.2304#WARNING#bxappboxpopularities.cpp:89(GetPopularityById)#BXAppBoxPopularities::GetPopularityById - FAILED to find popularity for [id=baratsandbereta] (appbox)
17:07:38.238 T:2926545808 M:511778816 DEBUG: Boxee: 22/02/12 15:07:38.2382#WARNING#bxappboxpopularities.cpp:89(GetPopularityById)#BXAppBoxPopularities::GetPopularityById - FAILED to find popularity for [id=ccof-sermons-audio] (appbox)
17:07:38.240 T:2926545808 M:511778816 DEBUG: Boxee: 22/02/12 15:07:38.2409#WARNING#bxappboxpopularities.cpp:89(GetPopularityById)#BXAppBoxPopularities::GetPopularityById - FAILED to find popularity for [id=diversiontv] (appbox)
17:07:38.242 T:2926545808 M:511778816 DEBUG: Boxee: 22/02/12 15:07:38.2423#WARNING#bxappboxpopularities.cpp:89(GetPopularityById)#BXAppBoxPopularities::GetPopularityById - FAILED to find popularity for [id=dspproject] (appbox)
17:07:38.243 T:2926545808 M:511778816 DEBUG: Boxee: 22/02/12 15:07:38.2430#WARNING#bxappboxpopularities.cpp:89(GetPopularityById)#BXAppBoxPopularities::GetPopularityById - FAILED to find popularity for [id=engadget] (appbox)
17:07:38.244 T:2926545808 M:511778816 DEBUG: Boxee: 22/02/12 15:07:38.2448#WARNING#bxappboxpopularities.cpp:89(GetPopularityById)#BXAppBoxPopularities::GetPopularityById - FAILED to find popularity for [id=feedmebubbe] (appbox)
17:07:38.246 T:2926545808 M:511778816 DEBUG: Boxee: 22/02/12 15:07:38.2468#WARNING#bxappboxpopularities.cpp:89(GetPopularityById)#BXAppBoxPopularities::GetPopularityById - FAILED to find popularity for [id=gauntlettv] (appbox)
17:07:38.252 T:2926545808 M:511778816 DEBUG: Boxee: 22/02/12 15:07:38.2528#WARNING#bxappboxpopularities.cpp:89(GetPopularityById)#BXAppBoxPopularities::GetPopularityById - FAILED to find popularity for [id=getconnected] (appbox)
17:07:38.253 T:2926545808 M:511778816 DEBUG: Boxee: 22/02/12 15:07:38.2537#WARNING#bxappboxpopularities.cpp:89(GetPopularityById)#BXAppBoxPopularities::GetPopularityById - FAILED to find popularity for [id=guybauer] (appbox)
17:07:38.255 T:2926545808 M:511778816 DEBUG: Boxee: 22/02/12 15:07:38.2557#WARNING#bxappboxpopularities.cpp:89(GetPopularityById)#BXAppBoxPopularities::GetPopularityById - FAILED to find popularity for [id=igm] (appbox)
17:07:38.256 T:2926545808 M:511778816 DEBUG: Boxee: 22/02/12 15:07:38.2564#WARNING#bxappboxpopularities.cpp:89(GetPopularityById)#BXAppBoxPopularities::GetPopularityById - FAILED to find popularity for [id=imfromdriftwood] (appbox)
17:07:38.258 T:2926545808 M:511782912 DEBUG: Boxee: 22/02/12 15:07:38.2575#WARNING#bxappboxpopularities.cpp:89(GetPopularityById)#BXAppBoxPopularities::GetPopularityById - FAILED to find popularity for [id=itertulia] (appbox)
17:07:38.259 T:2926545808 M:511782912 DEBUG: Boxee: 22/02/12 15:07:38.2595#WARNING#bxappboxpopularities.cpp:89(GetPopularityById)#BXAppBoxPopularities::GetPopularityById - FAILED to find popularity for [id=joystiq] (appbox)
17:07:38.260 T:2926545808 M:511782912 DEBUG: Boxee: 22/02/12 15:07:38.2602#WARNING#bxappboxpopularities.cpp:89(GetPopularityById)#BXAppBoxPopularities::GetPopularityById - FAILED to find popularity for [id=kompoz] (appbox)
17:07:38.263 T:2926545808 M:511782912 DEBUG: Boxee: 22/02/12 15:07:38.2638#WARNING#bxappboxpopularities.cpp:89(GetPopularityById)#BXAppBoxPopularities::GetPopularityById - FAILED to find popularity for [id=noobtoob] (appbox)
17:07:38.270 T:2926545808 M:511782912 DEBUG: Boxee: 22/02/12 15:07:38.2701#WARNING#bxappboxpopularities.cpp:89(GetPopularityById)#BXAppBoxPopularities::GetPopularityById - FAILED to find popularity for [id=olhardigital] (appbox)
17:07:38.270 T:2926545808 M:511782912 DEBUG: Boxee: 22/02/12 15:07:38.2708#WARNING#bxappboxpopularities.cpp:89(GetPopularityById)#BXAppBoxPopularities::GetPopularityById - FAILED to find popularity for [id=oneminute] (appbox)
17:07:38.272 T:2926545808 M:511782912 DEBUG: Boxee: 22/02/12 15:07:38.2721#WARNING#bxappboxpopularities.cpp:89(GetPopularityById)#BXAppBoxPopularities::GetPopularityById - FAILED to find popularity for [id=petercoffin] (appbox)
17:07:38.273 T:2926545808 M:511782912 DEBUG: Boxee: 22/02/12 15:07:38.2729#WARNING#bxappboxpopularities.cpp:89(GetPopularityById)#BXAppBoxPopularities::GetPopularityById - FAILED to find popularity for [id=podnutz] (appbox)
17:07:38.273 T:2926545808 M:511782912 DEBUG: Boxee: 22/02/12 15:07:38.2736#WARNING#bxappboxpopularities.cpp:89(GetPopularityById)#BXAppBoxPopularities::GetPopularityById - FAILED to find popularity for [id=politico] (appbox)
17:07:38.275 T:2926545808 M:511782912 DEBUG: Boxee: 22/02/12 15:07:38.2758#WARNING#bxappboxpopularities.cpp:89(GetPopularityById)#BXAppBoxPopularities::GetPopularityById - FAILED to find popularity for [id=rogueunion] (appbox)
17:07:38.610 T:2926545808 M:511782912 DEBUG: Boxee: 22/02/12 15:07:38.6107#WARNING#bxappboxpopularities.cpp:89(GetPopularityById)#BXAppBoxPopularities::GetPopularityById - FAILED to find popularity for [id=sunimi] (appbox)
17:07:38.612 T:2926545808 M:511782912 DEBUG: Boxee: 22/02/12 15:07:38.6126#WARNING#bxappboxpopularities.cpp:89(GetPopularityById)#BXAppBoxPopularities::GetPopularityById - FAILED to find popularity for [id=thenerdist] (appbox)
17:07:38.613 T:2926545808 M:511782912 DEBUG: Boxee: 22/02/12 15:07:38.6137#WARNING#bxappboxpopularities.cpp:89(GetPopularityById)#BXAppBoxPopularities::GetPopularityById - FAILED to find popularity for [id=thesexyvegan] (appbox)
17:07:38.614 T:2926545808 M:511782912 DEBUG: Boxee: 22/02/12 15:07:38.6144#WARNING#bxappboxpopularities.cpp:89(GetPopularityById)#BXAppBoxPopularities::GetPopularityById - FAILED to find popularity for [id=thru-you] (appbox)
17:07:38.616 T:2926545808 M:511782912 DEBUG: Boxee: 22/02/12 15:07:38.6168#WARNING#bxappboxpopularities.cpp:89(GetPopularityById)#BXAppBoxPopularities::GetPopularityById - FAILED to find popularity for [id=twittv] (appbox)
17:07:38.619 T:2926545808 M:511782912 DEBUG: Boxee: 22/02/12 15:07:38.6193#WARNING#bxappboxpopularities.cpp:89(GetPopularityById)#BXAppBoxPopularities::GetPopularityById - FAILED to find popularity for [id=vimcasts] (appbox)
17:07:38.620 T:2926545808 M:511782912 DEBUG: Boxee: 22/02/12 15:07:38.6201#WARNING#bxappboxpopularities.cpp:89(GetPopularityById)#BXAppBoxPopularities::GetPopularityById - FAILED to find popularity for [id=vobes] (appbox)
17:07:38.621 T:2926545808 M:511782912 DEBUG: Boxee: 22/02/12 15:07:38.6210#WARNING#bxappboxpopularities.cpp:89(GetPopularityById)#BXAppBoxPopularities::GetPopularityById - FAILED to find popularity for [id=watchtheword] (appbox)
17:07:38.806 T:2926545808 M:511660032 DEBUG: CGetDirectoryJob::DoWork, NEWUI, done loading directory, bResult = 1
17:07:38.855 T:2926545808 M:511660032 DEBUG: CGetDirectoryJob::ItemsLoaded, sending GUI_MSG_LABEL_BIND windowId [10482] controlId[0] size[273]
17:07:38.865 T:3071473440 M:511668224 DEBUG: CBrowseWindowSourceController::BindItems - received [273] items for [path=appbox://all/] (browse)
17:07:38.866 T:3071473440 M:511668224 DEBUG: CBrowseWindowSource::BindItems, source id appstoresource received 273 items for path appbox://all/ (browse)
17:07:38.881 T:3071473440 M:511668224 DEBUG: CBrowseWindowSource::BindItems, paging is disabled source id=[appstoresource], [273] item(s) received. (browse)
17:07:38.882 T:3071473440 M:511668224 DEBUG: CBrowseWindowSourceController::ShowReadySources, 'appstoresource' source is ready. (merge)
17:07:38.882 T:3071473440 M:511668224 DEBUG: CBrowseWindowSourceController::ShowReadySources, 1 source(s) active ready, going to show items.. (merge)
17:07:38.882 T:3071473440 M:511668224 DEBUG: CBrowseWindowSourceController::MergeSources, processing single source id=[appstoresource] (browse)(merge)
17:07:38.888 T:3071473440 M:511668224 DEBUG: CBrowseWindowSource::PopItem, all items popped for source id:['appstoresource'], m_bReady:[false],m_bDepleted:[true],m_iPageSize:[-1] (merge)
17:07:38.922 T:3071473440 M:511668224 DEBUG: CGUIBaseContainer::CGUIBaseContainer, GUI_MSG_LABEL_BIND, 55 , append=0 (basecontainer)
17:07:39.023 T:2917133200 M:511668224 DEBUG: CDirectoryCache::UpdateItem, CACHE updating dirPath = appbox://all/ , cacheId = , item = SlingPlayer, path = app://slingplayer/ (dircache)
17:07:39.024 T:2917133200 M:511668224 DEBUG: CDirectoryCache::UpdateItem, found the relevant dir - strDirPath = appbox://all (dircache)
17:07:39.024 T:2917133200 M:511668224 DEBUG: CDirectoryCache::UpdateItem, found the item - strItemPath = app://slingplayer/ (dircache)
17:07:39.025 T:2917133200 M:511668224 DEBUG: TouchThumbnailFile touch thumbnail file special://masterprofile/profiles/asafg/Thumbnails/Pictures/f/f2259f09.tbn size 24712 (thm)
17:07:39.026 T:2917133200 M:511668224 DEBUG: TouchThumbnailFile touch thumbnail file special://masterprofile/profiles/asafg/Thumbnails/Pictures/f/f2259f09.tbn already exist - update the average time total 1 files average time 2417314263(thm)
17:07:39.029 T:2924440464 M:511668224 DEBUG: CDirectoryCache::UpdateItem, CACHE updating dirPath = appbox://all/ , cacheId = , item = Cherry Adult Tv, path = app://cherrysaucehard/ (dircache)
17:07:39.030 T:2924440464 M:511668224 DEBUG: CDirectoryCache::UpdateItem, found the relevant dir - strDirPath = appbox://all (dircache)
17:07:39.030 T:2924440464 M:511668224 DEBUG: CDirectoryCache::UpdateItem, found the item - strItemPath = app://cherrysaucehard/ (dircache)
17:07:39.031 T:2924440464 M:511668224 DEBUG: TouchThumbnailFile touch thumbnail file special://masterprofile/profiles/asafg/Thumbnails/Pictures/5/57694c3f.tbn size 9358 (thm)
17:07:39.035 T:2928651152 M:511668224 DEBUG: CDirectoryCache::UpdateItem, CACHE updating dirPath = appbox://all/ , cacheId = , item = HUSTLER, path = app://hustler/ (dircache)
17:07:39.036 T:2928651152 M:511668224 DEBUG: CDirectoryCache::UpdateItem, found the relevant dir - strDirPath = appbox://all (dircache)
17:07:39.036 T:2928651152 M:511668224 DEBUG: CDirectoryCache::UpdateItem, found the item - strItemPath = app://hustler/ (dircache)
17:07:39.038 T:2928651152 M:511668224 DEBUG: TouchThumbnailFile touch thumbnail file special://masterprofile/profiles/asafg/Thumbnails/Pictures/5/5db18d32.tbn size 4209 (thm)
17:07:39.040 T:3018603408 M:511668224 DEBUG: CDirectoryCache::UpdateItem, CACHE updating dirPath = appbox://all/ , cacheId = , item = Deutsche Inhalte, path = app://rssfeeds-german/ (dircache)
17:07:39.041 T:3018603408 M:511668224 DEBUG: CDirectoryCache::UpdateItem, found the relevant dir - strDirPath = appbox://all (dircache)
17:07:39.042 T:3018603408 M:511672320 DEBUG: CDirectoryCache::UpdateItem, found the item - strItemPath = app://rssfeeds-german/ (dircache)
17:07:39.042 T:3018603408 M:511672320 DEBUG: TouchThumbnailFile touch thumbnail file special://masterprofile/profiles/asafg/Thumbnails/Pictures/2/2893f2f3.tbn size 32899 (thm)
17:07:39.045 T:2918185872 M:511672320 DEBUG: CDirectoryCache::UpdateItem, CACHE updating dirPath = appbox://all/ , cacheId = , item = reddit TV, path = app://reddittv/ (dircache)
17:07:39.045 T:2918185872 M:511672320 DEBUG: CDirectoryCache::UpdateItem, found the relevant dir - strDirPath = appbox://all (dircache)
17:07:39.046 T:2918185872 M:511672320 DEBUG: CDirectoryCache::UpdateItem, found the item - strItemPath = app://reddittv/ (dircache)
17:07:39.048 T:2918185872 M:511672320 DEBUG: TouchThumbnailFile touch thumbnail file special://masterprofile/profiles/asafg/Thumbnails/Pictures/1/1f8bfcb9.tbn size 6780 (thm)
17:07:39.132 T:2924440464 M:511553536 DEBUG: TouchThumbnailFile touch thumbnail file special://masterprofile/profiles/asafg/Thumbnails/Pictures/5/57694c3f.tbn already exist - update the average time total 1 files average time 2417314282(thm)
17:07:39.134 T:2917133200 M:511553536 DEBUG: CDirectoryCache::UpdateItem, CACHE updating dirPath = appbox://all/ , cacheId = , item = Pandora, path = app://pandora/ (dircache)
17:07:39.134 T:2917133200 M:511553536 DEBUG: CDirectoryCache::UpdateItem, found the relevant dir - strDirPath = appbox://all (dircache)
17:07:39.135 T:2917133200 M:511553536 DEBUG: CDirectoryCache::UpdateItem, found the item - strItemPath = app://pandora/ (dircache)
17:07:39.136 T:2917133200 M:511553536 DEBUG: TouchThumbnailFile touch thumbnail file special://masterprofile/profiles/asafg/Thumbnails/Pictures/d/d49cfd85.tbn size 27099 (thm)
17:07:39.139 T:2924440464 M:511553536 DEBUG: CDirectoryCache::UpdateItem, CACHE updating dirPath = appbox://all/ , cacheId = , item = Netflix, path = app://nrd/ (dircache)
17:07:39.140 T:2924440464 M:511553536 DEBUG: CDirectoryCache::UpdateItem, found the relevant dir - strDirPath = appbox://all (dircache)
17:07:39.140 T:2924440464 M:511553536 DEBUG: CDirectoryCache::UpdateItem, found the item - strItemPath = app://nrd/ (dircache)
17:07:39.141 T:2924440464 M:511553536 DEBUG: TouchThumbnailFile touch thumbnail file special://masterprofile/profiles/asafg/Thumbnails/Pictures/0/02df7008.tbn size 5140 (thm)
17:07:39.142 T:2924440464 M:511553536 DEBUG: TouchThumbnailFile touch thumbnail file special://masterprofile/profiles/asafg/Thumbnails/Pictures/0/02df7008.tbn already exist - update the average time total 1 files average time 2417314301(thm)
17:07:39.209 T:3018603408 M:509394944 DEBUG: TouchThumbnailFile touch thumbnail file special://masterprofile/profiles/asafg/Thumbnails/Pictures/2/2893f2f3.tbn already exist - update the average time total 1 files average time 2417314320(thm)
17:07:39.211 T:2924440464 M:509394944 DEBUG: CDirectoryCache::UpdateItem, CACHE updating dirPath = appbox://all/ , cacheId = , item = Spotify, path = app://spotify/ (dircache)
17:07:39.212 T:2924440464 M:509394944 DEBUG: CDirectoryCache::UpdateItem, found the relevant dir - strDirPath = appbox://all (dircache)
17:07:39.212 T:2924440464 M:509394944 DEBUG: CDirectoryCache::UpdateItem, found the item - strItemPath = app://spotify/ (dircache)
17:07:39.213 T:2924440464 M:509394944 DEBUG: TouchThumbnailFile touch thumbnail file special://masterprofile/profiles/asafg/Thumbnails/Pictures/8/84abefa9.tbn size 18144 (thm)
17:07:39.275 T:2918185872 M:507744256 DEBUG: TouchThumbnailFile touch thumbnail file special://masterprofile/profiles/asafg/Thumbnails/Pictures/1/1f8bfcb9.tbn already exist - update the average time total 1 files average time 2417314339(thm)
17:07:39.276 T:3018603408 M:507744256 DEBUG: CDirectoryCache::UpdateItem, CACHE updating dirPath = appbox://all/ , cacheId = , item = YouTube, path = app://youtube/ (dircache)
17:07:39.277 T:3018603408 M:507744256 DEBUG: CDirectoryCache::UpdateItem, found the relevant dir - strDirPath = appbox://all (dircache)
17:07:39.279 T:3018603408 M:507748352 DEBUG: CDirectoryCache::UpdateItem, found the item - strItemPath = app://youtube/ (dircache)
17:07:39.279 T:3018603408 M:507748352 DEBUG: TouchThumbnailFile touch thumbnail file special://masterprofile/profiles/asafg/Thumbnails/Pictures/c/c9f5cdba.tbn size 24448 (thm)
17:07:39.283 T:2918185872 M:507748352 DEBUG: CDirectoryCache::UpdateItem, CACHE updating dirPath = appbox://all/ , cacheId = , item = AccuWeather, path = app://accuweather/ (dircache)
17:07:39.283 T:2918185872 M:507748352 DEBUG: CDirectoryCache::UpdateItem, found the relevant dir - strDirPath = appbox://all (dircache)
17:07:39.283 T:2918185872 M:507748352 DEBUG: CDirectoryCache::UpdateItem, found the item - strItemPath = app://accuweather/ (dircache)
17:07:39.284 T:2918185872 M:507748352 DEBUG: TouchThumbnailFile touch thumbnail file special://masterprofile/profiles/asafg/Thumbnails/Pictures/1/10b66642.tbn size 46723 (thm)
17:07:39.285 T:2918185872 M:507748352 DEBUG: TouchThumbnailFile touch thumbnail file special://masterprofile/profiles/asafg/Thumbnails/Pictures/1/10b66642.tbn already exist - update the average time total 1 files average time 2417314358(thm)
17:07:39.286 T:2928651152 M:507748352 DEBUG: TouchThumbnailFile touch thumbnail file special://masterprofile/profiles/asafg/Thumbnails/Pictures/5/5db18d32.tbn already exist - update the average time total 1 files average time 2417314377(thm)
17:07:39.289 T:2918185872 M:507748352 DEBUG: CDirectoryCache::UpdateItem, CACHE updating dirPath = appbox://all/ , cacheId = , item = RSS Feeds, path = app://rssfeeds/ (dircache)
17:07:39.290 T:2918185872 M:507748352 DEBUG: CDirectoryCache::UpdateItem, found the relevant dir - strDirPath = appbox://all (dircache)
17:07:39.291 T:2918185872 M:507748352 DEBUG: CDirectoryCache::UpdateItem, found the item - strItemPath = app://rssfeeds/ (dircache)
17:07:39.623 T:2918185872 M:506605568 DEBUG: TouchThumbnailFile touch thumbnail file special://masterprofile/profiles/asafg/Thumbnails/Pictures/6/642c553f.tbn size 17223 (thm)
17:07:39.623 T:2928651152 M:506605568 DEBUG: CDirectoryCache::UpdateItem, CACHE updating dirPath = appbox://all/ , cacheId = , item = Boxee Browser, path = app://browser2/ (dircache)
17:07:39.624 T:2928651152 M:506605568 DEBUG: CDirectoryCache::UpdateItem, found the relevant dir - strDirPath = appbox://all (dircache)
17:07:39.624 T:2928651152 M:506605568 DEBUG: CDirectoryCache::UpdateItem, found the item - strItemPath = app://browser2/ (dircache)
17:07:39.625 T:2928651152 M:506605568 DEBUG: TouchThumbnailFile touch thumbnail file special://masterprofile/profiles/asafg/Thumbnails/Pictures/f/ffe72735.tbn size 22414 (thm)
17:07:39.625 T:2924440464 M:506605568 DEBUG: TouchThumbnailFile touch thumbnail file special://masterprofile/profiles/asafg/Thumbnails/Pictures/8/84abefa9.tbn already exist - update the average time total 1 files average time 2417314396(thm)
17:07:39.628 T:3018603408 M:506605568 DEBUG: TouchThumbnailFile touch thumbnail file special://masterprofile/profiles/asafg/Thumbnails/Pictures/c/c9f5cdba.tbn already exist - update the average time total 1 files average time 2417314415(thm)
17:07:39.631 T:2924440464 M:506605568 DEBUG: CDirectoryCache::UpdateItem, CACHE updating dirPath = appbox://all/ , cacheId = , item = YouPorn, path = app://youporn/ (dircache)
17:07:39.631 T:2924440464 M:506605568 DEBUG: CDirectoryCache::UpdateItem, found the relevant dir - strDirPath = appbox://all (dircache)
17:07:39.632 T:2924440464 M:506605568 DEBUG: CDirectoryCache::UpdateItem, found the item - strItemPath = app://youporn/ (dircache)
17:07:39.633 T:2924440464 M:506605568 DEBUG: TouchThumbnailFile touch thumbnail file special://masterprofile/profiles/asafg/Thumbnails/Pictures/4/4e4c9b99.tbn size 15835 (thm)
17:07:39.636 T:3018603408 M:506605568 DEBUG: CDirectoryCache::UpdateItem, CACHE updating dirPath = appbox://all/ , cacheId = , item = Grooveshark, path = app://tv.boxee.grooveshark/ (dircache)
17:07:39.637 T:3018603408 M:506609664 DEBUG: CDirectoryCache::UpdateItem, found the relevant dir - strDirPath = appbox://all (dircache)
17:07:39.638 T:2917133200 M:506609664 DEBUG: TouchThumbnailFile touch thumbnail file special://masterprofile/profiles/asafg/Thumbnails/Pictures/d/d49cfd85.tbn already exist - update the average time total 1 files average time 2417314434(thm)
17:07:39.639 T:3018603408 M:506609664 DEBUG: CDirectoryCache::UpdateItem, found the item - strItemPath = app://tv.boxee.grooveshark/ (dircache)
17:07:39.640 T:3018603408 M:506609664 DEBUG: TouchThumbnailFile touch thumbnail file special://masterprofile/profiles/asafg/Thumbnails/Pictures/6/635791b1.tbn size 8957 (thm)
17:07:39.643 T:2917133200 M:506609664 DEBUG: CDirectoryCache::UpdateItem, CACHE updating dirPath = appbox://all/ , cacheId = , item = TED, path = app://ted/ (dircache)
17:07:39.643 T:2917133200 M:506609664 DEBUG: CDirectoryCache::UpdateItem, found the relevant dir - strDirPath = appbox://all (dircache)
17:07:39.644 T:2917133200 M:506609664 DEBUG: CDirectoryCache::UpdateItem, found the item - strItemPath = app://ted/ (dircache)
17:07:39.645 T:2917133200 M:506609664 DEBUG: TouchThumbnailFile touch thumbnail file special://masterprofile/profiles/asafg/Thumbnails/Pictures/9/903c2b61.tbn size 4949 (thm)
17:07:39.646 T:2917133200 M:506609664 DEBUG: TouchThumbnailFile touch thumbnail file special://masterprofile/profiles/asafg/Thumbnails/Pictures/9/903c2b61.tbn already exist - update the average time total 1 files average time 2417314453(thm)
17:07:39.648 T:2928651152 M:506609664 DEBUG: TouchThumbnailFile touch thumbnail file special://masterprofile/profiles/asafg/Thumbnails/Pictures/f/ffe72735.tbn already exist - update the average time total 1 files average time 2417314472(thm)
17:07:39.651 T:2917133200 M:506609664 DEBUG: CDirectoryCache::UpdateItem, CACHE updating dirPath = appbox://all/ , cacheId = , item = FyreTV, path = app://tv.boxee.fyretv/ (dircache)
17:07:39.651 T:2917133200 M:506609664 DEBUG: CDirectoryCache::UpdateItem, found the relevant dir - strDirPath = appbox://all (dircache)
17:07:39.652 T:2917133200 M:506609664 DEBUG: CDirectoryCache::UpdateItem, found the item - strItemPath = app://tv.boxee.fyretv/ (dircache)
17:07:39.653 T:2917133200 M:506609664 DEBUG: TouchThumbnailFile touch thumbnail file special://masterprofile/profiles/asafg/Thumbnails/Pictures/d/d49972af.tbn size 7917 (thm)
17:07:39.655 T:2924440464 M:506609664 DEBUG: TouchThumbnailFile touch thumbnail file special://masterprofile/profiles/asafg/Thumbnails/Pictures/4/4e4c9b99.tbn already exist - update the average time total 1 files average time 2417314491(thm)
17:07:39.988 T:2928651152 M:503689216 DEBUG: CDirectoryCache::UpdateItem, CACHE updating dirPath = appbox://all/ , cacheId = , item = VEVO, path = app://vevo/ (dircache)
17:07:39.989 T:2928651152 M:503689216 DEBUG: CDirectoryCache::UpdateItem, found the relevant dir - strDirPath = appbox://all (dircache)
17:07:39.990 T:2928651152 M:503689216 DEBUG: CDirectoryCache::UpdateItem, found the item - strItemPath = app://vevo/ (dircache)
17:07:39.991 T:2928651152 M:503689216 DEBUG: TouchThumbnailFile touch thumbnail file special://masterprofile/profiles/asafg/Thumbnails/Pictures/6/60ab28e2.tbn size 4923 (thm)
17:07:39.994 T:2924440464 M:503689216 DEBUG: CDirectoryCache::UpdateItem, CACHE updating dirPath = appbox://all/ , cacheId = , item = Headweb, path = app://headweb/ (dircache)
17:07:39.994 T:2924440464 M:503689216 DEBUG: CDirectoryCache::UpdateItem, found the relevant dir - strDirPath = appbox://all (dircache)
17:07:39.995 T:2924440464 M:503689216 DEBUG: CDirectoryCache::UpdateItem, found the item - strItemPath = app://headweb/ (dircache)
17:07:39.996 T:2924440464 M:503689216 DEBUG: TouchThumbnailFile touch thumbnail file special://masterprofile/profiles/asafg/Thumbnails/Pictures/f/f2e9efa5.tbn size 8348 (thm)
17:07:39.996 T:2924440464 M:503689216 DEBUG: TouchThumbnailFile touch thumbnail file special://masterprofile/profiles/asafg/Thumbnails/Pictures/f/f2e9efa5.tbn already exist - update the average time total 1 files average time 2417314510(thm)
17:07:39.998 T:2918185872 M:503693312 DEBUG: TouchThumbnailFile touch thumbnail file special://masterprofile/profiles/asafg/Thumbnails/Pictures/6/642c553f.tbn already exist - update the average time total 1 files average time 2417314529(thm)
17:07:40.001 T:2924440464 M:503693312 DEBUG: CDirectoryCache::UpdateItem, CACHE updating dirPath = appbox://all/ , cacheId = , item = Cinetrailer.tv, path = app://cinetrailer/ (dircache)
17:07:40.002 T:2924440464 M:503693312 DEBUG: CDirectoryCache::UpdateItem, found the relevant dir - strDirPath = appbox://all (dircache)
17:07:40.002 T:2924440464 M:503693312 DEBUG: CDirectoryCache::UpdateItem, found the item - strItemPath = app://cinetrailer/ (dircache)
17:07:40.003 T:2924440464 M:503693312 DEBUG: TouchThumbnailFile touch thumbnail file special://masterprofile/profiles/asafg/Thumbnails/Pictures/5/550eaf73.tbn size 6247 (thm)
17:07:40.006 T:2918185872 M:503693312 DEBUG: CDirectoryCache::UpdateItem, CACHE updating dirPath = appbox://all/ , cacheId = , item = AOL HD, path = app://aolhd/ (dircache)
17:07:40.006 T:2918185872 M:503693312 DEBUG: CDirectoryCache::UpdateItem, found the relevant dir - strDirPath = appbox://all (dircache)
17:07:40.006 T:2918185872 M:503693312 DEBUG: CDirectoryCache::UpdateItem, found the item - strItemPath = app://aolhd/ (dircache)
17:07:40.008 T:2918185872 M:503693312 DEBUG: TouchThumbnailFile touch thumbnail file special://masterprofile/profiles/asafg/Thumbnails/Pictures/5/57278189.tbn size 4411 (thm)
17:07:40.008 T:2918185872 M:503693312 DEBUG: TouchThumbnailFile touch thumbnail file special://masterprofile/profiles/asafg/Thumbnails/Pictures/5/57278189.tbn already exist - update the average time total 1 files average time 2417314549(thm)
17:07:40.095 T:2928651152 M:503701504 DEBUG: TouchThumbnailFile touch thumbnail file special://masterprofile/profiles/asafg/Thumbnails/Pictures/6/60ab28e2.tbn already exist - update the average time total 1 files average time 2417314569(thm)
17:07:40.098 T:2918185872 M:503701504 DEBUG: CDirectoryCache::UpdateItem, CACHE updating dirPath = appbox://all/ , cacheId = , item = Vudu, path = app://vudu/ (dircache)
17:07:40.100 T:2918185872 M:503701504 DEBUG: CDirectoryCache::UpdateItem, found the relevant dir - strDirPath = appbox://all (dircache)
17:07:40.102 T:2918185872 M:503701504 DEBUG: CDirectoryCache::UpdateItem, found the item - strItemPath = app://vudu/ (dircache)
17:07:40.102 T:2918185872 M:503701504 DEBUG: TouchThumbnailFile touch thumbnail file special://masterprofile/profiles/asafg/Thumbnails/Pictures/b/b7974c3b.tbn size 28396 (thm)
17:07:40.105 T:2928651152 M:503701504 DEBUG: CDirectoryCache::UpdateItem, CACHE updating dirPath = appbox://all/ , cacheId = , item = revision3, path = app://revision3/ (dircache)
17:07:40.106 T:2928651152 M:503701504 DEBUG: CDirectoryCache::UpdateItem, found the relevant dir - strDirPath = appbox://all (dircache)
17:07:40.106 T:2928651152 M:503701504 DEBUG: CDirectoryCache::UpdateItem, found the item - strItemPath = app://revision3/ (dircache)
17:07:40.108 T:3018603408 M:503701504 DEBUG: TouchThumbnailFile touch thumbnail file special://masterprofile/profiles/asafg/Thumbnails/Pictures/6/635791b1.tbn already exist - update the average time total 1 files average time 2417314589(thm)
17:07:40.109 T:2928651152 M:503701504 DEBUG: TouchThumbnailFile touch thumbnail file special://masterprofile/profiles/asafg/Thumbnails/Pictures/6/6b096b7e.tbn size 19948 (thm)
17:07:40.112 T:3018603408 M:503701504 DEBUG: CDirectoryCache::UpdateItem, CACHE updating dirPath = appbox://all/ , cacheId = , item = TVkaista.fi, path = app://tvkaista/ (dircache)
17:07:40.112 T:3018603408 M:503701504 DEBUG: CDirectoryCache::UpdateItem, found the relevant dir - strDirPath = appbox://all (dircache)
17:07:40.113 T:3018603408 M:503701504 DEBUG: CDirectoryCache::UpdateItem, found the item - strItemPath = app://tvkaista/ (dircache)
17:07:40.114 T:3018603408 M:503701504 DEBUG: TouchThumbnailFile touch thumbnail file special://masterprofile/profiles/asafg/Thumbnails/Pictures/0/096a7489.tbn size 8159 (thm)
17:07:40.115 T:2924440464 M:503705600 DEBUG: TouchThumbnailFile touch thumbnail file special://masterprofile/profiles/asafg/Thumbnails/Pictures/5/550eaf73.tbn already exist - update the average time total 1 files average time 2417314609(thm)
17:07:40.116 T:2917133200 M:503705600 DEBUG: TouchThumbnailFile touch thumbnail file special://masterprofile/profiles/asafg/Thumbnails/Pictures/d/d49972af.tbn already exist - update the average time total 1 files average time 2417314629(thm)
17:07:40.120 T:2924440464 M:503705600 DEBUG: CDirectoryCache::UpdateItem, CACHE updating dirPath = appbox://all/ , cacheId = , item = SuicideGirls, path = app://suicidegirls/ (dircache)
17:07:40.451 T:2924440464 M:500404224 DEBUG: CDirectoryCache::UpdateItem, found the relevant dir - strDirPath = appbox://all (dircache)
17:07:40.452 T:2924440464 M:500404224 DEBUG: CDirectoryCache::UpdateItem, found the item - strItemPath = app://suicidegirls/ (dircache)
17:07:40.452 T:2924440464 M:500404224 DEBUG: TouchThumbnailFile touch thumbnail file special://masterprofile/profiles/asafg/Thumbnails/Pictures/9/9dc6010e.tbn size 48774 (thm)
17:07:40.453 T:2918185872 M:500404224 DEBUG: TouchThumbnailFile touch thumbnail file special://masterprofile/profiles/asafg/Thumbnails/Pictures/b/b7974c3b.tbn already exist - update the average time total 1 files average time 2417314649(thm)
17:07:40.454 T:2917133200 M:500404224 DEBUG: CDirectoryCache::UpdateItem, CACHE updating dirPath = appbox://all/ , cacheId = , item = TuneIn Radio, path = app://tuneinradio/ (dircache)
17:07:40.454 T:2917133200 M:500404224 DEBUG: CDirectoryCache::UpdateItem, found the relevant dir - strDirPath = appbox://all (dircache)
17:07:40.455 T:2917133200 M:500404224 DEBUG: CDirectoryCache::UpdateItem, found the item - strItemPath = app://tuneinradio/ (dircache)
17:07:40.456 T:2917133200 M:500404224 DEBUG: TouchThumbnailFile touch thumbnail file special://masterprofile/profiles/asafg/Thumbnails/Pictures/a/aba1ce85.tbn size 17017 (thm)
17:07:40.460 T:2918185872 M:500404224 DEBUG: CDirectoryCache::UpdateItem, CACHE updating dirPath = appbox://all/ , cacheId = , item = MUBI, path = app://mubi/ (dircache)
17:07:40.460 T:2918185872 M:500404224 DEBUG: CDirectoryCache::UpdateItem, found the relevant dir - strDirPath = appbox://all (dircache)
17:07:40.461 T:2918185872 M:500404224 DEBUG: CDirectoryCache::UpdateItem, found the item - strItemPath = app://mubi/ (dircache)
17:07:40.462 T:2918185872 M:500404224 DEBUG: TouchThumbnailFile touch thumbnail file special://masterprofile/profiles/asafg/Thumbnails/Pictures/a/afa8178f.tbn size 16439 (thm)
17:07:40.462 T:2918185872 M:500404224 DEBUG: TouchThumbnailFile touch thumbnail file special://masterprofile/profiles/asafg/Thumbnails/Pictures/a/afa8178f.tbn already exist - update the average time total 1 files average time 2417314669(thm)
17:07:40.463 T:3018603408 M:500404224 DEBUG: TouchThumbnailFile touch thumbnail file special://masterprofile/profiles/asafg/Thumbnails/Pictures/0/096a7489.tbn already exist - update the average time total 1 files average time 2417314689(thm)
17:07:40.467 T:2918185872 M:500404224 DEBUG: CDirectoryCache::UpdateItem, CACHE updating dirPath = appbox://all/ , cacheId = , item = Pornhub, path = app://pornhub/ (dircache)
17:07:40.469 T:2918185872 M:500404224 DEBUG: CDirectoryCache::UpdateItem, found the relevant dir - strDirPath = appbox://all (dircache)
17:07:40.469 T:2918185872 M:500404224 DEBUG: CDirectoryCache::UpdateItem, found the item - strItemPath = app://pornhub/ (dircache)
17:07:40.470 T:2918185872 M:500404224 DEBUG: TouchThumbnailFile touch thumbnail file special://masterprofile/profiles/asafg/Thumbnails/Pictures/8/851f8872.tbn size 9675 (thm)
17:07:40.473 T:3018603408 M:500404224 DEBUG: CDirectoryCache::UpdateItem, CACHE updating dirPath = appbox://all/ , cacheId = , item = VX.tv, path = app://vxtv/ (dircache)
17:07:40.474 T:3018603408 M:500404224 DEBUG: CDirectoryCache::UpdateItem, found the relevant dir - strDirPath = appbox://all (dircache)
17:07:40.475 T:3018603408 M:500408320 DEBUG: CDirectoryCache::UpdateItem, found the item - strItemPath = app://vxtv/ (dircache)
17:07:40.475 T:3018603408 M:500408320 DEBUG: TouchThumbnailFile touch thumbnail file special://masterprofile/profiles/asafg/Thumbnails/Pictures/f/f97353c6.tbn size 9206 (thm)
17:07:40.476 T:3018603408 M:500408320 DEBUG: TouchThumbnailFile touch thumbnail file special://masterprofile/profiles/asafg/Thumbnails/Pictures/f/f97353c6.tbn already exist - update the average time total 1 files average time 2417314709(thm)
17:07:40.478 T:2917133200 M:500408320 DEBUG: TouchThumbnailFile touch thumbnail file special://masterprofile/profiles/asafg/Thumbnails/Pictures/a/aba1ce85.tbn already exist - update the average time total 1 files average time 2417314729(thm)
17:07:40.481 T:3018603408 M:500408320 DEBUG: CDirectoryCache::UpdateItem, CACHE updating dirPath = appbox://all/ , cacheId = , item = Live TV News, path = app://livestation/ (dircache)
17:07:40.481 T:3018603408 M:500408320 DEBUG: CDirectoryCache::UpdateItem, found the relevant dir - strDirPath = appbox://all (dircache)
17:07:40.482 T:3018603408 M:500408320 DEBUG: CDirectoryCache::UpdateItem, found the item - strItemPath = app://livestation/ (dircache)
17:07:40.483 T:3018603408 M:500408320 DEBUG: TouchThumbnailFile touch thumbnail file special://masterprofile/profiles/asafg/Thumbnails/Pictures/c/c8a09692.tbn size 7439 (thm)
17:07:40.814 T:2928651152 M:500408320 DEBUG: TouchThumbnailFile touch thumbnail file special://masterprofile/profiles/asafg/Thumbnails/Pictures/6/6b096b7e.tbn already exist - update the average time total 1 files average time 2417314749(thm)
17:07:40.814 T:2917133200 M:500408320 DEBUG: CDirectoryCache::UpdateItem, CACHE updating dirPath = appbox://all/ , cacheId = , item = BBC iPlayer, path = app://iplayer/ (dircache)
17:07:40.815 T:2917133200 M:500408320 DEBUG: CDirectoryCache::UpdateItem, found the relevant dir - strDirPath = appbox://all (dircache)
17:07:40.816 T:2917133200 M:500408320 DEBUG: CDirectoryCache::UpdateItem, found the item - strItemPath = app://iplayer/ (dircache)
17:07:40.817 T:2917133200 M:500408320 DEBUG: TouchThumbnailFile touch thumbnail file special://masterprofile/profiles/asafg/Thumbnails/Pictures/3/33d0ce02.tbn size 4882 (thm)
17:07:40.818 T:2918185872 M:500408320 DEBUG: TouchThumbnailFile touch thumbnail file special://masterprofile/profiles/asafg/Thumbnails/Pictures/8/851f8872.tbn already exist - update the average time total 1 files average time 2417314769(thm)
17:07:40.821 T:2928651152 M:500408320 DEBUG: CDirectoryCache::UpdateItem, CACHE updating dirPath = appbox://all/ , cacheId = , item = The Big Picture, path = app://thebigpicture/ (dircache)
17:07:40.822 T:2928651152 M:500408320 DEBUG: CDirectoryCache::UpdateItem, found the relevant dir - strDirPath = appbox://all (dircache)
17:07:40.823 T:2928651152 M:500408320 DEBUG: CDirectoryCache::UpdateItem, found the item - strItemPath = app://thebigpicture/ (dircache)
17:07:40.823 T:2928651152 M:500408320 DEBUG: TouchThumbnailFile touch thumbnail file special://masterprofile/profiles/asafg/Thumbnails/Pictures/a/aac774f2.tbn size 88512 (thm)
17:07:40.826 T:2918185872 M:500408320 DEBUG: CDirectoryCache::UpdateItem, CACHE updating dirPath = appbox://all/ , cacheId = , item = TWiT, path = app://twit-video/ (dircache)
17:07:40.827 T:2918185872 M:500408320 DEBUG: CDirectoryCache::UpdateItem, found the relevant dir - strDirPath = appbox://all (dircache)
17:07:40.828 T:2918185872 M:500408320 DEBUG: CDirectoryCache::UpdateItem, found the item - strItemPath = app://twit-video/ (dircache)
17:07:40.829 T:2918185872 M:500408320 DEBUG: TouchThumbnailFile touch thumbnail file special://masterprofile/profiles/asafg/Thumbnails/Pictures/9/97b8a261.tbn size 7144 (thm)
17:07:40.830 T:2918185872 M:500408320 DEBUG: TouchThumbnailFile touch thumbnail file special://masterprofile/profiles/asafg/Thumbnails/Pictures/9/97b8a261.tbn already exist - update the average time total 1 files average time 2417314789(thm)
17:07:40.831 T:3018603408 M:500412416 DEBUG: TouchThumbnailFile touch thumbnail file special://masterprofile/profiles/asafg/Thumbnails/Pictures/c/c8a09692.tbn already exist - update the average time total 1 files average time 2417314809(thm)
17:07:40.834 T:2918185872 M:500412416 DEBUG: CDirectoryCache::UpdateItem, CACHE updating dirPath = appbox://all/ , cacheId = , item = Flickr, path = app://flickr/ (dircache)
17:07:40.834 T:2918185872 M:500412416 DEBUG: CDirectoryCache::UpdateItem, found the relevant dir - strDirPath = appbox://all (dircache)
17:07:40.835 T:2918185872 M:500412416 DEBUG: CDirectoryCache::UpdateItem, found the item - strItemPath = app://flickr/ (dircache)
17:07:40.836 T:2918185872 M:500412416 DEBUG: TouchThumbnailFile touch thumbnail file special://masterprofile/profiles/asafg/Thumbnails/Pictures/f/f417a759.tbn size 7673 (thm)
17:07:40.839 T:3018603408 M:500412416 DEBUG: CDirectoryCache::UpdateItem, CACHE updating dirPath = appbox://all/ , cacheId = , item = YuppTV, path = app://yupptv/ (dircache)
17:07:40.840 T:3018603408 M:500412416 DEBUG: CDirectoryCache::UpdateItem, found the relevant dir - strDirPath = appbox://all (dircache)
17:07:40.841 T:3018603408 M:500412416 DEBUG: CDirectoryCache::UpdateItem, found the item - strItemPath = app://yupptv/ (dircache)
17:07:40.842 T:3018603408 M:500412416 DEBUG: TouchThumbnailFile touch thumbnail file special://masterprofile/profiles/asafg/Thumbnails/Pictures/b/b209db47.tbn size 7662 (thm)
17:07:40.842 T:3018603408 M:500412416 DEBUG: TouchThumbnailFile touch thumbnail file special://masterprofile/profiles/asafg/Thumbnails/Pictures/b/b209db47.tbn already exist - update the average time total 1 files average time 2417314829(thm)
17:07:40.845 T:3018603408 M:500412416 DEBUG: CDirectoryCache::UpdateItem, CACHE updating dirPath = appbox://all/ , cacheId = , item = Vimeo, path = app://vimeo-couchmode/ (dircache)
17:07:40.846 T:3018603408 M:500412416 DEBUG: CDirectoryCache::UpdateItem, found the relevant dir - strDirPath = appbox://all (dircache)
17:07:40.847 T:3018603408 M:500412416 DEBUG: CDirectoryCache::UpdateItem, found the item - strItemPath = app://vimeo-couchmode/ (dircache)
17:07:41.179 T:2928651152 M:500412416 DEBUG: TouchThumbnailFile touch thumbnail file special://masterprofile/profiles/asafg/Thumbnails/Pictures/a/aac774f2.tbn already exist - update the average time total 1 files average time 2417314849(thm)
17:07:41.181 T:3018603408 M:500412416 DEBUG: TouchThumbnailFile touch thumbnail file special://masterprofile/profiles/asafg/Thumbnails/Pictures/3/3de68ce6.tbn size 15201 (thm)
17:07:41.181 T:3071473440 M:500412416 DEBUG: CKeyboardStat, SDLKeyboard: scancode: 105, sym: 276, unicode: 0, modifier: 0
17:07:41.182 T:3071473440 M:500412416 DEBUG: CApplication::OnKey - [key=61477][window=10482][action=1]
17:07:41.182 T:3071473440 M:500412416 DEBUG: OnKey: 61477 pressed, action is 1
17:07:41.184 T:3071473440 M:500412416 DEBUG: CKeyboardStat, SDLKeyboard: scancode: 105, sym: 276, unicode: 0, modifier: 0
17:07:41.185 T:3071473440 M:500412416 DEBUG: CApplication::OnKey - [key=61477][window=10482][action=1]
17:07:41.185 T:3071473440 M:500412416 DEBUG: OnKey: 61477 pressed, action is 1
17:07:41.187 T:3071473440 M:500412416 DEBUG: CKeyboardStat, SDLKeyboard: scancode: 105, sym: 276, unicode: 0, modifier: 0
17:07:41.188 T:3071473440 M:500412416 DEBUG: CApplication::OnKey - [key=61477][window=10482][action=1]
17:07:41.188 T:3071473440 M:500412416 DEBUG: OnKey: 61477 pressed, action is 1
17:07:41.345 T:2924440464 M:496992256 DEBUG: TouchThumbnailFile touch thumbnail file special://masterprofile/profiles/asafg/Thumbnails/Pictures/9/9dc6010e.tbn already exist - update the average time total 1 files average time 2417314870(thm)
17:07:41.346 T:2918185872 M:496992256 DEBUG: TouchThumbnailFile touch thumbnail file special://masterprofile/profiles/asafg/Thumbnails/Pictures/f/f417a759.tbn already exist - update the average time total 1 files average time 2417314891(thm)
17:07:41.348 T:2917133200 M:496996352 DEBUG: TouchThumbnailFile touch thumbnail file special://masterprofile/profiles/asafg/Thumbnails/Pictures/3/33d0ce02.tbn already exist - update the average time total 1 files average time 2417314912(thm)
17:07:41.349 T:3018603408 M:496996352 DEBUG: TouchThumbnailFile touch thumbnail file special://masterprofile/profiles/asafg/Thumbnails/Pictures/3/3de68ce6.tbn already exist - update the average time total 1 files average time 2417314933(thm)
17:07:41.818 T:3071473440 M:495853568 DEBUG: CKeyboardStat, SDLKeyboard: scancode: 103, sym: 273, unicode: 0, modifier: 0
17:07:41.819 T:3071473440 M:495853568 DEBUG: CApplication::OnKey - [key=61478][window=10482][action=3]
17:07:41.819 T:3071473440 M:495853568 DEBUG: OnKey: 61478 pressed, action is 3
17:07:42.202 T:3071473440 M:495853568 DEBUG: CKeyboardStat, SDLKeyboard: scancode: 28, sym: 13, unicode: 0, modifier: 0
17:07:42.202 T:3071473440 M:495853568 DEBUG: CApplication::OnKey - [key=61453][window=10482][action=7]
17:07:42.203 T:3071473440 M:495853568 DEBUG: OnKey: 61453 pressed, action is 7
17:07:42.220 T:3071473440 M:495853568 DEBUG: CGUIWindowBoxeeBrowse::OnMessage, GUI_MSG_CLICKED, action = 7 (browse)
17:07:42.221 T:3071473440 M:495853568 DEBUG: CGUIWindowBoxeeBrowseApps::OnClick - Enter function with [item=10] (bapps)(browse)
17:07:42.222 T:3071473440 M:495853568 DEBUG: ============================FileItem Dump Start===================================
17:07:42.222 T:3071473440 M:495853568 DEBUG: Is Folder: false
17:07:42.222 T:3071473440 M:495853568 DEBUG: Is Playable Folder: false
17:07:42.222 T:3071473440 M:495853568 DEBUG: Is Parent Folder: false
17:07:42.223 T:3071473440 M:495853568 DEBUG: Label: FyreTV
17:07:42.223 T:3071473440 M:495853568 DEBUG: Label2:
17:07:42.223 T:3071473440 M:495853568 DEBUG: path: app://tv.boxee.fyretv/
17:07:42.223 T:3071473440 M:495853568 DEBUG: Label preformatted: false
17:07:42.224 T:3071473440 M:495853568 DEBUG: Thumb: special://masterprofile/profiles/asafg/Thumbnails/Pictures/d/d49972af.tbn
17:07:42.224 T:3071473440 M:495853568 DEBUG: Icon: DefaultFile.png
17:07:42.224 T:3071473440 M:495853568 DEBUG: Title:
17:07:42.224 T:3071473440 M:495853568 DEBUG: m_contenttype:
17:07:42.225 T:3071473440 M:495853568 DEBUG: m_extrainfo:
17:07:42.225 T:3071473440 M:495853568 DEBUG: Selected: false
17:07:42.225 T:3071473440 M:495853568 DEBUG: Size: 0
17:07:42.226 T:3071473440 M:495853568 DEBUG: m_iprogramCount: 0
17:07:42.226 T:3071473440 M:495853568 DEBUG: m_idepth: 1
17:07:42.226 T:3071473440 M:495853568 DEBUG: m_lStartOffset: 0
17:07:42.226 T:3071473440 M:495853568 DEBUG: m_lEndOffset: 0
17:07:42.227 T:3071473440 M:495853568 DEBUG: DVD Label:
17:07:42.227 T:3071473440 M:495853568 DEBUG: OverlayIcon: 0
17:07:42.228 T:3071473440 M:495853568 DEBUG: m_iDriveType: 0
17:07:42.228 T:3071473440 M:495853568 DEBUG: m_bCanQueue: true
17:07:42.228 T:3071473440 M:495853568 DEBUG: m_bIsShareOrDrive: false
17:07:42.229 T:3071473440 M:495853568 DEBUG: m_dateTime: 1969-12-31
17:07:42.229 T:3071473440 M:495853568 DEBUG: m_iLockMode: 0
17:07:42.229 T:3071473440 M:495853568 DEBUG: m_strLockCode:
17:07:42.230 T:3071473440 M:495853568 DEBUG: m_iBadPwdCount: 0
17:07:42.230 T:3071473440 M:495853568 DEBUG: ** No video info tag
17:07:42.230 T:3071473440 M:495853568 DEBUG: ** No music info tag
17:07:42.230 T:3071473440 M:495853568 DEBUG: Properties (32):
17:07:42.231 T:3071473440 M:495853568 DEBUG: [adult] -> [1]
17:07:42.231 T:3071473440 M:495853568 DEBUG: [app-author] -> [Newvue]
17:07:42.231 T:3071473440 M:495853568 DEBUG: [app-localpath] -> [special://home/apps/tv.boxee.fyretv]
17:07:42.231 T:3071473440 M:495853568 DEBUG: [app-media] -> [video]
17:07:42.232 T:3071473440 M:495853568 DEBUG: [app-popularity] -> [895]
17:07:42.232 T:3071473440 M:495853568 DEBUG: [app-releasedate] -> [1329296482]
17:07:42.232 T:3071473440 M:495853568 DEBUG: [app-version] -> [1.25]
17:07:42.232 T:3071473440 M:495853568 DEBUG: [appid] -> [tv.boxee.fyretv]
17:07:42.233 T:3071473440 M:495857664 DEBUG: [controlId] -> [0]
17:07:42.234 T:3071473440 M:495857664 DEBUG: [country-codes] -> [all]
17:07:42.234 T:3071473440 M:495857664 DEBUG: [country-rel] -> [1]
17:07:42.234 T:3071473440 M:495857664 DEBUG: [description] -> [Over 15,000 XXX movies (75,000 scenes) with all your favorite stars from the industry's top studios. Watch on your Boxee Box, computer, phone, and tablet. (Ver 1.25)]
17:07:42.234 T:3071473440 M:495857664 DEBUG: [directoryPath] -> [appbox://all/]
17:07:42.235 T:3071473440 M:495857664 DEBUG: [DisplayPath] -> [app://tv.boxee.fyretv/]
17:07:42.235 T:3071473440 M:495857664 DEBUG: [HasDescription] -> [1]
17:07:42.236 T:3071473440 M:495857664 DEBUG: [HasNextItem] -> [1]
