16:54:49.570 T:3021073296 M:499916800 DEBUG: WatchDog::CheckIsConnectedToInternet - Check [http://9.ping.boxee.tv/] return [1]. [server=1][internet=1]. [fromJob=1] (offline)(wd)
16:54:49.571 T:3021073296 M:499916800 DEBUG: WatchDog::CheckIsConnectedToInternet - Exit function and return TRUE. [server=1][internet=1]. [fromJob=1] (offline)(wd)
16:54:55.789 T:3071473440 M:499941376 DEBUG: (dbg) FreeMem 488224/643508 Kb, FPS 40.0, CPU0: 47.7% (32.9%) Loader Q:[0] Textures:[188 (48.28 M)] SERVER: [67.225.149.139] ver: 1.5.1.23714-b17e3b9
16:54:55.789 T:3071473440 M:499941376 DEBUG: (dbg)
16:55:07.801 T:3071473440 M:499949568 DEBUG: (dbg) FreeMem 488232/643508 Kb, FPS 40.0, CPU0: 40.6% (37.7%) Loader Q:[0] Textures:[188 (48.28 M)] SERVER: [67.225.149.139] ver: 1.5.1.23714-b17e3b9
16:55:07.801 T:3071473440 M:499949568 DEBUG: (dbg)
16:55:19.813 T:3071473440 M:499949568 DEBUG: (dbg) FreeMem 488232/643508 Kb, FPS 40.0, CPU0: 40.3% (38.1%) Loader Q:[0] Textures:[188 (48.28 M)] SERVER: [67.225.149.139] ver: 1.5.1.23714-b17e3b9
16:55:19.813 T:3071473440 M:499949568 DEBUG: (dbg)
16:55:31.825 T:3071473440 M:499949568 DEBUG: (dbg) FreeMem 488232/643508 Kb, FPS 40.0, CPU0: 40.6% (38.5%) Loader Q:[0] Textures:[188 (48.28 M)] SERVER: [67.225.149.139] ver: 1.5.1.23714-b17e3b9
16:55:31.826 T:3071473440 M:499949568 DEBUG: (dbg)
16:55:36.960 T:3021073296 M:499949568 DEBUG: CPingJob::DoWork - Enter function. [server=1][internet=1] (ping)
16:55:36.961 T:3021073296 M:499949568 DEBUG: CPingJob::DoWork - Call to InitPingRequest() returned [1]. [strClientPingVersion=9][pingUrl=http://app.boxee.tv/ping/dlink.dsm380/1.5.1.23714-b17e3b9/9/0] (ping)
16:55:36.962 T:3021073296 M:499949568 WARNING: CPingJob::DoWork - Going to check ping. [server=1][internet=1] (ping)
16:55:37.521 T:3021073296 M:499949568 WARNING: CPingJob::DoWork - Check ping returned [retCode=200][Response-IsEmpty=0]. [server=1][internet=1] (ping)
16:55:37.522 T:3021073296 M:499949568 DEBUG: CPingJob::DoWork - The root tag was found. Going to parse the ping response (ping)
16:55:37.522 T:3021073296 M:499949568 DEBUG: CPingJob::DoWork - The tag was found (ping)
16:55:37.522 T:3021073296 M:499949568 DEBUG: CPingJob::DoWork - Because [nServerPingVersion=9] <= [9=nClientPingVersion] NOT going to parse the tag (ping)
16:55:37.522 T:3021073296 M:499949568 DEBUG: CPingJob::DoWork - The tag was found (ping)
16:55:43.838 T:3071473440 M:499949568 DEBUG: (dbg) FreeMem 488232/643508 Kb, FPS 40.0, CPU0: 41.2% (38.2%) Loader Q:[0] Textures:[188 (48.28 M)] SERVER: [67.225.149.139] ver: 1.5.1.23714-b17e3b9
16:55:43.838 T:3071473440 M:499949568 DEBUG: (dbg)
16:55:45.425 T:2946382736 M:499953664 DEBUG: Boxee: 22/02/12 14:55:45.4251#DEBUG#bxrecommendationsmanager.cpp:182(DoWork)#RequestRecommendationsListFromServerTask::DoWork - Enter function (rec)
16:55:45.425 T:2946382736 M:499953664 DEBUG: Boxee: 22/02/12 14:55:45.4259#DEBUG#bxrecommendationsmanager.cpp:240(CanExecute)#RequestRecommendationsListFromServerTask::CanExecute - Enter function. [activeWindowId=10000][isLoaded=1] (rec)
16:55:45.426 T:2946382736 M:499953664 DEBUG: Boxee: 22/02/12 14:55:45.4262#DEBUG#bxrecommendationsmanager.cpp:254(CanExecute)#RequestRecommendationsListFromServerTask::CanExecute - return TRUE. [ActiveWindowId=10000] (rec)
16:55:45.428 T:2946382736 M:499953664 DEBUG: update ref map. url http://app.boxee.tv/api/get_recommendations?last=0&count=200 new ref_count 1 progress 0 (hcm)
16:55:45.429 T:2946382736 M:499953664 DEBUG: CHttpCacheManager::StartCachingURL push http://app.boxee.tv/api/get_recommendations?last=0&count=200 to m_references (hcm)
16:55:45.430 T:2948492176 M:499953664 DEBUG: Boxee: 22/02/12 14:55:45.4294#DEBUG#bxqueuemanager.cpp:412(DoWork)#RequestQueueListFromServerTask::DoWork - Enter function (queue)
16:55:45.431 T:2948492176 M:499953664 DEBUG: Boxee: 22/02/12 14:55:45.4316#DEBUG#bxqueuemanager.cpp:472(CanExecute)#RequestQueueListFromServerTask::CanExecute - Enter function. [activeWindowId=10000][isLoaded=1] (queue)
16:55:45.432 T:2948492176 M:499953664 DEBUG: Boxee: 22/02/12 14:55:45.4320#DEBUG#bxqueuemanager.cpp:486(CanExecute)#RequestQueueListFromServerTask::CanExecute - return TRUE. [ActiveWindowId=10000] (queue)
16:55:45.434 T:2948492176 M:499953664 DEBUG: update ref map. url http://app.boxee.tv/api/get_queue?ot=clip new ref_count 1 progress 0 (hcm)
16:55:45.434 T:2948492176 M:499953664 DEBUG: CHttpCacheManager::StartCachingURL push http://app.boxee.tv/api/get_queue?ot=clip to m_references (hcm)
16:55:45.437 T:2945330064 M:499953664 DEBUG: Boxee: 22/02/12 14:55:45.4370#DEBUG#bxapplicationsmanager.cpp:252(DoWork)#RequestApplicationsListFromServerTask::DoWork - Enter function (apps)
16:55:45.437 T:2944277392 M:499953664 DEBUG: Boxee: 22/02/12 14:55:45.4375#DEBUG#bxsubscriptionsmanager.cpp:334(DoWork)#RequestSubscriptionsListFromServerTask::DoWork - Enter function (subs)
16:55:45.437 T:2942172048 M:499953664 DEBUG: Boxee: 22/02/12 14:55:45.4379#DEBUG#bxwebfavoritesmanager.cpp:232(DoWork)#RequestWebFavoritesListFromServerTask::DoWork - Enter function (subs)
16:55:45.438 T:2943224720 M:499953664 DEBUG: Boxee: 22/02/12 14:55:45.4382#DEBUG#bxservicesmanager.cpp:310(DoWork)#RequestServicesListFromServerTask::DoWork - Enter function (serv)
16:55:45.440 T:2943224720 M:499953664 DEBUG: update ref map. url http://app.boxee.tv/api/get_services new ref_count 1 progress 0 (hcm)
16:55:45.441 T:2943224720 M:499953664 DEBUG: CHttpCacheManager::StartCachingURL push http://app.boxee.tv/api/get_services to m_references (hcm)
16:55:45.443 T:2950597520 M:499953664 DEBUG: Boxee: 22/02/12 14:55:45.4407#DEBUG#bxsourcesmanager.cpp:458(DoWork)#RequestSourcesListFromServerTask::DoWork - Enter function (source)
16:55:45.446 T:2950597520 M:499953664 DEBUG: update ref map. url http://app.boxee.tv/titles/sources new ref_count 1 progress 0 (hcm)
16:55:45.446 T:2950597520 M:499953664 DEBUG: CHttpCacheManager::StartCachingURL push http://app.boxee.tv/titles/sources to m_references (hcm)
16:55:45.450 T:2947439504 M:499953664 DEBUG: Boxee: 22/02/12 14:55:45.4507#DEBUG#bxappboxmanager.cpp:509(DoWork)#RequestAppBoxBoxeeApplicationsListFromServerTask::DoWork - Enter function (appbox)
16:55:45.451 T:2949544848 M:499953664 DEBUG: Boxee: 22/02/12 14:55:45.4514#DEBUG#bxappboxmanager.cpp:610(DoWork)#RequestAppBoxPopularitiesListFromServerTask::DoWork - Enter function (appbox)(popu)
16:55:45.451 T:2941119376 M:499953664 DEBUG: Boxee: 22/02/12 14:55:45.4517#DEBUG#bxappboxmanager.cpp:667(DoWork)#RequestAppBoxRepositoriesListFromServerTask::DoWork - Enter function (repos)
16:55:45.453 T:2945330064 M:499953664 DEBUG: Boxee: 22/02/12 14:55:45.4531#DEBUG#bxapplicationsmanager.cpp:274(DoWork)#RequestApplicationsListFromServerTask::DoWork - Going to call LoadFromURL with [http://app.boxee.tv/api/get_applications] (apps)
16:55:45.462 T:2945330064 M:499933184 DEBUG: update ref map. url http://app.boxee.tv/api/get_applications new ref_count 1 progress 0 (hcm)
16:55:45.462 T:2945330064 M:499933184 DEBUG: CHttpCacheManager::StartCachingURL push http://app.boxee.tv/api/get_applications to m_references (hcm)
16:55:45.465 T:2944277392 M:499933184 DEBUG: update ref map. url http://app.boxee.tv/api/get_subscriptions new ref_count 1 progress 0 (hcm)
16:55:45.465 T:2944277392 M:499933184 DEBUG: CHttpCacheManager::StartCachingURL push http://app.boxee.tv/api/get_subscriptions to m_references (hcm)
16:55:45.469 T:2942172048 M:499933184 DEBUG: update ref map. url http://app.boxee.tv/api/bookmarks new ref_count 1 progress 0 (hcm)
16:55:45.470 T:2942172048 M:499933184 DEBUG: CHttpCacheManager::StartCachingURL push http://app.boxee.tv/api/bookmarks to m_references (hcm)
16:55:45.472 T:2949544848 M:499933184 DEBUG: update ref map. url http://app.boxee.tv/applications/popularity new ref_count 1 progress 0 (hcm)
16:55:45.472 T:2949544848 M:499933184 DEBUG: CHttpCacheManager::StartCachingURL push http://app.boxee.tv/applications/popularity to m_references (hcm)
16:55:45.475 T:2941119376 M:499933184 DEBUG: update ref map. url http://app.boxee.tv/api/get_repositories new ref_count 1 progress 0 (hcm)
16:55:45.809 T:2941119376 M:499687424 DEBUG: CHttpCacheManager::StartCachingURL push http://app.boxee.tv/api/get_repositories to m_references (hcm)
16:55:45.870 T:2947439504 M:499560448 DEBUG: update ref map. url http://app.boxee.tv/appindex/dlink.dsm380/1.5.1?regionsku=US&serialnumber=QL011A9000553 new ref_count 1 progress 0 (hcm)
16:55:45.870 T:2947439504 M:499560448 DEBUG: CHttpCacheManager::StartCachingURL push http://app.boxee.tv/appindex/dlink.dsm380/1.5.1?regionsku=US&serialnumber=QL011A9000553 to m_references (hcm)
16:55:46.037 T:3010202512 M:499466240 DEBUG: CProcessSlowJob::DoWork - Enter function. [server=1][internet=1][IsStoped=0] (wdpslow)
16:55:46.037 T:3010202512 M:499466240 DEBUG: CProcessSlowJob::DoWork - Exit function. [server=1][internet=1] (wdpslow)
16:55:46.290 T:2945330064 M:499470336 DEBUG: update ref map. url http://app.boxee.tv/api/get_applications new ref_count 1 progress 0 (hcm)
16:55:46.292 T:2945330064 M:499470336 DEBUG: insert http://app.boxee.tv/api/get_applications to the database (hcm)
16:55:46.293 T:2945330064 M:499470336 DEBUG: update ref map. url http://app.boxee.tv/api/get_applications new ref_count 0 progress 0 (hcm)
16:55:46.296 T:2945330064 M:499470336 DEBUG: Boxee: 22/02/12 14:55:46.2960#DEBUG#bxapplicationsmanager.cpp:281(DoWork)#RequestApplicationsListFromServerTask::DoWork - Call LoadFromURL with [http://app.boxee.tv/api/get_applications] returned [ApplicationsListSize=11][lastRetCode=200][timestamp=1329922546]. [isLoaded=1] (apps)(schedule)
16:55:46.297 T:2945330064 M:499470336 DEBUG: Boxee: 22/02/12 14:55:46.2972#DEBUG#bxapplicationsmanager.cpp:311(DoWork)#RequestApplicationsListFromServerTask::DoWork - Exit function (apps)
16:55:46.297 T:2945330064 M:499470336 DEBUG: Boxee: 22/02/12 14:55:46.2977#DEBUG#bxappboxmanager.cpp:784(DoWork)#RequestAppsCategoriesListFromServerTask::DoWork - Enter function (categories)
16:55:46.300 T:2945330064 M:499470336 DEBUG: update ref map. url http://app.boxee.tv/applications/categories?lang=en&adult=yes new ref_count 1 progress 0 (hcm)
16:55:46.300 T:2945330064 M:499470336 DEBUG: CHttpCacheManager::StartCachingURL push http://app.boxee.tv/applications/categories?lang=en&adult=yes to m_references (hcm)
16:55:46.342 T:2943224720 M:499478528 DEBUG: update ref map. url http://app.boxee.tv/api/get_services new ref_count 1 progress 0 (hcm)
16:55:46.344 T:2943224720 M:499478528 DEBUG: insert http://app.boxee.tv/api/get_services to the database (hcm)
16:55:46.346 T:2943224720 M:499478528 DEBUG: update ref map. url http://app.boxee.tv/api/get_services new ref_count 0 progress 0 (hcm)
16:55:46.358 T:2942172048 M:499482624 DEBUG: CHttpCacheManager::DoneCachingURL - about to delete http://app.boxee.tv/api/bookmarks (hcm) from database
16:55:46.359 T:2942172048 M:499478528 DEBUG: CHttpCacheManager::RemoveFromRefMap remove url http://app.boxee.tv/api/bookmarks (hcm)
16:55:46.360 T:2942172048 M:499478528 DEBUG: CHttpCacheManager::UpdateRefMap Can not decrease ref count to new object http://app.boxee.tv/api/bookmarks (hcm)
16:55:46.362 T:2942172048 M:499478528 DEBUG: Boxee: 22/02/12 14:55:46.3621#DEBUG#bxwebfavoritesmanager.cpp:256(DoWork)#RequestWebFavoritesListFromServerTask::DoWork - Exit function (subs)
16:55:46.362 T:2931809168 M:499470336 DEBUG: thread start, auto delete: 0
16:55:46.363 T:2926545808 M:499462144 DEBUG: thread start, auto delete: 1
16:55:46.365 T:2926545808 M:499462144 DEBUG: Scanning interfaces for shares
16:55:46.366 T:2926545808 M:499462144 DEBUG: Interface 5C:D9:98:80:D:1A, not connected
16:55:46.366 T:2926545808 M:499462144 DEBUG: Interface 36:17:A7:4E:EB:21, not connected
16:55:46.366 T:2926545808 M:499462144 DEBUG: Interface 74:F0:6D:9F:54:F5, connected
16:55:46.369 T:2943224720 M:499462144 DEBUG: Boxee: 22/02/12 14:55:46.3691#DEBUG#bxservicesmanager.cpp:333(DoWork)#RequestServicesListFromServerTask::DoWork - After LoadFromURL. [lastRetCode=200][isLoaded=1][size=6][currSize=6] (serv)
16:55:46.369 T:2943224720 M:499462144 DEBUG: Boxee: 22/02/12 14:55:46.3697#DEBUG#bxservicesmanager.cpp:86(CopyServicesList)#BXServicesManager::CopyServicesList - going to copy servicesList [size=6]. [currSize=6] (serv)
16:55:46.370 T:2943224720 M:499462144 DEBUG: Boxee: 22/02/12 14:55:46.3702#DEBUG#bxservicesmanager.cpp:346(DoWork)#RequestServicesListFromServerTask::DoWork - Exit function (serv)
16:55:46.381 T:2929703824 M:499453952 DEBUG: thread start, auto delete: 1
16:55:46.382 T:2929703824 M:499453952 DEBUG: CDirectory::GetDirectory , calling g_directoryCache.GetDirectory with path: nfs://all , items: 0 , retreiveAll: 0 (cache check)
16:55:46.382 T:2929703824 M:499453952 DEBUG: CDirectory::GetDirectory , g_directoryCache.GetDirectory returned false (cache check)
16:55:46.383 T:2927598480 M:499445760 DEBUG: thread start, auto delete: 1
16:55:46.384 T:2927598480 M:499445760 DEBUG: CDirectory::GetDirectory , calling g_directoryCache.GetDirectory with path: afp://all , items: 0 , retreiveAll: 0 (cache check)
16:55:46.384 T:2927598480 M:499445760 DEBUG: CDirectory::GetDirectory , g_directoryCache.GetDirectory returned false (cache check)
16:55:46.385 T:2927598480 M:499445760 DEBUG: CDirectory::GetDirectory , calling g_directoryCache.GetDirectory with path: zeroconf:// , items: 0 , retreiveAll: 0 (cache check)
16:55:46.386 T:2927598480 M:499445760 DEBUG: CDirectory::GetDirectory , g_directoryCache.GetDirectory returned false (cache check)
16:55:46.392 T:3026418576 M:499445760 DEBUG: CZeroconfBrowserAvahi::resolveCallback resolved service 'Asaf's MacBook' of type '_afpovertcp._tcp' in domain 'local':
16:55:46.403 T:2944277392 M:499449856 DEBUG: update ref map. url http://app.boxee.tv/api/get_subscriptions new ref_count 1 progress 0 (hcm)
16:55:46.404 T:2944277392 M:499449856 DEBUG: insert http://app.boxee.tv/api/get_subscriptions to the database (hcm)
16:55:46.406 T:2944277392 M:499449856 DEBUG: update ref map. url http://app.boxee.tv/api/get_subscriptions new ref_count 0 progress 0 (hcm)
16:55:46.408 T:2944277392 M:499449856 DEBUG: Boxee: 22/02/12 14:55:46.4080#DEBUG#bxsubscriptionsmanager.cpp:357(DoWork)#RequestSubscriptionsListFromServerTask::DoWork - After LoadFromURL. [lastRetCode=200][isLoaded=1][size=1][currSize=1] (subs)
16:55:46.425 T:3026418576 M:499449856 DEBUG: CZeroconfBrowserAvahi::resolveCallback resolved service 'Asaf's MacBook' of type '_ftp._tcp' in domain 'local':
16:55:46.429 T:2944277392 M:499466240 DEBUG: Boxee: 22/02/12 14:55:46.4296#DEBUG#bxsubscriptionsmanager.cpp:81(CopySubscriptionsList)#BXSubscriptionsManager::CopySubscriptionsList - going to copy subscriptionsList [size=1]. [currSize=1] (subs)
16:55:46.433 T:2950597520 M:499470336 DEBUG: update ref map. url http://app.boxee.tv/titles/sources new ref_count 1 progress 0 (hcm)
16:55:46.434 T:2950597520 M:499470336 DEBUG: insert http://app.boxee.tv/titles/sources to the database (hcm)
16:55:46.436 T:2950597520 M:499470336 DEBUG: update ref map. url http://app.boxee.tv/titles/sources new ref_count 0 progress 0 (hcm)
16:55:46.445 T:2944277392 M:499470336 DEBUG: Boxee: 22/02/12 14:55:46.4450#DEBUG#bxsubscriptionsmanager.cpp:370(DoWork)#RequestSubscriptionsListFromServerTask::DoWork - Exit function (subs)
16:55:46.448 T:3026418576 M:499470336 DEBUG: CZeroconfBrowserAvahi::resolveCallback resolved service 'Asaf's MacBook' of type '_smb._tcp' in domain 'local':
16:55:46.459 T:2941119376 M:499474432 DEBUG: CHttpCacheManager::DoneCachingURL - about to delete http://app.boxee.tv/api/get_repositories (hcm) from database
16:55:46.460 T:2941119376 M:499470336 DEBUG: CHttpCacheManager::RemoveFromRefMap remove url http://app.boxee.tv/api/get_repositories (hcm)
16:55:46.461 T:2941119376 M:499470336 DEBUG: CHttpCacheManager::UpdateRefMap Can not decrease ref count to new object http://app.boxee.tv/api/get_repositories (hcm)
16:55:46.463 T:2941119376 M:499470336 DEBUG: Boxee: 22/02/12 14:55:46.4630#DEBUG#bxappboxmanager.cpp:690(DoWork)#RequestAppBoxRepositoriesListFromServerTask::DoWork - After LoadFromURL. [lastRetCode=200][isLoaded=1][size=1][currSize=1] (repos)
16:55:46.795 T:2941119376 M:499539968 DEBUG: Boxee: 22/02/12 14:55:46.7958#DEBUG#bxappboxmanager.cpp:407(CopyAppBoxRepositoriesList)#BXAppBoxManager::CopyAppBoxRepositoriesList - going to copy appBoxRepositoriesList [size=1]. [currSize=1] (repos)
16:55:46.796 T:2941119376 M:499539968 DEBUG: Boxee: 22/02/12 14:55:46.7964#DEBUG#bxappboxmanager.cpp:702(DoWork)#RequestAppBoxRepositoriesListFromServerTask::DoWork - Going to call BuildRepositoriesApplicationsList. [NumOfRepositories=1] (repos)
16:55:46.796 T:2941119376 M:499539968 DEBUG: Boxee: 22/02/12 14:55:46.7968#DEBUG#bxappboxmanager.cpp:720(BuildRepositoriesApplicationsList)#RequestAppBoxRepositoriesListFromServerTask::BuildRepositoriesApplicationsList - Enter function. [NumOfRepositories=1] (repos)
16:55:46.797 T:2941119376 M:499539968 DEBUG: Boxee: 22/02/12 14:55:46.7977#DEBUG#bxappboxmanager.cpp:730(BuildRepositoriesApplicationsList)#RequestAppBoxRepositoriesListFromServerTask::BuildRepositoriesApplicationsList - [1/1] - Going to get ApplicationList for [repoId=localhost324][repoName=The Navi-X Repository for Boxee on Google] (repos)
16:55:46.798 T:2941119376 M:499539968 DEBUG: Boxee: 22/02/12 14:55:46.7982#DEBUG#bxappboxmanager.cpp:747(BuildRepositoriesApplicationsList)#RequestAppBoxRepositoriesListFromServerTask::BuildRepositoriesApplicationsList - [1/1] - Try to get [strUrl=http://navi-x.googlecode.com/svn/trunk/boxee/index.xml] for [repoId=localhost324][repoName=The Navi-X Repository for Boxee on Google] (repos)
16:55:46.799 T:2930756496 M:499539968 DEBUG: thread start, auto delete: 1
16:55:46.799 T:2930756496 M:499539968 DEBUG: CDirectory::GetDirectory , calling g_directoryCache.GetDirectory with path: bms://all , items: 0 , retreiveAll: 0 (cache check)
16:55:46.800 T:2930756496 M:499539968 DEBUG: CDirectory::GetDirectory , g_directoryCache.GetDirectory returned false (cache check)
16:55:46.800 T:2931809168 M:499539968 DEBUG: Thread 2931809168 terminating
16:55:46.801 T:2949544848 M:499539968 DEBUG: update ref map. url http://app.boxee.tv/applications/popularity new ref_count 1 progress 0 (hcm)
16:55:46.802 T:2949544848 M:499539968 DEBUG: insert http://app.boxee.tv/applications/popularity to the database (hcm)
16:55:46.804 T:2926545808 M:499548160 DEBUG: Found machine YUVALT-KARMIC32 address 10.0.0.212 interface 74:F0:6D:9F:54:F5
16:55:46.804 T:2923387792 M:499548160 DEBUG: Looking for shares on host YUVALT-KARMIC32 ip 10.0.0.212
16:55:46.805 T:2923387792 M:499548160 DEBUG: CDirectory::GetDirectory , calling g_directoryCache.GetDirectory with path: smb://10.0.0.212 , items: 0 , retreiveAll: 0 (cache check)
16:55:46.805 T:2923387792 M:499552256 DEBUG: CDirectory::GetDirectory , g_directoryCache.GetDirectory returned false (cache check)
16:55:46.806 T:2923387792 M:499552256 DEBUG: OpenDir - Using authentication url smb://10.0.0.212
16:55:46.806 T:3026418576 M:499552256 DEBUG: CZeroconfBrowserAvahi::resolveCallback resolved service 'Drobo-FS' of type '_afpovertcp._tcp' in domain 'local':
16:55:46.809 T:2950597520 M:499552256 DEBUG: Boxee: 22/02/12 14:55:46.8091#DEBUG#bxsourcesmanager.cpp:481(DoWork)#RequestSourcesListFromServerTask::DoWork - After LoadFromURL. [lastRetCode=200][isLoaded=1][size=80][currSize=80] (source)
16:55:46.809 T:2950597520 M:499552256 DEBUG: Boxee: 22/02/12 14:55:46.8097#DEBUG#bxsourcesmanager.cpp:100(CopySourcesList)#BXSourcesManager::CopyServicesList - going to copy sourcesList [size=80]. [currSize=80][vectorChanged=0] (source)
16:55:46.816 T:3026418576 M:499552256 DEBUG: CZeroconfBrowserAvahi::resolveCallback resolved service 'Idan Cohen’s MacBook Pro' of type '_afpovertcp._tcp' in domain 'local':
16:55:46.826 T:2949544848 M:499552256 DEBUG: update ref map. url http://app.boxee.tv/applications/popularity new ref_count 0 progress 0 (hcm)
16:55:46.829 T:2948492176 M:499552256 DEBUG: update ref map. url http://app.boxee.tv/api/get_queue?ot=clip new ref_count 1 progress 0 (hcm)
16:55:46.831 T:2948492176 M:499552256 DEBUG: insert http://app.boxee.tv/api/get_queue?ot=clip to the database (hcm)
16:55:46.833 T:2948492176 M:499552256 DEBUG: update ref map. url http://app.boxee.tv/api/get_queue?ot=clip new ref_count 0 progress 0 (hcm)
16:55:46.844 T:2950597520 M:499552256 DEBUG: Boxee: 22/02/12 14:55:46.8443#DEBUG#bxsourcesmanager.cpp:494(DoWork)#RequestSourcesListFromServerTask::DoWork - Exit function (source)
16:55:46.858 T:2941119376 M:499552256 DEBUG: update ref map. url http://navi-x.googlecode.com/svn/trunk/boxee/index.xml new ref_count 1 progress 0 (hcm)
16:55:46.859 T:2941119376 M:499552256 DEBUG: CHttpCacheManager::StartCachingURL push http://navi-x.googlecode.com/svn/trunk/boxee/index.xml to m_references (hcm)
16:55:46.860 T:3026418576 M:499552256 DEBUG: CZeroconfBrowserAvahi::resolveCallback resolved service 'Idan Cohen’s MacBook Pro' of type '_smb._tcp' in domain 'local':
16:55:46.864 T:2930756496 M:499552256 DEBUG: CDirectory::GetDirectory , calling g_directoryCache.GetDirectory with path: zeroconf:// , items: 0 , retreiveAll: 0 (cache check)
16:55:46.864 T:2930756496 M:499552256 DEBUG: CDirectory::GetDirectory , g_directoryCache.GetDirectory returned false (cache check)
16:55:46.869 T:2923387792 M:499552256 DEBUG: Found 5 shares on host YUVALT-KARMIC32
16:55:46.882 T:2945330064 M:499531776 DEBUG: CHttpCacheManager::DoneCachingURL - about to delete http://app.boxee.tv/applications/categories?lang=en&adult=yes (hcm) from database
16:55:46.883 T:2945330064 M:499527680 DEBUG: CHttpCacheManager::RemoveFromRefMap remove url http://app.boxee.tv/applications/categories?lang=en&adult=yes (hcm)
16:55:47.214 T:2945330064 M:499552256 DEBUG: CHttpCacheManager::UpdateRefMap Can not decrease ref count to new object http://app.boxee.tv/applications/categories?lang=en&adult=yes (hcm)
16:55:47.216 T:2926545808 M:499552256 DEBUG: Found machine ELI-UBUNTU2 address 10.0.0.193 interface 74:F0:6D:9F:54:F5
16:55:47.217 T:2926545808 M:499552256 DEBUG: Found machine BAMBOO address 10.0.0.128 interface 74:F0:6D:9F:54:F5
16:55:47.217 T:2948492176 M:499552256 DEBUG: Boxee: 22/02/12 14:55:46.9102#DEBUG#bxqueuemanager.cpp:227(GetQueueSize)#BXQueueManager::GetQueueSize - for queueList [queueType=0=clip] return [size=28] (queue)
16:55:47.218 T:2948492176 M:499552256 DEBUG: Boxee: 22/02/12 14:55:47.2179#DEBUG#bxqueuemanager.cpp:448(DoWork)#RequestQueueListFromServerTask::DoWork - for [typeId=0=clip]. [lastRetCode=200][isLoaded=1][size=28][currSize=28] (queue)
16:55:47.218 T:2948492176 M:499552256 DEBUG: Boxee: 22/02/12 14:55:47.2189#DEBUG#bxqueuemanager.cpp:227(GetQueueSize)#BXQueueManager::GetQueueSize - for queueList [queueType=0=clip] return [size=28] (queue)
16:55:47.219 T:2948492176 M:499556352 DEBUG: Boxee: 22/02/12 14:55:47.2194#DEBUG#bxqueuemanager.cpp:101(CopyQueueList)#BXQueueManager::CopyQueueList - going to copy queueList [queueType=0=clip][size=28]. [currSize=28] (queue)
16:55:47.220 T:2949544848 M:499556352 DEBUG: Boxee: 22/02/12 14:55:47.2207#DEBUG#bxappboxmanager.cpp:633(DoWork)#RequestAppBoxPopularitiesListFromServerTask::DoWork - After LoadFromURL. [lastRetCode=200][isLoaded=1][size=448][currSize=448] (appbox)(popu)
16:55:47.221 T:2949544848 M:499556352 DEBUG: Boxee: 22/02/12 14:55:47.2217#DEBUG#bxappboxmanager.cpp:302(CopyAppBoxPopularitiesList)#BXAppBoxManager::CopyAppBoxPopularitiesList - going to copy appBoxPopularitiesList [size=448]. [currSize=448] (appbox)(popu)
16:55:47.233 T:2923387792 M:499556352 DEBUG: Looking for shares on host ELI-UBUNTU2 ip 10.0.0.193
16:55:47.234 T:2923387792 M:499556352 DEBUG: CDirectory::GetDirectory , calling g_directoryCache.GetDirectory with path: smb://10.0.0.193 , items: 0 , retreiveAll: 0 (cache check)
16:55:47.234 T:2923387792 M:499556352 DEBUG: CDirectory::GetDirectory , g_directoryCache.GetDirectory returned false (cache check)
16:55:47.235 T:2923387792 M:499556352 DEBUG: OpenDir - Using authentication url smb://10.0.0.193
16:55:47.235 T:3026418576 M:499556352 DEBUG: CZeroconfBrowserAvahi::resolveCallback resolved service 'Asaf's MacBook' of type '_afpovertcp._tcp' in domain 'local':
16:55:47.243 T:3026418576 M:499556352 DEBUG: CZeroconfBrowserAvahi::resolveCallback resolved service 'Asaf's MacBook' of type '_ftp._tcp' in domain 'local':
16:55:47.251 T:3026418576 M:499556352 DEBUG: CZeroconfBrowserAvahi::resolveCallback resolved service 'Asaf's MacBook' of type '_smb._tcp' in domain 'local':
16:55:47.260 T:3026418576 M:499556352 DEBUG: CZeroconfBrowserAvahi::resolveCallback resolved service 'Drobo-FS' of type '_afpovertcp._tcp' in domain 'local':
16:55:47.276 T:2949544848 M:499556352 DEBUG: Boxee: 22/02/12 14:55:47.2759#DEBUG#bxappboxmanager.cpp:646(DoWork)#RequestAppBoxPopularitiesListFromServerTask::DoWork - Exit function (appbox)(popu)
16:55:47.283 T:3026418576 M:499556352 DEBUG: CZeroconfBrowserAvahi::resolveCallback resolved service 'IomegaTV' of type '_daap._tcp' in domain 'local':
16:55:47.287 T:2948492176 M:499429376 DEBUG: update ref map. url http://app.boxee.tv/api/get_queue?ot=tv_show new ref_count 1 progress 0 (hcm)
16:55:47.288 T:2948492176 M:499429376 DEBUG: CHttpCacheManager::StartCachingURL push http://app.boxee.tv/api/get_queue?ot=tv_show to m_references (hcm)
16:55:47.295 T:2923387792 M:499429376 DEBUG: Found 0 shares on host ELI-UBUNTU2
16:55:47.296 T:2923387792 M:499429376 DEBUG: Looking for shares on host BAMBOO ip 10.0.0.128
16:55:47.296 T:2923387792 M:499429376 DEBUG: CDirectory::GetDirectory , calling g_directoryCache.GetDirectory with path: smb://10.0.0.128 , items: 0 , retreiveAll: 0 (cache check)
16:55:47.297 T:2923387792 M:499429376 DEBUG: CDirectory::GetDirectory , g_directoryCache.GetDirectory returned false (cache check)
16:55:47.298 T:2923387792 M:499429376 DEBUG: OpenDir - Using authentication url smb://10.0.0.128
16:55:47.304 T:3026418576 M:499429376 DEBUG: CZeroconfBrowserAvahi::resolveCallback resolved service 'SynologyDS110J' of type '_afpovertcp._tcp' in domain 'local':
16:55:47.319 T:3026418576 M:499277824 DEBUG: CZeroconfBrowserAvahi::resolveCallback resolved service 'SynologyDS110J' of type '_daap._tcp' in domain 'local':
16:55:47.322 T:2947439504 M:499318784 DEBUG: update ref map. url http://app.boxee.tv/appindex/dlink.dsm380/1.5.1?regionsku=US&serialnumber=QL011A9000553 new ref_count 1 progress 0 (hcm)
16:55:47.324 T:2947439504 M:499318784 DEBUG: insert http://app.boxee.tv/appindex/dlink.dsm380/1.5.1?regionsku=US&serialnumber=QL011A9000553 to the database (hcm)
16:55:47.325 T:2947439504 M:499318784 DEBUG: update ref map. url http://app.boxee.tv/appindex/dlink.dsm380/1.5.1?regionsku=US&serialnumber=QL011A9000553 new ref_count 0 progress 0 (hcm)
16:55:47.328 T:2926545808 M:499318784 DEBUG: Ignoring file shares from local host and workgroup folder [WORKGROUP]
16:55:47.344 T:2923387792 M:499322880 DEBUG: Found 1 shares on host BAMBOO
16:55:47.351 T:2941119376 M:499326976 DEBUG: update ref map. url http://navi-x.googlecode.com/svn/trunk/boxee/index.xml new ref_count 1 progress 0 (hcm)
16:55:47.352 T:2941119376 M:499326976 DEBUG: insert http://navi-x.googlecode.com/svn/trunk/boxee/index.xml to the database (hcm)
16:55:47.354 T:2941119376 M:499326976 DEBUG: update ref map. url http://navi-x.googlecode.com/svn/trunk/boxee/index.xml new ref_count 0 progress 0 (hcm)
16:55:47.356 T:2941119376 M:499326976 DEBUG: Boxee: 22/02/12 14:55:47.3563#DEBUG#bxappboxmanager.cpp:764(BuildRepositoriesApplicationsList)#RequestAppBoxRepositoriesListFromServerTask::BuildRepositoriesApplicationsList - [1/1] - After add RepositoryApplicationXml for [strUrl=http://navi-x.googlecode.com/svn/trunk/boxee/index.xml][repoId=localhost324][repoName=The Navi-X Repository for Boxee on Google]. [3rdPartyRepositoriesApplicationsMapSize=1] (repos)
16:55:47.356 T:2941119376 M:499326976 DEBUG: Boxee: 22/02/12 14:55:47.3569#DEBUG#bxappboxmanager.cpp:708(DoWork)#RequestAppBoxRepositoriesListFromServerTask::DoWork - Call to BuildRepositoriesApplicationsList for [NumOfRepositories=1] returned [appBox3rdPartyRepositoriesApplicationsMapSize=1] (repos)
16:55:47.688 T:2941119376 M:499343360 DEBUG: Boxee: 22/02/12 14:55:47.6885#DEBUG#bxappboxmanager.cpp:198(CopyAppBox3rdPartyRepositoriesApplicationsList)#BXAppBoxManager::CopyAppBox3rdPartyRepositoriesApplicationsList - Enter function. [NumOf3rdPartysList=1][IsRepositoriesMapLoaded=1] (repos)
16:55:47.689 T:2941119376 M:499343360 DEBUG: Boxee: 22/02/12 14:55:47.6896#DEBUG#bxappboxmanager.cpp:214(CopyAppBox3rdPartyRepositoriesApplicationsList)#BXAppBoxManager::CopyAppBox3rdPartyRepositoriesApplicationsList - [1/1] - After copy [repositoryId=localhost324]. [NumOf3rdPartysMap=1] (repos)
16:55:47.690 T:2941119376 M:499343360 DEBUG: Boxee: 22/02/12 14:55:47.6901#DEBUG#bxappboxmanager.cpp:221(CopyAppBox3rdPartyRepositoriesApplicationsList)#BXAppBoxManager::CopyAppBox3rdPartyRepositoriesApplicationsList - Exit function. [NumOf3rdPartysList=1][IsRepositoriesMapLoaded=1] (repos)
16:55:47.690 T:2941119376 M:499343360 DEBUG: Boxee: 22/02/12 14:55:47.6905#DEBUG#bxappboxmanager.cpp:713(DoWork)#RequestAppBoxRepositoriesListFromServerTask::DoWork - Exit function (repos)
16:55:47.691 T:2947439504 M:499343360 DEBUG: Boxee: 22/02/12 14:55:47.6914#DEBUG#bxappboxmanager.cpp:576(DoWork)#RequestAppBoxBoxeeApplicationsListFromServerTask::DoWork - After LoadFromURL. [lastRetCode=200][isLoaded=1][size=273][currSize=273] (appbox)
16:55:47.691 T:2947439504 M:499343360 DEBUG: Boxee: 22/02/12 14:55:47.6918#DEBUG#bxappboxmanager.cpp:76(CopyAppBoxBoxeeApplicationsList)#BXAppBoxManager::CopyAppBoxBoxeeApplicationsList - going to copy appBoxBoxeeApplicationsList [size=273]. [currSize=273] (appbox)
16:55:47.697 T:2927598480 M:499343360 DEBUG: Thread 2927598480 terminating (autodelete)
16:55:47.700 T:3026418576 M:499343360 DEBUG: CZeroconfBrowserAvahi::resolveCallback resolved service 'Idan Cohen’s MacBook Pro' of type '_afpovertcp._tcp' in domain 'local':
16:55:47.700 T:2946382736 M:499343360 DEBUG: update ref map. url http://app.boxee.tv/api/get_recommendations?last=0&count=200 new ref_count 1 progress 0 (hcm)
16:55:47.702 T:2946382736 M:499343360 DEBUG: insert http://app.boxee.tv/api/get_recommendations?last=0&count=200 to the database (hcm)
16:55:47.703 T:2932861840 M:499347456 DEBUG: CFileScanner::Process - AFTER sleep for [180000ms]. [m_bPaused=0][m_bStop=0] (fs)
16:55:47.704 T:2932861840 M:499347456 DEBUG: CFileScanner::Process - going to scan VIDEO shares. [m_bPaused=0][m_bStop=0] (fs)
16:55:47.704 T:2932861840 M:499347456 DEBUG: CFileScanner::ScanShares - handle [name=Inglourious Basterds (2009) on ASAF-MACBOOK][path=smb://ASAF-MACBOOK/asaf gdaliahu's Public Folder/Movies/Inglourious Basterds (2009)/][type=2]. [m_bPaused=0][m_bStop=0] (fs)
16:55:47.705 T:2932861840 M:499347456 DEBUG: CFileScanner::ShouldScan - going to check ShouldScan for [name=Inglourious Basterds (2009) on ASAF-MACBOOK][path=smb://ASAF-MACBOOK/asaf gdaliahu's Public Folder/Movies/Inglourious Basterds (2009)/][type=2][iLastScanned=1329909606][now=1329922547][diff=12941]. [m_bPaused=0][m_bStop=0] (fs)
16:55:47.706 T:2932861840 M:499351552 DEBUG: CFileScanner::ShouldScan - for [name=Inglourious Basterds (2009) on ASAF-MACBOOK][path=smb://ASAF-MACBOOK/asaf gdaliahu's Public Folder/Movies/Inglourious Basterds (2009)/][type=2] return [ShouldScan=FALSE]. [m_bPaused=0][m_bStop=0] (fs)
16:55:47.706 T:2932861840 M:499351552 DEBUG: CFileScanner::ScanShares - handle [name=season 1 on ASAF-MACBOOK][path=smb://ASAF-MACBOOK/asaf gdaliahu's Public Folder/TV-series/Alcatraz/season 1/][type=1]. [m_bPaused=0][m_bStop=0] (fs)
16:55:47.707 T:2932861840 M:499351552 DEBUG: CFileScanner::ShouldScan - going to check ShouldScan for [name=season 1 on ASAF-MACBOOK][path=smb://ASAF-MACBOOK/asaf gdaliahu's Public Folder/TV-series/Alcatraz/season 1/][type=1][iLastScanned=1329910698][now=1329922547][diff=11849]. [m_bPaused=0][m_bStop=0] (fs)
16:55:47.707 T:2932861840 M:499351552 DEBUG: CFileScanner::ShouldScan - for [name=season 1 on ASAF-MACBOOK][path=smb://ASAF-MACBOOK/asaf gdaliahu's Public Folder/TV-series/Alcatraz/season 1/][type=1] return [ShouldScan=FALSE]. [m_bPaused=0][m_bStop=0] (fs)
16:55:47.710 T:2932861840 M:499359744 WARNING: CUtil::GetMatchingSource... no matching source found for [smb://ASAF-MACBOOK/asaf gdaliahu's Public Folder/TV series .zip]
16:55:47.721 T:2926545808 M:499355648 DEBUG: Found machine HAIM-UBUNTU address 10.0.0.126 interface 74:F0:6D:9F:54:F5
16:55:47.722 T:2926545808 M:499355648 DEBUG: Found machine SRV address 10.0.0.250 interface 74:F0:6D:9F:54:F5
16:55:48.054 T:2926545808 M:499228672 DEBUG: Found machine HP30B0DD address 10.0.0.200 interface 74:F0:6D:9F:54:F5
16:55:48.054 T:2926545808 M:499228672 DEBUG: Found machine DELL-LATITUDE address 10.0.0.176 interface 74:F0:6D:9F:54:F5
16:55:48.054 T:2926545808 M:499228672 DEBUG: Found machine BXWC address 10.0.0.20 interface 74:F0:6D:9F:54:F5
16:55:48.055 T:2926545808 M:499228672 DEBUG: Found machine DROBO-FS address 10.0.0.190 interface 74:F0:6D:9F:54:F5
16:55:48.055 T:2926545808 M:499228672 DEBUG: Found machine KOSTADVT address 10.0.0.104 interface 74:F0:6D:9F:54:F5
16:55:48.056 T:2926545808 M:499228672 DEBUG: Found machine AMI address 10.0.0.92 interface 74:F0:6D:9F:54:F5
16:55:48.056 T:2926545808 M:499228672 DEBUG: Found machine XC4VIPER address 10.0.0.163 interface 74:F0:6D:9F:54:F5
16:55:48.056 T:2926545808 M:499228672 DEBUG: Found machine DLINK-NAS-323 address 10.0.0.130 interface 74:F0:6D:9F:54:F5
16:55:48.057 T:2926545808 M:499228672 DEBUG: Found machine QA address 10.0.0.225 interface 74:F0:6D:9F:54:F5
16:55:48.057 T:2946382736 M:499228672 DEBUG: update ref map. url http://app.boxee.tv/api/get_recommendations?last=0&count=200 new ref_count 0 progress 0 (hcm)
16:55:48.058 T:2923387792 M:499228672 DEBUG: Looking for shares on host HAIM-UBUNTU ip 10.0.0.126
16:55:48.059 T:2923387792 M:499228672 DEBUG: CDirectory::GetDirectory , calling g_directoryCache.GetDirectory with path: smb://10.0.0.126 , items: 0 , retreiveAll: 0 (cache check)
16:55:48.059 T:2923387792 M:499228672 DEBUG: CDirectory::GetDirectory , g_directoryCache.GetDirectory returned false (cache check)
16:55:48.060 T:2923387792 M:499228672 DEBUG: OpenDir - Using authentication url smb://10.0.0.126
16:55:48.060 T:3026418576 M:499228672 DEBUG: CZeroconfBrowserAvahi::resolveCallback resolved service 'Idan Cohen’s MacBook Pro' of type '_smb._tcp' in domain 'local':
16:55:48.063 T:2932861840 M:499228672 WARNING: CUtil::GetMatchingSource... no matching source found for [smb://ASAF-MACBOOK/asaf gdaliahu's Public Folder/TV series .zip]
16:55:48.064 T:2947439504 M:499228672 DEBUG: Boxee: 22/02/12 14:55:47.7335#DEBUG#bxappboxmanager.cpp:589(DoWork)#RequestAppBoxBoxeeApplicationsListFromServerTask::DoWork - Exit function (appbox)
16:55:48.072 T:2932861840 M:499228672 WARNING: CUtil::GetMatchingSource... no matching source found for [smb://ASAF-MACBOOK/asaf gdaliahu's Public Folder/TV series .zip]
16:55:48.074 T:2932861840 M:499232768 WARNING: CUtil::GetMatchingSource... no matching source found for [smb://ASAF-MACBOOK/asaf gdaliahu's Public Folder/TV series .zip]
16:55:48.076 T:2932861840 M:499232768 WARNING: CUtil::GetMatchingSource... no matching source found for [smb://ASAF-MACBOOK/asaf gdaliahu's Public Folder/TV series .zip]
16:55:48.084 T:3026418576 M:499232768 DEBUG: CZeroconfBrowserAvahi::resolveCallback resolved service 'IomegaTV' of type '_daap._tcp' in domain 'local':
16:55:48.094 T:3026418576 M:499232768 DEBUG: CZeroconfBrowserAvahi::resolveCallback resolved service 'SynologyDS110J' of type '_afpovertcp._tcp' in domain 'local':
16:55:48.100 T:2948492176 M:499236864 DEBUG: update ref map. url http://app.boxee.tv/api/get_queue?ot=tv_show new ref_count 1 progress 0 (hcm)
16:55:48.101 T:2948492176 M:499236864 DEBUG: insert http://app.boxee.tv/api/get_queue?ot=tv_show to the database (hcm)
16:55:48.103 T:2948492176 M:499236864 DEBUG: update ref map. url http://app.boxee.tv/api/get_queue?ot=tv_show new ref_count 0 progress 0 (hcm)
16:55:48.119 T:2932861840 M:499236864 WARNING: CUtil::GetMatchingSource... no matching source found for [smb://ASAF-MACBOOK/asaf gdaliahu's Public Folder/TV series .zip]
16:55:48.124 T:3026418576 M:499236864 DEBUG: CZeroconfBrowserAvahi::resolveCallback resolved service 'SynologyDS110J' of type '_daap._tcp' in domain 'local':
16:55:48.130 T:2930756496 M:499236864 DEBUG: GetDirectory - Error getting bms://all
16:55:48.131 T:2930756496 M:499236864 DEBUG: Thread 2930756496 terminating (autodelete)
16:55:48.133 T:2948492176 M:499236864 DEBUG: Boxee: 22/02/12 14:55:48.1328#DEBUG#bxqueuemanager.cpp:227(GetQueueSize)#BXQueueManager::GetQueueSize - for queueList [queueType=1=tv_show] return [size=0] (queue)
16:55:48.133 T:2948492176 M:499236864 DEBUG: Boxee: 22/02/12 14:55:48.1335#DEBUG#bxqueuemanager.cpp:448(DoWork)#RequestQueueListFromServerTask::DoWork - for [typeId=1=tv_show]. [lastRetCode=200][isLoaded=1][size=0][currSize=0] (queue)
16:55:48.134 T:2948492176 M:499236864 DEBUG: Boxee: 22/02/12 14:55:48.1341#DEBUG#bxqueuemanager.cpp:227(GetQueueSize)#BXQueueManager::GetQueueSize - for queueList [queueType=1=tv_show] return [size=0] (queue)
16:55:48.134 T:2948492176 M:499236864 DEBUG: Boxee: 22/02/12 14:55:48.1344#DEBUG#bxqueuemanager.cpp:101(CopyQueueList)#BXQueueManager::CopyQueueList - going to copy queueList [queueType=1=tv_show][size=0]. [currSize=0] (queue)
16:55:48.137 T:2932861840 M:499236864 DEBUG: CFileScanner::Process - going to scan MUSIC shares. [m_bPaused=0][m_bStop=0] (fs)
16:55:48.138 T:2932861840 M:499236864 DEBUG: CFileScanner::Process - going to scan USER paths [UserPathsSize=0]. [m_bPaused=0][m_bStop=0] (fs)
16:55:48.139 T:2932861840 M:499236864 DEBUG: CFileScanner::Process - BEFORE sleep for [180000ms]. [m_bPaused=0][m_bStop=0] (fs)
16:55:48.144 T:2923387792 M:499245056 DEBUG: Found 0 shares on host HAIM-UBUNTU
16:55:48.145 T:2923387792 M:499245056 DEBUG: Looking for shares on host SRV ip 10.0.0.250
16:55:48.145 T:2923387792 M:499245056 DEBUG: CDirectory::GetDirectory , calling g_directoryCache.GetDirectory with path: smb://10.0.0.250 , items: 0 , retreiveAll: 0 (cache check)
16:55:48.145 T:2923387792 M:499245056 DEBUG: CDirectory::GetDirectory , g_directoryCache.GetDirectory returned false (cache check)
16:55:48.146 T:2923387792 M:499245056 DEBUG: OpenDir - Using authentication url smb://10.0.0.250
16:55:48.478 T:2948492176 M:499245056 DEBUG: update ref map. url http://app.boxee.tv/api/get_queue?ot=movie new ref_count 1 progress 0 (hcm)
16:55:48.478 T:2948492176 M:499245056 DEBUG: CHttpCacheManager::StartCachingURL push http://app.boxee.tv/api/get_queue?ot=movie to m_references (hcm)
16:55:48.480 T:2926545808 M:499245056 DEBUG: Found machine SYNOLOGYDS110J address 10.0.0.191 interface 74:F0:6D:9F:54:F5
16:55:48.481 T:2926545808 M:499245056 DEBUG: Found machine ASAF-MACBOOK address 10.0.0.211 interface 74:F0:6D:9F:54:F5
16:55:48.482 T:2946382736 M:499249152 DEBUG: Boxee: 22/02/12 14:55:48.3192#DEBUG#bxrecommendationsmanager.cpp:208(DoWork)#RequestRecommendationsListFromServerTask::DoWork - After LoadFromURL. [lastRetCode=200][isLoaded=1][size=200][currSize=200] (rec)
16:55:48.482 T:2946382736 M:499249152 DEBUG: Boxee: 22/02/12 14:55:48.4827#DEBUG#bxrecommendationsmanager.cpp:85(CopyRecommendationsList)#BXRecommendationsManager::CopyRecommendationsList - going to copy recommendationsList [size=200]. [currSize=200] (rec)
16:55:48.513 T:2923387792 M:499097600 DEBUG: Found 1 shares on host SRV
16:55:48.514 T:2923387792 M:499097600 DEBUG: Looking for shares on host HP30B0DD ip 10.0.0.200
16:55:48.515 T:2923387792 M:499097600 DEBUG: CDirectory::GetDirectory , calling g_directoryCache.GetDirectory with path: smb://10.0.0.200 , items: 0 , retreiveAll: 0 (cache check)
16:55:48.515 T:2923387792 M:499097600 DEBUG: CDirectory::GetDirectory , g_directoryCache.GetDirectory returned false (cache check)
16:55:48.516 T:2923387792 M:499097600 DEBUG: OpenDir - Using authentication url smb://10.0.0.200
16:55:48.544 T:2923387792 M:498962432 DEBUG: SMBDirectory->GetDirectory: Unable to open directory : 'smb://10.0.0.200/' unix_err:'d' error : 'Permission denied'
16:55:48.545 T:2923387792 M:498962432 DEBUG: GetDirectory - Error getting smb://10.0.0.200
16:55:48.545 T:2923387792 M:498962432 DEBUG: Found 0 shares on host HP30B0DD
16:55:48.546 T:2923387792 M:498962432 DEBUG: Looking for shares on host DELL-LATITUDE ip 10.0.0.176
16:55:48.546 T:2923387792 M:498962432 DEBUG: CDirectory::GetDirectory , calling g_directoryCache.GetDirectory with path: smb://10.0.0.176 , items: 0 , retreiveAll: 0 (cache check)
16:55:48.547 T:2923387792 M:498962432 DEBUG: CDirectory::GetDirectory , g_directoryCache.GetDirectory returned false (cache check)
16:55:48.547 T:2923387792 M:498962432 DEBUG: OpenDir - Using authentication url smb://10.0.0.176
16:55:48.552 T:2946382736 M:498970624 DEBUG: Boxee: 22/02/12 14:55:48.5520#DEBUG#bxrecommendationsmanager.cpp:230(DoWork)#RequestRecommendationsListFromServerTask::DoWork - Exit function (rec)
16:55:48.581 T:2923387792 M:498843648 DEBUG: Found 3 shares on host DELL-LATITUDE
16:55:48.583 T:2923387792 M:498843648 DEBUG: Looking for shares on host BXWC ip 10.0.0.20
16:55:48.584 T:2923387792 M:498843648 DEBUG: CDirectory::GetDirectory , calling g_directoryCache.GetDirectory with path: smb://10.0.0.20 , items: 0 , retreiveAll: 0 (cache check)
16:55:48.584 T:2923387792 M:498843648 DEBUG: CDirectory::GetDirectory , g_directoryCache.GetDirectory returned false (cache check)
16:55:48.584 T:2923387792 M:498843648 DEBUG: OpenDir - Using authentication url smb://10.0.0.20
16:55:48.588 T:2926545808 M:498843648 DEBUG: Found machine BOXEEBOX address 10.0.0.98 interface 74:F0:6D:9F:54:F5
16:55:48.613 T:2923387792 M:498708480 DEBUG: SMBDirectory->GetDirectory: Unable to open directory : 'smb://10.0.0.20/' unix_err:'6e' error : 'Connection timed out'
16:55:48.614 T:2923387792 M:498708480 DEBUG: GetDirectory - Error getting smb://10.0.0.20
16:55:48.614 T:2923387792 M:498708480 DEBUG: Found 0 shares on host BXWC
16:55:48.615 T:2923387792 M:498708480 DEBUG: Looking for shares on host DROBO-FS ip 10.0.0.190
16:55:48.615 T:2923387792 M:498708480 DEBUG: CDirectory::GetDirectory , calling g_directoryCache.GetDirectory with path: smb://10.0.0.190 , items: 0 , retreiveAll: 0 (cache check)
16:55:48.616 T:2923387792 M:498708480 DEBUG: CDirectory::GetDirectory , g_directoryCache.GetDirectory returned false (cache check)
16:55:48.616 T:2923387792 M:498708480 DEBUG: OpenDir - Using authentication url smb://10.0.0.190
16:55:48.674 T:2923387792 M:498741248 DEBUG: Found 4 shares on host DROBO-FS
16:55:48.675 T:2923387792 M:498741248 DEBUG: Looking for shares on host KOSTADVT ip 10.0.0.104
16:55:48.676 T:2923387792 M:498741248 DEBUG: CDirectory::GetDirectory , calling g_directoryCache.GetDirectory with path: smb://10.0.0.104 , items: 0 , retreiveAll: 0 (cache check)
16:55:48.676 T:2923387792 M:498745344 DEBUG: CDirectory::GetDirectory , g_directoryCache.GetDirectory returned false (cache check)
16:55:48.676 T:2923387792 M:498745344 DEBUG: OpenDir - Using authentication url smb://10.0.0.104
16:55:48.695 T:2926545808 M:498745344 DEBUG: Found machine IOMEGATV address 10.0.0.147 interface 74:F0:6D:9F:54:F5
16:55:48.695 T:2926545808 M:498745344 DEBUG: Found machine HP68B599D291B2 address 10.0.0.196 interface 74:F0:6D:9F:54:F5
16:55:48.742 T:2923387792 M:498745344 DEBUG: Found 0 shares on host KOSTADVT
16:55:48.742 T:2923387792 M:498745344 DEBUG: Looking for shares on host AMI ip 10.0.0.92
16:55:48.743 T:2923387792 M:498745344 DEBUG: CDirectory::GetDirectory , calling g_directoryCache.GetDirectory with path: smb://10.0.0.92 , items: 0 , retreiveAll: 0 (cache check)
16:55:48.743 T:2923387792 M:498745344 DEBUG: CDirectory::GetDirectory , g_directoryCache.GetDirectory returned false (cache check)
16:55:48.744 T:2923387792 M:498745344 DEBUG: OpenDir - Using authentication url smb://10.0.0.92
16:55:48.794 T:2923387792 M:498618368 DEBUG: Found 0 shares on host AMI
16:55:48.794 T:2923387792 M:498618368 DEBUG: Looking for shares on host XC4VIPER ip 10.0.0.163
16:55:48.795 T:2923387792 M:498618368 DEBUG: CDirectory::GetDirectory , calling g_directoryCache.GetDirectory with path: smb://10.0.0.163 , items: 0 , retreiveAll: 0 (cache check)
16:55:48.795 T:2923387792 M:498618368 DEBUG: CDirectory::GetDirectory , g_directoryCache.GetDirectory returned false (cache check)
16:55:48.795 T:2923387792 M:498618368 DEBUG: OpenDir - Using authentication url smb://10.0.0.163
16:55:48.857 T:2923387792 M:498491392 DEBUG: SMBDirectory->GetDirectory: Unable to open directory : 'smb://10.0.0.163/' unix_err:'6e' error : 'Connection timed out'
16:55:48.858 T:2923387792 M:498491392 DEBUG: GetDirectory - Error getting smb://10.0.0.163
16:55:48.859 T:2923387792 M:498491392 DEBUG: Found 0 shares on host XC4VIPER
16:55:48.859 T:2923387792 M:498491392 DEBUG: Looking for shares on host DLINK-NAS-323 ip 10.0.0.130
16:55:48.859 T:2923387792 M:498491392 DEBUG: CDirectory::GetDirectory , calling g_directoryCache.GetDirectory with path: smb://10.0.0.130 , items: 0 , retreiveAll: 0 (cache check)
16:55:48.860 T:2923387792 M:498491392 DEBUG: CDirectory::GetDirectory , g_directoryCache.GetDirectory returned false (cache check)
16:55:48.860 T:2923387792 M:498491392 DEBUG: OpenDir - Using authentication url smb://10.0.0.130
16:55:48.971 T:2923387792 M:498491392 DEBUG: Found 3 shares on host DLINK-NAS-323
16:55:48.972 T:2923387792 M:498491392 DEBUG: Looking for shares on host QA ip 10.0.0.225
16:55:48.972 T:2923387792 M:498491392 DEBUG: CDirectory::GetDirectory , calling g_directoryCache.GetDirectory with path: smb://10.0.0.225 , items: 0 , retreiveAll: 0 (cache check)
16:55:48.972 T:2923387792 M:498491392 DEBUG: CDirectory::GetDirectory , g_directoryCache.GetDirectory returned false (cache check)
16:55:48.973 T:2923387792 M:498491392 DEBUG: OpenDir - Using authentication url smb://10.0.0.225
16:55:49.032 T:2923387792 M:498364416 DEBUG: Found 0 shares on host QA
16:55:49.033 T:2923387792 M:498364416 DEBUG: Looking for shares on host SYNOLOGYDS110J ip 10.0.0.191
16:55:49.034 T:2923387792 M:498364416 DEBUG: CDirectory::GetDirectory , calling g_directoryCache.GetDirectory with path: smb://10.0.0.191 , items: 0 , retreiveAll: 0 (cache check)
16:55:49.034 T:2923387792 M:498364416 DEBUG: CDirectory::GetDirectory , g_directoryCache.GetDirectory returned false (cache check)
16:55:49.035 T:2923387792 M:498364416 DEBUG: OpenDir - Using authentication url smb://10.0.0.191
16:55:49.138 T:2923387792 M:498237440 DEBUG: Found 5 shares on host SYNOLOGYDS110J
16:55:49.139 T:2923387792 M:498237440 DEBUG: Looking for shares on host ASAF-MACBOOK ip 10.0.0.211
16:55:49.140 T:2923387792 M:498237440 DEBUG: CDirectory::GetDirectory , calling g_directoryCache.GetDirectory with path: smb://10.0.0.211 , items: 0 , retreiveAll: 0 (cache check)
16:55:49.140 T:2923387792 M:498241536 DEBUG: CDirectory::GetDirectory , g_directoryCache.GetDirectory returned false (cache check)
16:55:49.141 T:2923387792 M:498241536 DEBUG: OpenDir - Using authentication url smb://10.0.0.211
16:55:49.208 T:2923387792 M:498114560 DEBUG: Found 2 shares on host ASAF-MACBOOK
16:55:49.210 T:2923387792 M:498114560 DEBUG: Looking for shares on host BOXEEBOX ip 10.0.0.98
16:55:49.210 T:2923387792 M:498114560 DEBUG: CDirectory::GetDirectory , calling g_directoryCache.GetDirectory with path: smb://10.0.0.98 , items: 0 , retreiveAll: 0 (cache check)
16:55:49.210 T:2923387792 M:498114560 DEBUG: CDirectory::GetDirectory , g_directoryCache.GetDirectory returned false (cache check)
16:55:49.211 T:2923387792 M:498114560 DEBUG: OpenDir - Using authentication url smb://10.0.0.98
16:55:49.301 T:2948492176 M:498118656 DEBUG: update ref map. url http://app.boxee.tv/api/get_queue?ot=movie new ref_count 1 progress 0 (hcm)
16:55:49.303 T:2948492176 M:498118656 DEBUG: insert http://app.boxee.tv/api/get_queue?ot=movie to the database (hcm)
16:55:49.304 T:2948492176 M:498118656 DEBUG: update ref map. url http://app.boxee.tv/api/get_queue?ot=movie new ref_count 0 progress 0 (hcm)
16:55:49.306 T:2948492176 M:498118656 DEBUG: Boxee: 22/02/12 14:55:49.3063#DEBUG#bxqueuemanager.cpp:227(GetQueueSize)#BXQueueManager::GetQueueSize - for queueList [queueType=2=movie] return [size=0] (queue)
16:55:49.306 T:2948492176 M:498118656 DEBUG: Boxee: 22/02/12 14:55:49.3069#DEBUG#bxqueuemanager.cpp:448(DoWork)#RequestQueueListFromServerTask::DoWork - for [typeId=2=movie]. [lastRetCode=200][isLoaded=1][size=0][currSize=0] (queue)
16:55:49.307 T:2948492176 M:498118656 DEBUG: Boxee: 22/02/12 14:55:49.3073#DEBUG#bxqueuemanager.cpp:227(GetQueueSize)#BXQueueManager::GetQueueSize - for queueList [queueType=2=movie] return [size=0] (queue)
16:55:49.307 T:2948492176 M:498118656 DEBUG: Boxee: 22/02/12 14:55:49.3076#DEBUG#bxqueuemanager.cpp:101(CopyQueueList)#BXQueueManager::CopyQueueList - going to copy queueList [queueType=2=movie][size=0]. [currSize=0] (queue)
16:55:49.310 T:2948492176 M:498118656 DEBUG: update ref map. url http://app.boxee.tv/api/get_queue?ot=all new ref_count 1 progress 0 (hcm)
16:55:49.310 T:2948492176 M:498118656 DEBUG: CHttpCacheManager::StartCachingURL push http://app.boxee.tv/api/get_queue?ot=all to m_references (hcm)
16:55:49.573 T:3021073296 M:497864704 INFO: CCheckInternetConnectionJob::DoWork - Checking the internet connection. [server=1][internet=1][ConnectionToInternetChanged=0] (offline)
16:55:49.574 T:3021073296 M:497864704 DEBUG: WatchDog::CheckIsConnectedToInternet - Enter function. [server=1][internet=1]. [fromJob=1] (offline)(wd)
16:55:49.809 T:2933914512 M:497864704 DEBUG: Boxee: 22/02/12 14:55:49.8093#DEBUG#bxmetadataengine.cpp:379(EngineThread)#BXMetadataEngine::EngineThread, processing folders....(resolver)
16:55:49.972 T:3021073296 M:497864704 DEBUG: WatchDog::CheckIsConnectedToInternet - Check [http://2.ping.boxee.tv/] return [1]. [server=1][internet=1]. [fromJob=1] (offline)(wd)
