16:45:45.081 T:2941119376 M:532832256 DEBUG: CHttpCacheManager::StartCachingURL push http://app.boxee.tv/applications/popularity to m_references (hcm)
16:45:45.087 T:3018603408 M:532824064 DEBUG: Boxee: 22/02/12 14:45:45.876#DEBUG#bxcscmanager.cpp:131(InitializeUserLists)#CBoxeeClientServerComManager::InitializeUserListsNow - Going to initialize APPBOX-REPOS_LIST (bcscm)(repos)
16:45:45.088 T:3018603408 M:532828160 DEBUG: Boxee: 22/02/12 14:45:45.884#DEBUG#bxcscmanager.cpp:134(InitializeUserLists)#CBoxeeClientServerComManager::InitializeUserListsNow - Going to initialize APPBOX-CATEGORIES_LIST (bcscm)(appcategories)
16:45:45.088 T:3018603408 M:532828160 DEBUG: Boxee: 22/02/12 14:45:45.888#DEBUG#bxcscmanager.cpp:137(InitializeUserLists)#CBoxeeClientServerComManager::InitializeUserListsNow - Going to initialize APPBOX-REPOS_LIST (bcscm)(genres)
16:45:45.089 T:3018603408 M:532828160 DEBUG: Boxee: 22/02/12 14:45:45.891#DEBUG#bxcscmanager.cpp:140(InitializeUserLists)#CBoxeeClientServerComManager::InitializeUserListsNow - Going to initialize MOVIE_TRAILER_LIST (bcscm)(trailers)
16:45:45.089 T:3018603408 M:532828160 DEBUG: Boxee: 22/02/12 14:45:45.895#DEBUG#bxcscmanager.cpp:143(InitializeUserLists)#CBoxeeClientServerComManager::InitializeUserListsNow - Going to initialize EXCLUDED SOURCES (bcscm)(cf)
16:45:45.089 T:3018603408 M:532828160 DEBUG: Boxee: 22/02/12 14:45:45.899#DEBUG#bxcscmanager.cpp:146(InitializeUserLists)#CBoxeeClientServerComManager::InitializeUserListsNow - Exit function. Going to return TRUE (bcscm)
16:45:45.090 T:3018603408 M:532828160 DEBUG: Boxee: 22/02/12 14:45:45.902#DEBUG#bxcscmanager.cpp:153(AddUserListsToScheduleTaskManager)#CBoxeeClientServerComManager::AddUserListsToScheduleTaskManager - Enter function (bcscm)
16:45:45.421 T:3018603408 M:532754432 DEBUG: Boxee: 22/02/12 14:45:45.4210#DEBUG#bxcscmanager.cpp:157(AddUserListsToScheduleTaskManager)#CBoxeeClientServerComManager::AddUserListsToScheduleTaskManager - Going to add RECOMMENDATION task (bcscm)(rec)
16:45:45.421 T:3018603408 M:532754432 DEBUG: Boxee: 22/02/12 14:45:45.4217#DEBUG#bxcscmanager.cpp:161(AddUserListsToScheduleTaskManager)#CBoxeeClientServerComManager::AddUserListsToScheduleTaskManager - Going to add QUEUE (bcscm)(queue)
16:45:45.422 T:3018603408 M:532754432 DEBUG: Boxee: 22/02/12 14:45:45.4226#DEBUG#bxcscmanager.cpp:169(AddUserListsToScheduleTaskManager)#CBoxeeClientServerComManager::AddUserListsToScheduleTaskManager - Going to add APPS (bcscm)(apps)
16:45:45.423 T:3018603408 M:532754432 DEBUG: Boxee: 22/02/12 14:45:45.4231#DEBUG#bxcscmanager.cpp:173(AddUserListsToScheduleTaskManager)#CBoxeeClientServerComManager::AddUserListsToScheduleTaskManager - Going to add SUBSCRIPTION (bcscm)(subs)
16:45:45.423 T:3018603408 M:532754432 DEBUG: Boxee: 22/02/12 14:45:45.4236#DEBUG#bxcscmanager.cpp:177(AddUserListsToScheduleTaskManager)#CBoxeeClientServerComManager::AddUserListsToScheduleTaskManager - Going to add WEBFAVORITES (bcscm)(subs)
16:45:45.424 T:3018603408 M:532754432 DEBUG: Boxee: 22/02/12 14:45:45.4240#DEBUG#bxcscmanager.cpp:181(AddUserListsToScheduleTaskManager)#CBoxeeClientServerComManager::AddUserListsToScheduleTaskManager - Going to add SERVICES (bcscm)(serv)
16:45:45.424 T:3018603408 M:532754432 DEBUG: Boxee: 22/02/12 14:45:45.4245#DEBUG#bxcscmanager.cpp:189(AddUserListsToScheduleTaskManager)#CBoxeeClientServerComManager::AddUserListsToScheduleTaskManager - Going to add SOURCES (bcscm)(entitle)
16:45:45.425 T:3018603408 M:532754432 DEBUG: Boxee: 22/02/12 14:45:45.4250#DEBUG#bxcscmanager.cpp:193(AddUserListsToScheduleTaskManager)#CBoxeeClientServerComManager::AddUserListsToScheduleTaskManager - Going to add FEATURED (bcscm)(feat)
16:45:45.425 T:3018603408 M:532754432 DEBUG: Boxee: 22/02/12 14:45:45.4255#DEBUG#bxcscmanager.cpp:197(AddUserListsToScheduleTaskManager)#CBoxeeClientServerComManager::AddUserListsToScheduleTaskManager - Going to add APPBOX-APPS_LIST (bcscm)(appbox)
16:45:45.425 T:3018603408 M:532754432 DEBUG: Boxee: 22/02/12 14:45:45.4259#DEBUG#bxcscmanager.cpp:201(AddUserListsToScheduleTaskManager)#CBoxeeClientServerComManager::AddUserListsToScheduleTaskManager - Going to add APPBOX-POPU_LIST (bcscm)(appbox)
16:45:45.426 T:3018603408 M:532754432 DEBUG: Boxee: 22/02/12 14:45:45.4262#DEBUG#bxcscmanager.cpp:205(AddUserListsToScheduleTaskManager)#CBoxeeClientServerComManager::AddUserListsToScheduleTaskManager - Going to add APPBOX-REPOS_LIST (bcscm)(repos)
16:45:45.426 T:3018603408 M:532758528 DEBUG: Boxee: 22/02/12 14:45:45.4266#DEBUG#bxcscmanager.cpp:209(AddUserListsToScheduleTaskManager)#CBoxeeClientServerComManager::AddUserListsToScheduleTaskManager - Going to add APPBOX-CATEGORIES (bcscm)(appcategories)
16:45:45.427 T:3018603408 M:532758528 DEBUG: Boxee: 22/02/12 14:45:45.4269#DEBUG#bxcscmanager.cpp:213(AddUserListsToScheduleTaskManager)#CBoxeeClientServerComManager::AddUserListsToScheduleTaskManager - Going to add MOVIE_TRAILERS_LIST (bcscm)(trailers)
16:45:45.427 T:3018603408 M:532758528 DEBUG: Boxee: 22/02/12 14:45:45.4273#DEBUG#bxcscmanager.cpp:217(AddUserListsToScheduleTaskManager)#CBoxeeClientServerComManager::AddUserListsToScheduleTaskManager - Exit function. Going to return TRUE (bcscm)
16:45:45.427 T:3018603408 M:532758528 DEBUG: CApplication::PostLoginInitializations - Enter function (login)
16:45:45.428 T:3018603408 M:532758528 DEBUG: CApplication::BoxeePostLoginInitializations - Enter function (login)
16:45:45.428 T:2943224720 M:532758528 DEBUG: update ref map. url http://app.boxee.tv/appindex/dlink.dsm380/1.5.1?regionsku=US&serialnumber=QL011A9000553 new ref_count 0 progress 0 (hcm)
16:45:45.428 T:2943224720 M:532758528 DEBUG: update ref map. url http://app.boxee.tv/appindex/dlink.dsm380/1.5.1?regionsku=US&serialnumber=QL011A9000553 new ref_count 1 progress 0 (hcm)
16:45:45.433 T:2947439504 M:532758528 DEBUG: update ref map. url http://app.boxee.tv/api/get_applications new ref_count 1 progress 0 (hcm)
16:45:45.443 T:2947439504 M:532733952 DEBUG: insert http://app.boxee.tv/api/get_applications to the database (hcm)
16:45:45.445 T:2947439504 M:532733952 DEBUG: update ref map. url http://app.boxee.tv/api/get_applications new ref_count 0 progress 0 (hcm)
16:45:45.448 T:2948492176 M:532733952 DEBUG: update ref map. url http://app.boxee.tv/api/get_subscriptions new ref_count 1 progress 0 (hcm)
16:45:45.449 T:2948492176 M:532733952 DEBUG: insert http://app.boxee.tv/api/get_subscriptions to the database (hcm)
16:45:45.781 T:2947439504 M:532811776 DEBUG: Boxee: 22/02/12 14:45:45.4507#DEBUG#bxapplicationsmanager.cpp:281(DoWork)#RequestApplicationsListFromServerTask::DoWork - Call LoadFromURL with [http://app.boxee.tv/api/get_applications] returned [ApplicationsListSize=11][lastRetCode=200][timestamp=1329921945]. [isLoaded=0] (apps)(schedule)
16:45:45.782 T:2947439504 M:532811776 DEBUG: Boxee: 22/02/12 14:45:45.7821#DEBUG#bxapplicationsmanager.cpp:311(DoWork)#RequestApplicationsListFromServerTask::DoWork - Exit function (apps)
16:45:45.782 T:2947439504 M:532811776 DEBUG: Boxee: 22/02/12 14:45:45.7826#DEBUG#bxappboxmanager.cpp:667(DoWork)#RequestAppBoxRepositoriesListFromServerTask::DoWork - Enter function (repos)
16:45:45.784 T:2948492176 M:532811776 DEBUG: update ref map. url http://app.boxee.tv/api/get_subscriptions new ref_count 0 progress 0 (hcm)
16:45:45.785 T:3018603408 M:532811776 WARNING: CHttpCacheManager::Deinitialize - url has open event handle
16:45:45.785 T:3018603408 M:532811776 WARNING: CHttpCacheManager::Deinitialize - url has open event handle
16:45:45.786 T:3018603408 M:532811776 WARNING: CHttpCacheManager::Deinitialize - url has 1 open references
16:45:45.786 T:3018603408 M:532811776 WARNING: CHttpCacheManager::Deinitialize - url has 1 open references
16:45:45.787 T:3018603408 M:532811776 WARNING: CHttpCacheManager::Deinitialize - url has 1 open references
16:45:45.787 T:3018603408 M:532811776 WARNING: CHttpCacheManager::Deinitialize - url has 1 open references
16:45:45.787 T:3018603408 M:532811776 WARNING: CHttpCacheManager::Deinitialize - url has 1 open references
16:45:45.787 T:3018603408 M:532811776 WARNING: CHttpCacheManager::Deinitialize - url has 1 open references
16:45:45.788 T:3018603408 M:532815872 WARNING: CHttpCacheManager::Deinitialize - url has 1 open references
16:45:45.788 T:3018603408 M:532815872 WARNING: CHttpCacheManager::Deinitialize - url has 1 open references
16:45:45.788 T:3018603408 M:532815872 DEBUG: CHttpCacheManager::ClearRefMap
16:45:45.790 T:2949544848 M:532815872 DEBUG: update ref map. url http://app.boxee.tv/api/get_queue?ot=clip new ref_count 0 progress 0 (hcm)
16:45:45.792 T:2949544848 M:532815872 DEBUG: insert http://app.boxee.tv/api/get_queue?ot=clip to the database (hcm)
16:45:45.793 T:2949544848 M:532815872 WARNING: CHttpCacheManager::UpdateRefMap negative reference count for url http://app.boxee.tv/api/get_queue?ot=clip (hcm)
16:45:45.796 T:2945330064 M:532815872 DEBUG: update ref map. url http://app.boxee.tv/api/get_services new ref_count 0 progress 0 (hcm)
16:45:45.797 T:2945330064 M:532815872 DEBUG: insert http://app.boxee.tv/api/get_services to the database (hcm)
16:45:45.798 T:2945330064 M:532815872 WARNING: CHttpCacheManager::UpdateRefMap negative reference count for url http://app.boxee.tv/api/get_services (hcm)
16:45:45.800 T:2944277392 M:532815872 DEBUG: update ref map. url http://app.boxee.tv/titles/sources new ref_count 0 progress 0 (hcm)
16:45:45.801 T:2944277392 M:532815872 DEBUG: insert http://app.boxee.tv/titles/sources to the database (hcm)
16:45:45.803 T:2944277392 M:532815872 WARNING: CHttpCacheManager::UpdateRefMap negative reference count for url http://app.boxee.tv/titles/sources (hcm)
16:45:45.806 T:2947439504 M:532815872 DEBUG: update ref map. url http://app.boxee.tv/api/get_repositories new ref_count 1 progress 0 (hcm)
16:45:45.807 T:2947439504 M:532815872 DEBUG: CHttpCacheManager::StartCachingURL push http://app.boxee.tv/api/get_repositories to m_references (hcm)
16:45:45.808 T:2946382736 M:532815872 DEBUG: CHttpCacheManager::DoneCachingURL - about to delete http://app.boxee.tv/api/bookmarks (hcm) from database
16:45:45.809 T:2946382736 M:532811776 DEBUG: CHttpCacheManager::UpdateRefMap Can not decrease ref count to new object http://app.boxee.tv/api/bookmarks (hcm)
16:45:45.810 T:2946382736 M:532811776 DEBUG: Boxee: 22/02/12 14:45:45.8103#DEBUG#bxwebfavoritesmanager.cpp:256(DoWork)#RequestWebFavoritesListFromServerTask::DoWork - Exit function (subs)
16:45:45.810 T:2946382736 M:532811776 DEBUG: Boxee: 22/02/12 14:45:45.8108#DEBUG#bxappboxmanager.cpp:784(DoWork)#RequestAppsCategoriesListFromServerTask::DoWork - Enter function (categories)
16:45:45.813 T:2946382736 M:532811776 DEBUG: update ref map. url http://app.boxee.tv/applications/categories?lang=en&adult=yes new ref_count 1 progress 0 (hcm)
16:45:45.813 T:2946382736 M:532811776 DEBUG: CHttpCacheManager::StartCachingURL push http://app.boxee.tv/applications/categories?lang=en&adult=yes to m_references (hcm)
16:45:46.146 T:2950597520 M:532553728 DEBUG: update ref map. url http://app.boxee.tv/api/get_recommendations?last=0&count=200 new ref_count 0 progress 0 (hcm)
16:45:46.147 T:2950597520 M:532553728 DEBUG: insert http://app.boxee.tv/api/get_recommendations?last=0&count=200 to the database (hcm)
16:45:46.148 T:2950597520 M:532553728 WARNING: CHttpCacheManager::UpdateRefMap negative reference count for url http://app.boxee.tv/api/get_recommendations?last=0&count=200 (hcm)
16:45:46.152 T:2942172048 M:532553728 DEBUG: update ref map. url http://app.boxee.tv/api/get_featured new ref_count 0 progress 0 (hcm)
16:45:46.153 T:2942172048 M:532553728 DEBUG: insert http://app.boxee.tv/api/get_featured to the database (hcm)
16:45:46.155 T:2942172048 M:532553728 WARNING: CHttpCacheManager::UpdateRefMap negative reference count for url http://app.boxee.tv/api/get_featured (hcm)
16:45:46.158 T:2948492176 M:532553728 DEBUG: Boxee: 22/02/12 14:45:45.8187#DEBUG#bxsubscriptionsmanager.cpp:357(DoWork)#RequestSubscriptionsListFromServerTask::DoWork - After LoadFromURL. [lastRetCode=200][isLoaded=0][size=1][currSize=0] (subs)
16:45:46.162 T:2945330064 M:532557824 DEBUG: Boxee: 22/02/12 14:45:46.1594#DEBUG#bxservicesmanager.cpp:333(DoWork)#RequestServicesListFromServerTask::DoWork - After LoadFromURL. [lastRetCode=200][isLoaded=0][size=6][currSize=0] (serv)
16:45:46.163 T:2945330064 M:532557824 DEBUG: Boxee: 22/02/12 14:45:46.1634#DEBUG#bxservicesmanager.cpp:86(CopyServicesList)#BXServicesManager::CopyServicesList - going to copy servicesList [size=6]. [currSize=0] (serv)
16:45:46.163 T:2945330064 M:532557824 DEBUG: Boxee: 22/02/12 14:45:46.1639#DEBUG#bxservicesmanager.cpp:346(DoWork)#RequestServicesListFromServerTask::DoWork - Exit function (serv)
16:45:46.164 T:2945330064 M:532557824 DEBUG: Boxee: 22/02/12 14:45:46.1643#DEBUG#bxgenresmanager.cpp:248(DoWork)#CRequestVideoGenresListFromServerTask::DoWork - Enter function (genres)
16:45:46.165 T:2944277392 M:532557824 DEBUG: Boxee: 22/02/12 14:45:46.1650#DEBUG#bxsourcesmanager.cpp:481(DoWork)#RequestSourcesListFromServerTask::DoWork - After LoadFromURL. [lastRetCode=200][isLoaded=0][size=80][currSize=0] (source)
16:45:46.165 T:2944277392 M:532557824 DEBUG: Boxee: 22/02/12 14:45:46.1656#DEBUG#bxsourcesmanager.cpp:100(CopySourcesList)#BXSourcesManager::CopyServicesList - going to copy sourcesList [size=80]. [currSize=0][vectorChanged=1] (source)
16:45:46.173 T:2949544848 M:532430848 DEBUG: Boxee: 22/02/12 14:45:46.1691#DEBUG#bxqueuemanager.cpp:227(GetQueueSize)#BXQueueManager::GetQueueSize - for queueList [queueType=0=clip] return [size=0] (queue)
16:45:46.173 T:2949544848 M:532430848 DEBUG: Boxee: 22/02/12 14:45:46.1736#DEBUG#bxqueuemanager.cpp:448(DoWork)#RequestQueueListFromServerTask::DoWork - for [typeId=0=clip]. [lastRetCode=200][isLoaded=0][size=28][currSize=0] (queue)
16:45:46.174 T:2949544848 M:532430848 DEBUG: Boxee: 22/02/12 14:45:46.1740#DEBUG#bxqueuemanager.cpp:227(GetQueueSize)#BXQueueManager::GetQueueSize - for queueList [queueType=0=clip] return [size=0] (queue)
16:45:46.174 T:2949544848 M:532430848 DEBUG: Boxee: 22/02/12 14:45:46.1743#DEBUG#bxqueuemanager.cpp:101(CopyQueueList)#BXQueueManager::CopyQueueList - going to copy queueList [queueType=0=clip][size=28]. [currSize=0] (queue)
16:45:46.179 T:2943224720 M:532430848 DEBUG: update ref map. url http://app.boxee.tv/appindex/dlink.dsm380/1.5.1?regionsku=US&serialnumber=QL011A9000553 new ref_count 0 progress 0 (hcm)
16:45:46.181 T:2943224720 M:532430848 DEBUG: update expire time of url http://app.boxee.tv/appindex/dlink.dsm380/1.5.1?regionsku=US&serialnumber=QL011A9000553 to the database (hcm)
16:45:46.183 T:2943224720 M:532430848 WARNING: CHttpCacheManager::UpdateRefMap negative reference count for url http://app.boxee.tv/appindex/dlink.dsm380/1.5.1?regionsku=US&serialnumber=QL011A9000553 (hcm)
16:45:46.187 T:2948492176 M:532430848 DEBUG: Boxee: 22/02/12 14:45:46.1751#DEBUG#bxsubscriptionsmanager.cpp:81(CopySubscriptionsList)#BXSubscriptionsManager::CopySubscriptionsList - going to copy subscriptionsList [size=1]. [currSize=0] (subs)
16:45:46.187 T:2948492176 M:532430848 DEBUG: Boxee: 22/02/12 14:45:46.1878#DEBUG#bxsubscriptionsmanager.cpp:370(DoWork)#RequestSubscriptionsListFromServerTask::DoWork - Exit function (subs)
16:45:46.188 T:2948492176 M:532430848 DEBUG: Boxee: 22/02/12 14:45:46.1884#DEBUG#bxgenresmanager.cpp:248(DoWork)#CRequestVideoGenresListFromServerTask::DoWork - Enter function (genres)
16:45:46.212 T:2948492176 M:532430848 DEBUG: update ref map. url http://res.boxee.tv/titles/genres?type=tv&lang=en new ref_count 1 progress 0 (hcm)
16:45:46.215 T:2948492176 M:532303872 DEBUG: CHttpCacheManager::StartCachingURL push http://res.boxee.tv/titles/genres?type=tv&lang=en to m_references (hcm)
16:45:46.224 T:2944277392 M:532303872 DEBUG: BXSourcesManager::CopySourcesList - there was a change in the vector. sending update to the menu (source)
16:45:46.224 T:2944277392 M:532303872 WARNING: CBoxeeBrowseMenuManager::ClearDynamicMenuButtons - FAILED to find menu [id=mn_library_movies_providers] in MenuMap. [path=] (bm)
16:45:46.225 T:2944277392 M:532303872 WARNING: CBoxeeBrowseMenuManager::ClearDynamicMenuButtons - FAILED to find menu [id=mn_library_shows_providers] in MenuMap. [path=] (bm)
16:45:46.226 T:2944277392 M:532307968 DEBUG: Boxee: 22/02/12 14:45:46.2259#DEBUG#bxsourcesmanager.cpp:494(DoWork)#RequestSourcesListFromServerTask::DoWork - Exit function (source)
16:45:46.557 T:2944277392 M:531243008 DEBUG: Boxee: 22/02/12 14:45:46.5576#DEBUG#bxgenresmanager.cpp:339(DoWork)#CRequestBadWordsListFromServerTask::DoWork - Enter function (badwords)
16:45:46.558 T:2942172048 M:531243008 DEBUG: Boxee: 22/02/12 14:45:46.5588#DEBUG#bxfeaturedmanager.cpp:180(DoWork)#RequestFeaturedListFromServerTask::DoWork - After LoadFromURL. [lastRetCode=200][isLoaded=0][size=40][currSize=0] (feat)
16:45:46.559 T:2942172048 M:531243008 DEBUG: Boxee: 22/02/12 14:45:46.5595#DEBUG#bxfeaturedmanager.cpp:84(CopyFeaturedList)#BXFeaturedManager::CopyFeaturedList - going to copy featuredList [size=40]. [currSize=0] (feat)
16:45:46.561 T:2943224720 M:531243008 DEBUG: Boxee: 22/02/12 14:45:46.5614#DEBUG#bxappboxmanager.cpp:576(DoWork)#RequestAppBoxBoxeeApplicationsListFromServerTask::DoWork - After LoadFromURL. [lastRetCode=304][isLoaded=0][size=273][currSize=0] (appbox)
16:45:46.562 T:2943224720 M:531243008 DEBUG: Boxee: 22/02/12 14:45:46.5623#DEBUG#bxappboxmanager.cpp:76(CopyAppBoxBoxeeApplicationsList)#BXAppBoxManager::CopyAppBoxBoxeeApplicationsList - going to copy appBoxBoxeeApplicationsList [size=273]. [currSize=0] (appbox)
16:45:46.567 T:2949544848 M:531243008 DEBUG: update ref map. url http://app.boxee.tv/api/get_queue?ot=tv_show new ref_count 1 progress 0 (hcm)
16:45:46.567 T:2949544848 M:531243008 DEBUG: CHttpCacheManager::StartCachingURL push http://app.boxee.tv/api/get_queue?ot=tv_show to m_references (hcm)
16:45:46.572 T:2945330064 M:531243008 DEBUG: update ref map. url http://res.boxee.tv/titles/genres?type=movie&lang=en new ref_count 1 progress 0 (hcm)
16:45:46.573 T:2945330064 M:531243008 DEBUG: CHttpCacheManager::StartCachingURL push http://res.boxee.tv/titles/genres?type=movie&lang=en to m_references (hcm)
16:45:46.578 T:3018603408 M:531243008 DEBUG: Initialize initialized Thumbnails manager. contains 1 files, average time 2417152727
16:45:46.579 T:3018603408 M:531243008 INFO: //.boxee/UserData/profiles/asafg/browser - check if it's a soft link and needs to be deleted (lstat 0) (file mode 16877)
16:45:46.580 T:3018603408 M:531243008 INFO: //.boxee/UserData/profiles/asafg/Thumbnails - check if it's a soft link and needs to be deleted (lstat 0) (file mode 16877)
16:45:46.580 T:3018603408 M:531243008 INFO: //.boxee/UserData/Thumbnails - check if it's a soft link and needs to be deleted (lstat 0) (file mode 16877)
16:45:46.581 T:3018603408 M:531243008 INFO: //.boxee/UserData/apps - check if it's a soft link and needs to be deleted (lstat 0) (file mode 16877)
16:45:46.590 T:2944277392 M:531234816 DEBUG: update ref map. url http://res.boxee.tv/title/badwords new ref_count 1 progress 0 (hcm)
16:45:46.594 T:2944277392 M:531234816 DEBUG: CHttpCacheManager::StartCachingURL push http://res.boxee.tv/title/badwords to m_references (hcm)
16:45:46.595 T:2950597520 M:531234816 DEBUG: Boxee: 22/02/12 14:45:46.5815#DEBUG#bxrecommendationsmanager.cpp:208(DoWork)#RequestRecommendationsListFromServerTask::DoWork - After LoadFromURL. [lastRetCode=200][isLoaded=0][size=200][currSize=0] (rec)
16:45:46.599 T:2942172048 M:531234816 DEBUG: Boxee: 22/02/12 14:45:46.5958#DEBUG#bxfeaturedmanager.cpp:202(DoWork)#RequestFeaturedListFromServerTask::DoWork - Exit function (feat)
16:45:46.599 T:2950597520 M:531234816 DEBUG: Boxee: 22/02/12 14:45:46.5998#DEBUG#bxrecommendationsmanager.cpp:85(CopyRecommendationsList)#BXRecommendationsManager::CopyRecommendationsList - going to copy recommendationsList [size=200]. [currSize=0] (rec)
16:45:46.635 T:2943224720 M:530092032 DEBUG: Boxee: 22/02/12 14:45:46.6174#DEBUG#bxappboxmanager.cpp:589(DoWork)#RequestAppBoxBoxeeApplicationsListFromServerTask::DoWork - Exit function (appbox)
16:45:46.635 T:2942172048 M:530092032 DEBUG: Boxee: 22/02/12 14:45:46.6359#DEBUG#bxtrailersmanager.cpp:127(DoWork)#CRequestVideoTrailersListFromServerTask::DoWork - Enter function (trailer)
16:45:46.638 T:2942172048 M:530096128 DEBUG: update ref map. url http://res.boxee.tv/titles/trailersections?lang=en new ref_count 1 progress 0 (hcm)
16:45:46.638 T:2942172048 M:530096128 DEBUG: CHttpCacheManager::StartCachingURL push http://res.boxee.tv/titles/trailersections?lang=en to m_references (hcm)
16:45:46.648 T:2943224720 M:530096128 DEBUG: Boxee: 22/02/12 14:45:46.6488#DEBUG#bxsourcesmanager.cpp:515(DoWork)#RequestExcludedSourcesFromServerTask::DoWork - Enter function (cf)
16:45:46.651 T:2943224720 M:530096128 DEBUG: update ref map. url http://app.boxee.tv/api/excluded_sources new ref_count 1 progress 0 (hcm)
16:45:46.652 T:2943224720 M:530096128 DEBUG: CHttpCacheManager::StartCachingURL push http://app.boxee.tv/api/excluded_sources to m_references (hcm)
16:45:46.679 T:2950597520 M:530001920 DEBUG: Boxee: 22/02/12 14:45:46.6792#DEBUG#bxrecommendationsmanager.cpp:230(DoWork)#RequestRecommendationsListFromServerTask::DoWork - Exit function (rec)
16:45:46.688 T:2950597520 M:530001920 DEBUG: Boxee: 22/02/12 14:45:46.6880#DEBUG#bxtrailersmanager.cpp:127(DoWork)#CRequestVideoTrailersListFromServerTask::DoWork - Enter function (trailer)
16:45:46.690 T:2950597520 M:530001920 DEBUG: update ref map. url http://res.boxee.tv/titles/trailersections?lang=en new ref_count 2 progress 0 (hcm)
16:45:46.691 T:2950597520 M:530001920 DEBUG: CHttpCacheManager::StartCachingURL push http://res.boxee.tv/titles/trailersections?lang=en to m_references (hcm)
16:45:46.784 T:2947439504 M:529956864 DEBUG: CHttpCacheManager::DoneCachingURL - about to delete http://app.boxee.tv/api/get_repositories (hcm) from database
16:45:46.786 T:2947439504 M:529952768 DEBUG: CHttpCacheManager::RemoveFromRefMap remove url http://app.boxee.tv/api/get_repositories (hcm)
16:45:46.786 T:2947439504 M:529952768 DEBUG: CHttpCacheManager::UpdateRefMap Can not decrease ref count to new object http://app.boxee.tv/api/get_repositories (hcm)
16:45:46.788 T:2947439504 M:529952768 DEBUG: Boxee: 22/02/12 14:45:46.7880#DEBUG#bxappboxmanager.cpp:690(DoWork)#RequestAppBoxRepositoriesListFromServerTask::DoWork - After LoadFromURL. [lastRetCode=200][isLoaded=0][size=1][currSize=0] (repos)
16:45:46.788 T:2947439504 M:529952768 DEBUG: Boxee: 22/02/12 14:45:46.7885#DEBUG#bxappboxmanager.cpp:407(CopyAppBoxRepositoriesList)#BXAppBoxManager::CopyAppBoxRepositoriesList - going to copy appBoxRepositoriesList [size=1]. [currSize=0] (repos)
16:45:46.788 T:2947439504 M:529952768 DEBUG: Boxee: 22/02/12 14:45:46.7889#DEBUG#bxappboxmanager.cpp:702(DoWork)#RequestAppBoxRepositoriesListFromServerTask::DoWork - Going to call BuildRepositoriesApplicationsList. [NumOfRepositories=1] (repos)
16:45:46.789 T:2947439504 M:529952768 DEBUG: Boxee: 22/02/12 14:45:46.7892#DEBUG#bxappboxmanager.cpp:720(BuildRepositoriesApplicationsList)#RequestAppBoxRepositoriesListFromServerTask::BuildRepositoriesApplicationsList - Enter function. [NumOfRepositories=1] (repos)
16:45:46.789 T:2947439504 M:529952768 DEBUG: Boxee: 22/02/12 14:45:46.7896#DEBUG#bxappboxmanager.cpp:730(BuildRepositoriesApplicationsList)#RequestAppBoxRepositoriesListFromServerTask::BuildRepositoriesApplicationsList - [1/1] - Going to get ApplicationList for [repoId=localhost324][repoName=The Navi-X Repository for Boxee on Google] (repos)
16:45:46.790 T:2947439504 M:529952768 DEBUG: Boxee: 22/02/12 14:45:46.7902#DEBUG#bxappboxmanager.cpp:747(BuildRepositoriesApplicationsList)#RequestAppBoxRepositoriesListFromServerTask::BuildRepositoriesApplicationsList - [1/1] - Try to get [strUrl=http://navi-x.googlecode.com/svn/trunk/boxee/index.xml] for [repoId=localhost324][repoName=The Navi-X Repository for Boxee on Google] (repos)
16:45:47.123 T:3018603408 M:529985536 DEBUG: FileItemLIst was loaded from file [//.boxee/UserData/profiles/asafg/playbackhistory.dmp] (hs)
16:45:47.124 T:3018603408 M:529985536 DEBUG: CBoxeeItemsHistory::LoadItemsHistory - After loading of ItemsHistoryList from file [size=34]. Event was sent (bh)
16:45:47.126 T:2946382736 M:530006016 DEBUG: CHttpCacheManager::DoneCachingURL - about to delete http://app.boxee.tv/applications/categories?lang=en&adult=yes (hcm) from database
16:45:47.128 T:2946382736 M:530001920 DEBUG: CHttpCacheManager::RemoveFromRefMap remove url http://app.boxee.tv/applications/categories?lang=en&adult=yes (hcm)
16:45:47.128 T:2946382736 M:530001920 DEBUG: CHttpCacheManager::UpdateRefMap Can not decrease ref count to new object http://app.boxee.tv/applications/categories?lang=en&adult=yes (hcm)
16:45:47.130 T:2948492176 M:530001920 DEBUG: update ref map. url http://res.boxee.tv/titles/genres?type=tv&lang=en new ref_count 1 progress 0 (hcm)
16:45:47.132 T:2948492176 M:530001920 DEBUG: insert http://res.boxee.tv/titles/genres?type=tv&lang=en to the database (hcm)
16:45:47.134 T:2948492176 M:530006016 DEBUG: update ref map. url http://res.boxee.tv/titles/genres?type=tv&lang=en new ref_count 0 progress 0 (hcm)
16:45:47.136 T:2947439504 M:530001920 DEBUG: update ref map. url http://navi-x.googlecode.com/svn/trunk/boxee/index.xml new ref_count 1 progress 0 (hcm)
16:45:47.137 T:2947439504 M:530001920 DEBUG: CHttpCacheManager::StartCachingURL push http://navi-x.googlecode.com/svn/trunk/boxee/index.xml to m_references (hcm)
16:45:47.150 T:2948492176 M:529981440 DEBUG: BXGenresManager::SetTvGenres - there was a change in the vector. sending clear to the BrowseMenu (genres)
16:45:47.150 T:2948492176 M:529981440 WARNING: CBoxeeBrowseMenuManager::ClearDynamicMenuButtons - FAILED to find menu [id=mn_library_shows_genres] in MenuMap. [path=] (bm)
16:45:47.180 T:3018603408 M:529981440 DEBUG: FileItemLIst was loaded from file [//.boxee/UserData/profiles/asafg/browserhistory.dmp] (hs)
16:45:47.180 T:3018603408 M:529981440 DEBUG: CBoxeeItemsHistory::LoadItemsHistory - After loading of ItemsHistoryList from file [size=27]. Event was sent (bh)
16:45:47.181 T:3018603408 M:529981440 WARNING: Init rssfeeds.xml does not exist, RSS ticker will be disabled.
16:45:47.181 T:3018603408 M:529981440 WARNING: FAILED to initialize RSS Source Manager (login)
16:45:47.182 T:3018603408 M:529981440 DEBUG: CApplication::BoxeePostLoginInitializations - MetadataEngine.Enabled is enable (login)
16:45:47.284 T:2945330064 M:530014208 DEBUG: update ref map. url http://res.boxee.tv/titles/genres?type=movie&lang=en new ref_count 1 progress 0 (hcm)
16:45:47.286 T:2945330064 M:530014208 DEBUG: insert http://res.boxee.tv/titles/genres?type=movie&lang=en to the database (hcm)
16:45:47.287 T:2945330064 M:530014208 DEBUG: update ref map. url http://res.boxee.tv/titles/genres?type=movie&lang=en new ref_count 0 progress 0 (hcm)
16:45:47.289 T:2945330064 M:530014208 DEBUG: BXGenresManager::SetMovieGenres, there was a change in the vector, sending update to the menu (genres)
16:45:47.289 T:2945330064 M:530014208 WARNING: CBoxeeBrowseMenuManager::ClearDynamicMenuButtons - FAILED to find menu [id=mn_library_movies_genres] in MenuMap. [path=] (bm)
16:45:47.328 T:3018603408 M:530006016 DEBUG: Boxee: 22/02/12 14:45:47.3282#DEBUG#bxmetadataengine.cpp:85(Start)#Boxee Metadata Engine, is starting... (resolver)
16:45:47.330 T:3018603408 M:530006016 DEBUG: Boxee: 22/02/12 14:45:47.3302#DEBUG#bxbgprocess.cpp:180(Start)#bg process [name=Video Folder Processor] initialized. [m_lazy=1=TRUE] -> MaxNumOfWorkingThreads was set to [2]
16:45:47.330 T:3018603408 M:530006016 DEBUG: Boxee: 22/02/12 14:45:47.3307#DEBUG#bxbgprocess.cpp:180(Start)#bg process [name=Audio Folder Processor] initialized. [m_lazy=1=TRUE] -> MaxNumOfWorkingThreads was set to [1]
16:45:47.331 T:3018603408 M:530006016 DEBUG: Boxee: 22/02/12 14:45:47.3311#DEBUG#bxbgprocess.cpp:180(Start)#bg process [name=Album Metadata Processor] initialized. [m_lazy=1=TRUE] -> MaxNumOfWorkingThreads was set to [1]
16:45:47.331 T:2933914512 M:529997824 DEBUG: Boxee: 22/02/12 14:45:47.3318#DEBUG#bxmetadataengine.cpp:373(EngineThread)#BXMetadataEngine::EngineThread, Boxee Metadata Engine thread starting....(resolver)
16:45:47.332 T:2933914512 M:530001920 DEBUG: Boxee: 22/02/12 14:45:47.3323#DEBUG#bxmetadataengine.cpp:379(EngineThread)#BXMetadataEngine::EngineThread, processing folders....(resolver)
16:45:47.339 T:3018603408 M:530001920 INFO: Boxee File Scanner, Started (filescanner)
16:45:47.340 T:2932861840 M:529993728 DEBUG: thread start, auto delete: 0
16:45:47.342 T:2932861840 M:529993728 DEBUG: CFileScanner::Process - wait for 60000 ms before start (fs)
16:45:47.345 T:3018603408 M:530001920 DEBUG: update ref map. url http://app.boxee.tv/api/getsocialservices?format=json new ref_count 1 progress 0 (hcm)
16:45:47.345 T:3018603408 M:530001920 DEBUG: CHttpCacheManager::StartCachingURL push http://app.boxee.tv/api/getsocialservices?format=json to m_references (hcm)
16:45:47.373 T:2942172048 M:529903616 DEBUG: CHttpCacheManager::DoneCachingURL - about to delete http://res.boxee.tv/titles/trailersections?lang=en (hcm) from database
16:45:47.376 T:2942172048 M:529903616 DEBUG: CHttpCacheManager::RemoveFromRefMap remove url http://res.boxee.tv/titles/trailersections?lang=en (hcm)
16:45:47.377 T:2942172048 M:529903616 DEBUG: CHttpCacheManager::UpdateRefMap Can not decrease ref count to new object http://res.boxee.tv/titles/trailersections?lang=en (hcm)
16:45:47.378 T:2942172048 M:529903616 DEBUG: Boxee: 22/02/12 14:45:47.3785#DEBUG#bxtrailersmanager.cpp:184(DoWork)#CRequestVideoTrailersListFromServerTask::DoWork - added new section: id=[LIBRARY], text=[All], path=[] (haim)
16:45:47.379 T:2942172048 M:529903616 DEBUG: Boxee: 22/02/12 14:45:47.3791#DEBUG#bxtrailersmanager.cpp:184(DoWork)#CRequestVideoTrailersListFromServerTask::DoWork - added new section: id=[GENRES], text=[Genres], path=[boxee://movies/genres] (haim)
16:45:47.379 T:2942172048 M:529903616 DEBUG: Boxee: 22/02/12 14:45:47.3796#DEBUG#bxtrailersmanager.cpp:184(DoWork)#CRequestVideoTrailersListFromServerTask::DoWork - added new section: id=[COMING_SOON], text=[Coming Soon], path=[] (haim)
16:45:47.381 T:2944277392 M:529903616 DEBUG: update ref map. url http://res.boxee.tv/title/badwords new ref_count 1 progress 0 (hcm)
16:45:47.383 T:2944277392 M:529907712 DEBUG: insert http://res.boxee.tv/title/badwords to the database (hcm)
16:45:47.385 T:2944277392 M:529907712 DEBUG: update ref map. url http://res.boxee.tv/title/badwords new ref_count 0 progress 0 (hcm)
16:45:47.387 T:2950597520 M:529907712 DEBUG: CHttpCacheManager::DoneCachingURL - about to delete http://res.boxee.tv/titles/trailersections?lang=en (hcm) from database
16:45:47.388 T:2950597520 M:529903616 DEBUG: CHttpCacheManager::UpdateRefMap Can not decrease ref count to new object http://res.boxee.tv/titles/trailersections?lang=en (hcm)
16:45:47.391 T:2942172048 M:529903616 DEBUG: Boxee: 22/02/12 14:45:47.3811#DEBUG#bxtrailersmanager.cpp:184(DoWork)#CRequestVideoTrailersListFromServerTask::DoWork - added new section: id=[BOXOFFICE_TOP], text=[Box Office], path=[] (haim)
16:45:47.391 T:2942172048 M:529903616 DEBUG: BXTrailerSectionsManager::SetMovieTrailers, there was a change in the vector, sending update to the menu (trailers update)
16:45:47.392 T:2942172048 M:529903616 WARNING: CBoxeeBrowseMenuManager::ClearDynamicMenuButtons - FAILED to find menu [id=mn_library_movies_trailers] in MenuMap. [path=] (bm)
16:45:47.394 T:2949544848 M:529907712 DEBUG: update ref map. url http://app.boxee.tv/api/get_queue?ot=tv_show new ref_count 1 progress 0 (hcm)
16:45:47.396 T:2949544848 M:529907712 DEBUG: insert http://app.boxee.tv/api/get_queue?ot=tv_show to the database (hcm)
16:45:47.729 T:2949544848 M:529915904 DEBUG: update ref map. url http://app.boxee.tv/api/get_queue?ot=tv_show new ref_count 0 progress 0 (hcm)
16:45:47.731 T:2943224720 M:529915904 DEBUG: CHttpCacheManager::DoneCachingURL - about to delete http://app.boxee.tv/api/excluded_sources (hcm) from database
16:45:47.732 T:2943224720 M:529911808 DEBUG: CHttpCacheManager::RemoveFromRefMap remove url http://app.boxee.tv/api/excluded_sources (hcm)
16:45:47.733 T:2943224720 M:529911808 DEBUG: CHttpCacheManager::UpdateRefMap Can not decrease ref count to new object http://app.boxee.tv/api/excluded_sources (hcm)
16:45:47.734 T:2943224720 M:529915904 DEBUG: RequestExcludedSourcesFromServerTask::DoWork - tag was found. [excludedSourcesStr=fi_yleareena,ca_tou,au_smhtv,br_terratv,il_hot,openfilm,popcornflix,snagfilms,us_hubworld,youtube] (cf)
16:45:47.735 T:2947439504 M:529915904 DEBUG: update ref map. url http://navi-x.googlecode.com/svn/trunk/boxee/index.xml new ref_count 1 progress 0 (hcm)
16:45:47.737 T:2947439504 M:529915904 DEBUG: insert http://navi-x.googlecode.com/svn/trunk/boxee/index.xml to the database (hcm)
16:45:47.738 T:2947439504 M:529915904 DEBUG: update ref map. url http://navi-x.googlecode.com/svn/trunk/boxee/index.xml new ref_count 0 progress 0 (hcm)
16:45:47.740 T:2950597520 M:529915904 DEBUG: Boxee: 22/02/12 14:45:47.3968#DEBUG#bxtrailersmanager.cpp:184(DoWork)#CRequestVideoTrailersListFromServerTask::DoWork - added new section: id=[LIBRARY], text=[All], path=[] (haim)
16:45:47.741 T:2950597520 M:529915904 DEBUG: Boxee: 22/02/12 14:45:47.7413#DEBUG#bxtrailersmanager.cpp:184(DoWork)#CRequestVideoTrailersListFromServerTask::DoWork - added new section: id=[GENRES], text=[Genres], path=[boxee://movies/genres] (haim)
16:45:47.741 T:2950597520 M:529915904 DEBUG: Boxee: 22/02/12 14:45:47.7417#DEBUG#bxtrailersmanager.cpp:184(DoWork)#CRequestVideoTrailersListFromServerTask::DoWork - added new section: id=[COMING_SOON], text=[Coming Soon], path=[] (haim)
16:45:47.742 T:2950597520 M:529915904 DEBUG: Boxee: 22/02/12 14:45:47.7421#DEBUG#bxtrailersmanager.cpp:184(DoWork)#CRequestVideoTrailersListFromServerTask::DoWork - added new section: id=[BOXOFFICE_TOP], text=[Box Office], path=[] (haim)
16:45:47.742 T:2949544848 M:529915904 DEBUG: Boxee: 22/02/12 14:45:47.7425#DEBUG#bxqueuemanager.cpp:227(GetQueueSize)#BXQueueManager::GetQueueSize - for queueList [queueType=1=tv_show] return [size=0] (queue)
16:45:47.743 T:2949544848 M:529915904 DEBUG: Boxee: 22/02/12 14:45:47.7432#DEBUG#bxqueuemanager.cpp:448(DoWork)#RequestQueueListFromServerTask::DoWork - for [typeId=1=tv_show]. [lastRetCode=200][isLoaded=0][size=0][currSize=0] (queue)
16:45:47.743 T:2949544848 M:529915904 DEBUG: Boxee: 22/02/12 14:45:47.7437#DEBUG#bxqueuemanager.cpp:227(GetQueueSize)#BXQueueManager::GetQueueSize - for queueList [queueType=1=tv_show] return [size=0] (queue)
16:45:47.744 T:2949544848 M:529915904 DEBUG: Boxee: 22/02/12 14:45:47.7441#DEBUG#bxqueuemanager.cpp:101(CopyQueueList)#BXQueueManager::CopyQueueList - going to copy queueList [queueType=1=tv_show][size=0]. [currSize=0] (queue)
16:45:47.746 T:2949544848 M:529915904 DEBUG: update ref map. url http://app.boxee.tv/api/get_queue?ot=movie new ref_count 1 progress 0 (hcm)
16:45:47.747 T:2949544848 M:529915904 DEBUG: CHttpCacheManager::StartCachingURL push http://app.boxee.tv/api/get_queue?ot=movie to m_references (hcm)
16:45:47.749 T:2947439504 M:529915904 DEBUG: Boxee: 22/02/12 14:45:47.7492#DEBUG#bxappboxmanager.cpp:764(BuildRepositoriesApplicationsList)#RequestAppBoxRepositoriesListFromServerTask::BuildRepositoriesApplicationsList - [1/1] - After add RepositoryApplicationXml for [strUrl=http://navi-x.googlecode.com/svn/trunk/boxee/index.xml][repoId=localhost324][repoName=The Navi-X Repository for Boxee on Google]. [3rdPartyRepositoriesApplicationsMapSize=1] (repos)
16:45:47.750 T:2947439504 M:529915904 DEBUG: Boxee: 22/02/12 14:45:47.7499#DEBUG#bxappboxmanager.cpp:708(DoWork)#RequestAppBoxRepositoriesListFromServerTask::DoWork - Call to BuildRepositoriesApplicationsList for [NumOfRepositories=1] returned [appBox3rdPartyRepositoriesApplicationsMapSize=1] (repos)
16:45:47.750 T:2947439504 M:529915904 DEBUG: Boxee: 22/02/12 14:45:47.7505#DEBUG#bxappboxmanager.cpp:198(CopyAppBox3rdPartyRepositoriesApplicationsList)#BXAppBoxManager::CopyAppBox3rdPartyRepositoriesApplicationsList - Enter function. [NumOf3rdPartysList=1][IsRepositoriesMapLoaded=0] (repos)
16:45:47.751 T:2947439504 M:529915904 DEBUG: Boxee: 22/02/12 14:45:47.7513#DEBUG#bxappboxmanager.cpp:214(CopyAppBox3rdPartyRepositoriesApplicationsList)#BXAppBoxManager::CopyAppBox3rdPartyRepositoriesApplicationsList - [1/1] - After copy [repositoryId=localhost324]. [NumOf3rdPartysMap=1] (repos)
16:45:48.083 T:2947439504 M:529924096 DEBUG: Boxee: 22/02/12 14:45:48.836#DEBUG#bxappboxmanager.cpp:221(CopyAppBox3rdPartyRepositoriesApplicationsList)#BXAppBoxManager::CopyAppBox3rdPartyRepositoriesApplicationsList - Exit function. [NumOf3rdPartysList=1][IsRepositoriesMapLoaded=1] (repos)
16:45:48.084 T:2947439504 M:529924096 DEBUG: Boxee: 22/02/12 14:45:48.842#DEBUG#bxappboxmanager.cpp:713(DoWork)#RequestAppBoxRepositoriesListFromServerTask::DoWork - Exit function (repos)
16:45:48.084 T:3018603408 M:529924096 DEBUG: CHttpCacheManager::DoneCachingURL - about to delete http://app.boxee.tv/api/getsocialservices?format=json (hcm) from database
16:45:48.086 T:3018603408 M:529920000 DEBUG: CHttpCacheManager::RemoveFromRefMap remove url http://app.boxee.tv/api/getsocialservices?format=json (hcm)
16:45:48.086 T:3018603408 M:529920000 DEBUG: CHttpCacheManager::UpdateRefMap Can not decrease ref count to new object http://app.boxee.tv/api/getsocialservices?format=json (hcm)
16:45:48.087 T:3018603408 M:529920000 DEBUG: CGUIDialogBoxeeShare::RequestSocialServices::PrecacheImages, caching social services image: [ImageURL=http://www.boxee.tv/htdocs/client/svc/311-button-off.png] (share)
16:45:48.088 T:2931809168 M:529911808 DEBUG: thread start, auto delete: 1
16:45:48.091 T:3018603408 M:529915904 DEBUG: CGUIDialogBoxeeShare::RequestSocialServices::PrecacheImages, caching social services image: [ImageURL=http://www.boxee.tv/htdocs/client/svc/311-button-on.png] (share)
16:45:48.092 T:2930756496 M:529907712 DEBUG: thread start, auto delete: 1
16:45:48.095 T:3018603408 M:529911808 DEBUG: CGUIDialogBoxeeShare::RequestSocialServices::PrecacheImages, caching social services image: [ImageURL=http://www.boxee.tv/htdocs/client/svc/413-button-off.png] (share)
16:45:48.096 T:2929703824 M:529903616 DEBUG: thread start, auto delete: 1
16:45:48.098 T:3018603408 M:529907712 DEBUG: CGUIDialogBoxeeShare::RequestSocialServices::PrecacheImages, caching social services image: [ImageURL=http://www.boxee.tv/htdocs/client/svc/413-button-on.png] (share)
16:45:48.099 T:3018603408 M:529907712 DEBUG: CGUIDialogBoxeeShare::RequestSocialServices::PrecacheImages, caching social services image: [ImageURL=http://www.boxee.tv/htdocs/client/svc/323-button-off.png] (share)
16:45:48.099 T:3018603408 M:529907712 DEBUG: CGUIDialogBoxeeShare::RequestSocialServices::PrecacheImages, caching social services image: [ImageURL=http://www.boxee.tv/htdocs/client/svc/323-button-on.png] (share)
16:45:48.099 T:3018603408 M:529907712 DEBUG: CBoxeeSocialUtilsManager::GetSocialServicesStatus - call to get SocialServices status from server returned [jobResult=1]
16:45:48.100 T:3018603408 M:529907712 DEBUG: CBoxeeSocialUtilsManager::GetSocialServicesStatus - after parse SocialServices to FIleItemList. [NumOfSocialServices=3]
16:45:48.194 T:3018603408 M:529936384 DEBUG: Boxee: 22/02/12 14:45:48.1948#DEBUG#bxuserprofiledatabase.cpp:29(TablesExist)#File exists, check if tables are created
16:45:48.197 T:3018603408 M:529936384 DEBUG: Boxee: 22/02/12 14:45:48.1977#DEBUG#bxdatabase.cpp:402(TablesExist)#File exists, check if tables are created
16:45:48.199 T:3018603408 M:529936384 DEBUG: Boxee: 22/02/12 14:45:48.1998#DEBUG#bxdatabase.cpp:412(TablesExist)#Tables are ok. version: 11
16:45:48.200 T:3018603408 M:529936384 DEBUG: Boxee: 22/02/12 14:45:48.2003#DEBUG#GUIWindowStateDatabase.cpp:43(TablesExist)#File exists, check if tables are created
16:45:48.201 T:3018603408 M:529936384 DEBUG: CGUIWindowStateDatabase, //.boxee/UserData/profiles/asafg/Database/boxee_window_state.db is in version 11
16:45:48.202 T:3018603408 M:529936384 DEBUG: Boxee: 22/02/12 14:45:48.2021#DEBUG#bxbgprocess.cpp:180(Start)#bg process [name=] initialized. [m_lazy=1=TRUE] -> MaxNumOfWorkingThreads was set to [1]
16:45:48.202 T:2928651152 M:529928192 DEBUG: thread start, auto delete: 0
16:45:48.203 T:2927598480 M:529924096 DEBUG: thread start, auto delete: 1
16:45:48.203 T:2927598480 M:529924096 DEBUG: Scanning interfaces for shares
16:45:48.204 T:2927598480 M:529924096 DEBUG: Interface 5C:D9:98:80:D:1A, not connected
16:45:48.204 T:2927598480 M:529924096 DEBUG: Interface 36:17:A7:4E:EB:21, not connected
16:45:48.204 T:2927598480 M:529924096 DEBUG: Interface 74:F0:6D:9F:54:F5, connected
16:45:48.206 T:3018603408 M:529915904 INFO: removing tempfiles
16:45:48.206 T:3018603408 M:529915904 NOTICE: initialize done
16:45:48.223 T:3071473440 M:529928192 DEBUG: Process - no user autoexec.py (//.boxee/UserData/scripts/autoexec.py) found, skipping
16:45:48.224 T:3071473440 M:529928192 INFO: XBPython::Initialize, initializing python engine.
16:45:48.225 T:3071473440 M:529928192 DEBUG: Python wrapper library linked with system Python library
16:45:48.252 T:2926545808 M:529846272 DEBUG: thread start, auto delete: 1
16:45:48.253 T:2926545808 M:529846272 DEBUG: CDirectory::GetDirectory , calling g_directoryCache.GetDirectory with path: nfs://all , items: 0 , retreiveAll: 0 (cache check)
16:45:48.253 T:2926545808 M:529846272 DEBUG: CDirectory::GetDirectory , g_directoryCache.GetDirectory returned false (cache check)
16:45:48.264 T:2949544848 M:529850368 DEBUG: update ref map. url http://app.boxee.tv/api/get_queue?ot=movie new ref_count 1 progress 0 (hcm)
16:45:48.265 T:2949544848 M:529850368 DEBUG: insert http://app.boxee.tv/api/get_queue?ot=movie to the database (hcm)
16:45:48.267 T:2949544848 M:529850368 DEBUG: update ref map. url http://app.boxee.tv/api/get_queue?ot=movie new ref_count 0 progress 0 (hcm)
16:45:48.268 T:2949544848 M:529850368 DEBUG: Boxee: 22/02/12 14:45:48.2686#DEBUG#bxqueuemanager.cpp:227(GetQueueSize)#BXQueueManager::GetQueueSize - for queueList [queueType=2=movie] return [size=0] (queue)
16:45:48.269 T:2949544848 M:529850368 DEBUG: Boxee: 22/02/12 14:45:48.2692#DEBUG#bxqueuemanager.cpp:448(DoWork)#RequestQueueListFromServerTask::DoWork - for [typeId=2=movie]. [lastRetCode=200][isLoaded=0][size=0][currSize=0] (queue)
16:45:48.269 T:2949544848 M:529850368 DEBUG: Boxee: 22/02/12 14:45:48.2696#DEBUG#bxqueuemanager.cpp:227(GetQueueSize)#BXQueueManager::GetQueueSize - for queueList [queueType=2=movie] return [size=0] (queue)
16:45:48.269 T:2949544848 M:529850368 DEBUG: Boxee: 22/02/12 14:45:48.2699#DEBUG#bxqueuemanager.cpp:101(CopyQueueList)#BXQueueManager::CopyQueueList - going to copy queueList [queueType=2=movie][size=0]. [currSize=0] (queue)
16:45:48.272 T:2949544848 M:529850368 DEBUG: update ref map. url http://app.boxee.tv/api/get_queue?ot=all new ref_count 1 progress 0 (hcm)
16:45:48.272 T:2949544848 M:529850368 DEBUG: CHttpCacheManager::StartCachingURL push http://app.boxee.tv/api/get_queue?ot=all to m_references (hcm)
16:45:48.287 T:3018603408 M:529563648 DEBUG: CBoxeeBrowseMenuManager::BuildMenu - [1] - adding button [label=Movie Library][path=boxeeui://movies/?category=all][id=bt_library_movies_all][isseparator=0] to menu [mn_library_movies] (bm)
16:45:48.288 T:3018603408 M:529563648 DEBUG: CBoxeeBrowseMenuManager::BuildMenu - [2] - adding button [label=Genres][path=][id=bt_library_movies_genres][isseparator=0] to menu [mn_library_movies] (bm)
16:45:48.618 T:3018603408 M:529448960 DEBUG: CBoxeeBrowseMenuManager::BuildMenu - [3] - adding button [label=Channels][path=][id=bt_library_movies_providers][isseparator=0] to menu [mn_library_movies] (bm)
16:45:48.618 T:3018603408 M:529448960 DEBUG: CBoxeeBrowseMenuManager::BuildMenu - [4] - adding button [label=][path=][id=bt_separator][isseparator=1] to menu [mn_library_movies] (bm)
16:45:48.619 T:3018603408 M:529448960 DEBUG: CBoxeeBrowseMenuManager::BuildMenu - [5] - adding button [label=Trailers][path=boxeeui://movies/?category=trailers][id=bt_library_movies_trailers][isseparator=0] to menu [mn_library_movies] (bm)
16:45:48.619 T:3018603408 M:529448960 DEBUG: CBoxeeBrowseMenuManager::BuildMenu - [6] - adding button [label=My Movies][path=boxeeui://movies/?category=local][id=bt_library_local_movies][isseparator=0] to menu [mn_library_movies] (bm)
16:45:48.620 T:3018603408 M:529453056 DEBUG: CBoxeeBrowseMenuManager::BuildMenu - [1] - adding button [label=My Movies][path=boxeeui://movies/?category=local][id=bt_local_movies_all][isseparator=0] to menu [mn_local_movies] (bm)
16:45:48.620 T:3018603408 M:529453056 DEBUG: CBoxeeBrowseMenuManager::BuildMenu - [2] - adding button [label=Genres][path=][id=bt_local_movies_genres][isseparator=0] to menu [mn_local_movies] (bm)
16:45:48.620 T:3018603408 M:529453056 DEBUG: CBoxeeBrowseMenuManager::BuildMenu - [3] - adding button [label=Sources][path=][id=bt_local_movies_sources][isseparator=0] to menu [mn_local_movies] (bm)
16:45:48.621 T:3018603408 M:529453056 DEBUG: CBoxeeBrowseMenuManager::BuildMenu - [4] - adding button [label=Unwatched][path=boxeeui://movies/?category=local&unwatched=true][id=bt_local_movies_unwatched][isseparator=0] to menu [mn_local_movies] (bm)
16:45:48.621 T:3018603408 M:529453056 DEBUG: CBoxeeBrowseMenuManager::BuildMenu - [5] - adding button [label=][path=][id=bt_separator][isseparator=1] to menu [mn_local_movies] (bm)
16:45:48.622 T:3018603408 M:529453056 DEBUG: CBoxeeBrowseMenuManager::BuildMenu - [6] - adding button [label=Movie Library][path=boxeeui://movies/?category=all][id=bt_local_library_movies_all][isseparator=0] to menu [mn_local_movies] (bm)
16:45:48.622 T:3018603408 M:529453056 DEBUG: CBoxeeBrowseMenuManager::BuildMenu - [1] - adding button [label=][path=][id=bt_separator][isseparator=1] to menu [mn_library_movies_trailers] (bm)
16:45:48.622 T:3018603408 M:529453056 DEBUG: CBoxeeBrowseMenuManager::BuildMenu - [2] - adding button [label=Movie Library][path=boxeeui://movies/?category=all][id=bt_trailers_library_movies][isseparator=0] to menu [mn_library_movies_trailers] (bm)
16:45:48.623 T:3018603408 M:529453056 DEBUG: CBoxeeBrowseMenuManager::BuildMenu - [3] - adding button [label=My Movies][path=boxeeui://movies/?category=local][id=bt_trailers_local_movies][isseparator=0] to menu [mn_library_movies_trailers] (bm)
16:45:48.623 T:2924440464 M:529453056 DEBUG: thread start, auto delete: 1
16:45:48.624 T:2924440464 M:529453056 DEBUG: CDirectory::GetDirectory , calling g_directoryCache.GetDirectory with path: bms://all , items: 0 , retreiveAll: 0 (cache check)
16:45:48.624 T:2924440464 M:529453056 DEBUG: CDirectory::GetDirectory , g_directoryCache.GetDirectory returned false (cache check)
16:45:48.624 T:2924440464 M:529453056 DEBUG: CDirectory::GetDirectory , calling g_directoryCache.GetDirectory with path: zeroconf:// , items: 0 , retreiveAll: 0 (cache check)
16:45:48.625 T:2924440464 M:529453056 DEBUG: CDirectory::GetDirectory , g_directoryCache.GetDirectory returned false (cache check)
16:45:48.630 T:3026418576 M:529453056 DEBUG: CZeroconfBrowserAvahi::resolveCallback resolved service 'Asaf's MacBook' of type '_afpovertcp._tcp' in domain 'local':
16:45:48.638 T:3026418576 M:529453056 DEBUG: CZeroconfBrowserAvahi::resolveCallback resolved service 'Asaf's MacBook' of type '_ftp._tcp' in domain 'local':
16:45:48.639 T:3018603408 M:529453056 DEBUG: CBoxeeBrowseMenuManager::BuildMenu - [1] - adding button [label=Show Library][path=boxeeui://shows/?category=all][id=bt_library_shows_all][isseparator=0] to menu [mn_library_shows] (bm)
16:45:48.640 T:3018603408 M:529453056 DEBUG: CBoxeeBrowseMenuManager::BuildMenu - [2] - adding button [label=Genres][path=][id=bt_library_shows_genres][isseparator=0] to menu [mn_library_shows] (bm)
16:45:48.640 T:3018603408 M:529453056 DEBUG: CBoxeeBrowseMenuManager::BuildMenu - [3] - adding button [label=Channels][path=][id=bt_library_shows_providers][isseparator=0] to menu [mn_library_shows] (bm)
16:45:48.972 T:2927598480 M:529453056 DEBUG: Found machine YUVALT-KARMIC32 address 10.0.0.212 interface 74:F0:6D:9F:54:F5
16:45:48.973 T:2925493136 M:529444864 DEBUG: thread start, auto delete: 1
16:45:48.974 T:2925493136 M:529444864 DEBUG: CDirectory::GetDirectory , calling g_directoryCache.GetDirectory with path: afp://all , items: 0 , retreiveAll: 0 (cache check)
16:45:48.974 T:2925493136 M:529448960 DEBUG: CDirectory::GetDirectory , g_directoryCache.GetDirectory returned false (cache check)
16:45:48.974 T:2928651152 M:529448960 DEBUG: Thread 2928651152 terminating
16:45:48.975 T:3026418576 M:529448960 DEBUG: CZeroconfBrowserAvahi::resolveCallback resolved service 'Asaf's MacBook' of type '_smb._tcp' in domain 'local':
16:45:48.977 T:2925493136 M:529448960 DEBUG: CDirectory::GetDirectory , calling g_directoryCache.GetDirectory with path: zeroconf:// , items: 0 , retreiveAll: 0 (cache check)
16:45:48.978 T:2925493136 M:529448960 DEBUG: CDirectory::GetDirectory , g_directoryCache.GetDirectory returned false (cache check)
16:45:48.980 T:3018603408 M:529448960 DEBUG: CBoxeeBrowseMenuManager::BuildMenu - [4] - adding button [label=][path=][id=bt_separator][isseparator=1] to menu [mn_library_shows] (bm)
16:45:48.981 T:3018603408 M:529448960 DEBUG: CBoxeeBrowseMenuManager::BuildMenu - [5] - adding button [label=Favorites][path=boxeeui://shows/?category=favorite][id=bt_library_shows_favorite][isseparator=0] to menu [mn_library_shows] (bm)
16:45:48.981 T:3018603408 M:529448960 DEBUG: CBoxeeBrowseMenuManager::BuildMenu - [6] - adding button [label=My Shows][path=boxeeui://shows/?category=local][id=bt_library_shows_local][isseparator=0] to menu [mn_library_shows] (bm)
16:45:48.982 T:3018603408 M:529448960 DEBUG: CBoxeeBrowseMenuManager::BuildMenu - [1] - adding button [label=My Shows][path=boxeeui://shows/?category=local][id=bt_local_shows_all][isseparator=0] to menu [mn_local_shows] (bm)
