17:07:53.026 T:2926545808 M:491364352 DEBUG: deleting tv.boxee.phimonline from apps map
17:07:53.027 T:2926545808 M:491364352 DEBUG: deleting pakee from apps map
17:07:53.027 T:2926545808 M:491364352 DEBUG: deleting ifoodtv from apps map
17:07:53.028 T:2926545808 M:491364352 DEBUG: deleting coverradio from apps map
17:07:53.028 T:2926545808 M:491364352 DEBUG: deleting pianorama from apps map
17:07:53.029 T:2926545808 M:491364352 DEBUG: deleting vudu from apps map
17:07:53.029 T:2926545808 M:491364352 DEBUG: deleting tv.boxee.grooveshark from apps map
17:07:53.029 T:2926545808 M:491364352 DEBUG: deleting youtube from apps map
17:07:53.030 T:2926545808 M:491364352 DEBUG: deleting aolhd from apps map
17:07:53.030 T:2926545808 M:491364352 DEBUG: deleting pandora from apps map
17:07:53.030 T:2926545808 M:491364352 DEBUG: deleting nrd from apps map
17:07:53.031 T:2926545808 M:491364352 DEBUG: deleting ted from apps map
17:07:53.031 T:2926545808 M:491364352 DEBUG: deleting rssfeeds from apps map
17:07:53.031 T:2926545808 M:491364352 DEBUG: deleting cinetrailer from apps map
17:07:53.031 T:2926545808 M:491364352 DEBUG: deleting revision3 from apps map
17:07:53.032 T:2926545808 M:491364352 DEBUG: deleting spotify from apps map
17:07:53.032 T:2926545808 M:491364352 DEBUG: deleting privytv from apps map
17:07:53.032 T:2926545808 M:491364352 DEBUG: deleting slingplayer from apps map
17:07:53.032 T:2926545808 M:491364352 DEBUG: deleting hustler-v2-1 from apps map
17:07:53.033 T:2926545808 M:491364352 DEBUG: deleting vevo from apps map
17:07:53.033 T:2926545808 M:491368448 DEBUG: deleting headweb from apps map
17:07:53.037 T:2926545808 M:491368448 DEBUG: reading apps.xml file
17:07:53.123 T:2926545808 M:491098112 DEBUG: BoxeeUtils::SetActivatedFromToObj - Enter function with FileItem [parentPath=appbox://all/]. [label=FyreTV][path=app://tv.boxee.fyretv/] (af)
17:07:53.124 T:2926545808 M:491098112 DEBUG: [LAUNCH_APP] - Going to report [launch] to server. [objType=application][objId=tv.boxee.fyretv][activated_from=apps][boxeeId=] (rts)
17:07:53.126 T:2911894416 M:491089920 DEBUG: Boxee: 22/02/12 15:07:53.1264#DEBUG#boxee.cpp:458(SetUserAction)#Boxee::SetUserAction - Going to call LoadFromURL with [http://app.boxee.tv/action/add]. [ActionType=launch] (sua)
17:07:53.142 T:3021073296 M:491081728 INFO: CCheckInternetConnectionJob::DoWork - Checking the internet connection. [server=1][internet=1][ConnectionToInternetChanged=0] (offline)
17:07:53.142 T:3021073296 M:491081728 DEBUG: WatchDog::CheckIsConnectedToInternet - Enter function. [server=1][internet=1]. [fromJob=1] (offline)(wd)
17:07:53.155 T:2926545808 M:491081728 DEBUG: CAppManager::LaunchSkinApp, id = tv.boxee.fyretv, url = app://tv.boxee.fyretv/14001?title=FyreTV (applaunch), isNative = 0
17:07:53.156 T:2926545808 M:491081728 DEBUG: GetWindowId - requested window id = 14001, for app id = tv.boxee.fyretv (applaunch)
17:07:53.158 T:2926545808 M:491081728 DEBUG: GetWindowId - requested window id = 14001, for app id = tv.boxee.fyretv, returning = 14517 (applaunch)
17:07:53.158 T:2926545808 M:491081728 DEBUG: Add params for window 14001 (applaunch)
17:07:53.166 T:2926545808 M:491073536 DEBUG: ------ Window Deinit (DialogProgress.xml) ------
17:07:53.170 T:2926545808 M:491073536 DEBUG: GetWindowId - requested window id = 14001, for app id = tv.boxee.fyretv (applaunch)
17:07:53.171 T:2926545808 M:491073536 DEBUG: GetWindowId - requested window id = 14001, for app id = tv.boxee.fyretv, returning = 14517 (applaunch)
17:07:53.171 T:3071473440 M:491073536 DEBUG: Activating window ID: 14517
17:07:53.172 T:3071473440 M:491073536 DEBUG: Checking if window ID 14517 is locked.
17:07:53.172 T:3071473440 M:491073536 DEBUG: CGUIWindowBoxeeBrowse::OnMessage, GUI_MSG_WINDOW_DEINIT (browse)
17:07:53.173 T:3071473440 M:491073536 DEBUG: Boxee: 22/02/12 15:07:53.1730#DEBUG#GUIWindowStateDatabase.cpp:105(SaveState)#GUIWindowStateDatabase::SaveState, iWindow=10482 , iView=55 , strSortMethod=popular , iSelectedItem=10, iSelectedCategory=all
17:07:53.174 T:3071473440 M:491073536 DEBUG: Boxee: 22/02/12 15:07:53.1744#DEBUG#GUIWindowStateDatabase.cpp:114(SaveState)#GUIWindowStateDatabase::SaveState, state found, idWindow='10482', strCategory='all'
17:07:53.448 T:3071473440 M:490971136 DEBUG: ------ Window Deinit (boxee_browse_apps.xml) ------
17:07:53.448 T:3071473440 M:490971136 DEBUG: ExecuteXBMCAction : Translating Skin.Reset(BrowseMenuLevel3)
17:07:53.449 T:3071473440 M:490971136 DEBUG: ExecuteXBMCAction : To Skin.Reset(BrowseMenuLevel3)
17:07:53.463 T:3071473440 M:490971136 DEBUG: ExecuteXBMCAction : Translating Skin.Reset(BrowseMenuLevel2)
17:07:53.464 T:3071473440 M:490971136 DEBUG: ExecuteXBMCAction : To Skin.Reset(BrowseMenuLevel2)
17:07:53.483 T:3071473440 M:490971136 DEBUG: ------ Window Init (special://home/apps/tv.boxee.fyretv/skin/Boxee Skin NG/720p/signin.xml) ------
17:07:53.484 T:3071473440 M:490971136 DEBUG: Loading skin file: special://home/apps/tv.boxee.fyretv/skin/Boxee Skin NG/720p/signin.xml
17:07:53.494 T:3071473440 M:490971136 DEBUG: Load special://home/apps/tv.boxee.fyretv/skin/Boxee Skin NG/720p/signin.xml: 9.95ms
17:07:53.604 T:3071473440 M:491139072 DEBUG: Alloc resources: 120.70ms (10.94 ms skin load)
17:07:53.605 T:3071473440 M:491139072 WARNING: CGUIWindow::OnMessage - GUI_MSG_SETFOCUS - FAILED to get the control to focus for [id=1001]. [WinId=14517]
17:07:53.606 T:3071473440 M:491139072 DEBUG: CGUIWindowApp::RestoreWindowState - Enter function. [m_isSavedState=0] (was)
17:07:53.606 T:3071473440 M:491139072 DEBUG: ------ Window Init (DialogProgress.xml) ------
17:07:53.607 T:3071473440 M:491143168 DEBUG: Loading skin file: DialogProgress.xml
17:07:53.614 T:3071473440 M:491143168 DEBUG: Load DialogProgress.xml: 7.62ms
17:07:53.620 T:3071473440 M:490508288 DEBUG: Alloc resources: 13.18ms (8.22 ms skin load)
17:07:53.868 T:3021073296 M:488017920 DEBUG: WatchDog::CheckIsConnectedToInternet - Check [http://5.ping.boxee.tv/] return [1]. [server=1][internet=1]. [fromJob=1] (offline)(wd)
17:07:53.868 T:3021073296 M:488017920 DEBUG: WatchDog::CheckIsConnectedToInternet - Exit function and return TRUE. [server=1][internet=1]. [fromJob=1] (offline)(wd)
17:07:53.874 T:2911894416 M:488017920 DEBUG: Boxee: 22/02/12 15:07:53.8748#DEBUG#boxee.cpp:461(SetUserAction)#Boxee::SetUserAction - Call to return LoadFromURL with [http://app.boxee.tv/action/add] returned [retVal=0]. [ActionType=launch] (sua)
17:07:53.875 T:2911894416 M:488017920 DEBUG: Boxee: 22/02/12 15:07:53.8756#ERROR#boxee.cpp:583(DoWork)#failed to run user action in BG
17:07:54.581 T:2911894416 M:486748160 DEBUG: thread start, auto delete: 0
17:07:54.582 T:2911894416 M:486748160 DEBUG: Thread 2911894416 terminating
17:07:54.582 T:3071473440 M:486748160 DEBUG: CApplication::ExecuteAction, execute python action for window 14517 in app context: tv.boxee.fyretv (python)
17:07:54.583 T:3071473440 M:486748160 DEBUG: XBPython::evalStringInContext... contextId = tv.boxee.fyretv (python)
17:07:54.583 T:3071473440 M:486748160 DEBUG: XBPython::GetContext, found context for id = tv.boxee.fyretv (python)
17:07:54.586 T:3071473440 M:486756352 DEBUG: ------ Window Deinit (DialogProgress.xml) ------
17:07:54.587 T:2926545808 M:486756352 INFO: Scriptresult: Succes
17:07:54.588 T:2926545808 M:486756352 DEBUG: XBPyPersistentThread::DeletePolicy -thread id 0x1e4e
17:07:54.588 T:2926545808 M:486756352 INFO: XBPyPersistentThread::Process, iteration started (python)
17:07:54.588 T:2926545808 M:486756352 INFO: XBPyPersistentThread::Process, running job (python)
17:07:54.589 T:2926545808 M:486756352 DEBUG: XBPyPersistentThread::CreatePolicy -thread id 0x1e4e
17:07:54.589 T:2926545808 M:486756352 INFO: XBPyPersistentThread::Process, run script, (python)
17:07:54.594 T:2926545808 M:486756352 INFO: Scriptresult: Success
17:07:54.594 T:2926545808 M:486756352 DEBUG: XBPyPersistentThread::DeletePolicy -thread id 0x1e4e
17:07:54.594 T:2926545808 M:486756352 INFO: XBPyPersistentThread::Process, iteration started (python)
17:07:54.602 T:3071473440 M:487391232 DEBUG: CApplication::ExecuteAction, execute python action for window 14517 in app context: tv.boxee.fyretv (python)
17:07:54.603 T:3071473440 M:487391232 DEBUG: XBPython::evalStringInContext... contextId = tv.boxee.fyretv (python)
17:07:54.603 T:3071473440 M:487391232 DEBUG: XBPython::GetContext, found context for id = tv.boxee.fyretv (python)
17:07:54.604 T:2926545808 M:487391232 INFO: XBPyPersistentThread::Process, running job (python)
17:07:54.604 T:2926545808 M:487391232 DEBUG: XBPyPersistentThread::CreatePolicy -thread id 0x1e4e
17:07:54.605 T:2926545808 M:487391232 INFO: XBPyPersistentThread::Process, run script, (python)
17:07:54.606 T:3071473440 M:487391232 DEBUG: CApplication::ExecuteAction, execute python action for window 14517 in app context: tv.boxee.fyretv (python)
17:07:54.607 T:3071473440 M:487391232 DEBUG: XBPython::evalStringInContext... contextId = tv.boxee.fyretv (python)
17:07:54.608 T:3071473440 M:487391232 DEBUG: XBPython::GetContext, found context for id = tv.boxee.fyretv (python)
17:07:54.610 T:2926545808 M:487391232 INFO: Scriptresult: Success
17:07:54.610 T:2926545808 M:487391232 DEBUG: XBPyPersistentThread::DeletePolicy -thread id 0x1e4e
17:07:54.611 T:2926545808 M:487391232 INFO: XBPyPersistentThread::Process, iteration started (python)
17:07:54.611 T:2926545808 M:487391232 INFO: XBPyPersistentThread::Process, running job (python)
17:07:54.611 T:2926545808 M:487391232 DEBUG: XBPyPersistentThread::CreatePolicy -thread id 0x1e4e
17:07:54.612 T:2926545808 M:487395328 INFO: XBPyPersistentThread::Process, run script, (python)
17:07:54.616 T:2926545808 M:487395328 INFO: Scriptresult: Success
17:07:54.616 T:2926545808 M:487395328 DEBUG: XBPyPersistentThread::DeletePolicy -thread id 0x1e4e
17:07:54.617 T:2926545808 M:487395328 INFO: XBPyPersistentThread::Process, iteration started (python)
17:07:55.382 T:3071473440 M:487522304 DEBUG: CKeyboardStat, SDLKeyboard: scancode: 28, sym: 13, unicode: 0, modifier: 0
17:07:55.382 T:3071473440 M:487522304 DEBUG: CApplication::OnKey - [key=61453][window=14517][action=7]
17:07:55.383 T:3071473440 M:487522304 DEBUG: OnKey: 61453 pressed, action is 7
17:07:55.385 T:3071473440 M:487522304 DEBUG: CApplication::ExecuteAction, execute python action for window 14517 in app context: tv.boxee.fyretv (python)
17:07:55.385 T:3071473440 M:487522304 DEBUG: XBPython::evalStringInContext... contextId = tv.boxee.fyretv (python)
17:07:55.386 T:3071473440 M:487522304 DEBUG: XBPython::GetContext, found context for id = tv.boxee.fyretv (python)
17:07:55.386 T:2926545808 M:487522304 INFO: XBPyPersistentThread::Process, running job (python)
17:07:55.387 T:2926545808 M:487522304 DEBUG: XBPyPersistentThread::CreatePolicy -thread id 0x1e4e
17:07:55.388 T:2926545808 M:487522304 INFO: XBPyPersistentThread::Process, run script, (python)
17:07:55.402 T:2926545808 M:487522304 INFO: Scriptresult: Success
17:07:55.402 T:2926545808 M:487522304 DEBUG: XBPyPersistentThread::DeletePolicy -thread id 0x1e4e
17:07:55.403 T:2926545808 M:487522304 INFO: XBPyPersistentThread::Process, iteration started (python)
17:07:55.415 T:3071473440 M:487395328 DEBUG: CApplication::ExecuteAction, execute python action for window 14517 in app context: tv.boxee.fyretv (python)
17:07:55.416 T:3071473440 M:487395328 DEBUG: XBPython::evalStringInContext... contextId = tv.boxee.fyretv (python)
17:07:55.417 T:3071473440 M:487395328 DEBUG: XBPython::GetContext, found context for id = tv.boxee.fyretv (python)
17:07:55.417 T:2926545808 M:487395328 INFO: XBPyPersistentThread::Process, running job (python)
17:07:55.418 T:2926545808 M:487395328 DEBUG: XBPyPersistentThread::CreatePolicy -thread id 0x1e4e
17:07:55.419 T:2926545808 M:487395328 INFO: XBPyPersistentThread::Process, run script, (python)
17:07:55.421 T:2926545808 M:487395328 INFO: Scriptresult: Success
17:07:55.422 T:2926545808 M:487395328 DEBUG: XBPyPersistentThread::DeletePolicy -thread id 0x1e4e
17:07:55.422 T:2926545808 M:487395328 INFO: XBPyPersistentThread::Process, iteration started (python)
17:07:55.782 T:3071473440 M:487395328 DEBUG: CKeyboardStat, SDLKeyboard: scancode: 28, sym: 13, unicode: 0, modifier: 0
17:07:55.783 T:3071473440 M:487395328 DEBUG: CApplication::OnKey - [key=61453][window=14517][action=7]
17:07:55.783 T:3071473440 M:487395328 DEBUG: OnKey: 61453 pressed, action is 7
17:07:55.785 T:3071473440 M:487395328 DEBUG: CApplication::ExecuteAction, execute python action for window 14517 in app context: tv.boxee.fyretv (python)
17:07:55.786 T:3071473440 M:487395328 DEBUG: XBPython::evalStringInContext... contextId = tv.boxee.fyretv (python)
17:07:55.786 T:3071473440 M:487395328 DEBUG: XBPython::GetContext, found context for id = tv.boxee.fyretv (python)
17:07:55.787 T:2926545808 M:487395328 INFO: XBPyPersistentThread::Process, running job (python)
17:07:55.787 T:2926545808 M:487395328 DEBUG: XBPyPersistentThread::CreatePolicy -thread id 0x1e4e
17:07:55.788 T:2926545808 M:487395328 INFO: XBPyPersistentThread::Process, run script, (python)
17:07:55.802 T:2926545808 M:487395328 INFO: Scriptresult: Success
17:07:55.802 T:2926545808 M:487395328 DEBUG: XBPyPersistentThread::DeletePolicy -thread id 0x1e4e
17:07:55.803 T:2926545808 M:487395328 INFO: XBPyPersistentThread::Process, iteration started (python)
17:07:55.815 T:3071473440 M:487395328 DEBUG: CApplication::ExecuteAction, execute python action for window 14517 in app context: tv.boxee.fyretv (python)
17:07:55.817 T:3071473440 M:487395328 DEBUG: XBPython::evalStringInContext... contextId = tv.boxee.fyretv (python)
17:07:55.817 T:3071473440 M:487399424 DEBUG: XBPython::GetContext, found context for id = tv.boxee.fyretv (python)
17:07:55.818 T:2926545808 M:487399424 INFO: XBPyPersistentThread::Process, running job (python)
17:07:55.818 T:2926545808 M:487399424 DEBUG: XBPyPersistentThread::CreatePolicy -thread id 0x1e4e
17:07:55.819 T:2926545808 M:487399424 INFO: XBPyPersistentThread::Process, run script, (python)
17:07:55.821 T:2926545808 M:487399424 INFO: Scriptresult: Success
17:07:55.822 T:2926545808 M:487399424 DEBUG: XBPyPersistentThread::DeletePolicy -thread id 0x1e4e
17:07:55.822 T:2926545808 M:487399424 INFO: XBPyPersistentThread::Process, iteration started (python)
17:07:55.966 T:3071473440 M:487399424 DEBUG: CKeyboardStat, SDLKeyboard: scancode: 28, sym: 13, unicode: 0, modifier: 0
17:07:55.967 T:3071473440 M:487399424 DEBUG: CApplication::OnKey - [key=61453][window=14517][action=7]
17:07:55.967 T:3071473440 M:487399424 DEBUG: OnKey: 61453 pressed, action is 7
17:07:55.969 T:3071473440 M:487399424 DEBUG: CApplication::ExecuteAction, execute python action for window 14517 in app context: tv.boxee.fyretv (python)
17:07:55.970 T:3071473440 M:487399424 DEBUG: XBPython::evalStringInContext... contextId = tv.boxee.fyretv (python)
17:07:55.970 T:3071473440 M:487399424 DEBUG: XBPython::GetContext, found context for id = tv.boxee.fyretv (python)
17:07:55.971 T:2926545808 M:487399424 INFO: XBPyPersistentThread::Process, running job (python)
17:07:55.971 T:2926545808 M:487399424 DEBUG: XBPyPersistentThread::CreatePolicy -thread id 0x1e4e
17:07:55.972 T:2926545808 M:487399424 INFO: XBPyPersistentThread::Process, run script, (python)
17:07:55.986 T:2926545808 M:487399424 INFO: Scriptresult: Success
17:07:55.986 T:2926545808 M:487399424 DEBUG: XBPyPersistentThread::DeletePolicy -thread id 0x1e4e
17:07:55.987 T:2926545808 M:487399424 INFO: XBPyPersistentThread::Process, iteration started (python)
17:07:55.999 T:3071473440 M:487399424 DEBUG: CApplication::ExecuteAction, execute python action for window 14517 in app context: tv.boxee.fyretv (python)
17:07:56.000 T:3071473440 M:487399424 DEBUG: XBPython::evalStringInContext... contextId = tv.boxee.fyretv (python)
17:07:56.000 T:3071473440 M:487399424 DEBUG: XBPython::GetContext, found context for id = tv.boxee.fyretv (python)
17:07:56.000 T:2926545808 M:487399424 INFO: XBPyPersistentThread::Process, running job (python)
17:07:56.001 T:2926545808 M:487399424 DEBUG: XBPyPersistentThread::CreatePolicy -thread id 0x1e4e
17:07:56.001 T:2926545808 M:487399424 INFO: XBPyPersistentThread::Process, run script, (python)
17:07:56.004 T:2926545808 M:487399424 INFO: Scriptresult: Success
17:07:56.004 T:2926545808 M:487399424 DEBUG: XBPyPersistentThread::DeletePolicy -thread id 0x1e4e
17:07:56.005 T:2926545808 M:487399424 INFO: XBPyPersistentThread::Process, iteration started (python)
17:07:56.149 T:3071473440 M:487399424 DEBUG: CKeyboardStat, SDLKeyboard: scancode: 28, sym: 13, unicode: 0, modifier: 0
17:07:56.150 T:3071473440 M:487399424 DEBUG: CApplication::OnKey - [key=61453][window=14517][action=7]
17:07:56.150 T:3071473440 M:487399424 DEBUG: OnKey: 61453 pressed, action is 7
17:07:56.152 T:3071473440 M:487399424 DEBUG: CApplication::ExecuteAction, execute python action for window 14517 in app context: tv.boxee.fyretv (python)
17:07:56.153 T:3071473440 M:487399424 DEBUG: XBPython::evalStringInContext... contextId = tv.boxee.fyretv (python)
17:07:56.153 T:3071473440 M:487399424 DEBUG: XBPython::GetContext, found context for id = tv.boxee.fyretv (python)
17:07:56.153 T:2926545808 M:487399424 INFO: XBPyPersistentThread::Process, running job (python)
17:07:56.154 T:2926545808 M:487399424 DEBUG: XBPyPersistentThread::CreatePolicy -thread id 0x1e4e
17:07:56.155 T:2926545808 M:487399424 INFO: XBPyPersistentThread::Process, run script, (python)
17:07:56.170 T:2926545808 M:487399424 INFO: Scriptresult: Success
17:07:56.170 T:2926545808 M:487399424 DEBUG: XBPyPersistentThread::DeletePolicy -thread id 0x1e4e
17:07:56.171 T:2926545808 M:487403520 INFO: XBPyPersistentThread::Process, iteration started (python)
17:07:56.182 T:3071473440 M:487403520 DEBUG: CApplication::ExecuteAction, execute python action for window 14517 in app context: tv.boxee.fyretv (python)
17:07:56.183 T:3071473440 M:487403520 DEBUG: XBPython::evalStringInContext... contextId = tv.boxee.fyretv (python)
17:07:56.183 T:3071473440 M:487403520 DEBUG: XBPython::GetContext, found context for id = tv.boxee.fyretv (python)
17:07:56.184 T:2926545808 M:487403520 INFO: XBPyPersistentThread::Process, running job (python)
17:07:56.184 T:2926545808 M:487403520 DEBUG: XBPyPersistentThread::CreatePolicy -thread id 0x1e4e
17:07:56.185 T:2926545808 M:487403520 INFO: XBPyPersistentThread::Process, run script, (python)
17:07:56.188 T:2926545808 M:487403520 INFO: Scriptresult: Success
17:07:56.189 T:2926545808 M:487403520 DEBUG: XBPyPersistentThread::DeletePolicy -thread id 0x1e4e
17:07:56.189 T:2926545808 M:487403520 INFO: XBPyPersistentThread::Process, iteration started (python)
17:07:56.350 T:3071473440 M:487403520 DEBUG: CKeyboardStat, SDLKeyboard: scancode: 28, sym: 13, unicode: 0, modifier: 0
17:07:56.350 T:3071473440 M:487403520 DEBUG: CApplication::OnKey - [key=61453][window=14517][action=7]
17:07:56.351 T:3071473440 M:487403520 DEBUG: OnKey: 61453 pressed, action is 7
17:07:56.352 T:3071473440 M:487403520 DEBUG: CApplication::ExecuteAction, execute python action for window 14517 in app context: tv.boxee.fyretv (python)
17:07:56.353 T:3071473440 M:487403520 DEBUG: XBPython::evalStringInContext... contextId = tv.boxee.fyretv (python)
17:07:56.353 T:3071473440 M:487403520 DEBUG: XBPython::GetContext, found context for id = tv.boxee.fyretv (python)
17:07:56.354 T:2926545808 M:487403520 INFO: XBPyPersistentThread::Process, running job (python)
17:07:56.354 T:2926545808 M:487403520 DEBUG: XBPyPersistentThread::CreatePolicy -thread id 0x1e4e
17:07:56.355 T:2926545808 M:487403520 INFO: XBPyPersistentThread::Process, run script, (python)
17:07:56.370 T:2926545808 M:487403520 INFO: Scriptresult: Success
17:07:56.370 T:2926545808 M:487403520 DEBUG: XBPyPersistentThread::DeletePolicy -thread id 0x1e4e
17:07:56.371 T:2926545808 M:487403520 INFO: XBPyPersistentThread::Process, iteration started (python)
17:07:56.383 T:3071473440 M:487403520 DEBUG: CApplication::ExecuteAction, execute python action for window 14517 in app context: tv.boxee.fyretv (python)
17:07:56.383 T:3071473440 M:487403520 DEBUG: XBPython::evalStringInContext... contextId = tv.boxee.fyretv (python)
17:07:56.384 T:3071473440 M:487403520 DEBUG: XBPython::GetContext, found context for id = tv.boxee.fyretv (python)
17:07:56.384 T:2926545808 M:487403520 INFO: XBPyPersistentThread::Process, running job (python)
17:07:56.384 T:2926545808 M:487403520 DEBUG: XBPyPersistentThread::CreatePolicy -thread id 0x1e4e
17:07:56.385 T:2926545808 M:487403520 INFO: XBPyPersistentThread::Process, run script, (python)
17:07:56.389 T:2926545808 M:487403520 INFO: Scriptresult: Success
17:07:56.389 T:2926545808 M:487403520 DEBUG: XBPyPersistentThread::DeletePolicy -thread id 0x1e4e
17:07:56.390 T:2926545808 M:487403520 INFO: XBPyPersistentThread::Process, iteration started (python)
17:07:56.483 T:3071473440 M:487403520 DEBUG: CKeyboardStat, SDLKeyboard: scancode: 28, sym: 13, unicode: 0, modifier: 0
17:07:56.484 T:3071473440 M:487403520 DEBUG: CApplication::OnKey - [key=61453][window=14517][action=7]
17:07:56.484 T:3071473440 M:487403520 DEBUG: OnKey: 61453 pressed, action is 7
17:07:56.486 T:3071473440 M:487403520 DEBUG: CApplication::ExecuteAction, execute python action for window 14517 in app context: tv.boxee.fyretv (python)
17:07:56.487 T:3071473440 M:487403520 DEBUG: XBPython::evalStringInContext... contextId = tv.boxee.fyretv (python)
17:07:56.487 T:3071473440 M:487403520 DEBUG: XBPython::GetContext, found context for id = tv.boxee.fyretv (python)
17:07:56.488 T:2926545808 M:487403520 INFO: XBPyPersistentThread::Process, running job (python)
17:07:56.488 T:2926545808 M:487407616 DEBUG: XBPyPersistentThread::CreatePolicy -thread id 0x1e4e
17:07:56.489 T:2926545808 M:487407616 INFO: XBPyPersistentThread::Process, run script, (python)
17:07:56.501 T:2926545808 M:487407616 NOTICE: ##### fyre(call_method): verify_pin {'pin': '000000'}
17:07:56.504 T:2926545808 M:487407616 DEBUG: update ref map. url https://boxee.fyretv.com:8281/services/boxee/verify_pin?pin=000000&serial_num=5CD99880D1A&checksum=6ec1eeddabe549aa9595a99a86bb0b5fc0515f5b new ref_count 1 progress 0 (hcm)
17:07:56.505 T:2926545808 M:487407616 DEBUG: CHttpCacheManager::StartCachingURL push https://boxee.fyretv.com:8281/services/boxee/verify_pin?pin=000000&serial_num=5CD99880D1A&checksum=6ec1eeddabe549aa9595a99a86bb0b5fc0515f5b to m_references (hcm)
17:07:56.505 T:2926545808 M:487407616 DEBUG: FileCurl::Open(0xb6291a4) https://boxee.fyretv.com:8281/services/boxee/verify_pin?pin=000000&serial_num=5CD99880D1A&checksum=6ec1eeddabe549aa9595a99a86bb0b5fc0515f5b
17:07:57.502 T:2926545808 M:487374848 DEBUG: Open - filesize: 4
17:07:57.502 T:2926545808 M:487374848 DEBUG: FileCurl::Close(0xb6291a4) https://boxee.fyretv.com:8281/services/boxee/verify_pin?pin=000000&serial_num=5CD99880D1A&checksum=6ec1eeddabe549aa9595a99a86bb0b5fc0515f5b
17:07:57.503 T:2926545808 M:487374848 DEBUG: CURL STATS: done with . 0.00k in: 0.99 sec. dns: 0.01 sec. connect: 0.24 s. pretransfer: 0.55 s. speed: 0.00 kbytes/sec.
17:07:57.504 T:2926545808 M:487378944 DEBUG: update ref map. url https://boxee.fyretv.com:8281/services/boxee/verify_pin?pin=000000&serial_num=5CD99880D1A&checksum=6ec1eeddabe549aa9595a99a86bb0b5fc0515f5b new ref_count 1 progress 0 (hcm)
17:07:57.506 T:2926545808 M:487378944 DEBUG: insert https://boxee.fyretv.com:8281/services/boxee/verify_pin?pin=000000&serial_num=5CD99880D1A&checksum=6ec1eeddabe549aa9595a99a86bb0b5fc0515f5b to the database (hcm)
17:07:57.509 T:2926545808 M:487378944 DEBUG: update ref map. url https://boxee.fyretv.com:8281/services/boxee/verify_pin?pin=000000&serial_num=5CD99880D1A&checksum=6ec1eeddabe549aa9595a99a86bb0b5fc0515f5b new ref_count 0 progress 0 (hcm)
17:07:57.517 T:3071473440 M:487378944 DEBUG: ActiveWindow 14517 (builtin)
17:07:57.518 T:3071473440 M:487378944 DEBUG: GetWindowId - requested window id = 14016, for app id = tv.boxee.fyretv (applaunch)
17:07:57.518 T:3071473440 M:487378944 DEBUG: GetWindowId - requested window id = 14016, for app id = tv.boxee.fyretv, returning = 14504 (applaunch)
17:07:57.519 T:3071473440 M:487378944 DEBUG: Activating window ID: 14504
17:07:57.519 T:3071473440 M:487378944 DEBUG: Checking if window ID 14504 is locked.
17:07:57.519 T:3071473440 M:487378944 DEBUG: ------ Window Deinit (special://home/apps/tv.boxee.fyretv/skin/Boxee Skin NG/720p/signin.xml) ------
17:07:57.520 T:3071473440 M:487378944 DEBUG: ------ Window Init (special://home/apps/tv.boxee.fyretv/skin/Boxee Skin NG/720p/switcher.xml) ------
17:07:57.521 T:3071473440 M:487378944 DEBUG: Loading skin file: special://home/apps/tv.boxee.fyretv/skin/Boxee Skin NG/720p/switcher.xml
17:07:57.522 T:3071473440 M:487378944 DEBUG: GetWindowId - requested window id = 14016, for app id = tv.boxee.fyretv (applaunch)
17:07:57.522 T:3071473440 M:487378944 DEBUG: GetWindowId - requested window id = 14016, for app id = tv.boxee.fyretv, returning = 14504 (applaunch)
17:07:57.523 T:3071473440 M:487378944 DEBUG: Load special://home/apps/tv.boxee.fyretv/skin/Boxee Skin NG/720p/switcher.xml: 2.52ms
17:07:57.523 T:3071473440 M:487378944 DEBUG: Alloc resources: 2.91ms (2.90 ms skin load)
17:07:57.524 T:3071473440 M:487378944 WARNING: CGUIWindow::OnMessage - GUI_MSG_SETFOCUS - FAILED to get the control to focus for [id=1001]. [WinId=14504]
17:07:57.524 T:3071473440 M:487378944 DEBUG: CGUIWindowApp::RestoreWindowState - Enter function. [m_isSavedState=0] (was)
17:07:57.525 T:3071473440 M:487378944 DEBUG: ------ Window Init (DialogProgress.xml) ------
17:07:57.525 T:3071473440 M:487378944 DEBUG: Loading skin file: DialogProgress.xml
17:07:57.533 T:3071473440 M:487383040 DEBUG: Load DialogProgress.xml: 7.57ms
17:07:57.539 T:3071473440 M:487383040 DEBUG: Alloc resources: 13.39ms (8.22 ms skin load)
17:07:58.452 T:2911894416 M:487120896 DEBUG: thread start, auto delete: 0
17:07:58.452 T:2911894416 M:487120896 DEBUG: Thread 2911894416 terminating
17:07:58.453 T:3071473440 M:487120896 DEBUG: CApplication::ExecuteAction, execute python action for window 14504 in app context: tv.boxee.fyretv (python)
17:07:58.453 T:3071473440 M:487120896 DEBUG: XBPython::evalStringInContext... contextId = tv.boxee.fyretv (python)
17:07:58.453 T:3071473440 M:487120896 DEBUG: XBPython::GetContext, found context for id = tv.boxee.fyretv (python)
17:07:58.454 T:2926545808 M:487120896 INFO: Scriptresult: Success
17:07:58.454 T:2926545808 M:487120896 DEBUG: XBPyPersistentThread::DeletePolicy -thread id 0x1e4e
17:07:58.454 T:2926545808 M:487120896 INFO: XBPyPersistentThread::Process, iteration started (python)
17:07:58.455 T:2926545808 M:487120896 INFO: XBPyPersistentThread::Process, running job (python)
17:07:58.455 T:2926545808 M:487120896 DEBUG: XBPyPersistentThread::CreatePolicy -thread id 0x1e4e
17:07:58.456 T:2926545808 M:487120896 INFO: XBPyPersistentThread::Process, run script, (python)
17:07:58.460 T:2926545808 M:486993920 NOTICE: SWITCHER
17:07:58.461 T:2926545808 M:486993920 DEBUG: CAppManager::Launch - Enter function with [url=app://tv.boxee.fyretv/14026?][bReportInstall=1]. App [label=FyreTV][path=app://tv.boxee.fyretv/] (bapps)(erez)
17:07:58.461 T:2926545808 M:486993920 INFO: Launching app: app://tv.boxee.fyretv/14026? (applaunch)
17:07:58.463 T:2926545808 M:487002112 DEBUG: ------ Window Init (DialogProgress.xml) ------
17:07:58.464 T:2926545808 M:487002112 DEBUG: Alloc resources: 0.03ms (0.00 ms skin load)
17:07:58.464 T:2911894416 M:486993920 DEBUG: thread start, auto delete: 0
17:07:58.465 T:2911894416 M:486993920 DEBUG: CDirectory::GetDirectory , calling g_directoryCache.GetDirectory with path: //.boxee/UserData/apps/ , items: 0 , retreiveAll: 0 (cache check)
17:07:58.466 T:2911894416 M:486993920 DEBUG: CDirectory::GetDirectory , g_directoryCache.GetDirectory returned false (cache check)
17:07:58.521 T:2911894416 M:487129088 DEBUG: CDirectory::GetDirectory , calling g_directoryCache.GetDirectory with path: //.boxee/UserData/apps/ , items: 0 , retreiveAll: 0 (cache check)
17:07:58.522 T:2911894416 M:487129088 DEBUG: CDirectory::GetDirectory , g_directoryCache.GetDirectory returned false (cache check)
17:07:58.571 T:2911894416 M:487129088 INFO: updating 's information in apps.xml
17:07:58.573 T:2911894416 M:487129088 DEBUG: deleting tv.boxee.fyretv from apps map
17:07:58.573 T:2911894416 M:487129088 DEBUG: deleting wave45tv from apps map
17:07:58.573 T:2911894416 M:487129088 DEBUG: deleting rvn from apps map
17:07:58.574 T:2911894416 M:487129088 DEBUG: deleting tv.boxee.phimonline from apps map
17:07:58.574 T:2911894416 M:487129088 DEBUG: deleting pakee from apps map
17:07:58.574 T:2911894416 M:487129088 DEBUG: deleting ifoodtv from apps map
17:07:58.575 T:2911894416 M:487129088 DEBUG: deleting coverradio from apps map
17:07:58.575 T:2911894416 M:487129088 DEBUG: deleting pianorama from apps map
17:07:58.575 T:2911894416 M:487129088 DEBUG: deleting vudu from apps map
17:07:58.576 T:2911894416 M:487129088 DEBUG: deleting tv.boxee.grooveshark from apps map
17:07:58.576 T:2911894416 M:487129088 DEBUG: deleting youtube from apps map
17:07:58.577 T:2911894416 M:487129088 DEBUG: deleting aolhd from apps map
17:07:58.577 T:2911894416 M:487129088 DEBUG: deleting pandora from apps map
17:07:58.578 T:2911894416 M:487129088 DEBUG: deleting nrd from apps map
17:07:58.578 T:2911894416 M:487129088 DEBUG: deleting ted from apps map
17:07:58.578 T:2911894416 M:487129088 DEBUG: deleting rssfeeds from apps map
17:07:58.579 T:2911894416 M:487129088 DEBUG: deleting cinetrailer from apps map
17:07:58.579 T:2911894416 M:487129088 DEBUG: deleting revision3 from apps map
17:07:58.579 T:2911894416 M:487133184 DEBUG: deleting spotify from apps map
17:07:58.580 T:2911894416 M:487133184 DEBUG: deleting privytv from apps map
17:07:58.580 T:2911894416 M:487133184 DEBUG: deleting slingplayer from apps map
17:07:58.580 T:2911894416 M:487133184 DEBUG: deleting hustler-v2-1 from apps map
17:07:58.580 T:2911894416 M:487133184 DEBUG: deleting vevo from apps map
17:07:58.581 T:2911894416 M:487133184 DEBUG: deleting headweb from apps map
17:07:58.582 T:2911894416 M:487133184 DEBUG: reading apps.xml file
17:07:58.820 T:3071473440 M:487133184 DEBUG: (dbg) FreeMem 475716/643508 Kb, FPS 38.0, CPU0: 41.3% (30.9%) Loader Q:[0] Textures:[223 (55.07 M)] SERVER: [67.225.149.139] ver: 1.5.1.23714-b17e3b9
17:07:58.821 T:3071473440 M:487133184 DEBUG: (dbg)
17:07:59.747 T:2911894416 M:487133184 INFO: CAppSecurity::VerifySignature - Succesfully verified signature for app [tv.boxee.fyretv]
17:07:59.749 T:2911894416 M:487133184 DEBUG: Thread 2911894416 terminating
17:07:59.752 T:2926545808 M:487133184 DEBUG: CDirectory::GetDirectory , calling g_directoryCache.GetDirectory with path: //.boxee/UserData/apps/ , items: 0 , retreiveAll: 0 (cache check)
17:07:59.752 T:2926545808 M:487133184 DEBUG: CDirectory::GetDirectory , g_directoryCache.GetDirectory returned false (cache check)
17:07:59.799 T:2926545808 M:487141376 INFO: updating tv.boxee.fyretv's information in apps.xml
17:07:59.801 T:2926545808 M:487141376 DEBUG: deleting tv.boxee.fyretv from apps map
17:07:59.801 T:2926545808 M:487141376 DEBUG: deleting wave45tv from apps map
17:07:59.801 T:2926545808 M:487141376 DEBUG: deleting rvn from apps map
17:07:59.802 T:2926545808 M:487141376 DEBUG: deleting tv.boxee.phimonline from apps map
17:07:59.802 T:2926545808 M:487141376 DEBUG: deleting pakee from apps map
17:07:59.803 T:2926545808 M:487141376 DEBUG: deleting ifoodtv from apps map
17:07:59.805 T:2926545808 M:487141376 DEBUG: deleting coverradio from apps map
17:07:59.805 T:2926545808 M:487141376 DEBUG: deleting pianorama from apps map
17:07:59.806 T:2926545808 M:487141376 DEBUG: deleting vudu from apps map
17:07:59.807 T:2926545808 M:487141376 DEBUG: deleting tv.boxee.grooveshark from apps map
17:07:59.807 T:2926545808 M:487141376 DEBUG: deleting youtube from apps map
17:07:59.808 T:2926545808 M:487141376 DEBUG: deleting aolhd from apps map
17:07:59.808 T:2926545808 M:487141376 DEBUG: deleting pandora from apps map
17:07:59.808 T:2926545808 M:487141376 DEBUG: deleting nrd from apps map
17:07:59.808 T:2926545808 M:487141376 DEBUG: deleting ted from apps map
17:07:59.809 T:2926545808 M:487141376 DEBUG: deleting rssfeeds from apps map
17:07:59.809 T:2926545808 M:487141376 DEBUG: deleting cinetrailer from apps map
17:07:59.809 T:2926545808 M:487141376 DEBUG: deleting revision3 from apps map
17:07:59.810 T:2926545808 M:487141376 DEBUG: deleting spotify from apps map
17:07:59.810 T:2926545808 M:487141376 DEBUG: deleting privytv from apps map
17:07:59.810 T:2926545808 M:487141376 DEBUG: deleting slingplayer from apps map
17:07:59.810 T:2926545808 M:487141376 DEBUG: deleting hustler-v2-1 from apps map
17:07:59.811 T:2926545808 M:487141376 DEBUG: deleting vevo from apps map
17:07:59.811 T:2926545808 M:487141376 DEBUG: deleting headweb from apps map
17:07:59.812 T:2926545808 M:487141376 DEBUG: reading apps.xml file
17:07:59.866 T:2926545808 M:487124992 DEBUG: BoxeeUtils::SetActivatedFromToObj - Enter function with FileItem [parentPath=appbox://all/]. [label=FyreTV][path=app://tv.boxee.fyretv/] (af)
17:07:59.867 T:2926545808 M:487124992 DEBUG: [LAUNCH_APP] - Going to report [launch] to server. [objType=application][objId=tv.boxee.fyretv][activated_from=apps][boxeeId=] (rts)
17:07:59.868 T:2911894416 M:487116800 DEBUG: Boxee: 22/02/12 15:07:59.8687#DEBUG#boxee.cpp:458(SetUserAction)#Boxee::SetUserAction - Going to call LoadFromURL with [http://app.boxee.tv/action/add]. [ActionType=launch] (sua)
17:07:59.881 T:2926545808 M:487100416 DEBUG: CAppManager::LaunchSkinApp, id = tv.boxee.fyretv, url = app://tv.boxee.fyretv/14026? (applaunch), isNative = 0
17:07:59.885 T:2926545808 M:487104512 DEBUG: GetWindowId - requested window id = 14026, for app id = tv.boxee.fyretv (applaunch)
17:07:59.885 T:2926545808 M:487104512 DEBUG: GetWindowId - requested window id = 14026, for app id = tv.boxee.fyretv, returning = 14525 (applaunch)
17:07:59.889 T:2926545808 M:487104512 DEBUG: Add params for window 14026 (applaunch)
17:07:59.937 T:2926545808 M:487137280 DEBUG: ------ Window Deinit (DialogProgress.xml) ------
17:07:59.970 T:2926545808 M:487137280 DEBUG: GetWindowId - requested window id = 14026, for app id = tv.boxee.fyretv (applaunch)
17:07:59.970 T:2926545808 M:487137280 DEBUG: GetWindowId - requested window id = 14026, for app id = tv.boxee.fyretv, returning = 14525 (applaunch)
17:07:59.971 T:3071473440 M:487137280 DEBUG: Activating window ID: 14525
17:07:59.971 T:3071473440 M:487137280 DEBUG: Checking if window ID 14525 is locked.
17:07:59.972 T:3071473440 M:487137280 DEBUG: ------ Window Deinit (special://home/apps/tv.boxee.fyretv/skin/Boxee Skin NG/720p/switcher.xml) ------
17:07:59.972 T:3071473440 M:487137280 DEBUG: ------ Window Init (special://home/apps/tv.boxee.fyretv/skin/Boxee Skin NG/720p/menu.xml) ------
17:07:59.972 T:3071473440 M:487137280 DEBUG: Loading skin file: special://home/apps/tv.boxee.fyretv/skin/Boxee Skin NG/720p/menu.xml
17:07:59.993 T:3071473440 M:487137280 DEBUG: CGUIBaseContainer::CGUIBaseContainer, 1001 (basecontainer)
17:08:00.016 T:3071473440 M:487137280 DEBUG: CGUIBaseContainer::CGUIBaseContainer, 590 (basecontainer)
17:08:00.018 T:3071473440 M:487137280 DEBUG: CGUIBaseContainer::CGUIBaseContainer, 591 (basecontainer)
17:08:00.029 T:3071473440 M:487137280 DEBUG: Load special://home/apps/tv.boxee.fyretv/skin/Boxee Skin NG/720p/menu.xml: 57.07ms
17:08:00.139 T:3071473440 M:486903808 DEBUG: Alloc resources: 166.15ms (59.23 ms skin load)
17:08:00.140 T:3071473440 M:486903808 DEBUG: CGUIWindowApp::RestoreWindowState - Enter function. [m_isSavedState=0] (was)
17:08:00.140 T:3071473440 M:486903808 DEBUG: ------ Window Init (DialogProgress.xml) ------
17:08:00.141 T:3071473440 M:486903808 DEBUG: Loading skin file: DialogProgress.xml
17:08:00.148 T:3071473440 M:486903808 DEBUG: Load DialogProgress.xml: 7.73ms
17:08:00.153 T:3071473440 M:486776832 DEBUG: Alloc resources: 12.03ms (8.34 ms skin load)
17:08:00.556 T:2911894416 M:482971648 DEBUG: Boxee: 22/02/12 15:08:00.5561#DEBUG#boxee.cpp:461(SetUserAction)#Boxee::SetUserAction - Call to return LoadFromURL with [http://app.boxee.tv/action/add] returned [retVal=0]. [ActionType=launch] (sua)
17:08:00.557 T:2911894416 M:482971648 DEBUG: Boxee: 22/02/12 15:08:00.5570#ERROR#boxee.cpp:583(DoWork)#failed to run user action in BG
17:08:01.288 T:2911894416 M:485691392 DEBUG: thread start, auto delete: 0
17:08:01.288 T:2911894416 M:485691392 DEBUG: Thread 2911894416 terminating
17:08:01.289 T:3071473440 M:485691392 DEBUG: CApplication::ExecuteAction, execute python action for window 14525 in app context: tv.boxee.fyretv (python)
17:08:01.289 T:3071473440 M:485691392 DEBUG: XBPython::evalStringInContext... contextId = tv.boxee.fyretv (python)
17:08:01.290 T:3071473440 M:485691392 DEBUG: XBPython::GetContext, found context for id = tv.boxee.fyretv (python)
17:08:01.290 T:2926545808 M:485691392 INFO: Scriptresult: Success
17:08:01.291 T:2926545808 M:485691392 DEBUG: XBPyPersistentThread::DeletePolicy -thread id 0x1e4e
17:08:01.291 T:2926545808 M:485691392 INFO: XBPyPersistentThread::Process, iteration started (python)
17:08:01.291 T:2926545808 M:485691392 INFO: XBPyPersistentThread::Process, running job (python)
17:08:01.292 T:2926545808 M:485691392 DEBUG: XBPyPersistentThread::CreatePolicy -thread id 0x1e4e
17:08:01.293 T:2926545808 M:485691392 INFO: XBPyPersistentThread::Process, run script, (python)
17:08:01.294 T:2926545808 M:485691392 NOTICE: ONLOAD: menu
17:08:01.295 T:2926545808 M:485691392 NOTICE: menu - menu
17:08:01.297 T:2926545808 M:485691392 NOTICE: Loading view menu
17:08:01.298 T:2926545808 M:485703680 NOTICE: fill view menu
17:08:01.503 T:2926545808 M:485703680 DEBUG: CItemLoader::AddControl, 1 GUI_MSG_LOADING, window = 14525, control = 590 (basecontainer)
17:08:01.505 T:2926545808 M:485703680 DEBUG: CGUIBaseContainer::CGUIBaseContainer, GUI_MSG_LOADING, 590 (basecontainer)
17:08:01.508 T:2926545808 M:485703680 DEBUG: CGetDirectoryJob::ItemsLoaded, sending GUI_MSG_LABEL_BIND windowId [14525] controlId[590] size[24]
17:08:01.510 T:3071473440 M:485703680 DEBUG: CGUIBaseContainer::CGUIBaseContainer, GUI_MSG_LABEL_BIND, 590 , append=0 (basecontainer)
17:08:01.610 T:2926545808 M:485703680 DEBUG: CItemLoader::AddControl, 1 GUI_MSG_LOADING, window = 14525, control = 591 (basecontainer)
17:08:01.621 T:2926545808 M:485703680 DEBUG: CGUIBaseContainer::CGUIBaseContainer, GUI_MSG_LOADING, 591 (basecontainer)
17:08:01.624 T:2926545808 M:485703680 DEBUG: CGetDirectoryJob::ItemsLoaded, sending GUI_MSG_LABEL_BIND windowId [14525] controlId[591] size[24]
17:08:01.626 T:3071473440 M:485703680 DEBUG: CGUIBaseContainer::CGUIBaseContainer, GUI_MSG_LABEL_BIND, 591 , append=0 (basecontainer)
17:08:01.631 T:3071473440 M:485703680 WARNING: CGUIWindow::OnMessage - GUI_MSG_SETFOCUS - FAILED to get the control to focus for [id=154]. [WinId=14525]
17:08:01.634 T:2926545808 M:485703680 INFO: Scriptresult: Success
17:08:01.635 T:2926545808 M:485703680 DEBUG: XBPyPersistentThread::DeletePolicy -thread id 0x1e4e
17:08:01.635 T:2926545808 M:485703680 INFO: XBPyPersistentThread::Process, iteration started (python)
17:08:01.643 T:2928651152 M:485703680 DEBUG: CVideoThumbLoader::LoadItem, strItemPath = http://mtw2.fyretv.com:1935/boxee4321, cachedThumb = special://masterprofile/profiles/asafg/Thumbnails/Video/d/d180efec.tbn (thumb)
17:08:01.644 T:2928651152 M:485703680 DEBUG: Creating thumb from: http://img.fyretv.com:8182/thumbnails/00/07/64/26/76426-1_1.jpeg as: special://masterprofile/profiles/asafg/Thumbnails/Video/d/d180efec.tbn
17:08:01.647 T:2928651152 M:485703680 DEBUG: update ref map. url http://img.fyretv.com:8182/thumbnails/00/07/64/26/76426-1_1.jpeg new ref_count 1 progress 0 (hcm)
17:08:01.648 T:2928651152 M:485703680 DEBUG: CHttpCacheManager::StartCachingURL push http://img.fyretv.com:8182/thumbnails/00/07/64/26/76426-1_1.jpeg to m_references (hcm)
17:08:01.648 T:2928651152 M:485703680 DEBUG: FileCurl::Open(0xae8f87ac) http://img.fyretv.com:8182/thumbnails/00/07/64/26/76426-1_1.jpeg
17:08:01.653 T:2928651152 M:485703680 DEBUG: easy_aquire - Created session to http://img.fyretv.com
17:08:01.655 T:2924440464 M:485703680 DEBUG: CVideoThumbLoader::LoadItem, strItemPath = http://mtw2.fyretv.com:1935/boxee175602, cachedThumb = special://masterprofile/profiles/asafg/Thumbnails/Video/2/24d5f7db.tbn (thumb)
17:08:01.656 T:2924440464 M:485703680 DEBUG: Creating thumb from: http://img.fyretv.com:8182/thumbnails/06/02/12/58/6021258-3_1.jpeg as: special://masterprofile/profiles/asafg/Thumbnails/Video/2/24d5f7db.tbn
17:08:01.659 T:2924440464 M:485703680 DEBUG: update ref map. url http://img.fyretv.com:8182/thumbnails/06/02/12/58/6021258-3_1.jpeg new ref_count 1 progress 0 (hcm)
17:08:01.659 T:2924440464 M:485703680 DEBUG: CHttpCacheManager::StartCachingURL push http://img.fyretv.com:8182/thumbnails/06/02/12/58/6021258-3_1.jpeg to m_references (hcm)
17:08:01.660 T:2924440464 M:485703680 DEBUG: FileCurl::Open(0xae4f47ac) http://img.fyretv.com:8182/thumbnails/06/02/12/58/6021258-3_1.jpeg
17:08:01.664 T:2924440464 M:485703680 DEBUG: easy_aquire - Created session to http://img.fyretv.com
17:08:01.667 T:2918185872 M:485703680 DEBUG: CVideoThumbLoader::LoadItem, strItemPath = http://mtw2.fyretv.com:1935/boxee169756, cachedThumb = special://masterprofile/profiles/asafg/Thumbnails/Video/6/6d267e77.tbn (thumb)
17:08:01.670 T:2918185872 M:485703680 DEBUG: CDirectoryCache::UpdateItem, CACHE updating dirPath = , cacheId = , item = Amateur Sex Bombs Scene 1, path = http://mtw2.fyretv.com:1935/boxee169756 (dircache)
17:08:01.671 T:2918185872 M:485703680 DEBUG: TouchThumbnailFile touch thumbnail file special://masterprofile/profiles/asafg/Thumbnails/Video/6/6d267e77.tbn size 8701 (thm)
17:08:01.672 T:2918185872 M:485707776 DEBUG: TouchThumbnailFile touch thumbnail file special://masterprofile/profiles/asafg/Thumbnails/Video/6/6d267e77.tbn already exist - update the average time total 1 files average time 2417340939(thm)
17:08:01.673 T:2911894416 M:485699584 DEBUG: CVideoThumbLoader::LoadItem, strItemPath = , cachedThumb = (thumb)
17:08:01.674 T:2911894416 M:485699584 DEBUG: CDirectoryCache::UpdateItem, CACHE updating dirPath = , cacheId = , item = , path = (dircache)
17:08:01.675 T:2911894416 M:485691392 DEBUG: CVideoThumbLoader::LoadItem, strItemPath = , cachedThumb = (thumb)
17:08:01.676 T:2911894416 M:485691392 DEBUG: CDirectoryCache::UpdateItem, CACHE updating dirPath = , cacheId = , item = , path = (dircache)
17:08:01.678 T:2917133200 M:485691392 DEBUG: CVideoThumbLoader::LoadItem, strItemPath = http://mtw2.fyretv.com:1935/boxee157385, cachedThumb = special://masterprofile/profiles/asafg/Thumbnails/Video/9/98601dd4.tbn (thumb)
17:08:01.681 T:2917133200 M:485691392 DEBUG: CDirectoryCache::UpdateItem, CACHE updating dirPath = , cacheId = , item = Relax He's My Stepdad 2 Scene 1, path = http://mtw2.fyretv.com:1935/boxee157385 (dircache)
17:08:01.682 T:2917133200 M:485691392 DEBUG: TouchThumbnailFile touch thumbnail file special://masterprofile/profiles/asafg/Thumbnails/Video/9/98601dd4.tbn size 11216 (thm)
17:08:01.683 T:3018603408 M:485691392 DEBUG: CVideoThumbLoader::LoadItem, strItemPath = http://mtw2.fyretv.com:1935/boxee180144, cachedThumb = special://masterprofile/profiles/asafg/Thumbnails/Video/6/64ee26f5.tbn (thumb)
17:08:01.683 T:3018603408 M:485691392 DEBUG: Creating thumb from: http://img.fyretv.com:8182/thumbnails/06/02/20/41/6022041-1_1.jpeg as: special://masterprofile/profiles/asafg/Thumbnails/Video/6/64ee26f5.tbn
17:08:01.687 T:3018603408 M:485691392 DEBUG: update ref map. url http://img.fyretv.com:8182/thumbnails/06/02/20/41/6022041-1_1.jpeg new ref_count 1 progress 0 (hcm)
17:08:01.688 T:3018603408 M:485691392 DEBUG: CHttpCacheManager::StartCachingURL push http://img.fyretv.com:8182/thumbnails/06/02/20/41/6022041-1_1.jpeg to m_references (hcm)
17:08:01.688 T:3018603408 M:485691392 DEBUG: FileCurl::Open(0xb3ec17ac) http://img.fyretv.com:8182/thumbnails/06/02/20/41/6022041-1_1.jpeg
17:08:02.022 T:2911894416 M:485576704 DEBUG: CVideoThumbLoader::LoadItem, strItemPath = , cachedThumb = (thumb)
17:08:02.023 T:2911894416 M:485576704 DEBUG: CDirectoryCache::UpdateItem, CACHE updating dirPath = , cacheId = , item = , path = (dircache)
17:08:02.023 T:2930756496 M:485576704 DEBUG: CVideoThumbLoader::LoadItem, strItemPath = , cachedThumb = (thumb)
17:08:02.024 T:2930756496 M:485576704 DEBUG: CDirectoryCache::UpdateItem, CACHE updating dirPath = , cacheId = , item = , path = (dircache)
17:08:02.024 T:2918185872 M:485576704 DEBUG: CVideoThumbLoader::LoadItem, strItemPath = http://mtw2.fyretv.com:1935/boxee174926, cachedThumb = special://masterprofile/profiles/asafg/Thumbnails/Video/4/4080a612.tbn (thumb)
17:08:02.025 T:2917133200 M:485576704 DEBUG: TouchThumbnailFile touch thumbnail file special://masterprofile/profiles/asafg/Thumbnails/Video/9/98601dd4.tbn already exist - update the average time total 1 files average time 2417366944(thm)
17:08:02.026 T:2918185872 M:485576704 DEBUG: Creating thumb from: http://img.fyretv.com:8182/thumbnails/06/02/12/00/6021200-1_1.jpeg as: special://masterprofile/profiles/asafg/Thumbnails/Video/4/4080a612.tbn
17:08:02.031 T:3018603408 M:485576704 DEBUG: easy_aquire - Created session to http://img.fyretv.com
17:08:02.034 T:2918185872 M:485576704 DEBUG: update ref map. url http://img.fyretv.com:8182/thumbnails/06/02/12/00/6021200-1_1.jpeg new ref_count 1 progress 0 (hcm)
17:08:02.034 T:2918185872 M:485576704 DEBUG: CHttpCacheManager::StartCachingURL push http://img.fyretv.com:8182/thumbnails/06/02/12/00/6021200-1_1.jpeg to m_references (hcm)
17:08:02.035 T:2918185872 M:485576704 DEBUG: FileCurl::Open(0xadefd7ac) http://img.fyretv.com:8182/thumbnails/06/02/12/00/6021200-1_1.jpeg
17:08:02.041 T:2918185872 M:485597184 DEBUG: easy_aquire - Created session to http://img.fyretv.com
17:08:02.042 T:3071473440 M:485597184 DEBUG: ExecuteXBMCAction : Translating -
17:08:02.043 T:3071473440 M:485597184 DEBUG: ExecuteXBMCAction : To -
17:08:02.075 T:2928651152 M:485736448 DEBUG: Open - filesize: 6161
17:08:02.077 T:2924440464 M:485736448 DEBUG: Open - filesize: 6198
17:08:02.081 T:3071473440 M:485765120 DEBUG: ------ Window Deinit (DialogProgress.xml) ------
17:08:02.274 T:2928651152 M:485392384 DEBUG: FileCurl::Close(0xae8f87ac) http://img.fyretv.com:8182/thumbnails/00/07/64/26/76426-1_1.jpeg
17:08:02.276 T:2928651152 M:485392384 DEBUG: CURL STATS: done with . 6.02k in: 0.62 sec. dns: 0.03 sec. connect: 0.22 s. pretransfer: 0.22 s. speed: 9.70 kbytes/sec.
17:08:02.278 T:2928651152 M:485400576 DEBUG: update ref map. url http://img.fyretv.com:8182/thumbnails/00/07/64/26/76426-1_1.jpeg new ref_count 1 progress 0 (hcm)
17:08:02.280 T:2928651152 M:485400576 DEBUG: insert http://img.fyretv.com:8182/thumbnails/00/07/64/26/76426-1_1.jpeg to the database (hcm)
17:08:02.281 T:2928651152 M:485400576 DEBUG: update ref map. url http://img.fyretv.com:8182/thumbnails/00/07/64/26/76426-1_1.jpeg new ref_count 0 progress 0 (hcm)
17:08:02.282 T:2928651152 M:485400576 DEBUG: Creating album thumb from memory: special://masterprofile/profiles/asafg/Thumbnails/Video/d/d180efec.tbn
17:08:02.283 T:2924440464 M:485400576 DEBUG: FileCurl::Close(0xae4f47ac) http://img.fyretv.com:8182/thumbnails/06/02/12/58/6021258-3_1.jpeg
17:08:02.283 T:2924440464 M:485273600 DEBUG: CURL STATS: done with . 6.05k in: 0.62 sec. dns: 0.03 sec. connect: 0.22 s. pretransfer: 0.22 s. speed: 9.80 kbytes/sec.
17:08:02.285 T:2924440464 M:485281792 DEBUG: update ref map. url http://img.fyretv.com:8182/thumbnails/06/02/12/58/6021258-3_1.jpeg new ref_count 1 progress 0 (hcm)
17:08:02.288 T:2924440464 M:485281792 DEBUG: insert http://img.fyretv.com:8182/thumbnails/06/02/12/58/6021258-3_1.jpeg to the database (hcm)
17:08:02.289 T:2924440464 M:485281792 DEBUG: update ref map. url http://img.fyretv.com:8182/thumbnails/06/02/12/58/6021258-3_1.jpeg new ref_count 0 progress 0 (hcm)
17:08:02.290 T:2924440464 M:485281792 DEBUG: Creating album thumb from memory: special://masterprofile/profiles/asafg/Thumbnails/Video/2/24d5f7db.tbn
17:08:02.318 T:2924440464 M:485306368 DEBUG: TouchThumbnailFile touch thumbnail file special://masterprofile/profiles/asafg/Thumbnails/Video/2/24d5f7db.tbn size 6198 (thm)
17:08:02.318 T:2924440464 M:485306368 DEBUG: CDirectory::GetDirectory , calling g_directoryCache.GetDirectory with path: //.boxee/UserData/profiles , items: 0 , retreiveAll: 0 (cache check)
17:08:02.319 T:2924440464 M:485306368 DEBUG: CDirectory::GetDirectory , g_directoryCache.GetDirectory returned false (cache check)
17:08:02.354 T:2928651152 M:485036032 DEBUG: TouchThumbnailFile touch thumbnail file special://masterprofile/profiles/asafg/Thumbnails/Video/d/d180efec.tbn size 6161 (thm)
17:08:02.380 T:2924440464 M:485036032 DEBUG: TouchThumbnailFile touch thumbnail file special://masterprofile/profiles/asafg/Thumbnails/Video/2/24d5f7db.tbn doesn't exist - add new total 2 files average time 4021128761 (thm)
17:08:02.434 T:3018603408 M:485052416 DEBUG: Open - filesize: 6591
17:08:02.443 T:2928651152 M:485052416 DEBUG: CDirectory::GetDirectory , calling g_directoryCache.GetDirectory with path: //.boxee/UserData/profiles , items: 0 , retreiveAll: 0 (cache check)
17:08:02.443 T:2928651152 M:485052416 DEBUG: CDirectory::GetDirectory , g_directoryCache.GetDirectory returned false (cache check)
17:08:02.487 T:2924440464 M:485036032 DEBUG: CDirectoryCache::UpdateItem, CACHE updating dirPath = , cacheId = , item = Your Granny's A Whore Scene 3, path = http://mtw2.fyretv.com:1935/boxee175602 (dircache)
17:08:02.488 T:2924440464 M:485036032 DEBUG: TouchThumbnailFile touch thumbnail file special://masterprofile/profiles/asafg/Thumbnails/Video/2/24d5f7db.tbn size 8637 (thm)
17:08:02.489 T:2918185872 M:485040128 DEBUG: Open - filesize: 4552
