17:08:19.081 T:3018603408 M:485711872 DEBUG: CVideoThumbLoader::LoadItem, strItemPath = http://mtw2.fyretv.com:1935/boxee2081715.ts?id=/06/02/12/00/6021200-1_2.jpeg, cachedThumb = special://masterprofile/profiles/asafg/Thumbnails/Video/9/948c81fc.tbn (thumb)
17:08:19.082 T:3018603408 M:485584896 DEBUG: Creating thumb from: http://img.fyretv.com:8182/thumbnails/06/02/12/00/6021200-1_2.jpeg as: special://masterprofile/profiles/asafg/Thumbnails/Video/9/948c81fc.tbn
17:08:19.084 T:3018603408 M:485588992 DEBUG: update ref map. url http://img.fyretv.com:8182/thumbnails/06/02/12/00/6021200-1_2.jpeg new ref_count 1 progress 0 (hcm)
17:08:19.085 T:3018603408 M:485588992 DEBUG: CHttpCacheManager::StartCachingURL push http://img.fyretv.com:8182/thumbnails/06/02/12/00/6021200-1_2.jpeg to m_references (hcm)
17:08:19.085 T:3018603408 M:485588992 DEBUG: FileCurl::Open(0xb3ec17ac) http://img.fyretv.com:8182/thumbnails/06/02/12/00/6021200-1_2.jpeg
17:08:19.088 T:2927598480 M:485580800 DEBUG: CVideoThumbLoader::LoadItem, strItemPath = , cachedThumb = (thumb)
17:08:19.089 T:2927598480 M:485580800 DEBUG: CDirectoryCache::UpdateItem, CACHE updating dirPath = , cacheId = , item = , path = (dircache)
17:08:19.213 T:2911894416 M:485588992 DEBUG: Open - filesize: 63365
17:08:19.283 T:3018603408 M:485588992 DEBUG: Open - filesize: 5814
17:08:19.323 T:2917133200 M:485588992 DEBUG: Creating thumb from: http://img.fyretv.com:8182/thumbnails/06/02/12/00/6021200-1_3.jpeg as: special://masterprofile/profiles/asafg/Thumbnails/Video/8/8fa48c84.tbn
17:08:19.326 T:2917133200 M:485588992 DEBUG: update ref map. url http://img.fyretv.com:8182/thumbnails/06/02/12/00/6021200-1_3.jpeg new ref_count 1 progress 0 (hcm)
17:08:19.327 T:2917133200 M:485588992 DEBUG: CHttpCacheManager::StartCachingURL push http://img.fyretv.com:8182/thumbnails/06/02/12/00/6021200-1_3.jpeg to m_references (hcm)
17:08:19.327 T:2917133200 M:485588992 DEBUG: FileCurl::Open(0xaddfc7ac) http://img.fyretv.com:8182/thumbnails/06/02/12/00/6021200-1_3.jpeg
17:08:19.388 T:2918185872 M:485715968 DEBUG: Creating thumb from: http://img.fyretv.com:8182/thumbnails/06/02/12/00/6021200-1_1.jpeg as: special://masterprofile/profiles/asafg/Thumbnails/Video/b/b9f49674.tbn
17:08:19.391 T:2918185872 M:485715968 DEBUG: update ref map. url http://img.fyretv.com:8182/thumbnails/06/02/12/00/6021200-1_1.jpeg new ref_count 0 progress 0 (hcm)
17:08:19.391 T:2918185872 M:485715968 DEBUG: update ref map. url http://img.fyretv.com:8182/thumbnails/06/02/12/00/6021200-1_1.jpeg new ref_count 1 progress 0 (hcm)
17:08:19.392 T:2918185872 M:485715968 DEBUG: update ref map. url http://img.fyretv.com:8182/thumbnails/06/02/12/00/6021200-1_1.jpeg new ref_count 0 progress 0 (hcm)
17:08:19.392 T:2918185872 M:485715968 DEBUG: Creating album thumb from memory: special://masterprofile/profiles/asafg/Thumbnails/Video/b/b9f49674.tbn
17:08:19.399 T:2918185872 M:485724160 DEBUG: TouchThumbnailFile touch thumbnail file special://masterprofile/profiles/asafg/Thumbnails/Video/b/b9f49674.tbn size 4552 (thm)
17:08:19.400 T:2918185872 M:485724160 DEBUG: CDirectory::GetDirectory , calling g_directoryCache.GetDirectory with path: //.boxee/UserData/profiles , items: 0 , retreiveAll: 0 (cache check)
17:08:19.400 T:2918185872 M:485724160 DEBUG: CDirectory::GetDirectory , g_directoryCache.GetDirectory returned false (cache check)
17:08:19.428 T:2928651152 M:485580800 DEBUG: Creating thumb from: http://img.fyretv.com:8182/thumbnails/06/02/12/00/6021200-1_4.jpeg as: special://masterprofile/profiles/asafg/Thumbnails/Video/c/ce7caeec.tbn
17:08:19.430 T:2928651152 M:485580800 DEBUG: update ref map. url http://img.fyretv.com:8182/thumbnails/06/02/12/00/6021200-1_4.jpeg new ref_count 1 progress 0 (hcm)
17:08:19.431 T:2928651152 M:485580800 DEBUG: CHttpCacheManager::StartCachingURL push http://img.fyretv.com:8182/thumbnails/06/02/12/00/6021200-1_4.jpeg to m_references (hcm)
17:08:19.431 T:2928651152 M:485580800 DEBUG: FileCurl::Open(0xae8f87ac) http://img.fyretv.com:8182/thumbnails/06/02/12/00/6021200-1_4.jpeg
17:08:19.432 T:2924440464 M:485580800 DEBUG: Creating thumb from: http://img.fyretv.com:8182/thumbnails/06/02/12/00/6021200-1_5.jpeg as: special://masterprofile/profiles/asafg/Thumbnails/Video/d/d554a394.tbn
17:08:19.434 T:2924440464 M:485580800 DEBUG: update ref map. url http://img.fyretv.com:8182/thumbnails/06/02/12/00/6021200-1_5.jpeg new ref_count 1 progress 0 (hcm)
17:08:19.435 T:2924440464 M:485457920 DEBUG: CHttpCacheManager::StartCachingURL push http://img.fyretv.com:8182/thumbnails/06/02/12/00/6021200-1_5.jpeg to m_references (hcm)
17:08:19.436 T:2924440464 M:485457920 DEBUG: FileCurl::Open(0xae4f47ac) http://img.fyretv.com:8182/thumbnails/06/02/12/00/6021200-1_5.jpeg
17:08:19.464 T:2918185872 M:485584896 DEBUG: TouchThumbnailFile touch thumbnail file special://masterprofile/profiles/asafg/Thumbnails/Video/b/b9f49674.tbn doesn't exist - add new total 21 files average time 1177185300 (thm)
17:08:19.479 T:3018603408 M:485601280 DEBUG: FileCurl::Close(0xb3ec17ac) http://img.fyretv.com:8182/thumbnails/06/02/12/00/6021200-1_2.jpeg
17:08:19.480 T:3018603408 M:485601280 DEBUG: CURL STATS: done with . 5.68k in: 0.39 sec. dns: 0.00 sec. connect: 0.00 s. pretransfer: 0.00 s. speed: 14.47 kbytes/sec.
17:08:19.481 T:3018603408 M:485609472 DEBUG: update ref map. url http://img.fyretv.com:8182/thumbnails/06/02/12/00/6021200-1_2.jpeg new ref_count 1 progress 0 (hcm)
17:08:19.483 T:3018603408 M:485609472 DEBUG: insert http://img.fyretv.com:8182/thumbnails/06/02/12/00/6021200-1_2.jpeg to the database (hcm)
17:08:19.485 T:3018603408 M:485609472 DEBUG: update ref map. url http://img.fyretv.com:8182/thumbnails/06/02/12/00/6021200-1_2.jpeg new ref_count 0 progress 0 (hcm)
17:08:19.486 T:3018603408 M:485609472 DEBUG: Creating album thumb from memory: special://masterprofile/profiles/asafg/Thumbnails/Video/9/948c81fc.tbn
17:08:19.494 T:3018603408 M:485617664 DEBUG: TouchThumbnailFile touch thumbnail file special://masterprofile/profiles/asafg/Thumbnails/Video/9/948c81fc.tbn size 5814 (thm)
17:08:19.524 T:2917133200 M:485617664 DEBUG: Open - filesize: 8995
17:08:19.639 T:2928651152 M:485617664 DEBUG: Open - filesize: 8331
17:08:19.710 T:2918185872 M:485625856 DEBUG: CDirectoryCache::UpdateItem, CACHE updating dirPath = , cacheId = , item = 2081715, path = http://mtw2.fyretv.com:1935/boxee2081715.ts?id=/06/02/12/00/6021200-1_1.jpeg (dircache)
17:08:19.712 T:2918185872 M:485625856 DEBUG: TouchThumbnailFile touch thumbnail file special://masterprofile/profiles/asafg/Thumbnails/Video/b/b9f49674.tbn size 6148 (thm)
17:08:19.712 T:2918185872 M:485625856 DEBUG: TouchThumbnailFile touch thumbnail file special://masterprofile/profiles/asafg/Thumbnails/Video/b/b9f49674.tbn already exist - update the average time total 21 files average time 1177185300(thm)
17:08:19.728 T:2917133200 M:485625856 DEBUG: FileCurl::Close(0xaddfc7ac) http://img.fyretv.com:8182/thumbnails/06/02/12/00/6021200-1_3.jpeg
17:08:19.729 T:2917133200 M:485625856 DEBUG: CURL STATS: done with . 8.78k in: 0.40 sec. dns: 0.00 sec. connect: 0.00 s. pretransfer: 0.00 s. speed: 21.99 kbytes/sec.
17:08:19.730 T:2917133200 M:485638144 DEBUG: update ref map. url http://img.fyretv.com:8182/thumbnails/06/02/12/00/6021200-1_3.jpeg new ref_count 1 progress 0 (hcm)
17:08:19.732 T:2917133200 M:485638144 DEBUG: insert http://img.fyretv.com:8182/thumbnails/06/02/12/00/6021200-1_3.jpeg to the database (hcm)
17:08:19.734 T:2917133200 M:485638144 DEBUG: update ref map. url http://img.fyretv.com:8182/thumbnails/06/02/12/00/6021200-1_3.jpeg new ref_count 0 progress 0 (hcm)
17:08:19.740 T:2917133200 M:485638144 DEBUG: Creating album thumb from memory: special://masterprofile/profiles/asafg/Thumbnails/Video/8/8fa48c84.tbn
17:08:19.748 T:2917133200 M:485654528 DEBUG: TouchThumbnailFile touch thumbnail file special://masterprofile/profiles/asafg/Thumbnails/Video/8/8fa48c84.tbn size 8995 (thm)
17:08:19.790 T:3071473440 M:485527552 DEBUG: CKeyboardStat, SDLKeyboard: scancode: 105, sym: 276, unicode: 0, modifier: 0
17:08:19.790 T:3071473440 M:485527552 DEBUG: CApplication::OnKey - [key=61477][window=14519][action=1]
17:08:19.791 T:3071473440 M:485527552 DEBUG: OnKey: 61477 pressed, action is 1
17:08:19.806 T:3071473440 M:485527552 DEBUG: ExecuteXBMCAction : Translating -
17:08:19.807 T:3071473440 M:485531648 DEBUG: ExecuteXBMCAction : To -
17:08:19.833 T:3018603408 M:485531648 DEBUG: CDirectory::GetDirectory , calling g_directoryCache.GetDirectory with path: //.boxee/UserData/profiles , items: 0 , retreiveAll: 0 (cache check)
17:08:19.833 T:3018603408 M:485531648 DEBUG: CDirectory::GetDirectory , g_directoryCache.GetDirectory returned false (cache check)
17:08:19.871 T:2928651152 M:485261312 DEBUG: FileCurl::Close(0xae8f87ac) http://img.fyretv.com:8182/thumbnails/06/02/12/00/6021200-1_4.jpeg
17:08:19.872 T:2928651152 M:485261312 DEBUG: CURL STATS: done with . 8.14k in: 0.43 sec. dns: 0.00 sec. connect: 0.00 s. pretransfer: 0.00 s. speed: 18.77 kbytes/sec.
17:08:19.874 T:2928651152 M:485273600 DEBUG: update ref map. url http://img.fyretv.com:8182/thumbnails/06/02/12/00/6021200-1_4.jpeg new ref_count 1 progress 0 (hcm)
17:08:19.877 T:2928651152 M:485273600 DEBUG: insert http://img.fyretv.com:8182/thumbnails/06/02/12/00/6021200-1_4.jpeg to the database (hcm)
17:08:19.877 T:2924440464 M:485273600 DEBUG: Open - filesize: 8351
17:08:19.879 T:2924440464 M:485273600 DEBUG: FileCurl::Close(0xae4f47ac) http://img.fyretv.com:8182/thumbnails/06/02/12/00/6021200-1_5.jpeg
17:08:19.880 T:2924440464 M:485273600 DEBUG: CURL STATS: done with . 8.16k in: 0.44 sec. dns: 0.00 sec. connect: 0.00 s. pretransfer: 0.00 s. speed: 18.45 kbytes/sec.
17:08:19.881 T:2928651152 M:485289984 DEBUG: update ref map. url http://img.fyretv.com:8182/thumbnails/06/02/12/00/6021200-1_4.jpeg new ref_count 0 progress 0 (hcm)
17:08:19.882 T:2928651152 M:485289984 DEBUG: Creating album thumb from memory: special://masterprofile/profiles/asafg/Thumbnails/Video/c/ce7caeec.tbn
17:08:19.885 T:2924440464 M:485289984 DEBUG: update ref map. url http://img.fyretv.com:8182/thumbnails/06/02/12/00/6021200-1_5.jpeg new ref_count 1 progress 0 (hcm)
17:08:19.887 T:2924440464 M:485289984 DEBUG: insert http://img.fyretv.com:8182/thumbnails/06/02/12/00/6021200-1_5.jpeg to the database (hcm)
17:08:19.889 T:2924440464 M:485289984 DEBUG: update ref map. url http://img.fyretv.com:8182/thumbnails/06/02/12/00/6021200-1_5.jpeg new ref_count 0 progress 0 (hcm)
17:08:19.890 T:2924440464 M:485289984 DEBUG: Creating album thumb from memory: special://masterprofile/profiles/asafg/Thumbnails/Video/d/d554a394.tbn
17:08:19.906 T:2928651152 M:485310464 DEBUG: TouchThumbnailFile touch thumbnail file special://masterprofile/profiles/asafg/Thumbnails/Video/c/ce7caeec.tbn size 8331 (thm)
17:08:19.909 T:2924440464 M:485318656 DEBUG: TouchThumbnailFile touch thumbnail file special://masterprofile/profiles/asafg/Thumbnails/Video/d/d554a394.tbn size 8351 (thm)
17:08:19.937 T:3018603408 M:485318656 DEBUG: TouchThumbnailFile touch thumbnail file special://masterprofile/profiles/asafg/Thumbnails/Video/9/948c81fc.tbn doesn't exist - add new total 22 files average time 1184127936 (thm)
17:08:19.939 T:2917133200 M:485318656 DEBUG: CDirectory::GetDirectory , calling g_directoryCache.GetDirectory with path: //.boxee/UserData/profiles , items: 0 , retreiveAll: 0 (cache check)
17:08:19.940 T:2917133200 M:485318656 DEBUG: CDirectory::GetDirectory , g_directoryCache.GetDirectory returned false (cache check)
17:08:19.973 T:3018603408 M:485318656 DEBUG: CDirectoryCache::UpdateItem, CACHE updating dirPath = , cacheId = , item = 2081715, path = http://mtw2.fyretv.com:1935/boxee2081715.ts?id=/06/02/12/00/6021200-1_2.jpeg (dircache)
17:08:19.975 T:3018603408 M:485318656 DEBUG: TouchThumbnailFile touch thumbnail file special://masterprofile/profiles/asafg/Thumbnails/Video/9/948c81fc.tbn size 8086 (thm)
17:08:19.997 T:2911894416 M:485318656 DEBUG: FileCurl::Close(0xad8fdccc) http://img.fyretv.com:8182/thumbnails/packages/99/stb-mini.png
17:08:19.998 T:2911894416 M:485318656 DEBUG: CURL STATS: done with . 61.88k in: 0.98 sec. dns: 0.00 sec. connect: 0.00 s. pretransfer: 0.00 s. speed: 62.83 kbytes/sec.
17:08:20.000 T:2911894416 M:485384192 DEBUG: update ref map. url http://img.fyretv.com:8182/thumbnails/packages/99/stb-mini.png new ref_count 1 progress 0 (hcm)
17:08:20.002 T:2911894416 M:485388288 DEBUG: insert http://img.fyretv.com:8182/thumbnails/packages/99/stb-mini.png to the database (hcm)
17:08:20.004 T:2911894416 M:485388288 DEBUG: update ref map. url http://img.fyretv.com:8182/thumbnails/packages/99/stb-mini.png new ref_count 0 progress 0 (hcm)
17:08:20.005 T:2911894416 M:485388288 DEBUG: Creating album thumb from memory: special://masterprofile/profiles/asafg/Thumbnails/Pictures/e/ecbb7ddb.tbn
17:08:20.033 T:2917133200 M:485261312 DEBUG: TouchThumbnailFile touch thumbnail file special://masterprofile/profiles/asafg/Thumbnails/Video/8/8fa48c84.tbn doesn't exist - add new total 23 files average time 1190466864 (thm)
17:08:20.121 T:2911894416 M:485310464 DEBUG: TouchThumbnailFile touch thumbnail file special://masterprofile/profiles/asafg/Thumbnails/Pictures/e/ecbb7ddb.tbn size 63365 (thm)
17:08:20.207 T:3071473440 M:485310464 DEBUG: CKeyboardStat, SDLKeyboard: scancode: 28, sym: 13, unicode: 0, modifier: 0
17:08:20.208 T:3071473440 M:485310464 DEBUG: CApplication::OnKey - [key=61453][window=14519][action=7]
17:08:20.208 T:3071473440 M:485310464 DEBUG: OnKey: 61453 pressed, action is 7
17:08:20.210 T:3071473440 M:485310464 DEBUG: CApplication::ExecuteAction, execute python action for window 14519 in app context: tv.boxee.fyretv (python)
17:08:20.211 T:3071473440 M:485310464 DEBUG: XBPython::evalStringInContext... contextId = tv.boxee.fyretv (python)
17:08:20.211 T:3071473440 M:485310464 DEBUG: XBPython::GetContext, found context for id = tv.boxee.fyretv (python)
17:08:20.211 T:2926545808 M:485310464 INFO: XBPyPersistentThread::Process, running job (python)
17:08:20.212 T:2926545808 M:485310464 DEBUG: XBPyPersistentThread::CreatePolicy -thread id 0x1e4e
17:08:20.213 T:2926545808 M:485310464 INFO: XBPyPersistentThread::Process, run script, (python)
17:08:20.225 T:2926545808 M:485310464 INFO: create xapp player, register callbacks 0
17:08:20.226 T:2926545808 M:485310464 INFO: create xapp player, register callbacks 0
17:08:20.232 T:2927598480 M:485302272 NOTICE: ##### fyre(call_method): get_token {'content_id': '2081715', 'id': '174926', 'ppm': '1'}
17:08:20.236 T:2927598480 M:485302272 DEBUG: update ref map. url https://boxee.fyretv.com:8281/services/boxee/get_token?content_id=2081715&id=174926&ppm=1&serial_num=5CD99880D1A&checksum=ecb0a551bcd2ebd1c03c8c983191fe5570ca1de5 new ref_count 1 progress 0 (hcm)
17:08:20.237 T:2927598480 M:485302272 DEBUG: CHttpCacheManager::StartCachingURL push https://boxee.fyretv.com:8281/services/boxee/get_token?content_id=2081715&id=174926&ppm=1&serial_num=5CD99880D1A&checksum=ecb0a551bcd2ebd1c03c8c983191fe5570ca1de5 to m_references (hcm)
17:08:20.237 T:2927598480 M:485302272 DEBUG: FileCurl::Open(0xb9218bc) https://boxee.fyretv.com:8281/services/boxee/get_token?content_id=2081715&id=174926&ppm=1&serial_num=5CD99880D1A&checksum=ecb0a551bcd2ebd1c03c8c983191fe5570ca1de5
17:08:20.578 T:2928651152 M:485310464 DEBUG: CDirectory::GetDirectory , calling g_directoryCache.GetDirectory with path: //.boxee/UserData/profiles , items: 0 , retreiveAll: 0 (cache check)
17:08:20.578 T:2928651152 M:485310464 DEBUG: CDirectory::GetDirectory , g_directoryCache.GetDirectory returned false (cache check)
17:08:20.613 T:2917133200 M:485040128 DEBUG: CDirectoryCache::UpdateItem, CACHE updating dirPath = , cacheId = , item = 2081715, path = http://mtw2.fyretv.com:1935/boxee2081715.ts?id=/06/02/12/00/6021200-1_3.jpeg (dircache)
17:08:20.614 T:2917133200 M:485040128 DEBUG: TouchThumbnailFile touch thumbnail file special://masterprofile/profiles/asafg/Thumbnails/Video/8/8fa48c84.tbn size 12791 (thm)
17:08:20.647 T:2928651152 M:485040128 DEBUG: TouchThumbnailFile touch thumbnail file special://masterprofile/profiles/asafg/Thumbnails/Video/c/ce7caeec.tbn doesn't exist - add new total 24 files average time 1196277548 (thm)
17:08:20.710 T:2928651152 M:485056512 DEBUG: CDirectoryCache::UpdateItem, CACHE updating dirPath = , cacheId = , item = 2081715, path = http://mtw2.fyretv.com:1935/boxee2081715.ts?id=/06/02/12/00/6021200-1_4.jpeg (dircache)
17:08:20.711 T:2928651152 M:485060608 DEBUG: TouchThumbnailFile touch thumbnail file special://masterprofile/profiles/asafg/Thumbnails/Video/c/ce7caeec.tbn size 11760 (thm)
17:08:20.712 T:2928651152 M:485060608 DEBUG: TouchThumbnailFile touch thumbnail file special://masterprofile/profiles/asafg/Thumbnails/Video/c/ce7caeec.tbn already exist - update the average time total 24 files average time 1196277548(thm)
17:08:20.713 T:3018603408 M:485060608 DEBUG: TouchThumbnailFile touch thumbnail file special://masterprofile/profiles/asafg/Thumbnails/Video/9/948c81fc.tbn already exist - update the average time total 24 files average time 1196277548(thm)
17:08:20.714 T:2911894416 M:485060608 DEBUG: CDirectory::GetDirectory , calling g_directoryCache.GetDirectory with path: //.boxee/UserData/profiles , items: 0 , retreiveAll: 0 (cache check)
17:08:20.715 T:2911894416 M:485060608 DEBUG: CDirectory::GetDirectory , g_directoryCache.GetDirectory returned false (cache check)
17:08:20.781 T:2911894416 M:484917248 DEBUG: TouchThumbnailFile touch thumbnail file special://masterprofile/profiles/asafg/Thumbnails/Pictures/e/ecbb7ddb.tbn doesn't exist - add new total 25 files average time 1201623378 (thm)
17:08:20.838 T:2927598480 M:484933632 DEBUG: Open - filesize: 48
17:08:20.839 T:2927598480 M:484933632 DEBUG: FileCurl::Close(0xb9218bc) https://boxee.fyretv.com:8281/services/boxee/get_token?content_id=2081715&id=174926&ppm=1&serial_num=5CD99880D1A&checksum=ecb0a551bcd2ebd1c03c8c983191fe5570ca1de5
17:08:20.839 T:2927598480 M:484933632 DEBUG: CURL STATS: done with . 0.05k in: 0.60 sec. dns: 0.00 sec. connect: 0.00 s. pretransfer: 0.00 s. speed: 0.08 kbytes/sec.
17:08:20.842 T:2927598480 M:484937728 DEBUG: update ref map. url https://boxee.fyretv.com:8281/services/boxee/get_token?content_id=2081715&id=174926&ppm=1&serial_num=5CD99880D1A&checksum=ecb0a551bcd2ebd1c03c8c983191fe5570ca1de5 new ref_count 1 progress 0 (hcm)
17:08:20.844 T:2927598480 M:484937728 DEBUG: insert https://boxee.fyretv.com:8281/services/boxee/get_token?content_id=2081715&id=174926&ppm=1&serial_num=5CD99880D1A&checksum=ecb0a551bcd2ebd1c03c8c983191fe5570ca1de5 to the database (hcm)
17:08:20.846 T:2927598480 M:484937728 DEBUG: update ref map. url https://boxee.fyretv.com:8281/services/boxee/get_token?content_id=2081715&id=174926&ppm=1&serial_num=5CD99880D1A&checksum=ecb0a551bcd2ebd1c03c8c983191fe5570ca1de5 new ref_count 0 progress 0 (hcm)
17:08:20.848 T:2926545808 M:484937728 INFO: Scriptresult: Success
17:08:20.848 T:2926545808 M:484937728 DEBUG: XBPyPersistentThread::DeletePolicy -thread id 0x1e4e
17:08:20.849 T:2926545808 M:484937728 INFO: XBPyPersistentThread::Process, iteration started (python)
17:08:20.852 T:2927598480 M:484937728 NOTICE: some play stuff
17:08:20.856 T:2927598480 M:484937728 NOTICE: playlist://http%3A%2F%2Fmtw2.fyretv.com%3A1935%2Fboxee%2F_definst_%2Fmp4%3A00%2F00%2F00%2F02%2F08%2F17%2F15%2F2081715.mp4%2Fplaylist.m3u8%3Ftoken%3D0eb7b0fa-5d67-11e1-20aa-2d1c44cdac8f?quality=A
17:08:20.858 T:2927598480 M:484937728 INFO: create xapp player, register callbacks 0
17:08:20.858 T:2927598480 M:484937728 INFO: create xapp player, register callbacks 0
17:08:20.865 T:2917133200 M:484937728 DEBUG: TouchThumbnailFile touch thumbnail file special://masterprofile/profiles/asafg/Thumbnails/Video/8/8fa48c84.tbn already exist - update the average time total 25 files average time 1201623378(thm)
17:08:20.877 T:2927598480 M:484937728 NOTICE: some play stuff2
17:08:20.936 T:2924440464 M:484880384 DEBUG: CDirectory::GetDirectory , calling g_directoryCache.GetDirectory with path: //.boxee/UserData/profiles , items: 0 , retreiveAll: 0 (cache check)
17:08:20.936 T:2924440464 M:484880384 DEBUG: CDirectory::GetDirectory , g_directoryCache.GetDirectory returned false (cache check)
17:08:21.045 T:3071473440 M:484757504 DEBUG: CFilePlaylist::Open - Enter function with [path=playlist://folder.jpg/?quality=A] (fpl)
17:08:21.046 T:3071473440 M:484761600 DEBUG: Creating thumb from: playlist://folder.jpg?quality=A as: special://masterprofile/profiles/asafg/Thumbnails/Video/5/5c51f076.tbn
17:08:21.047 T:3071473440 M:484761600 DEBUG: CFilePlaylist::Stat - Not implemented. [path=playlist://folder.jpg/?quality=A] (fpl)
17:08:21.048 T:3071473440 M:484761600 DEBUG: CFilePlaylist::Open - Enter function with [strPath=playlist://folder.jpg/?quality=A] (fpl)
17:08:21.049 T:3071473440 M:484761600 DEBUG: CFilePlaylist::Open - After ParsePath [PlaylistFilePath=folder.jpg][FingerprintBase64=][KeyServerParams=][bxOurl=][m_trackingUrl=][m_inningsIndex=][m_quality=A][isLive=0] (fpl)
17:08:21.049 T:3071473440 M:484761600 DEBUG: CFilePlaylist::BuildPlaylist - Enter function. [playlistPath=folder.jpg][appendToPlaylist=0] (fpl)
17:08:21.049 T:3071473440 M:484761600 ERROR: CFilePlaylist::BuildPlaylist - FAILED to get playlist object for [folder.jpg]. [appendToPlaylist=0] (fpl)
17:08:21.050 T:3071473440 M:484761600 ERROR: CFilePlaylist::Open - FAILED to build playlist from [folder.jpg] (fpl)
17:08:21.050 T:3071473440 M:484761600 INFO: msg: PICTURE::CreateThumbnail: Unable to open image: playlist://folder.jpg?quality=A Error:
17:08:21.050 T:3071473440 M:484761600 ERROR: CreateThumbnail: Unable to create thumbfile special://masterprofile/profiles/asafg/Thumbnails/Video/5/5c51f076.tbn from image playlist://folder.jpg?quality=A
17:08:21.052 T:3071473440 M:484761600 DEBUG: Loading skin file: DialogProgress.xml
17:08:21.058 T:2924440464 M:484761600 DEBUG: TouchThumbnailFile touch thumbnail file special://masterprofile/profiles/asafg/Thumbnails/Video/d/d554a394.tbn doesn't exist - add new total 26 files average time 1206557990 (thm)
17:08:21.062 T:3071473440 M:484761600 DEBUG: Load DialogProgress.xml: 9.88ms
17:08:21.062 T:3071473440 M:484761600 DEBUG: ------ Window Init (DialogProgress.xml) ------
17:08:21.067 T:3071473440 M:484777984 DEBUG: Alloc resources: 4.64ms (0.00 ms skin load)
17:08:21.259 T:2924440464 M:484777984 DEBUG: CDirectoryCache::UpdateItem, CACHE updating dirPath = , cacheId = , item = 2081715, path = http://mtw2.fyretv.com:1935/boxee2081715.ts?id=/06/02/12/00/6021200-1_5.jpeg (dircache)
17:08:21.260 T:2924440464 M:484777984 DEBUG: TouchThumbnailFile touch thumbnail file special://masterprofile/profiles/asafg/Thumbnails/Video/d/d554a394.tbn size 11833 (thm)
17:08:21.260 T:2924440464 M:484777984 DEBUG: TouchThumbnailFile touch thumbnail file special://masterprofile/profiles/asafg/Thumbnails/Video/d/d554a394.tbn already exist - update the average time total 26 files average time 1206557990(thm)
17:08:21.625 T:2929703824 M:484769792 DEBUG: thread start, auto delete: 0
17:08:21.626 T:2929703824 M:484769792 DEBUG: new file set audiostream:0
17:08:21.629 T:2929703824 M:484769792 DEBUG: Boxee: 22/02/12 15:08:21.6290#DEBUG#bxvideodatabase.cpp:313(GetVideoByPath)#LIBRARY, get part by path, path = playlist://http%3A%2F%2Fmtw2.fyretv.com%3A1935%2Fboxee%2F_definst_%2Fmp4%3A00%2F00%2F00%2F02%2F08%2F17%2F15%2F2081715.mp4%2Fplaylist.m3u8%3Ftoken%3D0eb7b0fa-5d67-11e1-20aa-2d1c44cdac8f?quality=A
17:08:21.631 T:2929703824 M:484769792 DEBUG: CPlayerCoreFactory::GetPlayers(playlist://http%3A%2F%2Fmtw2.fyretv.com%3A1935%2Fboxee%2F_definst_%2Fmp4%3A00%2F00%2F00%2F02%2F08%2F17%2F15%2F2081715.mp4%2Fplaylist.m3u8%3Ftoken%3D0eb7b0fa-5d67-11e1-20aa-2d1c44cdac8f?quality=A)
17:08:21.631 T:2929703824 M:484769792 DEBUG: CPlayerSelectionRule::GetPlayers: considering rule: system rules
17:08:21.631 T:2929703824 M:484769792 DEBUG: CPlayerSelectionRule::GetPlayers: matches rule: system rules
17:08:21.632 T:2929703824 M:484769792 DEBUG: CPlayerSelectionRule::GetPlayers: considering rule: streams
17:08:21.632 T:2929703824 M:484769792 DEBUG: CPlayerSelectionRule::GetPlayers: considering rule: un-named
17:08:21.632 T:2929703824 M:484769792 DEBUG: CPlayerSelectionRule::GetPlayers: considering rule: un-named
17:08:21.633 T:2929703824 M:484769792 DEBUG: CPlayerSelectionRule::GetPlayers: considering rule: un-named
17:08:21.633 T:2929703824 M:484773888 DEBUG: CPlayerSelectionRule::GetPlayers: considering rule: un-named
17:08:21.633 T:2929703824 M:484773888 DEBUG: CPlayerSelectionRule::GetPlayers: considering rule: un-named
17:08:21.634 T:2929703824 M:484773888 DEBUG: CPlayerSelectionRule::GetPlayers: considering rule: un-named
17:08:21.634 T:2929703824 M:484773888 DEBUG: CPlayerSelectionRule::GetPlayers: considering rule: rtv
17:08:21.635 T:2929703824 M:484773888 DEBUG: CPlayerSelectionRule::GetPlayers: considering rule: hdhomerun/myth/rtmp/mms/udp
17:08:21.636 T:2929703824 M:484773888 DEBUG: CPlayerSelectionRule::GetPlayers: considering rule: lastfm/shout
17:08:21.636 T:2929703824 M:484773888 DEBUG: CPlayerSelectionRule::GetPlayers: considering rule: un-named
17:08:21.636 T:2929703824 M:484773888 DEBUG: CPlayerSelectionRule::GetPlayers: considering rule: un-named
17:08:21.637 T:2929703824 M:484773888 DEBUG: CPlayerSelectionRule::GetPlayers: considering rule: rtsp
17:08:21.637 T:2929703824 M:484773888 DEBUG: CPlayerSelectionRule::GetPlayers: considering rule: dvd
17:08:21.637 T:2929703824 M:484773888 DEBUG: CPlayerSelectionRule::GetPlayers: considering rule: dvdfile
17:08:21.638 T:2929703824 M:484773888 DEBUG: CPlayerSelectionRule::GetPlayers: considering rule: dvdimage
17:08:21.638 T:2929703824 M:484773888 DEBUG: CPlayerSelectionRule::GetPlayers: considering rule: sdp/asf
17:08:21.639 T:2929703824 M:484773888 DEBUG: CPlayerSelectionRule::GetPlayers: considering rule: un-named
17:08:21.639 T:2929703824 M:484773888 DEBUG: CPlayerSelectionRule::GetPlayers: considering rule: nsv
17:08:21.640 T:2929703824 M:484773888 DEBUG: CPlayerCoreFactory::GetPlayers: matched 0 rules with players
17:08:21.640 T:2929703824 M:484773888 DEBUG: CPlayerCoreFactory::GetPlayers: adding videodefaultplayer (1)
17:08:21.640 T:2929703824 M:484773888 DEBUG: CPlayerCoreFactory::GetPlayers: for video=1, audio=0
17:08:21.641 T:2929703824 M:484773888 DEBUG: CPlayerCoreFactory::GetPlayers: for video=1, audio=1
17:08:21.641 T:2929703824 M:484773888 DEBUG: CPlayerCoreFactory::GetPlayers: adding player: DVDPlayer (1)
17:08:21.641 T:2929703824 M:484773888 DEBUG: CPlayerCoreFactory::GetPlayers: adding player: FLASHPlayer (4)
17:08:21.642 T:2929703824 M:484773888 DEBUG: CPlayerCoreFactory::GetPlayers: added 2 players
17:08:21.650 T:2929703824 M:483885056 DEBUG: CIntelSMDGlobals::ResetClock
17:08:21.651 T:2929703824 M:483885056 NOTICE: DVDPlayer: Opening: playlist://http%3A%2F%2Fmtw2.fyretv.com%3A1935%2Fboxee%2F_definst_%2Fmp4%3A00%2F00%2F00%2F02%2F08%2F17%2F15%2F2081715.mp4%2Fplaylist.m3u8%3Ftoken%3D0eb7b0fa-5d67-11e1-20aa-2d1c44cdac8f?quality=A
17:08:21.658 T:3071473440 M:483885056 DEBUG: ------ Window Init (DialogProgress.xml) ------
17:08:21.659 T:3071473440 M:483885056 DEBUG: Alloc resources: 0.03ms (0.00 ms skin load)
17:08:22.071 T:2927598480 M:483901440 NOTICE: no playback: 1
17:08:22.209 T:2931809168 M:483893248 DEBUG: thread start, auto delete: 1
17:08:22.215 T:2929703824 M:483893248 WARNING: CDVDMessageQueue(player)::Put MSGQ_NOT_INITIALIZED
17:08:22.216 T:2895731600 M:483885056 DEBUG: thread start, auto delete: 0
17:08:22.216 T:2895731600 M:483885056 NOTICE: Creating InputStream
17:08:22.217 T:2895731600 M:483885056 DEBUG: CFilePlaylist::Open - Enter function with [strPath=playlist://http%3A%2F%2Fmtw2.fyretv.com%3A1935%2Fboxee%2F_definst_%2Fmp4%3A00%2F00%2F00%2F02%2F08%2F17%2F15%2F2081715.mp4%2Fplaylist.m3u8%3Ftoken%3D0eb7b0fa-5d67-11e1-20aa-2d1c44cdac8f/?quality=A] (fpl)
17:08:22.218 T:2895731600 M:483885056 DEBUG: CFilePlaylist::Open - After ParsePath [PlaylistFilePath=http://mtw2.fyretv.com:1935/boxee/_definst_/mp4:00/00/00/02/08/17/15/2081715.mp4/playlist.m3u8?token=0eb7b0fa-5d67-11e1-20aa-2d1c44cdac8f][FingerprintBase64=][KeyServerParams=][bxOurl=][m_trackingUrl=][m_inningsIndex=][m_quality=A][isLive=0] (fpl)
17:08:22.219 T:2895731600 M:483885056 DEBUG: CFilePlaylist::BuildPlaylist - Enter function. [playlistPath=http://mtw2.fyretv.com:1935/boxee/_definst_/mp4:00/00/00/02/08/17/15/2081715.mp4/playlist.m3u8?token=0eb7b0fa-5d67-11e1-20aa-2d1c44cdac8f][appendToPlaylist=0] (fpl)
17:08:22.219 T:2895731600 M:483889152 DEBUG: CPlayListM3U::Load - Going to call LoadM3u with [strFileName=http://mtw2.fyretv.com:1935/boxee/_definst_/mp4:00/00/00/02/08/17/15/2081715.mp4/playlist.m3u8?token=0eb7b0fa-5d67-11e1-20aa-2d1c44cdac8f] (m3u)
17:08:22.232 T:2895731600 M:483631104 DEBUG: CPlayListM3U::LoadM3uFile - Enter function with [strFileName=http://mtw2.fyretv.com:1935/boxee/_definst_/mp4:00/00/00/02/08/17/15/2081715.mp4/playlist.m3u8?token=0eb7b0fa-5d67-11e1-20aa-2d1c44cdac8f][level=0] (m3u)
17:08:22.233 T:2895731600 M:483631104 DEBUG: CFileCache::Open - opening using cache
17:08:22.233 T:2895731600 M:483631104 DEBUG: FileCurl::Open(0xb52c138) http://mtw2.fyretv.com:1935/boxee/_definst_/mp4:00/00/00/02/08/17/15/2081715.mp4/playlist.m3u8?token=0eb7b0fa-5d67-11e1-20aa-2d1c44cdac8f
17:08:22.239 T:2895731600 M:483631104 DEBUG: easy_aquire - Created session to http://mtw2.fyretv.com
17:08:23.075 T:2927598480 M:483647488 NOTICE: no playback: 2
17:08:23.757 T:2895731600 M:483647488 DEBUG: Open - filesize: 190
17:08:23.758 T:2895731600 M:483647488 DEBUG: Open - using file cache
17:08:23.759 T:2890922896 M:483639296 DEBUG: thread start, auto delete: 0
17:08:23.759 T:2890922896 M:483643392 DEBUG: CFileCache::Process - Hit eof.
17:08:23.863 T:2895731600 M:483643392 DEBUG: CPlayListM3U::LoadM3uFile - Start reading file [strFileName=http://mtw2.fyretv.com:1935/boxee/_definst_/mp4:00/00/00/02/08/17/15/2081715.mp4/playlist.m3u8?token=0eb7b0fa-5d67-11e1-20aa-2d1c44cdac8f]. [level=0][m_isM3U8=0] (m3u)
17:08:23.865 T:2895731600 M:483643392 DEBUG: CPlayListM3U::ParseEXTXSTREAMINF - After set [programId=1][bandwidth=1607261][codecs="avc1.100.41, mp4a.40.2",RE]. [m_isM3U8=1] (m3u)
17:08:23.909 T:2890922896 M:483639296 DEBUG: Thread 2890922896 terminating
17:08:23.909 T:2895731600 M:483635200 DEBUG: FileCurl::Close(0xb52c138) http://mtw2.fyretv.com:1935/boxee/_definst_/mp4:00/00/00/02/08/17/15/2081715.mp4/playlist.m3u8?token=0eb7b0fa-5d67-11e1-20aa-2d1c44cdac8f
17:08:23.910 T:2895731600 M:483635200 DEBUG: CURL STATS: done with . 0.19k in: 1.52 sec. dns: 0.19 sec. connect: 0.38 s. pretransfer: 0.38 s. speed: 0.12 kbytes/sec.
17:08:23.911 T:2895731600 M:483635200 DEBUG: CPlayListM3U::LoadM3uFile - Finish reading file [strFileName=http://mtw2.fyretv.com:1935/boxee/_definst_/mp4:00/00/00/02/08/17/15/2081715.mp4/playlist.m3u8?token=0eb7b0fa-5d67-11e1-20aa-2d1c44cdac8f]. [level=0][m_isM3U8=1][numOfUris=1][playlistOverallDuration=-1][-1] (m3u)
17:08:23.911 T:2895731600 M:483635200 DEBUG: CPlayListM3U::Load - Call to LoadM3u with [strFileName=http://mtw2.fyretv.com:1935/boxee/_definst_/mp4:00/00/00/02/08/17/15/2081715.mp4/playlist.m3u8?token=0eb7b0fa-5d67-11e1-20aa-2d1c44cdac8f] returned [1] (m3u)
17:08:23.912 T:2895731600 M:483635200 DEBUG: CFilePlaylist::Open - Playlist [http://mtw2.fyretv.com:1935/boxee/_definst_/mp4:00/00/00/02/08/17/15/2081715.mp4/playlist.m3u8?token=0eb7b0fa-5d67-11e1-20aa-2d1c44cdac8f] is playlist of playlists. Going to call BuildPlaylistByBandwidth() (fpl)
17:08:23.912 T:2895731600 M:483635200 DEBUG: CFilePlaylist::BuildPlaylistByBandwidth - Exit function after building [1] playlists from [playlist.m3u8] (fpl)
17:08:23.913 T:2890922896 M:483627008 DEBUG: thread start, auto delete: 0
17:08:23.913 T:2890922896 M:483627008 DEBUG: CPlayListM3U::Load - Going to call LoadM3u with [strFileName=http://mtw2.fyretv.com:1935/boxee/_definst_/mp4:00/00/00/02/08/17/15/2081715.mp4/playlist.m3u8?wowzasessionid=642888559&token=0eb7b0fa-5d67-11e1-20aa-2d1c44cdac8f] (m3u)
17:08:23.914 T:2890922896 M:483627008 DEBUG: CPlayListM3U::LoadM3uFile - Enter function with [strFileName=http://mtw2.fyretv.com:1935/boxee/_definst_/mp4:00/00/00/02/08/17/15/2081715.mp4/playlist.m3u8?wowzasessionid=642888559&token=0eb7b0fa-5d67-11e1-20aa-2d1c44cdac8f][level=0] (m3u)
17:08:23.915 T:2890922896 M:483627008 DEBUG: CFileCache::Open - opening using cache
17:08:23.916 T:2890922896 M:483631104 DEBUG: FileCurl::Open(0xb96f2f8) http://mtw2.fyretv.com:1935/boxee/_definst_/mp4:00/00/00/02/08/17/15/2081715.mp4/playlist.m3u8?wowzasessionid=642888559&token=0eb7b0fa-5d67-11e1-20aa-2d1c44cdac8f
17:08:24.079 T:2927598480 M:483639296 NOTICE: no playback: 3
17:08:24.323 T:2890922896 M:483639296 DEBUG: Open - filesize: 13814
17:08:24.324 T:2890922896 M:483639296 DEBUG: Open - using file cache
17:08:24.326 T:2889870224 M:483631104 DEBUG: thread start, auto delete: 0
17:08:24.427 T:2890922896 M:483635200 DEBUG: CPlayListM3U::LoadM3uFile - Start reading file [strFileName=http://mtw2.fyretv.com:1935/boxee/_definst_/mp4:00/00/00/02/08/17/15/2081715.mp4/playlist.m3u8?wowzasessionid=642888559&token=0eb7b0fa-5d67-11e1-20aa-2d1c44cdac8f]. [level=0][m_isM3U8=0] (m3u)
17:08:24.428 T:2890922896 M:483635200 DEBUG: CPlayListM3U::ParseEXTXTARGETDURATION - After set [targetDurationTag=11]. [m_isM3U8=1] (m3u)
17:08:24.429 T:2890922896 M:483635200 DEBUG: CPlayListM3U::ParseEXTXMEDIASEQUENCE - After set [playlistSequenceNo=1]. [m_isM3U8=1] (m3u)
17:08:24.518 T:2889870224 M:483647488 DEBUG: CFileCache::Process - Hit eof.
17:08:24.687 T:2889870224 M:483647488 DEBUG: Thread 2889870224 terminating
17:08:24.688 T:2890922896 M:483631104 DEBUG: FileCurl::Close(0xb96f2f8) http://mtw2.fyretv.com:1935/boxee/_definst_/mp4:00/00/00/02/08/17/15/2081715.mp4/playlist.m3u8?wowzasessionid=642888559&token=0eb7b0fa-5d67-11e1-20aa-2d1c44cdac8f
17:08:24.689 T:2890922896 M:483631104 DEBUG: CURL STATS: done with . 13.49k in: 0.60 sec. dns: 0.00 sec. connect: 0.00 s. pretransfer: 0.00 s. speed: 22.42 kbytes/sec.
17:08:24.689 T:2890922896 M:483631104 DEBUG: CPlayListM3U::LoadM3uFile - Finish reading file [strFileName=http://mtw2.fyretv.com:1935/boxee/_definst_/mp4:00/00/00/02/08/17/15/2081715.mp4/playlist.m3u8?wowzasessionid=642888559&token=0eb7b0fa-5d67-11e1-20aa-2d1c44cdac8f]. [level=0][m_isM3U8=1][numOfUris=147][playlistOverallDuration=1477][1477] (m3u)
17:08:24.690 T:2890922896 M:483631104 DEBUG: CPlayListM3U::Load - Call to LoadM3u with [strFileName=http://mtw2.fyretv.com:1935/boxee/_definst_/mp4:00/00/00/02/08/17/15/2081715.mp4/playlist.m3u8?wowzasessionid=642888559&token=0eb7b0fa-5d67-11e1-20aa-2d1c44cdac8f] returned [1] (m3u)
17:08:24.690 T:2890922896 M:483631104 DEBUG: FileCurl::Open(0xb96f2f8) http://mtw2.fyretv.com:1935/boxee/_definst_/mp4:00/00/00/02/08/17/15/2081715.mp4/media_1.ts?wowzasessionid=642888559&token=0eb7b0fa-5d67-11e1-20aa-2d1c44cdac8f
17:08:24.900 T:3071473440 M:483647488 DEBUG: (dbg) FreeMem 472312/643508 Kb, FPS 51.9, CPU0: 41.9% (32.7%) Loader Q:[0] Textures:[236 (56.42 M)] SERVER: [67.225.149.139] ver: 1.5.1.23714-b17e3b9
17:08:24.901 T:3071473440 M:483647488 DEBUG: (dbg)
17:08:24.919 T:2895731600 M:483647488 INFO: CDVDFactorySubtitle::GetSubtitles, searching subtitles
17:08:24.920 T:2895731600 M:483647488 DEBUG: CacheSubtitles: START
17:08:24.921 T:2895731600 M:483647488 INFO: CDVDFactorySubtitle::GetSubtitles, searching subtitles done
17:08:24.922 T:2895731600 M:483647488 NOTICE: Creating Demuxer
17:08:24.922 T:2895731600 M:483647488 DEBUG: Loading: /opt/boxee/system/players/dvdplayer/avutil-50-i686-linux.so
17:08:24.966 T:2895731600 M:483639296 DEBUG: Loading: /opt/boxee/system/players/dvdplayer/avcore-0.16.1-i686-linux.so
17:08:24.972 T:2895731600 M:483528704 DEBUG: Loading: /opt/boxee/system/players/dvdplayer/avcodec-52-i686-linux.so
17:08:25.015 T:2890922896 M:483491840 DEBUG: Open - filesize: 1906512
17:08:25.083 T:2927598480 M:483299328 NOTICE: no playback: 4
17:08:25.412 T:2895731600 M:480014336 DEBUG: Loading: /opt/boxee/system/players/dvdplayer/avformat-52-i686-linux.so
17:08:25.525 T:2895731600 M:479256576 DEBUG: Open - marking content streaming status as true
17:08:26.088 T:2927598480 M:479137792 NOTICE: no playback: 5
17:08:26.422 T:2895731600 M:479137792 DEBUG: Open - av_find_stream_info starting
17:08:27.092 T:2927598480 M:472289280 NOTICE: no playback: 6
17:08:27.236 T:2895731600 M:472293376 DEBUG: Open - av_find_stream_info finished
17:08:27.237 T:2895731600 M:472293376 NOTICE: Opening video stream: 1 source: 256
17:08:27.237 T:2895731600 M:472293376 NOTICE: Creating video codec with codec id: 28
17:08:27.238 T:2895731600 M:472293376 DEBUG: FactoryCodec - Video: - Opening
17:08:27.238 T:2895731600 M:472293376 DEBUG: CreateVideoDecoder
17:08:27.340 T:2895731600 M:472268800 DEBUG: SetVideoDecoderState state 2 ret 0
17:08:27.340 T:2895731600 M:472268800 DEBUG: CreateVideoRender
17:08:27.372 T:2895731600 M:472268800 DEBUG: SetRenderrState state 2 ret 0
17:08:27.373 T:2895731600 M:472268800 DEBUG: ConnectDecoderToRenderer
17:08:27.373 T:2895731600 M:472268800 DEBUG: SetVideoDecoderState state 2 ret 0
17:08:27.373 T:2895731600 M:472268800 DEBUG: SetRenderrState state 2 ret 0
17:08:27.374 T:2895731600 M:472268800 INFO: IntelSMD: codec opened
17:08:27.374 T:2895731600 M:472268800 INFO: Opened Intel SMD Codec, SMD-h264
17:08:27.375 T:2895731600 M:472268800 DEBUG: FactoryCodec - Video: SMD-h264 - Opened
17:08:27.375 T:2895731600 M:472268800 ERROR: CDVDPlayerVideo::OpenStream - Invalid framerate 30000, using forced 25fps and just trust timestamps
17:08:27.376 T:2895731600 M:472268800 NOTICE: Creating video thread
17:08:27.376 T:2889870224 M:472260608 DEBUG: thread start, auto delete: 0
17:08:27.380 T:2895731600 M:472133632 NOTICE: Opening audio stream: 2 source: 256 forcehw: f
17:08:27.380 T:2895731600 M:472133632 NOTICE: Finding audio codec for: 86018
17:08:27.389 T:2889870224 M:472133632 NOTICE: running thread: video_thread
17:08:27.389 T:2895731600 M:472133632 DEBUG: FactoryCodec - Audio: smd - Opening
17:08:27.389 T:2895731600 M:472133632 DEBUG: FactoryCodec - Audio: smd - Failed
17:08:27.390 T:2895731600 M:472133632 DEBUG: FactoryCodec - Audio: libfaad - Opening
17:08:27.390 T:2895731600 M:472133632 DEBUG: Loading: /opt/boxee/system/players/dvdplayer/libfaad-i686-linux.so
17:08:27.463 T:2895731600 M:472047616 DEBUG: FactoryCodec - Audio: libfaad - Opened
17:08:27.470 T:2895731600 M:472047616 NOTICE: Creating audio thread
17:08:27.471 T:2873129872 M:472039424 DEBUG: thread start, auto delete: 0
17:08:27.471 T:2873129872 M:472039424 NOTICE: running thread: CDVDPlayerAudio::Process()
17:08:27.471 T:2895731600 M:472039424 NOTICE: Opening Subtitle stream: -1 source: -1
17:08:27.474 T:2929703824 M:472039424 DEBUG: Boxee: 22/02/12 15:08:27.4744#DEBUG#bxmetadataengine.cpp:164(Pause)#BXMetadataEngine::Pause, metadata engine paused (pause)
17:08:27.475 T:2929703824 M:472039424 DEBUG: CFileScanner::Pause - after set [m_bPaused=1] (fs)
17:08:27.476 T:2895731600 M:472039424 INFO: Setting base time 7227.40
17:08:27.477 T:2889870224 M:472039424 DEBUG: CDVDPlayerVideo - CDVDMsg::GENERAL_RESYNC(22.222222, 1)
17:08:27.477 T:2889870224 M:472039424 INFO: CDVDPlayerVideo - Stillframe left, switching to normal playback
17:08:27.478 T:2889870224 M:472039424 DEBUG: Setting base time from video
17:08:27.478 T:2889870224 M:472039424 INFO: Setting base time 7227.40
17:08:27.479 T:2889870224 M:472039424 DEBUG: SetVideoDecoderState state 2 ret 0
17:08:27.479 T:2895731600 M:472039424 ERROR: CIntelSMDAudioRenderer::GetAudioDevicePort failed to get audio input port 5
17:08:27.480 T:2895731600 M:472039424 ERROR: CIntelSMDGlobals::GetPortStatus ismd_port_get_status failed 5
17:08:27.480 T:2895731600 M:472039424 ERROR: CIntelSMDAudioRenderer::GetAudioDevicePort failed to get audio input port 5
17:08:27.512 T:2929703824 M:471642112 DEBUG: CAppManager::OnPlayBackStarted (flow)
17:08:27.512 T:2929703824 M:471642112 DEBUG: BoxeeUtils::GetRawFileItemType - Enter function with item [label=My Black Fantasy Scene 1][path=playlist://http%3A%2F%2Fmtw2.fyretv.com%3A1935%2Fboxee%2F_definst_%2Fmp4%3A00%2F00%2F00%2F02%2F08%2F17%2F15%2F2081715.mp4%2Fplaylist.m3u8%3Ftoken%3D0eb7b0fa-5d67-11e1-20aa-2d1c44cdac8f?quality=A][HasVideoInfoTag=0][HasMusicInfoTag=0][PropertyIsVideo=1][PropertyIsAudio=0] (new)
17:08:27.513 T:2929703824 M:471646208 DEBUG: BoxeeUtils::FileItemToObject - For item [label=My Black Fantasy Scene 1][path=playlist://http%3A%2F%2Fmtw2.fyretv.com%3A1935%2Fboxee%2F_definst_%2Fmp4%3A00%2F00%2F00%2F02%2F08%2F17%2F15%2F2081715.mp4%2Fplaylist.m3u8%3Ftoken%3D0eb7b0fa-5d67-11e1-20aa-2d1c44cdac8f?quality=A][HasVideoInfoTag=0][HasMusicInfoTag=0][IsVideo=1][IsTvShow=1][IsAudio=0] got [RawType=WEB_UNKNOWN_VIDEO=13] (rts)(fito)
17:08:27.514 T:2931809168 M:471646208 DEBUG: Thread 2931809168 terminating (autodelete)
17:08:27.515 T:2929703824 M:471646208 DEBUG: BoxeeUtils::SetActivatedFromToObj - Enter function with FileItem [parentPath=]. [label=My Black Fantasy Scene 1][path=playlist://http%3A%2F%2Fmtw2.fyretv.com%3A1935%2Fboxee%2F_definst_%2Fmp4%3A00%2F00%2F00%2F02%2F08%2F17%2F15%2F2081715.mp4%2Fplaylist.m3u8%3Ftoken%3D0eb7b0fa-5d67-11e1-20aa-2d1c44cdac8f?quality=A] (af)
17:08:27.515 T:2929703824 M:471646208 DEBUG: BoxeeUtils::FileItemToObject - For item [label=My Black Fantasy Scene 1][path=playlist://http%3A%2F%2Fmtw2.fyretv.com%3A1935%2Fboxee%2F_definst_%2Fmp4%3A00%2F00%2F00%2F02%2F08%2F17%2F15%2F2081715.mp4%2Fplaylist.m3u8%3Ftoken%3D0eb7b0fa-5d67-11e1-20aa-2d1c44cdac8f?quality=A] going to return a VALID obj. [name=My Black Fantasy Scene 1][type=stream_video][url=playlist://http%3A%2F%2Fmtw2.fyretv.com%3A1935%2Fboxee%2F_definst_%2Fmp4%3A00%2F00%2F00%2F02%2F08%2F17%2F15%2F2081715.mp4%2Fplaylist.m3u8%3Ftoken%3D0eb7b0fa-5d67-11e1-20aa-2d1c44cdac8f?quality=A] (fito)
17:08:27.516 T:2929703824 M:471646208 DEBUG: [ActionType=PLAY] - Item [label=My Black Fantasy Scene 1][IsInternetStream=0] is going to be reported to the server. [dont-report=0=]. Obj parameters are [type=stream_video][name=My Black Fantasy Scene 1][url=playlist://http%3A%2F%2Fmtw2.fyretv.com%3A1935%2Fboxee%2F_definst_%2Fmp4%3A00%2F00%2F00%2F02%2F08%2F17%2F15%2F2081715.mp4%2Fplaylist.m3u8%3Ftoken%3D0eb7b0fa-5d67-11e1-20aa-2d1c44cdac8f?quality=A][content_type=application/vnd.apple.mpegurl][stream_type=][thumb=playlist://folder.jpg?quality=A][show_name=][episode=][season=][provider=][app_id=tv.boxee.fyretv][adult=][country=][country_allow=][genre=][release_date=][boxee_id=][show_id=][show_name=][imdb_id=][release_year=][run_time=][hasDesc=0][activate_from=][func_ref=new] (rts)
17:08:27.516 T:2929703824 M:471646208 DEBUG: Report PLAYBACK playlist://http%3A%2F%2Fmtw2.fyretv.com%3A1935%2Fboxee%2F_definst_%2Fmp4%3A00%2F00%2F00%2F02%2F08%2F17%2F15%2F2081715.mp4%2Fplaylist.m3u8%3Ftoken%3D0eb7b0fa-5d67-11e1-20aa-2d1c44cdac8f?quality=A
17:08:27.517 T:2931809168 M:471638016 DEBUG: Boxee: 22/02/12 15:08:27.5173#DEBUG#boxee.cpp:458(SetUserAction)#Boxee::SetUserAction - Going to call LoadFromURL with [http://app.boxee.tv/action/add]. [ActionType=watch] (sua)
17:08:27.522 T:2895731600 M:471638016 ERROR: CIntelSMDGlobals::GetPortStatus ismd_port_get_status failed 5
17:08:27.523 T:2895731600 M:471638016 ERROR: CIntelSMDAudioRenderer::GetAudioDevicePort failed to get audio input port 5
17:08:27.523 T:2895731600 M:471638016 ERROR: CIntelSMDGlobals::GetPortStatus ismd_port_get_status failed 5
17:08:27.523 T:2873129872 M:471638016 DEBUG: CDVDPlayerAudio - CDVDMsg::GENERAL_RESYNC(21333.333333, 0)
17:08:27.524 T:2895731600 M:471646208 ERROR: CIntelSMDAudioRenderer::GetAudioDevicePort failed to get audio input port 5
17:08:27.525 T:2895731600 M:471646208 ERROR: CIntelSMDGlobals::GetPortStatus ismd_port_get_status failed 5
17:08:27.858 T:2895731600 M:471646208 ERROR: CIntelSMDAudioRenderer::GetAudioDevicePort failed to get audio input port 5
17:08:27.858 T:2895731600 M:471646208 ERROR: CIntelSMDGlobals::GetPortStatus ismd_port_get_status failed 5
17:08:27.859 T:2929703824 M:471646208 DEBUG: Boxee: 22/02/12 15:08:27.5257#DEBUG#bxmetadataengine.cpp:164(Pause)#BXMetadataEngine::Pause, metadata engine paused (pause)
17:08:27.859 T:3071473440 M:471646208 DEBUG: ------ Window Deinit (DialogProgress.xml) ------
17:08:27.860 T:3071473440 M:471646208 DEBUG: Activating window ID: 12005
17:08:27.860 T:3071473440 M:471646208 DEBUG: Checking if window ID 12005 is locked.
17:08:27.861 T:3071473440 M:471650304 DEBUG: ------ Window Deinit (special://home/apps/tv.boxee.fyretv/skin/Boxee Skin NG/720p/sdp.xml) ------
17:08:27.862 T:3071473440 M:471650304 DEBUG: CApplication::ExecuteAction, execute python action for window 14519 in app context: tv.boxee.fyretv (python)
17:08:27.863 T:3071473440 M:471650304 DEBUG: XBPython::evalStringInContext... contextId = tv.boxee.fyretv (python)
17:08:27.864 T:3071473440 M:471650304 DEBUG: XBPython::GetContext, found context for id = tv.boxee.fyretv (python)
17:08:27.865 T:2926545808 M:471650304 INFO: XBPyPersistentThread::Process, running job (python)
17:08:27.865 T:2926545808 M:471650304 DEBUG: XBPyPersistentThread::CreatePolicy -thread id 0x1e4e
17:08:27.866 T:2926545808 M:471650304 INFO: XBPyPersistentThread::Process, run script, (python)
17:08:27.868 T:2926545808 M:471650304 NOTICE: ONUNLOAD: sdp
17:08:27.869 T:2926545808 M:471650304 NOTICE: Unloading view sdp (no unload() method in controller)
17:08:27.869 T:2926545808 M:471650304 INFO: Scriptresult: Success
17:08:27.870 T:2926545808 M:471650304 DEBUG: XBPyPersistentThread::DeletePolicy -thread id 0x1e4e
17:08:27.870 T:2926545808 M:471650304 INFO: XBPyPersistentThread::Process, iteration started (python)
17:08:27.873 T:3071473440 M:471650304 DEBUG: ------ Window Init (VideoFullScreen.xml) ------
17:08:27.888 T:2889870224 M:471523328 DEBUG: SetRenderrState state 2 ret 0
17:08:27.888 T:2929703824 M:471523328 DEBUG: CAppManager::OnPlayBackStarted (flow)
17:08:27.889 T:2929703824 M:471523328 DEBUG: CAnnouncementManager - Announcement: PlaybackStarted from xbmc
17:08:27.889 T:2929703824 M:471523328 DEBUG: OnPlayBackStarted - Playback has started
17:08:27.890 T:2873129872 M:471523328 NOTICE: Creating audio device with codec id: 86018, channels: 6, sample rate: 48000, no pass-through
17:08:27.890 T:2873129872 M:471523328 INFO: CIntelSMDAudioRenderer Initialize name AAC iChannels 6 uiSamplesPerSec 48000 uiBitsPerSample 16 audioMediaFormat 0 bPassthrough 0 bTimed 1
17:08:27.891 T:2873129872 M:471523328 INFO: Audio Licenses:
17:08:27.891 T:2873129872 M:471523328 INFO: get_max_channels_decode dolby 2
17:08:27.891 T:2873129872 M:471523328 INFO: get_max_channels_encode dolby -1
17:08:27.895 T:2929703824 M:471523328 DEBUG: Thread 2929703824 terminating
17:08:27.896 T:2873129872 M:471523328 INFO: get_max_channels_decode DTS 2
17:08:27.897 T:2873129872 M:471523328 INFO: get_max_channels_encode DTS -1
17:08:27.897 T:2873129872 M:471523328 INFO: is_dolby_sw_decode_allowed 0
17:08:27.897 T:2873129872 M:471523328 INFO: is_dts_sw_decode_allowed 1
17:08:27.898 T:2873129872 M:471523328 INFO: get_preferred_encoding
17:08:27.898 T:2873129872 M:471523328 INFO: NONE
17:08:27.899 T:2873129872 M:471523328 INFO: CIntelSMDAudioRenderer::Initialize DVB 0 UI 0 Music 0
17:08:27.899 T:2873129872 M:471523328 INFO: CIntelSMDAudioRenderer::Initialize Outputs: HDMI 1 SPDIF 1 I2C 1
17:08:27.901 T:2889870224 M:471523328 INFO: CIntelSMDGlobals::SetVideoStartPts 0.00
17:08:27.901 T:2889870224 M:471523328 INFO: SetVideoRenderBaseTime base time 7227.90
17:08:27.902 T:2889870224 M:471523328 DEBUG: SetVideoDecoderState state 3 ret 0
17:08:27.902 T:2889870224 M:471523328 DEBUG: SetRenderrState state 3 ret 0
17:08:27.903 T:3071473440 M:471523328 DEBUG: Loading skin file: VideoFullScreen.xml
17:08:27.904 T:2889870224 M:471523328 NOTICE: fps: 30.000000, pwidth: 720, pheight: 480, dwidth: 720, dheight: 480
17:08:27.904 T:2889870224 M:471523328 DEBUG: OutputPicture - change configuration. 720x480. framerate: 30.00
17:08:27.905 T:2889870224 M:471523328 INFO: CIntelSMDRenderer::Configure width 720 height 480 d_width 720 d_height 480 fps 30.000000 flags 8720
17:08:27.905 T:2889870224 M:471523328 INFO: CIntelSMDRenderer configure overscan values left 39 top 25 right 1881 bottom 1055
17:08:27.905 T:2889870224 M:471523328 INFO: Video rendering using SMD decoder
17:08:27.906 T:2889870224 M:471523328 NOTICE: Display resolution USER : 1080p (20)
17:08:27.906 T:2889870224 M:471527424 INFO: CIntelSMDRenderer::ConfigureGDLPlane 4
17:08:27.912 T:3071473440 M:471535616 DEBUG: Load VideoFullScreen.xml: 8.67ms
17:08:27.915 T:2889870224 M:471535616 INFO: Setting Interlace mode: screen 0 user 0 smd 4
17:08:27.916 T:2889870224 M:471535616 INFO: CIntelSMDRenderer Setting deringing_filter 1
17:08:27.916 T:2889870224 M:471535616 INFO: CIntelSMDRenderer Setting gaussian filter 1
17:08:27.931 T:2889870224 M:471535616 NOTICE: fps: 30.000000, pwidth: 720, pheight: 480, dwidth: 852, dheight: 480
17:08:27.932 T:2889870224 M:471535616 DEBUG: OutputPicture - change configuration. 720x480. framerate: 30.00
17:08:27.932 T:2889870224 M:471535616 INFO: CIntelSMDRenderer::Configure width 720 height 480 d_width 852 d_height 480 fps 30.000000 flags 8704
17:08:27.932 T:2889870224 M:471535616 INFO: CIntelSMDRenderer configure overscan values left 39 top 25 right 1881 bottom 1055
17:08:27.933 T:2889870224 M:471535616 INFO: Video rendering using SMD decoder
17:08:27.934 T:2873129872 M:471535616 INFO: CIntelSMDAudioRenderer::Initialize ismdAudioInputFormat 1 Hardware decoding (non PCM) 0
17:08:27.935 T:2873129872 M:471535616 INFO: CIntelSMDAudioRenderer::BuildChannelConfig - remapping back channels to surround speakers for 5.1 audio out
17:08:27.936 T:2873129872 M:471535616 DEBUG: CIntelSMDAudioRenderer::BuildChannelConfig - 6 channels layed out as 0xff743201
17:08:28.268 T:2873129872 M:471519232 INFO: CIntelSMDAudioRenderer::Initialize PCM sample size 16 sample rate 48000 channel config 0xff743201
