16:50:52.039 T:2928651152 M:506257408 DEBUG: CPictureThumbLoader::LoadItem - Item [label=Rent or Buy From $9.99][label2=Vudu][path=app://vudu/play?contentid=168778] is a folder. [folderCacheThumbPath=special://masterprofile/profiles/asafg/Thumbnails/Pictures/d/de55c7ee.tbn] (foldert)
16:50:52.039 T:2928651152 M:506261504 DEBUG: CPictureThumbLoader::LoadItem - CahceFolderThumb for item [label=Rent or Buy From $9.99][label2=Vudu][path=app://vudu/play?contentid=168778] DOESN'T exist. [OriginalThumb=] (foldert)
16:50:52.040 T:2928651152 M:506261504 DEBUG: CPictureThumbLoader::LoadItem - For item [label=Rent or Buy From $9.99][label2=Vudu][path=app://vudu/play?contentid=168778] going to return TRUE [Not queue for background loading] (foldert)
16:50:52.072 T:3018603408 M:505118720 DEBUG: update ref map. url http://res.boxee.tv/title/movie/?id=854442 new ref_count 1 progress 0 (hcm)
16:50:52.073 T:3018603408 M:505118720 DEBUG: insert http://res.boxee.tv/title/movie/?id=854442 to the database (hcm)
16:50:52.074 T:3018603408 M:505118720 DEBUG: update ref map. url http://res.boxee.tv/title/movie/?id=854442 new ref_count 0 progress 0 (hcm)
16:50:52.078 T:3018603408 M:505118720 DEBUG: CRssFeed::ReadFeed - [strURL=http://res.boxee.tv/title/movie/?id=854442] is NOT HD. Load feed from URL returned [result=1][LastRetCode=200] (rssf)
16:50:52.080 T:3018603408 M:505118720 DEBUG: Channel thumbnail:
16:50:52.080 T:3018603408 M:505118720 DEBUG: CRssFeed::ReadFeed - open search, startIndex = -1, itemsPerPage = -1, totalResults = -1 (paging)
16:50:52.084 T:3018603408 M:505118720 DEBUG: Boxee: 22/02/12 14:50:52.848#DEBUG#bxsourcesmanager.cpp:157(GetSources)#BXSourcesManager::GetSourcesList - Enter function (entitle)
16:50:52.088 T:3018603408 M:505118720 DEBUG: Boxee: 22/02/12 14:50:52.880#DEBUG#bxsourcesmanager.cpp:201(GetSources)#BXSourcesManager::GetSourcesList - Exit function. After set [SourcesListSize=80] (source)
16:50:52.088 T:3018603408 M:505118720 DEBUG: CRssFeed::ParseItemElements, looking up premium provider:[id=hdtrailers](premium)
16:50:52.090 T:3018603408 M:505118720 DEBUG: CRssFeed::ParseItemElements, looking up premium provider:[id=vudu](premium)
16:50:52.091 T:3018603408 M:505118720 DEBUG: CRssFeed::ParseItemElements, found premium provider [id=vudu][thumb=http://dir.boxee.tv/apps/providerthmb/vudu.png] (premium)
16:50:52.093 T:3018603408 M:505118720 DEBUG: BoxeeUtils::ResolveItem, for boxee id = 854442, items size = 1 (ri)
16:50:52.101 T:2924440464 M:505118720 DEBUG: CDirectoryCache::UpdateItem, CACHE updating dirPath = feed://featured/?limit=15 , cacheId = , item = [B]Super 8[/B], path = http://videos.hd-trailers.net/super_8_excl_clip_960x540_2200_m31.flv (dircache)
16:50:52.101 T:2924440464 M:505118720 DEBUG: CDirectoryCache::UpdateItem, found the relevant dir - strDirPath = feed://featured/?limit=15 (dircache)
16:50:52.102 T:2924440464 M:505118720 DEBUG: TouchThumbnailFile touch thumbnail file special://masterprofile/profiles/asafg/Thumbnails/Pictures/9/9227dbbe.tbn size 47020 (thm)
16:50:52.103 T:2924440464 M:505118720 DEBUG: TouchThumbnailFile touch thumbnail file special://masterprofile/profiles/asafg/Thumbnails/Pictures/9/9227dbbe.tbn already exist - update the average time total 1 files average time 2417227078(thm)
16:50:52.140 T:2928651152 M:504356864 DEBUG: CDirectoryCache::UpdateItem, CACHE updating dirPath = feed://featured/?limit=15 , cacheId = , item = [B]Avatar[/B], path = http://pdl.stream.aol.com/aol/brightcove/us/moviefone/trailers/2009/avatar_026982/avatar_trlr_02_480p_dl.mov (dircache)
16:50:52.147 T:2928651152 M:504365056 DEBUG: CDirectoryCache::UpdateItem, found the relevant dir - strDirPath = feed://featured/?limit=15 (dircache)
16:50:52.149 T:2928651152 M:504365056 DEBUG: TouchThumbnailFile touch thumbnail file special://masterprofile/profiles/asafg/Thumbnails/Pictures/2/20c05083.tbn size 279365 (thm)
16:50:52.150 T:2928651152 M:504365056 DEBUG: TouchThumbnailFile touch thumbnail file special://masterprofile/profiles/asafg/Thumbnails/Pictures/2/20c05083.tbn already exist - update the average time total 1 files average time 2417227376(thm)
16:50:52.152 T:2924440464 M:504369152 DEBUG: CBoxeeFeedItemsLoader::LoadItem - Not handling item [label=[B]St. Vincent - Cheerleader[/B]][showid=][boxeeid=][isfeedalbum=][referral=1494] (feedloader)(ri)
16:50:52.155 T:2924440464 M:504369152 DEBUG: CDirectoryCache::UpdateItem, CACHE updating dirPath = feed://featured/?limit=15 , cacheId = http://vimeo.com/36052867 , item = [B]St. Vincent - Cheerleader[/B], path = http://vimeo.com/36052867 (dircache)
16:50:52.488 T:2924440464 M:503128064 DEBUG: CDirectoryCache::UpdateItem, found the relevant dir - strDirPath = feed://featured/?limit=15 (dircache)
16:50:52.488 T:2924440464 M:503128064 DEBUG: CDirectoryCache::UpdateItem, found the item - strCacheId = http://vimeo.com/36052867 (dircache)
16:50:52.489 T:2924440464 M:503128064 DEBUG: TouchThumbnailFile touch thumbnail file special://masterprofile/profiles/asafg/Thumbnails/Pictures/2/20cae943.tbn size 30353 (thm)
16:50:52.490 T:2924440464 M:503128064 DEBUG: TouchThumbnailFile touch thumbnail file special://masterprofile/profiles/asafg/Thumbnails/Pictures/2/20cae943.tbn already exist - update the average time total 1 files average time 2417227674(thm)
16:50:52.490 T:2917133200 M:503128064 DEBUG: update ref map. url http://res.boxee.tv/title/movie/?id=599727 new ref_count 1 progress 0 (hcm)
16:50:52.492 T:2917133200 M:503128064 DEBUG: insert http://res.boxee.tv/title/movie/?id=599727 to the database (hcm)
16:50:52.493 T:2917133200 M:503128064 DEBUG: update ref map. url http://res.boxee.tv/title/movie/?id=599727 new ref_count 0 progress 0 (hcm)
16:50:52.496 T:2918185872 M:503128064 DEBUG: update ref map. url http://res.boxee.tv/title/movie/?id=901424 new ref_count 1 progress 0 (hcm)
16:50:52.499 T:2918185872 M:503128064 DEBUG: insert http://res.boxee.tv/title/movie/?id=901424 to the database (hcm)
16:50:52.500 T:2918185872 M:503128064 DEBUG: update ref map. url http://res.boxee.tv/title/movie/?id=901424 new ref_count 0 progress 0 (hcm)
16:50:52.504 T:2918185872 M:503128064 DEBUG: CRssFeed::ReadFeed - [strURL=http://res.boxee.tv/title/movie/?id=901424] is NOT HD. Load feed from URL returned [result=1][LastRetCode=200] (rssf)
16:50:52.505 T:3018603408 M:503128064 DEBUG: CPictureThumbLoader::LoadItem - Item [label=Rent or Buy From $3.99][label2=Vudu][path=app://vudu/play?contentid=218561] is a folder. [folderCacheThumbPath=special://masterprofile/profiles/asafg/Thumbnails/Pictures/d/de55c7ee.tbn] (foldert)
16:50:52.505 T:3018603408 M:503128064 DEBUG: CPictureThumbLoader::LoadItem - CahceFolderThumb for item [label=Rent or Buy From $3.99][label2=Vudu][path=app://vudu/play?contentid=218561] DOESN'T exist. [OriginalThumb=] (foldert)
16:50:52.506 T:3018603408 M:503128064 DEBUG: CPictureThumbLoader::LoadItem - For item [label=Rent or Buy From $3.99][label2=Vudu][path=app://vudu/play?contentid=218561] going to return TRUE [Not queue for background loading] (foldert)
16:50:52.509 T:3018603408 M:503128064 DEBUG: CDirectoryCache::UpdateItem, CACHE updating dirPath = feed://featured/?limit=15 , cacheId = , item = [B]In Time[/B], path = http://pdl.stream.aol.com/pdlext/aol/brightcove/us/moviefone/trailers/2011/intime_052770/intime_trlr_01_480p_dl.mov (dircache)
16:50:52.509 T:3018603408 M:503128064 DEBUG: CDirectoryCache::UpdateItem, found the relevant dir - strDirPath = feed://featured/?limit=15 (dircache)
16:50:52.510 T:3018603408 M:503128064 DEBUG: TouchThumbnailFile touch thumbnail file special://masterprofile/profiles/asafg/Thumbnails/Pictures/a/a2138bb0.tbn size 46320 (thm)
16:50:52.512 T:2917133200 M:503128064 DEBUG: CRssFeed::ReadFeed - [strURL=http://res.boxee.tv/title/movie/?id=599727] is NOT HD. Load feed from URL returned [result=1][LastRetCode=200] (rssf)
16:50:52.514 T:2917133200 M:503128064 DEBUG: Channel thumbnail:
16:50:52.515 T:2917133200 M:503128064 DEBUG: CRssFeed::ReadFeed - open search, startIndex = -1, itemsPerPage = -1, totalResults = -1 (paging)
16:50:52.519 T:2917133200 M:503128064 DEBUG: Boxee: 22/02/12 14:50:52.5199#DEBUG#bxsourcesmanager.cpp:157(GetSources)#BXSourcesManager::GetSourcesList - Enter function (entitle)
16:50:52.523 T:2917133200 M:503132160 DEBUG: Boxee: 22/02/12 14:50:52.5233#DEBUG#bxsourcesmanager.cpp:201(GetSources)#BXSourcesManager::GetSourcesList - Exit function. After set [SourcesListSize=80] (source)
16:50:52.523 T:2917133200 M:503132160 DEBUG: CRssFeed::ParseItemElements, looking up premium provider:[id=hdtrailers](premium)
16:50:52.526 T:2918185872 M:503132160 DEBUG: Channel thumbnail:
16:50:52.526 T:2918185872 M:503132160 DEBUG: CRssFeed::ReadFeed - open search, startIndex = -1, itemsPerPage = -1, totalResults = -1 (paging)
16:50:52.532 T:2918185872 M:503132160 DEBUG: Boxee: 22/02/12 14:50:52.5320#DEBUG#bxsourcesmanager.cpp:157(GetSources)#BXSourcesManager::GetSourcesList - Enter function (entitle)
16:50:52.535 T:2918185872 M:503132160 DEBUG: Boxee: 22/02/12 14:50:52.5354#DEBUG#bxsourcesmanager.cpp:201(GetSources)#BXSourcesManager::GetSourcesList - Exit function. After set [SourcesListSize=80] (source)
16:50:52.536 T:2918185872 M:503132160 DEBUG: CRssFeed::ParseItemElements, looking up premium provider:[id=hdtrailers](premium)
16:50:52.538 T:2918185872 M:503132160 DEBUG: CRssFeed::ParseItemElements, looking up premium provider:[id=vudu](premium)
16:50:52.539 T:2918185872 M:503132160 DEBUG: CRssFeed::ParseItemElements, found premium provider [id=vudu][thumb=http://dir.boxee.tv/apps/providerthmb/vudu.png] (premium)
16:50:52.541 T:2917133200 M:503132160 DEBUG: CRssFeed::ParseItemElements, looking up premium provider:[id=vudu](premium)
16:50:52.874 T:2917133200 M:501481472 DEBUG: CRssFeed::ParseItemElements, found premium provider [id=vudu][thumb=http://dir.boxee.tv/apps/providerthmb/vudu.png] (premium)
16:50:52.875 T:2918185872 M:501481472 DEBUG: BoxeeUtils::ResolveItem, for boxee id = 901424, items size = 1 (ri)
16:50:52.877 T:3018603408 M:501481472 DEBUG: TouchThumbnailFile touch thumbnail file special://masterprofile/profiles/asafg/Thumbnails/Pictures/a/a2138bb0.tbn already exist - update the average time total 1 files average time 2417227972(thm)
16:50:52.886 T:2917133200 M:501481472 DEBUG: BoxeeUtils::ResolveItem, for boxee id = 599727, items size = 1 (ri)
16:50:52.899 T:2917133200 M:501481472 DEBUG: CPictureThumbLoader::LoadItem - Item [label=Rent or Buy From $3.99][label2=Vudu][path=app://vudu/play?contentid=197960] is a folder. [folderCacheThumbPath=special://masterprofile/profiles/asafg/Thumbnails/Pictures/d/de55c7ee.tbn] (foldert)
16:50:52.900 T:2917133200 M:501481472 DEBUG: CPictureThumbLoader::LoadItem - CahceFolderThumb for item [label=Rent or Buy From $3.99][label2=Vudu][path=app://vudu/play?contentid=197960] DOESN'T exist. [OriginalThumb=] (foldert)
16:50:52.900 T:2917133200 M:501481472 DEBUG: CPictureThumbLoader::LoadItem - For item [label=Rent or Buy From $3.99][label2=Vudu][path=app://vudu/play?contentid=197960] going to return TRUE [Not queue for background loading] (foldert)
16:50:52.907 T:2918185872 M:501481472 DEBUG: CPictureThumbLoader::LoadItem - Item [label=Rent or Buy From $3.99][label2=Vudu][path=app://vudu/play?contentid=198314] is a folder. [folderCacheThumbPath=special://masterprofile/profiles/asafg/Thumbnails/Pictures/d/de55c7ee.tbn] (foldert)
16:50:52.908 T:2918185872 M:501481472 DEBUG: CPictureThumbLoader::LoadItem - CahceFolderThumb for item [label=Rent or Buy From $3.99][label2=Vudu][path=app://vudu/play?contentid=198314] DOESN'T exist. [OriginalThumb=] (foldert)
16:50:52.909 T:2918185872 M:501481472 DEBUG: CPictureThumbLoader::LoadItem - For item [label=Rent or Buy From $3.99][label2=Vudu][path=app://vudu/play?contentid=198314] going to return TRUE [Not queue for background loading] (foldert)
16:50:52.911 T:2918185872 M:501481472 DEBUG: CDirectoryCache::UpdateItem, CACHE updating dirPath = feed://featured/?limit=15 , cacheId = , item = [B]30 Minutes or Less[/B], path = http://pdl.stream.aol.com/pdlext/aol/brightcove/us/moviefone/trailers/2011/30minutesorless_051395/30minutesorless_trlr_01_480p_dl.mov (dircache)
16:50:52.911 T:2918185872 M:501481472 DEBUG: CDirectoryCache::UpdateItem, found the relevant dir - strDirPath = feed://featured/?limit=15 (dircache)
16:50:52.913 T:2918185872 M:501485568 DEBUG: TouchThumbnailFile touch thumbnail file special://masterprofile/profiles/asafg/Thumbnails/Pictures/b/b83ea9df.tbn size 76630 (thm)
16:50:52.915 T:2917133200 M:501485568 DEBUG: CDirectoryCache::UpdateItem, CACHE updating dirPath = feed://featured/?limit=15 , cacheId = , item = [B]Another Earth[/B], path = http://playlist.yahoo.com/makeplaylist.dll?sdm=web&pt=rd&sid=123464411 (dircache)
16:50:52.916 T:2917133200 M:501485568 DEBUG: CDirectoryCache::UpdateItem, found the relevant dir - strDirPath = feed://featured/?limit=15 (dircache)
16:50:52.918 T:2917133200 M:501485568 DEBUG: TouchThumbnailFile touch thumbnail file special://masterprofile/profiles/asafg/Thumbnails/Pictures/b/bd72018a.tbn size 48889 (thm)
16:50:52.918 T:3071473440 M:501485568 DEBUG: GUILoaderWindow::RegisterContainers
16:50:52.918 T:3071473440 M:501485568 DEBUG: GUILoaderWindow::RegisterContainer: 7000
16:50:52.919 T:3071473440 M:501485568 DEBUG: GUILoaderWindow::RegisterContainer: 8200
16:50:52.921 T:3071473440 M:501485568 DEBUG: CItemLoader::AddControl, window = 10000, control = 8200, path = feed://featured/?limit=15 (browse)
16:50:52.922 T:3071473440 M:501485568 DEBUG: CItemLoader::AddControl, 3 GUI_MSG_LOADING, window = 10000, control = 8200 (basecontainer)
16:50:52.922 T:3071473440 M:501485568 DEBUG: CGUIBaseContainer::CGUIBaseContainer, GUI_MSG_LOADING, 8200 (basecontainer)
16:50:52.923 T:2926545808 M:501477376 DEBUG: CGetDirectoryJob::DoWork, NEWUI, loading directory, path = feed://featured/?limit=15
16:50:52.924 T:2926545808 M:501477376 DEBUG: CDirectory::GetDirectory , calling g_directoryCache.GetDirectory with path: feed://featured/?limit=15 , items: 0 , retreiveAll: 0 (cache check)
16:50:52.925 T:2926545808 M:501477376 DEBUG: CDirectoryCache::GetDirectory, returning 15 CACHED items for path feed://featured/?limit=15
16:50:52.925 T:2926545808 M:501477376 DEBUG: CDirectory::GetDirectory , g_directoryCache.GetDirectory returned true (cache check)
16:50:52.943 T:2926545808 M:501477376 DEBUG: CGetDirectoryJob::DoWork, NEWUI, done loading directory, bResult = 1
16:50:52.945 T:2926545808 M:501477376 DEBUG: CGetDirectoryJob::ItemsLoaded, sending GUI_MSG_LABEL_BIND windowId [10000] controlId[8200] size[15]
16:50:52.946 T:3071473440 M:501477376 DEBUG: CItemLoader::AddControl, added directory job, path = feed://featured/?limit=15 (browse)
16:50:52.957 T:3071473440 M:512151552 DEBUG: CGUIBaseContainer::CGUIBaseContainer, GUI_MSG_LABEL_BIND, 8200 , append=0 (basecontainer)
16:50:52.967 T:2918185872 M:512151552 DEBUG: TouchThumbnailFile touch thumbnail file special://masterprofile/profiles/asafg/Thumbnails/Pictures/b/b83ea9df.tbn already exist - update the average time total 1 files average time 2417228269(thm)
16:50:52.970 T:2917133200 M:512151552 DEBUG: TouchThumbnailFile touch thumbnail file special://masterprofile/profiles/asafg/Thumbnails/Pictures/b/bd72018a.tbn already exist - update the average time total 1 files average time 2417228566(thm)
16:50:53.302 T:2931809168 M:509485056 DEBUG: Interface 74:F0:6D:9F:54:F5 scan complete, found 30 hosts
16:50:53.303 T:2931809168 M:509485056 DEBUG: Mapping out hosts on interface 74:F0:6D:9F:54:F5
16:50:53.303 T:2928651152 M:509485056 DEBUG: Initializing feed: http://res.boxee.tv/title/movie/?id=304615
16:50:53.306 T:2928651152 M:509485056 DEBUG: update ref map. url http://res.boxee.tv/title/movie/?id=304615 new ref_count 0 progress 0 (hcm)
16:50:53.306 T:2928651152 M:509485056 DEBUG: update ref map. url http://res.boxee.tv/title/movie/?id=304615 new ref_count 1 progress 0 (hcm)
16:50:53.312 T:2924440464 M:509485056 DEBUG: Initializing feed: http://res.boxee.tv/title/movie/?id=901424
16:50:53.312 T:3018603408 M:509485056 DEBUG: Initializing feed: http://res.boxee.tv/title/movie/?id=599727
16:50:53.314 T:3018603408 M:509485056 DEBUG: update ref map. url http://res.boxee.tv/title/movie/?id=599727 new ref_count 0 progress 0 (hcm)
16:50:53.315 T:3018603408 M:509489152 DEBUG: update ref map. url http://res.boxee.tv/title/movie/?id=599727 new ref_count 1 progress 0 (hcm)
16:50:53.315 T:2918185872 M:509489152 DEBUG: Initializing feed: http://res.boxee.tv/title/movie/?id=854442
16:50:53.319 T:2918185872 M:509489152 DEBUG: update ref map. url http://res.boxee.tv/title/movie/?id=854442 new ref_count 0 progress 0 (hcm)
16:50:53.319 T:2918185872 M:509489152 DEBUG: update ref map. url http://res.boxee.tv/title/movie/?id=854442 new ref_count 1 progress 0 (hcm)
16:50:53.326 T:2924440464 M:509489152 DEBUG: update ref map. url http://res.boxee.tv/title/movie/?id=901424 new ref_count 0 progress 0 (hcm)
16:50:53.326 T:2924440464 M:509489152 DEBUG: update ref map. url http://res.boxee.tv/title/movie/?id=901424 new ref_count 1 progress 0 (hcm)
16:50:53.478 T:2917133200 M:509845504 DEBUG: Initializing feed: http://res.boxee.tv/title/movie/?id=667105
16:50:53.481 T:2917133200 M:509845504 DEBUG: update ref map. url http://res.boxee.tv/title/movie/?id=667105 new ref_count 0 progress 0 (hcm)
16:50:53.482 T:2917133200 M:509845504 DEBUG: update ref map. url http://res.boxee.tv/title/movie/?id=667105 new ref_count 1 progress 0 (hcm)
16:50:53.717 T:2931809168 M:509337600 DEBUG: Ignoring file shares from local host and workgroup folder [WORKGROUP]
16:50:54.226 T:2924440464 M:503910400 DEBUG: update ref map. url http://res.boxee.tv/title/movie/?id=901424 new ref_count 1 progress 0 (hcm)
16:50:54.227 T:2924440464 M:503910400 DEBUG: update expire time of url http://res.boxee.tv/title/movie/?id=901424 to the database (hcm)
16:50:54.228 T:2924440464 M:503910400 DEBUG: update ref map. url http://res.boxee.tv/title/movie/?id=901424 new ref_count 0 progress 0 (hcm)
16:50:54.232 T:2924440464 M:503910400 DEBUG: CRssFeed::ReadFeed - [strURL=http://res.boxee.tv/title/movie/?id=901424] is NOT HD. Load feed from URL returned [result=1][LastRetCode=200] (rssf)
16:50:54.234 T:2924440464 M:503910400 DEBUG: Channel thumbnail:
16:50:54.235 T:2924440464 M:503910400 DEBUG: CRssFeed::ReadFeed - open search, startIndex = -1, itemsPerPage = -1, totalResults = -1 (paging)
16:50:54.240 T:2924440464 M:503910400 DEBUG: Boxee: 22/02/12 14:50:54.2405#DEBUG#bxsourcesmanager.cpp:157(GetSources)#BXSourcesManager::GetSourcesList - Enter function (entitle)
16:50:54.243 T:2924440464 M:503910400 DEBUG: Boxee: 22/02/12 14:50:54.2435#DEBUG#bxsourcesmanager.cpp:201(GetSources)#BXSourcesManager::GetSourcesList - Exit function. After set [SourcesListSize=80] (source)
16:50:54.244 T:2924440464 M:503910400 DEBUG: CRssFeed::ParseItemElements, looking up premium provider:[id=hdtrailers](premium)
16:50:54.245 T:2924440464 M:503910400 DEBUG: CRssFeed::ParseItemElements, looking up premium provider:[id=vudu](premium)
16:50:54.247 T:2924440464 M:503910400 DEBUG: CRssFeed::ParseItemElements, found premium provider [id=vudu][thumb=http://dir.boxee.tv/apps/providerthmb/vudu.png] (premium)
16:50:54.249 T:2924440464 M:503910400 DEBUG: BoxeeUtils::ResolveItem, for boxee id = 901424, items size = 1 (ri)
16:50:54.278 T:2924440464 M:503910400 DEBUG: CPictureThumbLoader::LoadItem - Item [label=Rent or Buy From $3.99][label2=Vudu][path=app://vudu/play?contentid=198314] is a folder. [folderCacheThumbPath=special://masterprofile/profiles/asafg/Thumbnails/Pictures/d/de55c7ee.tbn] (foldert)
16:50:54.279 T:2924440464 M:503910400 DEBUG: CPictureThumbLoader::LoadItem - CahceFolderThumb for item [label=Rent or Buy From $3.99][label2=Vudu][path=app://vudu/play?contentid=198314] DOESN'T exist. [OriginalThumb=] (foldert)
16:50:54.279 T:2924440464 M:503910400 DEBUG: CPictureThumbLoader::LoadItem - For item [label=Rent or Buy From $3.99][label2=Vudu][path=app://vudu/play?contentid=198314] going to return TRUE [Not queue for background loading] (foldert)
16:50:54.284 T:2924440464 M:503910400 DEBUG: CDirectoryCache::UpdateItem, CACHE updating dirPath = feed://featured/?limit=15 , cacheId = , item = [B]30 Minutes or Less[/B], path = http://pdl.stream.aol.com/pdlext/aol/brightcove/us/moviefone/trailers/2011/30minutesorless_051395/30minutesorless_trlr_01_480p_dl.mov (dircache)
16:50:54.284 T:2924440464 M:503914496 DEBUG: CDirectoryCache::UpdateItem, found the relevant dir - strDirPath = feed://featured/?limit=15 (dircache)
16:50:54.324 T:2924440464 M:503152640 DEBUG: TouchThumbnailFile touch thumbnail file special://masterprofile/profiles/asafg/Thumbnails/Pictures/b/b83ea9df.tbn size 76630 (thm)
16:50:54.325 T:2924440464 M:503152640 DEBUG: TouchThumbnailFile touch thumbnail file special://masterprofile/profiles/asafg/Thumbnails/Pictures/b/b83ea9df.tbn already exist - update the average time total 1 files average time 2417228568(thm)
16:50:54.427 T:2918185872 M:503160832 DEBUG: update ref map. url http://res.boxee.tv/title/movie/?id=854442 new ref_count 1 progress 0 (hcm)
16:50:54.428 T:2918185872 M:503160832 DEBUG: update expire time of url http://res.boxee.tv/title/movie/?id=854442 to the database (hcm)
16:50:54.429 T:2918185872 M:503160832 DEBUG: update ref map. url http://res.boxee.tv/title/movie/?id=854442 new ref_count 0 progress 0 (hcm)
16:50:54.433 T:3018603408 M:503160832 DEBUG: update ref map. url http://res.boxee.tv/title/movie/?id=599727 new ref_count 1 progress 0 (hcm)
16:50:54.434 T:3018603408 M:503160832 DEBUG: update expire time of url http://res.boxee.tv/title/movie/?id=599727 to the database (hcm)
16:50:54.435 T:3018603408 M:503160832 DEBUG: update ref map. url http://res.boxee.tv/title/movie/?id=599727 new ref_count 0 progress 0 (hcm)
16:50:54.439 T:3018603408 M:503160832 DEBUG: CRssFeed::ReadFeed - [strURL=http://res.boxee.tv/title/movie/?id=599727] is NOT HD. Load feed from URL returned [result=1][LastRetCode=200] (rssf)
16:50:54.442 T:2928651152 M:503160832 DEBUG: update ref map. url http://res.boxee.tv/title/movie/?id=304615 new ref_count 1 progress 0 (hcm)
16:50:54.442 T:2928651152 M:503160832 DEBUG: update expire time of url http://res.boxee.tv/title/movie/?id=304615 to the database (hcm)
16:50:54.443 T:2928651152 M:503160832 DEBUG: update ref map. url http://res.boxee.tv/title/movie/?id=304615 new ref_count 0 progress 0 (hcm)
16:50:54.449 T:2917133200 M:503160832 DEBUG: update ref map. url http://res.boxee.tv/title/movie/?id=667105 new ref_count 1 progress 0 (hcm)
16:50:54.449 T:2917133200 M:503160832 DEBUG: update expire time of url http://res.boxee.tv/title/movie/?id=667105 to the database (hcm)
16:50:54.451 T:2917133200 M:503160832 DEBUG: update ref map. url http://res.boxee.tv/title/movie/?id=667105 new ref_count 0 progress 0 (hcm)
16:50:54.454 T:2917133200 M:503160832 DEBUG: CRssFeed::ReadFeed - [strURL=http://res.boxee.tv/title/movie/?id=667105] is NOT HD. Load feed from URL returned [result=1][LastRetCode=200] (rssf)
16:50:54.456 T:2917133200 M:503160832 DEBUG: Channel thumbnail:
16:50:54.457 T:2917133200 M:503160832 DEBUG: CRssFeed::ReadFeed - open search, startIndex = -1, itemsPerPage = -1, totalResults = -1 (paging)
16:50:54.462 T:2918185872 M:503160832 DEBUG: CRssFeed::ReadFeed - [strURL=http://res.boxee.tv/title/movie/?id=854442] is NOT HD. Load feed from URL returned [result=1][LastRetCode=200] (rssf)
16:50:54.464 T:2918185872 M:503160832 DEBUG: Channel thumbnail:
16:50:54.465 T:2918185872 M:503160832 DEBUG: CRssFeed::ReadFeed - open search, startIndex = -1, itemsPerPage = -1, totalResults = -1 (paging)
16:50:54.468 T:2928651152 M:503160832 DEBUG: CRssFeed::ReadFeed - [strURL=http://res.boxee.tv/title/movie/?id=304615] is NOT HD. Load feed from URL returned [result=1][LastRetCode=200] (rssf)
16:50:54.470 T:2928651152 M:503160832 DEBUG: Channel thumbnail:
16:50:54.471 T:2928651152 M:503160832 DEBUG: CRssFeed::ReadFeed - open search, startIndex = -1, itemsPerPage = -1, totalResults = -1 (paging)
16:50:54.476 T:3018603408 M:503160832 DEBUG: Channel thumbnail:
16:50:54.477 T:3018603408 M:503160832 DEBUG: CRssFeed::ReadFeed - open search, startIndex = -1, itemsPerPage = -1, totalResults = -1 (paging)
16:50:54.481 T:3018603408 M:503160832 DEBUG: Boxee: 22/02/12 14:50:54.4811#DEBUG#bxsourcesmanager.cpp:157(GetSources)#BXSourcesManager::GetSourcesList - Enter function (entitle)
16:50:54.484 T:3018603408 M:503164928 DEBUG: Boxee: 22/02/12 14:50:54.4842#DEBUG#bxsourcesmanager.cpp:201(GetSources)#BXSourcesManager::GetSourcesList - Exit function. After set [SourcesListSize=80] (source)
16:50:54.484 T:3018603408 M:503164928 DEBUG: CRssFeed::ParseItemElements, looking up premium provider:[id=hdtrailers](premium)
16:50:54.487 T:3018603408 M:503164928 DEBUG: CRssFeed::ParseItemElements, looking up premium provider:[id=vudu](premium)
16:50:54.492 T:2917133200 M:503164928 DEBUG: Boxee: 22/02/12 14:50:54.4899#DEBUG#bxsourcesmanager.cpp:157(GetSources)#BXSourcesManager::GetSourcesList - Enter function (entitle)
16:50:54.495 T:2918185872 M:503164928 DEBUG: Boxee: 22/02/12 14:50:54.4957#DEBUG#bxsourcesmanager.cpp:157(GetSources)#BXSourcesManager::GetSourcesList - Enter function (entitle)
16:50:54.496 T:2928651152 M:503164928 DEBUG: Boxee: 22/02/12 14:50:54.4964#DEBUG#bxsourcesmanager.cpp:157(GetSources)#BXSourcesManager::GetSourcesList - Enter function (entitle)
16:50:54.497 T:2917133200 M:503164928 DEBUG: Boxee: 22/02/12 14:50:54.4970#DEBUG#bxsourcesmanager.cpp:201(GetSources)#BXSourcesManager::GetSourcesList - Exit function. After set [SourcesListSize=80] (source)
16:50:54.497 T:2917133200 M:503164928 DEBUG: CRssFeed::ParseItemElements, looking up premium provider:[id=hdtrailers](premium)
16:50:54.500 T:2918185872 M:503164928 DEBUG: Boxee: 22/02/12 14:50:54.5008#DEBUG#bxsourcesmanager.cpp:201(GetSources)#BXSourcesManager::GetSourcesList - Exit function. After set [SourcesListSize=80] (source)
16:50:54.501 T:2918185872 M:503164928 DEBUG: CRssFeed::ParseItemElements, looking up premium provider:[id=hdtrailers](premium)
16:50:54.505 T:2928651152 M:503164928 DEBUG: Boxee: 22/02/12 14:50:54.5052#DEBUG#bxsourcesmanager.cpp:201(GetSources)#BXSourcesManager::GetSourcesList - Exit function. After set [SourcesListSize=80] (source)
16:50:54.837 T:2928651152 M:503164928 DEBUG: CRssFeed::ParseItemElements, looking up premium provider:[id=hdtrailers](premium)
16:50:54.837 T:2918185872 M:503164928 DEBUG: CRssFeed::ParseItemElements, looking up premium provider:[id=vudu](premium)
16:50:54.839 T:2918185872 M:503164928 DEBUG: CRssFeed::ParseItemElements, found premium provider [id=vudu][thumb=http://dir.boxee.tv/apps/providerthmb/vudu.png] (premium)
16:50:54.841 T:2918185872 M:503164928 DEBUG: BoxeeUtils::ResolveItem, for boxee id = 854442, items size = 1 (ri)
16:50:54.844 T:2917133200 M:503164928 DEBUG: CRssFeed::ParseItemElements, looking up premium provider:[id=vudu](premium)
16:50:54.845 T:3018603408 M:503164928 DEBUG: CRssFeed::ParseItemElements, found premium provider [id=vudu][thumb=http://dir.boxee.tv/apps/providerthmb/vudu.png] (premium)
16:50:54.848 T:3018603408 M:503164928 DEBUG: BoxeeUtils::ResolveItem, for boxee id = 599727, items size = 1 (ri)
16:50:54.853 T:2917133200 M:503164928 DEBUG: CRssFeed::ParseItemElements, found premium provider [id=vudu][thumb=http://dir.boxee.tv/apps/providerthmb/vudu.png] (premium)
16:50:54.857 T:2917133200 M:503164928 DEBUG: BoxeeUtils::ResolveItem, for boxee id = 667105, items size = 1 (ri)
16:50:54.861 T:2928651152 M:503164928 DEBUG: CRssFeed::ParseItemElements, looking up premium provider:[id=vudu](premium)
16:50:54.863 T:2928651152 M:503164928 DEBUG: CRssFeed::ParseItemElements, found premium provider [id=vudu][thumb=http://dir.boxee.tv/apps/providerthmb/vudu.png] (premium)
16:50:54.865 T:2928651152 M:503164928 DEBUG: BoxeeUtils::ResolveItem, for boxee id = 304615, items size = 1 (ri)
16:50:54.896 T:3018603408 M:503164928 DEBUG: CPictureThumbLoader::LoadItem - Item [label=Rent or Buy From $3.99][label2=Vudu][path=app://vudu/play?contentid=197960] is a folder. [folderCacheThumbPath=special://masterprofile/profiles/asafg/Thumbnails/Pictures/d/de55c7ee.tbn] (foldert)
16:50:54.897 T:3018603408 M:503164928 DEBUG: CPictureThumbLoader::LoadItem - CahceFolderThumb for item [label=Rent or Buy From $3.99][label2=Vudu][path=app://vudu/play?contentid=197960] DOESN'T exist. [OriginalThumb=] (foldert)
16:50:54.897 T:3018603408 M:503169024 DEBUG: CPictureThumbLoader::LoadItem - For item [label=Rent or Buy From $3.99][label2=Vudu][path=app://vudu/play?contentid=197960] going to return TRUE [Not queue for background loading] (foldert)
16:50:54.900 T:3018603408 M:503169024 DEBUG: CDirectoryCache::UpdateItem, CACHE updating dirPath = feed://featured/?limit=15 , cacheId = , item = [B]Another Earth[/B], path = http://playlist.yahoo.com/makeplaylist.dll?sdm=web&pt=rd&sid=123464411 (dircache)
16:50:54.900 T:3018603408 M:503169024 DEBUG: CDirectoryCache::UpdateItem, found the relevant dir - strDirPath = feed://featured/?limit=15 (dircache)
16:50:54.901 T:3018603408 M:503169024 DEBUG: TouchThumbnailFile touch thumbnail file special://masterprofile/profiles/asafg/Thumbnails/Pictures/b/bd72018a.tbn size 48889 (thm)
16:50:54.902 T:3018603408 M:503169024 DEBUG: TouchThumbnailFile touch thumbnail file special://masterprofile/profiles/asafg/Thumbnails/Pictures/b/bd72018a.tbn already exist - update the average time total 1 files average time 2417228570(thm)
16:50:54.912 T:2928651152 M:503169024 DEBUG: CPictureThumbLoader::LoadItem - Item [label=Rent or Buy From $9.99][label2=Vudu][path=app://vudu/play?contentid=168778] is a folder. [folderCacheThumbPath=special://masterprofile/profiles/asafg/Thumbnails/Pictures/d/de55c7ee.tbn] (foldert)
16:50:54.913 T:2918185872 M:503169024 DEBUG: CPictureThumbLoader::LoadItem - Item [label=Rent or Buy From $3.99][label2=Vudu][path=app://vudu/play?contentid=218561] is a folder. [folderCacheThumbPath=special://masterprofile/profiles/asafg/Thumbnails/Pictures/d/de55c7ee.tbn] (foldert)
16:50:54.913 T:2918185872 M:503169024 DEBUG: CPictureThumbLoader::LoadItem - CahceFolderThumb for item [label=Rent or Buy From $3.99][label2=Vudu][path=app://vudu/play?contentid=218561] DOESN'T exist. [OriginalThumb=] (foldert)
16:50:54.913 T:2918185872 M:503169024 DEBUG: CPictureThumbLoader::LoadItem - For item [label=Rent or Buy From $3.99][label2=Vudu][path=app://vudu/play?contentid=218561] going to return TRUE [Not queue for background loading] (foldert)
16:50:54.918 T:2917133200 M:503169024 DEBUG: CPictureThumbLoader::LoadItem - Item [label=Rent or Buy From $3.99][label2=Vudu][path=app://vudu/play?contentid=178784] is a folder. [folderCacheThumbPath=special://masterprofile/profiles/asafg/Thumbnails/Pictures/d/de55c7ee.tbn] (foldert)
16:50:54.919 T:2917133200 M:503169024 DEBUG: CPictureThumbLoader::LoadItem - CahceFolderThumb for item [label=Rent or Buy From $3.99][label2=Vudu][path=app://vudu/play?contentid=178784] DOESN'T exist. [OriginalThumb=] (foldert)
16:50:54.920 T:2917133200 M:503169024 DEBUG: CPictureThumbLoader::LoadItem - For item [label=Rent or Buy From $3.99][label2=Vudu][path=app://vudu/play?contentid=178784] going to return TRUE [Not queue for background loading] (foldert)
16:50:54.922 T:2917133200 M:503169024 DEBUG: CDirectoryCache::UpdateItem, CACHE updating dirPath = feed://featured/?limit=15 , cacheId = , item = [B]Super 8[/B], path = http://videos.hd-trailers.net/super_8_excl_clip_960x540_2200_m31.flv (dircache)
16:50:54.922 T:2917133200 M:503169024 DEBUG: CDirectoryCache::UpdateItem, found the relevant dir - strDirPath = feed://featured/?limit=15 (dircache)
16:50:55.255 T:2918185872 M:502280192 DEBUG: CDirectoryCache::UpdateItem, CACHE updating dirPath = feed://featured/?limit=15 , cacheId = , item = [B]In Time[/B], path = http://pdl.stream.aol.com/pdlext/aol/brightcove/us/moviefone/trailers/2011/intime_052770/intime_trlr_01_480p_dl.mov (dircache)
16:50:55.256 T:2918185872 M:502280192 DEBUG: CDirectoryCache::UpdateItem, found the relevant dir - strDirPath = feed://featured/?limit=15 (dircache)
16:50:55.257 T:2918185872 M:502280192 DEBUG: TouchThumbnailFile touch thumbnail file special://masterprofile/profiles/asafg/Thumbnails/Pictures/a/a2138bb0.tbn size 46320 (thm)
16:50:55.258 T:2918185872 M:502280192 DEBUG: TouchThumbnailFile touch thumbnail file special://masterprofile/profiles/asafg/Thumbnails/Pictures/a/a2138bb0.tbn already exist - update the average time total 1 files average time 2417228573(thm)
16:50:55.259 T:2928651152 M:502284288 DEBUG: CPictureThumbLoader::LoadItem - CahceFolderThumb for item [label=Rent or Buy From $9.99][label2=Vudu][path=app://vudu/play?contentid=168778] DOESN'T exist. [OriginalThumb=] (foldert)
16:50:55.259 T:2928651152 M:502284288 DEBUG: CPictureThumbLoader::LoadItem - For item [label=Rent or Buy From $9.99][label2=Vudu][path=app://vudu/play?contentid=168778] going to return TRUE [Not queue for background loading] (foldert)
16:50:55.262 T:2928651152 M:502284288 DEBUG: CDirectoryCache::UpdateItem, CACHE updating dirPath = feed://featured/?limit=15 , cacheId = , item = [B]Avatar[/B], path = http://pdl.stream.aol.com/aol/brightcove/us/moviefone/trailers/2009/avatar_026982/avatar_trlr_02_480p_dl.mov (dircache)
16:50:55.262 T:2928651152 M:502284288 DEBUG: CDirectoryCache::UpdateItem, found the relevant dir - strDirPath = feed://featured/?limit=15 (dircache)
16:50:55.263 T:2928651152 M:502284288 DEBUG: TouchThumbnailFile touch thumbnail file special://masterprofile/profiles/asafg/Thumbnails/Pictures/2/20c05083.tbn size 279365 (thm)
16:50:55.265 T:2917133200 M:502284288 DEBUG: TouchThumbnailFile touch thumbnail file special://masterprofile/profiles/asafg/Thumbnails/Pictures/9/9227dbbe.tbn size 47020 (thm)
16:50:55.267 T:2928651152 M:502292480 DEBUG: TouchThumbnailFile touch thumbnail file special://masterprofile/profiles/asafg/Thumbnails/Pictures/2/20c05083.tbn already exist - update the average time total 1 files average time 2417228576(thm)
16:50:55.342 T:2917133200 M:500768768 DEBUG: TouchThumbnailFile touch thumbnail file special://masterprofile/profiles/asafg/Thumbnails/Pictures/9/9227dbbe.tbn already exist - update the average time total 1 files average time 2417228579(thm)
16:50:55.497 T:3071473440 M:500387840 DEBUG: (dbg) FreeMem 488660/643508 Kb, FPS 32.1, CPU0: 88.1% (80.7%) Loader Q:[0] Textures:[188 (47.93 M)] SERVER: [67.225.149.139] ver: 1.5.1.23714-b17e3b9
16:50:55.498 T:3071473440 M:500387840 DEBUG: (dbg)
16:51:07.453 T:2923387792 M:499761152 DEBUG: SMBDirectory->GetDirectory: Unable to open directory : 'smb://10.0.0.138/' unix_err:'6e' error : 'Connection timed out'
16:51:07.454 T:2923387792 M:499761152 DEBUG: GetDirectory - Error getting smb://10.0.0.138
16:51:07.454 T:2923387792 M:499761152 DEBUG: Found 0 shares on host MERAV-LAPTOP
16:51:07.454 T:2923387792 M:499761152 DEBUG: Looking for shares on host ASHER-WINPC ip 10.0.0.180
16:51:07.455 T:2923387792 M:499761152 DEBUG: CDirectory::GetDirectory , calling g_directoryCache.GetDirectory with path: smb://10.0.0.180 , items: 0 , retreiveAll: 0 (cache check)
16:51:07.455 T:2923387792 M:499761152 DEBUG: CDirectory::GetDirectory , g_directoryCache.GetDirectory returned false (cache check)
16:51:07.456 T:2923387792 M:499761152 DEBUG: OpenDir - Using authentication url smb://10.0.0.180
16:51:07.509 T:3071473440 M:499761152 DEBUG: (dbg) FreeMem 488048/643508 Kb, FPS 40.0, CPU0: 42.0% (38.9%) Loader Q:[0] Textures:[188 (48.28 M)] SERVER: [67.225.149.139] ver: 1.5.1.23714-b17e3b9
16:51:07.510 T:3071473440 M:499761152 DEBUG: (dbg)
16:51:07.529 T:2923387792 M:499761152 DEBUG: SMBDirectory->GetDirectory: Unable to open directory : 'smb://10.0.0.180/' unix_err:'d' error : 'Permission denied'
16:51:07.529 T:2923387792 M:499761152 DEBUG: GetDirectory - Error getting smb://10.0.0.180
16:51:07.530 T:2923387792 M:499761152 DEBUG: Found 0 shares on host ASHER-WINPC
16:51:07.530 T:2923387792 M:499761152 DEBUG: Looking for shares on host MERAV-LAPTOP ip 10.0.0.217
16:51:07.531 T:2923387792 M:499761152 DEBUG: CDirectory::GetDirectory , calling g_directoryCache.GetDirectory with path: smb://10.0.0.217 , items: 0 , retreiveAll: 0 (cache check)
16:51:07.531 T:2923387792 M:499761152 DEBUG: CDirectory::GetDirectory , g_directoryCache.GetDirectory returned false (cache check)
16:51:07.532 T:2923387792 M:499761152 DEBUG: OpenDir - Using authentication url smb://10.0.0.217
16:51:19.521 T:3071473440 M:499740672 DEBUG: (dbg) FreeMem 488028/643508 Kb, FPS 40.0, CPU0: 45.8% (33.7%) Loader Q:[0] Textures:[188 (48.28 M)] SERVER: [67.225.149.139] ver: 1.5.1.23714-b17e3b9
16:51:19.521 T:3071473440 M:499740672 DEBUG: (dbg)
16:51:20.862 T:3071473440 M:499740672 DEBUG: SECTION:UnloadDelayed(DLL: special://xbmc/system/libexif-i686-linux.so)
16:51:20.863 T:3071473440 M:499740672 DEBUG: Unloading: libexif-i686-linux.so
16:51:24.942 T:2923387792 M:499765248 DEBUG: SMBDirectory->GetDirectory: Unable to open directory : 'smb://10.0.0.217/' unix_err:'6e' error : 'Connection timed out'
16:51:24.943 T:2923387792 M:499765248 DEBUG: GetDirectory - Error getting smb://10.0.0.217
16:51:24.943 T:2923387792 M:499765248 DEBUG: Found 0 shares on host MERAV-LAPTOP
16:51:31.533 T:3071473440 M:499765248 DEBUG: (dbg) FreeMem 488052/643508 Kb, FPS 40.0, CPU0: 45.3% (33.3%) Loader Q:[0] Textures:[188 (48.28 M)] SERVER: [67.225.149.139] ver: 1.5.1.23714-b17e3b9
16:51:31.533 T:3071473440 M:499765248 DEBUG: (dbg)
16:51:35.923 T:3010202512 M:499732480 DEBUG: CProcessSlowJob::DoWork - Enter function. [server=1][internet=1][IsStoped=0] (wdpslow)
16:51:35.923 T:3010202512 M:499732480 DEBUG: CProcessSlowJob::DoWork - Exit function. [server=1][internet=1] (wdpslow)
16:51:39.999 T:2931809168 M:499765248 DEBUG: Found machine DELL-LATITUDE address 10.0.0.223 interface 74:F0:6D:9F:54:F5 via mapping
16:51:40.000 T:2923387792 M:499765248 DEBUG: Looking for shares on host DELL-LATITUDE ip 10.0.0.223
16:51:40.000 T:2923387792 M:499765248 DEBUG: CDirectory::GetDirectory , calling g_directoryCache.GetDirectory with path: smb://10.0.0.223 , items: 0 , retreiveAll: 0 (cache check)
16:51:40.000 T:2923387792 M:499765248 DEBUG: CDirectory::GetDirectory , g_directoryCache.GetDirectory returned false (cache check)
16:51:40.001 T:2923387792 M:499765248 DEBUG: OpenDir - Using authentication url smb://10.0.0.223
16:51:40.057 T:2923387792 M:499765248 DEBUG: Found 3 shares on host DELL-LATITUDE
16:51:43.545 T:3071473440 M:499765248 DEBUG: (dbg) FreeMem 488052/643508 Kb, FPS 40.0, CPU0: 42.3% (36.6%) Loader Q:[0] Textures:[188 (48.28 M)] SERVER: [67.225.149.139] ver: 1.5.1.23714-b17e3b9
16:51:43.545 T:3071473440 M:499765248 DEBUG: (dbg)
16:51:48.183 T:3021073296 M:499765248 INFO: CCheckInternetConnectionJob::DoWork - Checking the internet connection. [server=1][internet=1][ConnectionToInternetChanged=0] (offline)
16:51:48.184 T:3021073296 M:499765248 DEBUG: WatchDog::CheckIsConnectedToInternet - Enter function. [server=1][internet=1]. [fromJob=1] (offline)(wd)
16:51:48.466 T:3021073296 M:499638272 DEBUG: WatchDog::CheckIsConnectedToInternet - Check [http://7.ping.boxee.tv/] return [1]. [server=1][internet=1]. [fromJob=1] (offline)(wd)
16:51:48.467 T:3021073296 M:499638272 DEBUG: WatchDog::CheckIsConnectedToInternet - Exit function and return TRUE. [server=1][internet=1]. [fromJob=1] (offline)(wd)
16:51:48.819 T:2933914512 M:499638272 DEBUG: Boxee: 22/02/12 14:51:48.8197#DEBUG#bxmetadataengine.cpp:379(EngineThread)#BXMetadataEngine::EngineThread, processing folders....(resolver)
16:51:49.763 T:2931809168 M:499638272 DEBUG: Done mapping interface 74:F0:6D:9F:54:F5
16:51:49.764 T:2931809168 M:499638272 DEBUG: Network scan finished
16:51:49.764 T:2931809168 M:499638272 DEBUG: Thread 2931809168 terminating (autodelete)
16:51:55.557 T:3071473440 M:499654656 DEBUG: (dbg) FreeMem 487944/643508 Kb, FPS 40.0, CPU0: 40.1% (38.4%) Loader Q:[0] Textures:[188 (48.28 M)] SERVER: [67.225.149.139] ver: 1.5.1.23714-b17e3b9
16:51:55.557 T:3071473440 M:499654656 DEBUG: (dbg)
16:52:07.586 T:3071473440 M:499654656 DEBUG: (dbg) FreeMem 487944/643508 Kb, FPS 40.0, CPU0: 42.4% (36.4%) Loader Q:[0] Textures:[188 (48.28 M)] SERVER: [67.225.149.139] ver: 1.5.1.23714-b17e3b9
16:52:07.586 T:3071473440 M:499654656 DEBUG: (dbg)
16:52:19.598 T:3071473440 M:499654656 DEBUG: (dbg) FreeMem 487944/643508 Kb, FPS 40.0, CPU0: 40.9% (38.4%) Loader Q:[0] Textures:[188 (48.28 M)] SERVER: [67.225.149.139] ver: 1.5.1.23714-b17e3b9
16:52:19.598 T:3071473440 M:499658752 DEBUG: (dbg)
16:52:31.610 T:3071473440 M:499658752 DEBUG: (dbg) FreeMem 487948/643508 Kb, FPS 40.0, CPU0: 40.1% (36.8%) Loader Q:[0] Textures:[188 (48.28 M)] SERVER: [67.225.149.139] ver: 1.5.1.23714-b17e3b9
16:52:31.610 T:3071473440 M:499658752 DEBUG: (dbg)
16:52:35.926 T:3010202512 M:499658752 DEBUG: CProcessSlowJob::DoWork - Enter function. [server=1][internet=1][IsStoped=0] (wdpslow)
16:52:35.927 T:3010202512 M:499658752 DEBUG: CProcessSlowJob::DoWork - Exit function. [server=1][internet=1] (wdpslow)
16:52:43.622 T:3071473440 M:499658752 DEBUG: (dbg) FreeMem 487948/643508 Kb, FPS 40.0, CPU0: 43.7% (34.5%) Loader Q:[0] Textures:[188 (48.28 M)] SERVER: [67.225.149.139] ver: 1.5.1.23714-b17e3b9
16:52:43.623 T:3071473440 M:499658752 DEBUG: (dbg)
16:52:47.391 T:2932861840 M:499658752 DEBUG: CFileScanner::Process - AFTER sleep for [180000ms]. [m_bPaused=0][m_bStop=0] (fs)
16:52:47.391 T:2932861840 M:499658752 DEBUG: CFileScanner::Process - going to scan VIDEO shares. [m_bPaused=0][m_bStop=0] (fs)
16:52:47.392 T:2932861840 M:499658752 DEBUG: CFileScanner::ScanShares - handle [name=Inglourious Basterds (2009) on ASAF-MACBOOK][path=smb://ASAF-MACBOOK/asaf gdaliahu's Public Folder/Movies/Inglourious Basterds (2009)/][type=2]. [m_bPaused=0][m_bStop=0] (fs)
16:52:47.393 T:2932861840 M:499658752 DEBUG: CFileScanner::ShouldScan - going to check ShouldScan for [name=Inglourious Basterds (2009) on ASAF-MACBOOK][path=smb://ASAF-MACBOOK/asaf gdaliahu's Public Folder/Movies/Inglourious Basterds (2009)/][type=2][iLastScanned=1329909606][now=1329922367][diff=12761]. [m_bPaused=0][m_bStop=0] (fs)
16:52:47.393 T:2932861840 M:499658752 DEBUG: CFileScanner::ShouldScan - for [name=Inglourious Basterds (2009) on ASAF-MACBOOK][path=smb://ASAF-MACBOOK/asaf gdaliahu's Public Folder/Movies/Inglourious Basterds (2009)/][type=2] return [ShouldScan=FALSE]. [m_bPaused=0][m_bStop=0] (fs)
16:52:47.393 T:2932861840 M:499658752 DEBUG: CFileScanner::ScanShares - handle [name=season 1 on ASAF-MACBOOK][path=smb://ASAF-MACBOOK/asaf gdaliahu's Public Folder/TV-series/Alcatraz/season 1/][type=1]. [m_bPaused=0][m_bStop=0] (fs)
16:52:47.394 T:2932861840 M:499658752 DEBUG: CFileScanner::ShouldScan - going to check ShouldScan for [name=season 1 on ASAF-MACBOOK][path=smb://ASAF-MACBOOK/asaf gdaliahu's Public Folder/TV-series/Alcatraz/season 1/][type=1][iLastScanned=1329910698][now=1329922367][diff=11669]. [m_bPaused=0][m_bStop=0] (fs)
16:52:47.395 T:2932861840 M:499658752 DEBUG: CFileScanner::ShouldScan - for [name=season 1 on ASAF-MACBOOK][path=smb://ASAF-MACBOOK/asaf gdaliahu's Public Folder/TV-series/Alcatraz/season 1/][type=1] return [ShouldScan=FALSE]. [m_bPaused=0][m_bStop=0] (fs)
16:52:47.398 T:2932861840 M:499658752 WARNING: CUtil::GetMatchingSource... no matching source found for [smb://ASAF-MACBOOK/asaf gdaliahu's Public Folder/TV series .zip]
16:52:47.400 T:2932861840 M:499658752 WARNING: CUtil::GetMatchingSource... no matching source found for [smb://ASAF-MACBOOK/asaf gdaliahu's Public Folder/TV series .zip]
16:52:47.402 T:2932861840 M:499658752 WARNING: CUtil::GetMatchingSource... no matching source found for [smb://ASAF-MACBOOK/asaf gdaliahu's Public Folder/TV series .zip]
16:52:47.403 T:2932861840 M:499658752 WARNING: CUtil::GetMatchingSource... no matching source found for [smb://ASAF-MACBOOK/asaf gdaliahu's Public Folder/TV series .zip]
16:52:47.405 T:2932861840 M:499658752 WARNING: CUtil::GetMatchingSource... no matching source found for [smb://ASAF-MACBOOK/asaf gdaliahu's Public Folder/TV series .zip]
16:52:47.407 T:2932861840 M:499658752 WARNING: CUtil::GetMatchingSource... no matching source found for [smb://ASAF-MACBOOK/asaf gdaliahu's Public Folder/TV series .zip]
16:52:47.408 T:2932861840 M:499658752 DEBUG: CFileScanner::Process - going to scan MUSIC shares. [m_bPaused=0][m_bStop=0] (fs)
16:52:47.409 T:2932861840 M:499658752 DEBUG: CFileScanner::Process - going to scan USER paths [UserPathsSize=0]. [m_bPaused=0][m_bStop=0] (fs)
16:52:47.410 T:2932861840 M:499662848 DEBUG: CFileScanner::Process - BEFORE sleep for [180000ms]. [m_bPaused=0][m_bStop=0] (fs)
16:52:48.471 T:3021073296 M:499662848 INFO: CCheckInternetConnectionJob::DoWork - Checking the internet connection. [server=1][internet=1][ConnectionToInternetChanged=0] (offline)
16:52:48.471 T:3021073296 M:499662848 DEBUG: WatchDog::CheckIsConnectedToInternet - Enter function. [server=1][internet=1]. [fromJob=1] (offline)(wd)
16:52:48.834 T:3021073296 M:499662848 DEBUG: WatchDog::CheckIsConnectedToInternet - Check [http://5.ping.boxee.tv/] return [1]. [server=1][internet=1]. [fromJob=1] (offline)(wd)
16:52:48.835 T:3021073296 M:499662848 DEBUG: WatchDog::CheckIsConnectedToInternet - Exit function and return TRUE. [server=1][internet=1]. [fromJob=1] (offline)(wd)
16:52:49.067 T:2933914512 M:499662848 DEBUG: Boxee: 22/02/12 14:52:49.671#DEBUG#bxmetadataengine.cpp:379(EngineThread)#BXMetadataEngine::EngineThread, processing folders....(resolver)
16:52:55.634 T:3071473440 M:499671040 DEBUG: (dbg) FreeMem 487960/643508 Kb, FPS 40.0, CPU0: 51.1% (32.1%) Loader Q:[0] Textures:[188 (48.28 M)] SERVER: [67.225.149.139] ver: 1.5.1.23714-b17e3b9
16:52:55.635 T:3071473440 M:499671040 DEBUG: (dbg)
16:53:07.663 T:3071473440 M:499671040 DEBUG: (dbg) FreeMem 487960/643508 Kb, FPS 40.0, CPU0: 41.2% (38.5%) Loader Q:[0] Textures:[188 (48.28 M)] SERVER: [67.225.149.139] ver: 1.5.1.23714-b17e3b9
16:53:07.663 T:3071473440 M:499671040 DEBUG: (dbg)
16:53:19.692 T:3071473440 M:499671040 DEBUG: (dbg) FreeMem 487960/643508 Kb, FPS 40.0, CPU0: 41.2% (38.6%) Loader Q:[0] Textures:[188 (48.28 M)] SERVER: [67.225.149.139] ver: 1.5.1.23714-b17e3b9
16:53:19.692 T:3071473440 M:499671040 DEBUG: (dbg)
16:53:31.704 T:3071473440 M:499671040 DEBUG: (dbg) FreeMem 487960/643508 Kb, FPS 40.0, CPU0: 43.0% (35.0%) Loader Q:[0] Textures:[188 (48.28 M)] SERVER: [67.225.149.139] ver: 1.5.1.23714-b17e3b9
16:53:31.704 T:3071473440 M:499671040 DEBUG: (dbg)
16:53:35.930 T:3010202512 M:499671040 DEBUG: CProcessSlowJob::DoWork - Enter function. [server=1][internet=1][IsStoped=0] (wdpslow)
16:53:35.930 T:3010202512 M:499671040 NOTICE: Samba is idle. Closing the remaining connections
16:53:43.716 T:3071473440 M:499798016 DEBUG: (dbg) FreeMem 488084/643508 Kb, FPS 40.0, CPU0: 40.5% (37.8%) Loader Q:[0] Textures:[188 (48.28 M)] SERVER: [67.225.149.139] ver: 1.5.1.23714-b17e3b9
16:53:43.716 T:3071473440 M:499798016 DEBUG: (dbg)
16:53:46.032 T:3010202512 M:499798016 DEBUG: CProcessSlowJob::DoWork - Exit function. [server=1][internet=1] (wdpslow)
16:53:48.838 T:3021073296 M:499798016 INFO: CCheckInternetConnectionJob::DoWork - Checking the internet connection. [server=1][internet=1][ConnectionToInternetChanged=0] (offline)
16:53:48.839 T:3021073296 M:499798016 DEBUG: WatchDog::CheckIsConnectedToInternet - Enter function. [server=1][internet=1]. [fromJob=1] (offline)(wd)
16:53:49.140 T:3021073296 M:499924992 DEBUG: WatchDog::CheckIsConnectedToInternet - Check [http://5.ping.boxee.tv/] return [1]. [server=1][internet=1]. [fromJob=1] (offline)(wd)
16:53:49.141 T:3021073296 M:499924992 DEBUG: WatchDog::CheckIsConnectedToInternet - Exit function and return TRUE. [server=1][internet=1]. [fromJob=1] (offline)(wd)
16:53:49.314 T:2933914512 M:499924992 DEBUG: Boxee: 22/02/12 14:53:49.3145#DEBUG#bxmetadataengine.cpp:379(EngineThread)#BXMetadataEngine::EngineThread, processing folders....(resolver)
16:53:55.728 T:3071473440 M:499933184 DEBUG: (dbg) FreeMem 488216/643508 Kb, FPS 40.0, CPU0: 42.3% (36.5%) Loader Q:[0] Textures:[188 (48.28 M)] SERVER: [67.225.149.139] ver: 1.5.1.23714-b17e3b9
16:53:55.729 T:3071473440 M:499933184 DEBUG: (dbg)
16:54:07.740 T:3071473440 M:499908608 DEBUG: (dbg) FreeMem 488192/643508 Kb, FPS 40.0, CPU0: 41.6% (38.6%) Loader Q:[0] Textures:[188 (48.28 M)] SERVER: [67.225.149.139] ver: 1.5.1.23714-b17e3b9
16:54:07.741 T:3071473440 M:499908608 DEBUG: (dbg)
16:54:19.736 T:3071473440 M:499933184 DEBUG: (dbg) FreeMem 488216/643508 Kb, FPS 40.0, CPU0: 43.6% (37.0%) Loader Q:[0] Textures:[188 (48.28 M)] SERVER: [67.225.149.139] ver: 1.5.1.23714-b17e3b9
16:54:19.736 T:3071473440 M:499937280 DEBUG: (dbg)
16:54:31.765 T:3071473440 M:499937280 DEBUG: (dbg) FreeMem 488220/643508 Kb, FPS 40.0, CPU0: 40.7% (38.2%) Loader Q:[0] Textures:[188 (48.28 M)] SERVER: [67.225.149.139] ver: 1.5.1.23714-b17e3b9
16:54:31.765 T:3071473440 M:499937280 DEBUG: (dbg)
16:54:43.776 T:3071473440 M:499937280 DEBUG: (dbg) FreeMem 488220/643508 Kb, FPS 40.0, CPU0: 41.2% (38.9%) Loader Q:[0] Textures:[188 (48.28 M)] SERVER: [67.225.149.139] ver: 1.5.1.23714-b17e3b9
16:54:43.777 T:3071473440 M:499937280 DEBUG: (dbg)
16:54:46.033 T:3010202512 M:499937280 DEBUG: CProcessSlowJob::DoWork - Enter function. [server=1][internet=1][IsStoped=0] (wdpslow)
16:54:46.034 T:3010202512 M:499937280 DEBUG: CProcessSlowJob::DoWork - Exit function. [server=1][internet=1] (wdpslow)
16:54:49.141 T:3021073296 M:499937280 INFO: CCheckInternetConnectionJob::DoWork - Checking the internet connection. [server=1][internet=1][ConnectionToInternetChanged=0] (offline)
16:54:49.142 T:3021073296 M:499937280 DEBUG: WatchDog::CheckIsConnectedToInternet - Enter function. [server=1][internet=1]. [fromJob=1] (offline)(wd)
16:54:49.562 T:2933914512 M:499916800 DEBUG: Boxee: 22/02/12 14:54:49.5618#DEBUG#bxmetadataengine.cpp:379(EngineThread)#BXMetadataEngine::EngineThread, processing folders....(resolver)
