17:00:46.545 T:3026418576 M:502693888 DEBUG: CZeroconfBrowserAvahi::resolveCallback resolved service 'Idan Cohen’s MacBook Pro' of type '_smb._tcp' in domain 'local':
17:00:46.555 T:3026418576 M:502693888 DEBUG: CZeroconfBrowserAvahi::resolveCallback resolved service 'IomegaTV' of type '_daap._tcp' in domain 'local':
17:00:46.563 T:3026418576 M:502693888 DEBUG: CZeroconfBrowserAvahi::resolveCallback resolved service 'SynologyDS110J' of type '_afpovertcp._tcp' in domain 'local':
17:00:46.572 T:3026418576 M:502693888 DEBUG: CZeroconfBrowserAvahi::resolveCallback resolved service 'SynologyDS110J' of type '_daap._tcp' in domain 'local':
17:00:46.578 T:2911894416 M:502693888 DEBUG: GetDirectory - Error getting bms://all
17:00:46.579 T:2911894416 M:502693888 DEBUG: Thread 2911894416 terminating (autodelete)
17:00:46.670 T:2930756496 M:502702080 DEBUG: Found machine BAMBOO address 10.0.0.128 interface 74:F0:6D:9F:54:F5
17:00:46.671 T:2923387792 M:502702080 DEBUG: Looking for shares on host BAMBOO ip 10.0.0.128
17:00:46.671 T:2923387792 M:502702080 DEBUG: CDirectory::GetDirectory , calling g_directoryCache.GetDirectory with path: smb://10.0.0.128 , items: 0 , retreiveAll: 0 (cache check)
17:00:46.672 T:2923387792 M:502702080 DEBUG: CDirectory::GetDirectory , g_directoryCache.GetDirectory returned false (cache check)
17:00:46.672 T:2923387792 M:502702080 DEBUG: OpenDir - Using authentication url smb://10.0.0.128
17:00:46.715 T:2923387792 M:502702080 DEBUG: Found 1 shares on host BAMBOO
17:00:46.774 T:2930756496 M:502702080 DEBUG: Found machine YUVALT-KARMIC32 address 10.0.0.212 interface 74:F0:6D:9F:54:F5
17:00:46.774 T:2923387792 M:502706176 DEBUG: Looking for shares on host YUVALT-KARMIC32 ip 10.0.0.212
17:00:46.775 T:2923387792 M:502706176 DEBUG: CDirectory::GetDirectory , calling g_directoryCache.GetDirectory with path: smb://10.0.0.212 , items: 0 , retreiveAll: 0 (cache check)
17:00:46.775 T:2923387792 M:502706176 DEBUG: CDirectory::GetDirectory , g_directoryCache.GetDirectory returned false (cache check)
17:00:46.776 T:2923387792 M:502706176 DEBUG: OpenDir - Using authentication url smb://10.0.0.212
17:00:46.818 T:2923387792 M:502706176 DEBUG: Found 5 shares on host YUVALT-KARMIC32
17:00:46.878 T:2930756496 M:502706176 DEBUG: Found machine ELI-UBUNTU2 address 10.0.0.193 interface 74:F0:6D:9F:54:F5
17:00:46.878 T:2930756496 M:502706176 DEBUG: Found machine HAIM-UBUNTU address 10.0.0.126 interface 74:F0:6D:9F:54:F5
17:00:46.879 T:2923387792 M:502706176 DEBUG: Looking for shares on host ELI-UBUNTU2 ip 10.0.0.193
17:00:46.879 T:2923387792 M:502706176 DEBUG: CDirectory::GetDirectory , calling g_directoryCache.GetDirectory with path: smb://10.0.0.193 , items: 0 , retreiveAll: 0 (cache check)
17:00:46.880 T:2923387792 M:502706176 DEBUG: CDirectory::GetDirectory , g_directoryCache.GetDirectory returned false (cache check)
17:00:46.881 T:2923387792 M:502706176 DEBUG: OpenDir - Using authentication url smb://10.0.0.193
17:00:46.956 T:2923387792 M:502706176 DEBUG: Found 0 shares on host ELI-UBUNTU2
17:00:46.957 T:2923387792 M:502706176 DEBUG: Looking for shares on host HAIM-UBUNTU ip 10.0.0.126
17:00:46.957 T:2923387792 M:502706176 DEBUG: CDirectory::GetDirectory , calling g_directoryCache.GetDirectory with path: smb://10.0.0.126 , items: 0 , retreiveAll: 0 (cache check)
17:00:46.958 T:2923387792 M:502706176 DEBUG: CDirectory::GetDirectory , g_directoryCache.GetDirectory returned false (cache check)
17:00:46.958 T:2923387792 M:502706176 DEBUG: OpenDir - Using authentication url smb://10.0.0.126
17:00:46.982 T:2930756496 M:502706176 DEBUG: Ignoring file shares from local host and workgroup folder [WORKGROUP]
17:00:46.990 T:2923387792 M:502706176 DEBUG: Found 0 shares on host HAIM-UBUNTU
17:00:47.086 T:2930756496 M:502706176 DEBUG: Found machine HP30B0DD address 10.0.0.200 interface 74:F0:6D:9F:54:F5
17:00:47.086 T:2930756496 M:502706176 DEBUG: Found machine DELL-LATITUDE address 10.0.0.176 interface 74:F0:6D:9F:54:F5
17:00:47.087 T:2930756496 M:502706176 DEBUG: Found machine SRV address 10.0.0.250 interface 74:F0:6D:9F:54:F5
17:00:47.087 T:2930756496 M:502706176 DEBUG: Found machine BXWC address 10.0.0.20 interface 74:F0:6D:9F:54:F5
17:00:47.088 T:2930756496 M:502706176 DEBUG: Found machine QA address 10.0.0.225 interface 74:F0:6D:9F:54:F5
17:00:47.088 T:2930756496 M:502706176 DEBUG: Found machine DROBO-FS address 10.0.0.190 interface 74:F0:6D:9F:54:F5
17:00:47.088 T:2930756496 M:502706176 DEBUG: Found machine XC4VIPER address 10.0.0.163 interface 74:F0:6D:9F:54:F5
17:00:47.089 T:2930756496 M:502706176 DEBUG: Found machine KOSTADVT address 10.0.0.104 interface 74:F0:6D:9F:54:F5
17:00:47.089 T:2923387792 M:502706176 DEBUG: Looking for shares on host HP30B0DD ip 10.0.0.200
17:00:47.090 T:2923387792 M:502706176 DEBUG: CDirectory::GetDirectory , calling g_directoryCache.GetDirectory with path: smb://10.0.0.200 , items: 0 , retreiveAll: 0 (cache check)
17:00:47.090 T:2923387792 M:502706176 DEBUG: CDirectory::GetDirectory , g_directoryCache.GetDirectory returned false (cache check)
17:00:47.091 T:2923387792 M:502706176 DEBUG: OpenDir - Using authentication url smb://10.0.0.200
17:00:47.125 T:2923387792 M:502714368 DEBUG: SMBDirectory->GetDirectory: Unable to open directory : 'smb://10.0.0.200/' unix_err:'d' error : 'Permission denied'
17:00:47.126 T:2923387792 M:502714368 DEBUG: GetDirectory - Error getting smb://10.0.0.200
17:00:47.126 T:2923387792 M:502714368 DEBUG: Found 0 shares on host HP30B0DD
17:00:47.127 T:2923387792 M:502714368 DEBUG: Looking for shares on host DELL-LATITUDE ip 10.0.0.176
17:00:47.127 T:2923387792 M:502714368 DEBUG: CDirectory::GetDirectory , calling g_directoryCache.GetDirectory with path: smb://10.0.0.176 , items: 0 , retreiveAll: 0 (cache check)
17:00:47.127 T:2923387792 M:502718464 DEBUG: CDirectory::GetDirectory , g_directoryCache.GetDirectory returned false (cache check)
17:00:47.128 T:2923387792 M:502718464 DEBUG: OpenDir - Using authentication url smb://10.0.0.176
17:00:47.190 T:2930756496 M:502718464 DEBUG: Found machine AMI address 10.0.0.92 interface 74:F0:6D:9F:54:F5
17:00:47.236 T:2923387792 M:502718464 DEBUG: Found 3 shares on host DELL-LATITUDE
17:00:47.238 T:2923387792 M:502718464 DEBUG: Looking for shares on host SRV ip 10.0.0.250
17:00:47.238 T:2923387792 M:502718464 DEBUG: CDirectory::GetDirectory , calling g_directoryCache.GetDirectory with path: smb://10.0.0.250 , items: 0 , retreiveAll: 0 (cache check)
17:00:47.238 T:2923387792 M:502718464 DEBUG: CDirectory::GetDirectory , g_directoryCache.GetDirectory returned false (cache check)
17:00:47.239 T:2923387792 M:502718464 DEBUG: OpenDir - Using authentication url smb://10.0.0.250
17:00:47.270 T:2923387792 M:502718464 DEBUG: Found 1 shares on host SRV
17:00:47.271 T:2923387792 M:502718464 DEBUG: Looking for shares on host BXWC ip 10.0.0.20
17:00:47.272 T:2923387792 M:502718464 DEBUG: CDirectory::GetDirectory , calling g_directoryCache.GetDirectory with path: smb://10.0.0.20 , items: 0 , retreiveAll: 0 (cache check)
17:00:47.272 T:2923387792 M:502718464 DEBUG: CDirectory::GetDirectory , g_directoryCache.GetDirectory returned false (cache check)
17:00:47.273 T:2923387792 M:502718464 DEBUG: OpenDir - Using authentication url smb://10.0.0.20
17:00:47.294 T:2930756496 M:502718464 DEBUG: Found machine DLINK-NAS-323 address 10.0.0.130 interface 74:F0:6D:9F:54:F5
17:00:47.294 T:2930756496 M:502718464 DEBUG: Found machine SYNOLOGYDS110J address 10.0.0.191 interface 74:F0:6D:9F:54:F5
17:00:47.298 T:2923387792 M:502718464 DEBUG: SMBDirectory->GetDirectory: Unable to open directory : 'smb://10.0.0.20/' unix_err:'6e' error : 'Connection timed out'
17:00:47.298 T:2923387792 M:502718464 DEBUG: GetDirectory - Error getting smb://10.0.0.20
17:00:47.299 T:2923387792 M:502718464 DEBUG: Found 0 shares on host BXWC
17:00:47.299 T:2923387792 M:502718464 DEBUG: Looking for shares on host QA ip 10.0.0.225
17:00:47.300 T:2923387792 M:502718464 DEBUG: CDirectory::GetDirectory , calling g_directoryCache.GetDirectory with path: smb://10.0.0.225 , items: 0 , retreiveAll: 0 (cache check)
17:00:47.300 T:2923387792 M:502718464 DEBUG: CDirectory::GetDirectory , g_directoryCache.GetDirectory returned false (cache check)
17:00:47.301 T:2923387792 M:502718464 DEBUG: OpenDir - Using authentication url smb://10.0.0.225
17:00:47.359 T:2923387792 M:502718464 DEBUG: Found 0 shares on host QA
17:00:47.360 T:2923387792 M:502718464 DEBUG: Looking for shares on host DROBO-FS ip 10.0.0.190
17:00:47.361 T:2923387792 M:502718464 DEBUG: CDirectory::GetDirectory , calling g_directoryCache.GetDirectory with path: smb://10.0.0.190 , items: 0 , retreiveAll: 0 (cache check)
17:00:47.361 T:2923387792 M:502718464 DEBUG: CDirectory::GetDirectory , g_directoryCache.GetDirectory returned false (cache check)
17:00:47.362 T:2923387792 M:502718464 DEBUG: OpenDir - Using authentication url smb://10.0.0.190
17:00:47.398 T:2930756496 M:502726656 DEBUG: Found machine ASAF-MACBOOK address 10.0.0.211 interface 74:F0:6D:9F:54:F5
17:00:47.411 T:2923387792 M:502726656 DEBUG: Found 4 shares on host DROBO-FS
17:00:47.412 T:2923387792 M:502726656 DEBUG: Looking for shares on host XC4VIPER ip 10.0.0.163
17:00:47.413 T:2923387792 M:502726656 DEBUG: CDirectory::GetDirectory , calling g_directoryCache.GetDirectory with path: smb://10.0.0.163 , items: 0 , retreiveAll: 0 (cache check)
17:00:47.414 T:2923387792 M:502726656 DEBUG: CDirectory::GetDirectory , g_directoryCache.GetDirectory returned false (cache check)
17:00:47.414 T:2923387792 M:502726656 DEBUG: OpenDir - Using authentication url smb://10.0.0.163
17:00:47.466 T:2923387792 M:502747136 DEBUG: SMBDirectory->GetDirectory: Unable to open directory : 'smb://10.0.0.163/' unix_err:'6e' error : 'Connection timed out'
17:00:47.467 T:2923387792 M:502747136 DEBUG: GetDirectory - Error getting smb://10.0.0.163
17:00:47.469 T:2923387792 M:502747136 DEBUG: Found 0 shares on host XC4VIPER
17:00:47.469 T:2923387792 M:502747136 DEBUG: Looking for shares on host KOSTADVT ip 10.0.0.104
17:00:47.470 T:2923387792 M:502747136 DEBUG: CDirectory::GetDirectory , calling g_directoryCache.GetDirectory with path: smb://10.0.0.104 , items: 0 , retreiveAll: 0 (cache check)
17:00:47.470 T:2923387792 M:502747136 DEBUG: CDirectory::GetDirectory , g_directoryCache.GetDirectory returned false (cache check)
17:00:47.471 T:2923387792 M:502747136 DEBUG: OpenDir - Using authentication url smb://10.0.0.104
17:00:47.502 T:2930756496 M:502747136 DEBUG: Found machine BOXEEBOX address 10.0.0.98 interface 74:F0:6D:9F:54:F5
17:00:47.502 T:2930756496 M:502747136 DEBUG: Found machine IOMEGATV address 10.0.0.147 interface 74:F0:6D:9F:54:F5
17:00:47.530 T:2923387792 M:502747136 DEBUG: Found 0 shares on host KOSTADVT
17:00:47.530 T:2923387792 M:502747136 DEBUG: Looking for shares on host AMI ip 10.0.0.92
17:00:47.531 T:2923387792 M:502747136 DEBUG: CDirectory::GetDirectory , calling g_directoryCache.GetDirectory with path: smb://10.0.0.92 , items: 0 , retreiveAll: 0 (cache check)
17:00:47.532 T:2923387792 M:502747136 DEBUG: CDirectory::GetDirectory , g_directoryCache.GetDirectory returned false (cache check)
17:00:47.532 T:2923387792 M:502747136 DEBUG: OpenDir - Using authentication url smb://10.0.0.92
17:00:47.619 T:2923387792 M:502747136 DEBUG: Found 0 shares on host AMI
17:00:47.620 T:2923387792 M:502747136 DEBUG: Looking for shares on host DLINK-NAS-323 ip 10.0.0.130
17:00:47.620 T:2923387792 M:502747136 DEBUG: CDirectory::GetDirectory , calling g_directoryCache.GetDirectory with path: smb://10.0.0.130 , items: 0 , retreiveAll: 0 (cache check)
17:00:47.621 T:2923387792 M:502747136 DEBUG: CDirectory::GetDirectory , g_directoryCache.GetDirectory returned false (cache check)
17:00:47.622 T:2923387792 M:502747136 DEBUG: OpenDir - Using authentication url smb://10.0.0.130
17:00:47.710 T:2930756496 M:502747136 DEBUG: Found machine HP68B599D291B2 address 10.0.0.196 interface 74:F0:6D:9F:54:F5
17:00:47.794 T:3010202512 M:502747136 DEBUG: CProcessSlowJob::DoWork - Enter function. [server=1][internet=1][IsStoped=0] (wdpslow)
17:00:47.794 T:3010202512 M:502747136 DEBUG: CProcessSlowJob::DoWork - Exit function. [server=1][internet=1] (wdpslow)
17:00:47.899 T:2923387792 M:502747136 DEBUG: Found 3 shares on host DLINK-NAS-323
17:00:47.900 T:2923387792 M:502747136 DEBUG: Looking for shares on host SYNOLOGYDS110J ip 10.0.0.191
17:00:47.901 T:2923387792 M:502747136 DEBUG: CDirectory::GetDirectory , calling g_directoryCache.GetDirectory with path: smb://10.0.0.191 , items: 0 , retreiveAll: 0 (cache check)
17:00:47.902 T:2923387792 M:502747136 DEBUG: CDirectory::GetDirectory , g_directoryCache.GetDirectory returned false (cache check)
17:00:47.902 T:2923387792 M:502747136 DEBUG: OpenDir - Using authentication url smb://10.0.0.191
17:00:48.011 T:2923387792 M:502747136 DEBUG: Found 5 shares on host SYNOLOGYDS110J
17:00:48.013 T:2923387792 M:502747136 DEBUG: Looking for shares on host ASAF-MACBOOK ip 10.0.0.211
17:00:48.014 T:2923387792 M:502747136 DEBUG: CDirectory::GetDirectory , calling g_directoryCache.GetDirectory with path: smb://10.0.0.211 , items: 0 , retreiveAll: 0 (cache check)
17:00:48.014 T:2923387792 M:502747136 DEBUG: CDirectory::GetDirectory , g_directoryCache.GetDirectory returned false (cache check)
17:00:48.015 T:2923387792 M:502747136 DEBUG: OpenDir - Using authentication url smb://10.0.0.211
17:00:48.257 T:2923387792 M:502747136 DEBUG: Found 2 shares on host ASAF-MACBOOK
17:00:48.259 T:2923387792 M:502747136 DEBUG: Looking for shares on host BOXEEBOX ip 10.0.0.98
17:00:48.259 T:2923387792 M:502747136 DEBUG: CDirectory::GetDirectory , calling g_directoryCache.GetDirectory with path: smb://10.0.0.98 , items: 0 , retreiveAll: 0 (cache check)
17:00:48.259 T:2923387792 M:502751232 DEBUG: CDirectory::GetDirectory , g_directoryCache.GetDirectory returned false (cache check)
17:00:48.260 T:2923387792 M:502751232 DEBUG: OpenDir - Using authentication url smb://10.0.0.98
17:00:48.326 T:2923387792 M:502751232 DEBUG: Found 4 shares on host BOXEEBOX
17:00:48.328 T:2923387792 M:502751232 DEBUG: Looking for shares on host IOMEGATV ip 10.0.0.147
17:00:48.328 T:2923387792 M:502751232 DEBUG: CDirectory::GetDirectory , calling g_directoryCache.GetDirectory with path: smb://10.0.0.147 , items: 0 , retreiveAll: 0 (cache check)
17:00:48.328 T:2923387792 M:502751232 DEBUG: CDirectory::GetDirectory , g_directoryCache.GetDirectory returned false (cache check)
17:00:48.329 T:2923387792 M:502751232 DEBUG: OpenDir - Using authentication url smb://10.0.0.147
17:00:49.169 T:3071473440 M:502624256 DEBUG: Image special://xbmc/media/boxee_screen_saver/09.png is finished rendering, switching to special://xbmc/media/boxee_screen_saver/10.png
17:00:49.186 T:3071473440 M:510377984 DEBUG: Loading the next image special://xbmc/media/boxee_screen_saver/01.png
17:00:49.186 T:2929703824 M:510377984 DEBUG: CBackgroundPicLoader::Process - START load picture [m_strFileName=special://xbmc/media/boxee_screen_saver/01.png] (loadp)
17:00:49.337 T:3071473440 M:506949632 DEBUG: (dbg) FreeMem 495068/643508 Kb, FPS 59.9, CPU0: 24.8% (15.9%) Loader Q:[0] Textures:[161 (36.58 M)] SERVER: [67.225.149.139] ver: 1.5.1.23714-b17e3b9
17:00:49.337 T:3071473440 M:506949632 DEBUG: (dbg)
17:00:49.837 T:2929703824 M:502124544 DEBUG: CBackgroundPicLoader::Process - END load picture [m_strFileName=special://xbmc/media/boxee_screen_saver/01.png] (loadp)
17:00:49.838 T:2929703824 M:502124544 DEBUG: Finished background loading special://xbmc/media/boxee_screen_saver/01.png
17:00:49.854 T:2929703824 M:502124544 DEBUG: Duration: 150 (transistion out length 150)
17:00:49.998 T:2930756496 M:493735936 DEBUG: Found machine HAIMB-PC address 10.0.0.88 interface 74:F0:6D:9F:54:F5
17:00:49.999 T:2930756496 M:493735936 DEBUG: Found machine ESCH-PC address 10.0.0.142 interface 74:F0:6D:9F:54:F5
17:00:50.206 T:2930756496 M:501989376 DEBUG: Found machine AMI-WIN7-PC address 10.0.0.152 interface 74:F0:6D:9F:54:F5
17:00:50.310 T:2930756496 M:501989376 DEBUG: Found machine BUILD-PC-WIN address 10.0.0.155 interface 74:F0:6D:9F:54:F5
17:00:50.414 T:2930756496 M:501989376 DEBUG: Found machine BXMGR address 10.0.0.12 interface 74:F0:6D:9F:54:F5
17:00:50.415 T:2930756496 M:501989376 DEBUG: Found machine ELI-DESKTOP address 10.0.0.167 interface 74:F0:6D:9F:54:F5
17:00:50.518 T:2930756496 M:501989376 DEBUG: Found machine ASHER-WINPC address 10.0.0.180 interface 74:F0:6D:9F:54:F5
17:00:50.622 T:2930756496 M:501989376 DEBUG: Found machine MERAV-LAPTOP address 10.0.0.138 interface 74:F0:6D:9F:54:F5
17:00:50.623 T:2930756496 M:501989376 DEBUG: Found machine MERAV-LAPTOP address 10.0.0.217 interface 74:F0:6D:9F:54:F5
17:00:51.028 T:2927598480 M:501989376 DEBUG: CNfsDirectory::GetDirectory - found 11 NFS devices
17:00:51.033 T:2927598480 M:501989376 DEBUG: Thread 2927598480 terminating (autodelete)
17:00:51.046 T:2933914512 M:501997568 DEBUG: Boxee: 22/02/12 15:00:51.462#DEBUG#bxmetadataengine.cpp:379(EngineThread)#BXMetadataEngine::EngineThread, processing folders....(resolver)
17:00:51.382 T:3021073296 M:501997568 INFO: CCheckInternetConnectionJob::DoWork - Checking the internet connection. [server=1][internet=1][ConnectionToInternetChanged=0] (offline)
17:00:51.382 T:3021073296 M:501997568 DEBUG: WatchDog::CheckIsConnectedToInternet - Enter function. [server=1][internet=1]. [fromJob=1] (offline)(wd)
17:00:51.697 T:3021073296 M:502005760 DEBUG: WatchDog::CheckIsConnectedToInternet - Check [http://3.ping.boxee.tv/] return [1]. [server=1][internet=1]. [fromJob=1] (offline)(wd)
17:00:51.697 T:3021073296 M:502005760 DEBUG: WatchDog::CheckIsConnectedToInternet - Exit function and return TRUE. [server=1][internet=1]. [fromJob=1] (offline)(wd)
17:00:52.906 T:3071473440 M:502009856 DEBUG: Image special://xbmc/media/boxee_screen_saver/10.png is finished rendering, switching to special://xbmc/media/boxee_screen_saver/01.png
17:00:52.925 T:3071473440 M:510398464 DEBUG: Loading the next image special://xbmc/media/boxee_screen_saver/05.png
17:00:52.926 T:2929703824 M:510398464 DEBUG: CBackgroundPicLoader::Process - START load picture [m_strFileName=special://xbmc/media/boxee_screen_saver/05.png] (loadp)
17:00:53.581 T:2929703824 M:502018048 DEBUG: CBackgroundPicLoader::Process - END load picture [m_strFileName=special://xbmc/media/boxee_screen_saver/05.png] (loadp)
17:00:53.582 T:2929703824 M:502018048 DEBUG: Finished background loading special://xbmc/media/boxee_screen_saver/05.png
17:00:53.591 T:2929703824 M:502018048 DEBUG: Duration: 150 (transistion out length 150)
17:00:53.630 T:2930756496 M:496812032 DEBUG: Interface 74:F0:6D:9F:54:F5 scan complete, found 29 hosts
17:00:53.631 T:2930756496 M:496812032 DEBUG: Mapping out hosts on interface 74:F0:6D:9F:54:F5
17:00:54.150 T:2930756496 M:502009856 DEBUG: Ignoring file shares from local host and workgroup folder [WORKGROUP]
17:00:56.431 T:2923387792 M:502009856 DEBUG: Found 4 shares on host IOMEGATV
17:00:56.433 T:2923387792 M:502009856 DEBUG: Looking for shares on host HP68B599D291B2 ip 10.0.0.196
17:00:56.433 T:2923387792 M:502009856 DEBUG: CDirectory::GetDirectory , calling g_directoryCache.GetDirectory with path: smb://10.0.0.196 , items: 0 , retreiveAll: 0 (cache check)
17:00:56.434 T:2923387792 M:502009856 DEBUG: CDirectory::GetDirectory , g_directoryCache.GetDirectory returned false (cache check)
17:00:56.435 T:2923387792 M:502009856 DEBUG: OpenDir - Using authentication url smb://10.0.0.196
17:00:56.490 T:2923387792 M:502009856 DEBUG: Found 1 shares on host HP68B599D291B2
17:00:56.491 T:2923387792 M:502009856 DEBUG: Looking for shares on host HAIMB-PC ip 10.0.0.88
17:00:56.492 T:2923387792 M:502009856 DEBUG: CDirectory::GetDirectory , calling g_directoryCache.GetDirectory with path: smb://10.0.0.88 , items: 0 , retreiveAll: 0 (cache check)
17:00:56.492 T:2923387792 M:502009856 DEBUG: CDirectory::GetDirectory , g_directoryCache.GetDirectory returned false (cache check)
17:00:56.493 T:2923387792 M:502009856 DEBUG: OpenDir - Using authentication url smb://10.0.0.88
17:00:56.565 T:2923387792 M:502009856 DEBUG: SMBDirectory->GetDirectory: Unable to open directory : 'smb://10.0.0.88/' unix_err:'d' error : 'Permission denied'
17:00:56.565 T:2923387792 M:502009856 DEBUG: GetDirectory - Error getting smb://10.0.0.88
17:00:56.565 T:2923387792 M:502009856 DEBUG: Found 0 shares on host HAIMB-PC
17:00:56.566 T:2923387792 M:502009856 DEBUG: Looking for shares on host ESCH-PC ip 10.0.0.142
17:00:56.566 T:2923387792 M:502009856 DEBUG: CDirectory::GetDirectory , calling g_directoryCache.GetDirectory with path: smb://10.0.0.142 , items: 0 , retreiveAll: 0 (cache check)
17:00:56.567 T:2923387792 M:502009856 DEBUG: CDirectory::GetDirectory , g_directoryCache.GetDirectory returned false (cache check)
17:00:56.567 T:2923387792 M:502009856 DEBUG: OpenDir - Using authentication url smb://10.0.0.142
17:00:56.624 T:2923387792 M:502009856 DEBUG: SMBDirectory->GetDirectory: Unable to open directory : 'smb://10.0.0.142/' unix_err:'d' error : 'Permission denied'
17:00:56.624 T:2923387792 M:502009856 DEBUG: GetDirectory - Error getting smb://10.0.0.142
17:00:56.625 T:2923387792 M:502009856 DEBUG: Found 0 shares on host ESCH-PC
17:00:56.625 T:2923387792 M:502009856 DEBUG: Looking for shares on host AMI-WIN7-PC ip 10.0.0.152
17:00:56.626 T:2923387792 M:502009856 DEBUG: CDirectory::GetDirectory , calling g_directoryCache.GetDirectory with path: smb://10.0.0.152 , items: 0 , retreiveAll: 0 (cache check)
17:00:56.626 T:2923387792 M:502009856 DEBUG: CDirectory::GetDirectory , g_directoryCache.GetDirectory returned false (cache check)
17:00:56.627 T:2923387792 M:502013952 DEBUG: OpenDir - Using authentication url smb://10.0.0.152
17:00:56.660 T:3071473440 M:502013952 DEBUG: Image special://xbmc/media/boxee_screen_saver/01.png is finished rendering, switching to special://xbmc/media/boxee_screen_saver/05.png
17:00:56.677 T:3071473440 M:509894656 DEBUG: Loading the next image special://xbmc/media/boxee_screen_saver/07.png
17:00:56.677 T:2929703824 M:509894656 DEBUG: CBackgroundPicLoader::Process - START load picture [m_strFileName=special://xbmc/media/boxee_screen_saver/07.png] (loadp)
17:00:56.703 T:2923387792 M:509005824 DEBUG: SMBDirectory->GetDirectory: Unable to open directory : 'smb://10.0.0.152/' unix_err:'d' error : 'Permission denied'
17:00:56.704 T:2923387792 M:509005824 DEBUG: GetDirectory - Error getting smb://10.0.0.152
17:00:56.704 T:2923387792 M:509005824 DEBUG: Found 0 shares on host AMI-WIN7-PC
17:00:56.704 T:2923387792 M:509005824 DEBUG: Looking for shares on host BUILD-PC-WIN ip 10.0.0.155
17:00:56.705 T:2923387792 M:509005824 DEBUG: CDirectory::GetDirectory , calling g_directoryCache.GetDirectory with path: smb://10.0.0.155 , items: 0 , retreiveAll: 0 (cache check)
17:00:56.705 T:2923387792 M:509005824 DEBUG: CDirectory::GetDirectory , g_directoryCache.GetDirectory returned false (cache check)
17:00:56.706 T:2923387792 M:509005824 DEBUG: OpenDir - Using authentication url smb://10.0.0.155
17:00:56.764 T:2923387792 M:507609088 DEBUG: SMBDirectory->GetDirectory: Unable to open directory : 'smb://10.0.0.155/' unix_err:'d' error : 'Permission denied'
17:00:56.765 T:2923387792 M:507609088 DEBUG: GetDirectory - Error getting smb://10.0.0.155
17:00:56.765 T:2923387792 M:507609088 DEBUG: Found 0 shares on host BUILD-PC-WIN
17:00:56.766 T:2923387792 M:507609088 DEBUG: Looking for shares on host BXMGR ip 10.0.0.12
17:00:56.766 T:2923387792 M:507609088 DEBUG: CDirectory::GetDirectory , calling g_directoryCache.GetDirectory with path: smb://10.0.0.12 , items: 0 , retreiveAll: 0 (cache check)
17:00:56.766 T:2923387792 M:507609088 DEBUG: CDirectory::GetDirectory , g_directoryCache.GetDirectory returned false (cache check)
17:00:56.767 T:2923387792 M:507609088 DEBUG: OpenDir - Using authentication url smb://10.0.0.12
17:00:56.806 T:2923387792 M:507101184 DEBUG: SMBDirectory->GetDirectory: Unable to open directory : 'smb://10.0.0.12/' unix_err:'d' error : 'Permission denied'
17:00:56.806 T:2923387792 M:507101184 DEBUG: GetDirectory - Error getting smb://10.0.0.12
17:00:56.806 T:2923387792 M:507101184 DEBUG: Found 0 shares on host BXMGR
17:00:56.807 T:2923387792 M:507101184 DEBUG: Looking for shares on host ELI-DESKTOP ip 10.0.0.167
17:00:56.808 T:2923387792 M:507101184 DEBUG: CDirectory::GetDirectory , calling g_directoryCache.GetDirectory with path: smb://10.0.0.167 , items: 0 , retreiveAll: 0 (cache check)
17:00:56.808 T:2923387792 M:507101184 DEBUG: CDirectory::GetDirectory , g_directoryCache.GetDirectory returned false (cache check)
17:00:56.808 T:2923387792 M:507101184 DEBUG: OpenDir - Using authentication url smb://10.0.0.167
17:00:56.898 T:2923387792 M:506085376 DEBUG: Found 8 shares on host ELI-DESKTOP
17:00:56.901 T:2923387792 M:506085376 DEBUG: Looking for shares on host ASHER-WINPC ip 10.0.0.180
17:00:56.902 T:2923387792 M:506085376 DEBUG: CDirectory::GetDirectory , calling g_directoryCache.GetDirectory with path: smb://10.0.0.180 , items: 0 , retreiveAll: 0 (cache check)
17:00:56.902 T:2923387792 M:506085376 DEBUG: CDirectory::GetDirectory , g_directoryCache.GetDirectory returned false (cache check)
17:00:56.903 T:2923387792 M:506085376 DEBUG: OpenDir - Using authentication url smb://10.0.0.180
17:00:56.985 T:2923387792 M:505196544 DEBUG: SMBDirectory->GetDirectory: Unable to open directory : 'smb://10.0.0.180/' unix_err:'d' error : 'Permission denied'
17:00:56.986 T:2923387792 M:505196544 DEBUG: GetDirectory - Error getting smb://10.0.0.180
17:00:56.986 T:2923387792 M:505200640 DEBUG: Found 0 shares on host ASHER-WINPC
17:00:56.986 T:2923387792 M:505200640 DEBUG: Looking for shares on host MERAV-LAPTOP ip 10.0.0.138
17:00:56.987 T:2923387792 M:505200640 DEBUG: CDirectory::GetDirectory , calling g_directoryCache.GetDirectory with path: smb://10.0.0.138 , items: 0 , retreiveAll: 0 (cache check)
17:00:56.987 T:2923387792 M:505200640 DEBUG: CDirectory::GetDirectory , g_directoryCache.GetDirectory returned false (cache check)
17:00:56.988 T:2923387792 M:505200640 DEBUG: OpenDir - Using authentication url smb://10.0.0.138
17:00:57.404 T:2929703824 M:501010432 DEBUG: CBackgroundPicLoader::Process - END load picture [m_strFileName=special://xbmc/media/boxee_screen_saver/07.png] (loadp)
17:00:57.405 T:2929703824 M:501010432 DEBUG: Finished background loading special://xbmc/media/boxee_screen_saver/07.png
17:00:57.412 T:2929703824 M:501010432 DEBUG: Duration: 150 (transistion out length 150)
17:01:00.464 T:3071473440 M:501002240 DEBUG: Image special://xbmc/media/boxee_screen_saver/05.png is finished rendering, switching to special://xbmc/media/boxee_screen_saver/07.png
17:01:00.480 T:3071473440 M:509390848 DEBUG: Loading the next image special://xbmc/media/boxee_screen_saver/03.png
17:01:00.481 T:2929703824 M:509390848 DEBUG: CBackgroundPicLoader::Process - START load picture [m_strFileName=special://xbmc/media/boxee_screen_saver/03.png] (loadp)
17:01:01.032 T:3071473440 M:501391360 DEBUG: (dbg) FreeMem 489640/643508 Kb, FPS 57.9, CPU0: 35.1% (31.6%) Loader Q:[0] Textures:[161 (36.58 M)] SERVER: [67.225.149.139] ver: 1.5.1.23714-b17e3b9
17:01:01.033 T:3071473440 M:501391360 DEBUG: (dbg)
17:01:01.137 T:2929703824 M:501010432 DEBUG: CBackgroundPicLoader::Process - END load picture [m_strFileName=special://xbmc/media/boxee_screen_saver/03.png] (loadp)
17:01:01.137 T:2929703824 M:501010432 DEBUG: Finished background loading special://xbmc/media/boxee_screen_saver/03.png
17:01:01.149 T:2929703824 M:501010432 DEBUG: Duration: 150 (transistion out length 150)
17:01:04.201 T:3071473440 M:501002240 DEBUG: Image special://xbmc/media/boxee_screen_saver/07.png is finished rendering, switching to special://xbmc/media/boxee_screen_saver/03.png
17:01:04.218 T:3071473440 M:509390848 DEBUG: Loading the next image special://xbmc/media/boxee_screen_saver/14.png
17:01:04.218 T:2929703824 M:509390848 DEBUG: CBackgroundPicLoader::Process - START load picture [m_strFileName=special://xbmc/media/boxee_screen_saver/14.png] (loadp)
17:01:04.870 T:2929703824 M:501010432 DEBUG: CBackgroundPicLoader::Process - END load picture [m_strFileName=special://xbmc/media/boxee_screen_saver/14.png] (loadp)
17:01:04.871 T:2929703824 M:501010432 DEBUG: Finished background loading special://xbmc/media/boxee_screen_saver/14.png
17:01:04.886 T:2929703824 M:501010432 DEBUG: Duration: 150 (transistion out length 150)
17:01:07.938 T:3071473440 M:501010432 DEBUG: Image special://xbmc/media/boxee_screen_saver/03.png is finished rendering, switching to special://xbmc/media/boxee_screen_saver/14.png
17:01:07.955 T:3071473440 M:509399040 DEBUG: Loading the next image special://xbmc/media/boxee_screen_saver/15.png
17:01:07.955 T:2929703824 M:509399040 DEBUG: CBackgroundPicLoader::Process - START load picture [m_strFileName=special://xbmc/media/boxee_screen_saver/15.png] (loadp)
17:01:08.626 T:2929703824 M:501018624 DEBUG: CBackgroundPicLoader::Process - END load picture [m_strFileName=special://xbmc/media/boxee_screen_saver/15.png] (loadp)
17:01:08.627 T:2929703824 M:501018624 DEBUG: Finished background loading special://xbmc/media/boxee_screen_saver/15.png
17:01:08.640 T:2929703824 M:501018624 DEBUG: Duration: 150 (transistion out length 150)
17:01:11.692 T:3071473440 M:500801536 DEBUG: Image special://xbmc/media/boxee_screen_saver/14.png is finished rendering, switching to special://xbmc/media/boxee_screen_saver/15.png
17:01:11.709 T:3071473440 M:509317120 DEBUG: Loading the next image special://xbmc/media/boxee_screen_saver/11.png
17:01:11.709 T:2929703824 M:509194240 DEBUG: CBackgroundPicLoader::Process - START load picture [m_strFileName=special://xbmc/media/boxee_screen_saver/11.png] (loadp)
17:01:12.362 T:2929703824 M:500940800 DEBUG: CBackgroundPicLoader::Process - END load picture [m_strFileName=special://xbmc/media/boxee_screen_saver/11.png] (loadp)
17:01:12.363 T:2929703824 M:500940800 DEBUG: Finished background loading special://xbmc/media/boxee_screen_saver/11.png
17:01:12.377 T:2929703824 M:500940800 DEBUG: Duration: 150 (transistion out length 150)
17:01:12.911 T:3071473440 M:500932608 DEBUG: (dbg) FreeMem 489192/643508 Kb, FPS 58.9, CPU0: 42.7% (40.4%) Loader Q:[0] Textures:[161 (36.58 M)] SERVER: [67.225.149.139] ver: 1.5.1.23714-b17e3b9
17:01:12.911 T:3071473440 M:500932608 DEBUG: (dbg)
17:01:14.403 T:2923387792 M:500932608 DEBUG: SMBDirectory->GetDirectory: Unable to open directory : 'smb://10.0.0.138/' unix_err:'6e' error : 'Connection timed out'
17:01:14.404 T:2923387792 M:500932608 DEBUG: GetDirectory - Error getting smb://10.0.0.138
17:01:14.404 T:2923387792 M:500932608 DEBUG: Found 0 shares on host MERAV-LAPTOP
17:01:14.405 T:2923387792 M:500932608 DEBUG: Looking for shares on host MERAV-LAPTOP ip 10.0.0.217
17:01:14.405 T:2923387792 M:500932608 DEBUG: CDirectory::GetDirectory , calling g_directoryCache.GetDirectory with path: smb://10.0.0.217 , items: 0 , retreiveAll: 0 (cache check)
17:01:14.406 T:2923387792 M:500932608 DEBUG: CDirectory::GetDirectory , g_directoryCache.GetDirectory returned false (cache check)
17:01:14.406 T:2923387792 M:500932608 DEBUG: OpenDir - Using authentication url smb://10.0.0.217
17:01:15.446 T:3071473440 M:500932608 DEBUG: Image special://xbmc/media/boxee_screen_saver/15.png is finished rendering, switching to special://xbmc/media/boxee_screen_saver/11.png
17:01:15.462 T:3071473440 M:509321216 DEBUG: Loading the next image special://xbmc/media/boxee_screen_saver/12.png
17:01:15.463 T:2929703824 M:509321216 DEBUG: CBackgroundPicLoader::Process - START load picture [m_strFileName=special://xbmc/media/boxee_screen_saver/12.png] (loadp)
17:01:16.110 T:2929703824 M:500940800 DEBUG: CBackgroundPicLoader::Process - END load picture [m_strFileName=special://xbmc/media/boxee_screen_saver/12.png] (loadp)
17:01:16.111 T:2929703824 M:500940800 DEBUG: Finished background loading special://xbmc/media/boxee_screen_saver/12.png
17:01:16.114 T:2929703824 M:500940800 DEBUG: Duration: 150 (transistion out length 150)
17:01:19.166 T:3071473440 M:500932608 DEBUG: Image special://xbmc/media/boxee_screen_saver/11.png is finished rendering, switching to special://xbmc/media/boxee_screen_saver/12.png
17:01:19.183 T:3071473440 M:509321216 DEBUG: Loading the next image special://xbmc/media/boxee_screen_saver/06.png
17:01:19.184 T:2929703824 M:509321216 DEBUG: CBackgroundPicLoader::Process - START load picture [m_strFileName=special://xbmc/media/boxee_screen_saver/06.png] (loadp)
17:01:19.844 T:2929703824 M:500940800 DEBUG: CBackgroundPicLoader::Process - END load picture [m_strFileName=special://xbmc/media/boxee_screen_saver/06.png] (loadp)
17:01:19.845 T:2929703824 M:500940800 DEBUG: Finished background loading special://xbmc/media/boxee_screen_saver/06.png
17:01:19.851 T:2929703824 M:500940800 DEBUG: Duration: 150 (transistion out length 150)
17:01:22.903 T:3071473440 M:500932608 DEBUG: Image special://xbmc/media/boxee_screen_saver/12.png is finished rendering, switching to special://xbmc/media/boxee_screen_saver/06.png
17:01:22.920 T:3071473440 M:509321216 DEBUG: Loading the next image special://xbmc/media/boxee_screen_saver/13.png
17:01:22.920 T:2929703824 M:509321216 DEBUG: CBackgroundPicLoader::Process - START load picture [m_strFileName=special://xbmc/media/boxee_screen_saver/13.png] (loadp)
17:01:23.573 T:2929703824 M:500973568 DEBUG: CBackgroundPicLoader::Process - END load picture [m_strFileName=special://xbmc/media/boxee_screen_saver/13.png] (loadp)
17:01:23.573 T:2929703824 M:500973568 DEBUG: Finished background loading special://xbmc/media/boxee_screen_saver/13.png
17:01:23.588 T:2929703824 M:500977664 DEBUG: Duration: 150 (transistion out length 150)
17:01:24.756 T:3071473440 M:500994048 DEBUG: (dbg) FreeMem 489252/643508 Kb, FPS 47.0, CPU0: 40.3% (37.1%) Loader Q:[0] Textures:[161 (36.58 M)] SERVER: [67.225.149.139] ver: 1.5.1.23714-b17e3b9
17:01:24.757 T:3071473440 M:500994048 DEBUG: (dbg)
17:01:26.640 T:3071473440 M:500994048 DEBUG: Image special://xbmc/media/boxee_screen_saver/06.png is finished rendering, switching to special://xbmc/media/boxee_screen_saver/13.png
17:01:26.657 T:3071473440 M:509382656 DEBUG: Loading the next image special://xbmc/media/boxee_screen_saver/04.png
17:01:26.658 T:2929703824 M:509382656 DEBUG: CBackgroundPicLoader::Process - START load picture [m_strFileName=special://xbmc/media/boxee_screen_saver/04.png] (loadp)
17:01:27.315 T:2929703824 M:501002240 DEBUG: CBackgroundPicLoader::Process - END load picture [m_strFileName=special://xbmc/media/boxee_screen_saver/04.png] (loadp)
17:01:27.315 T:2929703824 M:501002240 DEBUG: Finished background loading special://xbmc/media/boxee_screen_saver/04.png
17:01:27.325 T:2929703824 M:501002240 DEBUG: Duration: 150 (transistion out length 150)
17:01:30.378 T:3071473440 M:500994048 DEBUG: Image special://xbmc/media/boxee_screen_saver/13.png is finished rendering, switching to special://xbmc/media/boxee_screen_saver/04.png
17:01:30.394 T:3071473440 M:509382656 DEBUG: Loading the next image special://xbmc/media/boxee_screen_saver/08.png
17:01:30.395 T:2929703824 M:509382656 DEBUG: CBackgroundPicLoader::Process - START load picture [m_strFileName=special://xbmc/media/boxee_screen_saver/08.png] (loadp)
17:01:31.040 T:2929703824 M:501002240 DEBUG: CBackgroundPicLoader::Process - END load picture [m_strFileName=special://xbmc/media/boxee_screen_saver/08.png] (loadp)
17:01:31.042 T:2929703824 M:501002240 DEBUG: Finished background loading special://xbmc/media/boxee_screen_saver/08.png
17:01:31.046 T:2929703824 M:501002240 DEBUG: Duration: 150 (transistion out length 150)
17:01:31.824 T:2923387792 M:500994048 DEBUG: SMBDirectory->GetDirectory: Unable to open directory : 'smb://10.0.0.217/' unix_err:'6e' error : 'Connection timed out'
17:01:31.825 T:2923387792 M:500994048 DEBUG: GetDirectory - Error getting smb://10.0.0.217
17:01:31.825 T:2923387792 M:500994048 DEBUG: Found 0 shares on host MERAV-LAPTOP
17:01:34.098 T:3071473440 M:500994048 DEBUG: Image special://xbmc/media/boxee_screen_saver/04.png is finished rendering, switching to special://xbmc/media/boxee_screen_saver/08.png
17:01:34.114 T:3071473440 M:509382656 DEBUG: Loading the next image special://xbmc/media/boxee_screen_saver/02.png
17:01:34.115 T:2929703824 M:509382656 DEBUG: CBackgroundPicLoader::Process - START load picture [m_strFileName=special://xbmc/media/boxee_screen_saver/02.png] (loadp)
17:01:34.757 T:2929703824 M:501002240 DEBUG: CBackgroundPicLoader::Process - END load picture [m_strFileName=special://xbmc/media/boxee_screen_saver/02.png] (loadp)
17:01:34.757 T:2929703824 M:501002240 DEBUG: Finished background loading special://xbmc/media/boxee_screen_saver/02.png
17:01:34.766 T:2929703824 M:501002240 DEBUG: Duration: 150 (transistion out length 150)
17:01:36.568 T:3071473440 M:501002240 DEBUG: (dbg) FreeMem 489260/643508 Kb, FPS 45.0, CPU0: 37.7% (35.3%) Loader Q:[0] Textures:[161 (36.58 M)] SERVER: [67.225.149.139] ver: 1.5.1.23714-b17e3b9
17:01:36.568 T:3071473440 M:501002240 DEBUG: (dbg)
17:01:37.818 T:3071473440 M:501002240 DEBUG: Image special://xbmc/media/boxee_screen_saver/08.png is finished rendering, switching to special://xbmc/media/boxee_screen_saver/02.png
17:01:37.835 T:3071473440 M:509390848 DEBUG: Loading the next image special://xbmc/media/boxee_screen_saver/09.png
17:01:37.836 T:2929703824 M:509390848 DEBUG: CBackgroundPicLoader::Process - START load picture [m_strFileName=special://xbmc/media/boxee_screen_saver/09.png] (loadp)
17:01:38.487 T:2929703824 M:501014528 DEBUG: CBackgroundPicLoader::Process - END load picture [m_strFileName=special://xbmc/media/boxee_screen_saver/09.png] (loadp)
17:01:38.487 T:2929703824 M:501014528 DEBUG: Finished background loading special://xbmc/media/boxee_screen_saver/09.png
17:01:38.503 T:2929703824 M:501014528 DEBUG: Duration: 150 (transistion out length 150)
17:01:40.329 T:2930756496 M:501006336 DEBUG: Found machine DELL-LATITUDE address 10.0.0.223 interface 74:F0:6D:9F:54:F5 via mapping
17:01:40.329 T:2923387792 M:501006336 DEBUG: Looking for shares on host DELL-LATITUDE ip 10.0.0.223
17:01:40.330 T:2923387792 M:501006336 DEBUG: CDirectory::GetDirectory , calling g_directoryCache.GetDirectory with path: smb://10.0.0.223 , items: 0 , retreiveAll: 0 (cache check)
17:01:40.330 T:2923387792 M:501006336 DEBUG: CDirectory::GetDirectory , g_directoryCache.GetDirectory returned false (cache check)
17:01:40.331 T:2923387792 M:501006336 DEBUG: OpenDir - Using authentication url smb://10.0.0.223
17:01:40.364 T:2923387792 M:501006336 DEBUG: Found 3 shares on host DELL-LATITUDE
17:01:41.556 T:3071473440 M:501006336 DEBUG: Image special://xbmc/media/boxee_screen_saver/02.png is finished rendering, switching to special://xbmc/media/boxee_screen_saver/09.png
17:01:41.572 T:3071473440 M:509267968 DEBUG: Loading the next image special://xbmc/media/boxee_screen_saver/10.png
17:01:41.573 T:2929703824 M:509267968 DEBUG: CBackgroundPicLoader::Process - START load picture [m_strFileName=special://xbmc/media/boxee_screen_saver/10.png] (loadp)
17:01:42.215 T:2929703824 M:501014528 DEBUG: CBackgroundPicLoader::Process - END load picture [m_strFileName=special://xbmc/media/boxee_screen_saver/10.png] (loadp)
17:01:42.216 T:2929703824 M:501014528 DEBUG: Finished background loading special://xbmc/media/boxee_screen_saver/10.png
17:01:42.223 T:2929703824 M:501014528 DEBUG: Duration: 150 (transistion out length 150)
17:01:42.413 T:2930756496 M:501006336 DEBUG: Found IP 10.0.0.224 via netbios but no fileserver available
17:01:45.276 T:3071473440 M:501006336 DEBUG: Image special://xbmc/media/boxee_screen_saver/09.png is finished rendering, switching to special://xbmc/media/boxee_screen_saver/10.png
17:01:45.292 T:3071473440 M:509394944 DEBUG: Loading the next image special://xbmc/media/boxee_screen_saver/01.png
17:01:45.293 T:2929703824 M:509394944 DEBUG: CBackgroundPicLoader::Process - START load picture [m_strFileName=special://xbmc/media/boxee_screen_saver/01.png] (loadp)
17:01:45.942 T:2929703824 M:501014528 DEBUG: CBackgroundPicLoader::Process - END load picture [m_strFileName=special://xbmc/media/boxee_screen_saver/01.png] (loadp)
17:01:45.944 T:2929703824 M:501014528 DEBUG: Finished background loading special://xbmc/media/boxee_screen_saver/01.png
17:01:45.961 T:2929703824 M:501014528 DEBUG: Duration: 150 (transistion out length 150)
17:01:47.797 T:3010202512 M:500973568 DEBUG: CProcessSlowJob::DoWork - Enter function. [server=1][internet=1][IsStoped=0] (wdpslow)
17:01:47.798 T:3010202512 M:500973568 DEBUG: CProcessSlowJob::DoWork - Exit function. [server=1][internet=1] (wdpslow)
17:01:48.165 T:2932861840 M:500973568 DEBUG: CFileScanner::Process - AFTER sleep for [180000ms]. [m_bPaused=0][m_bStop=0] (fs)
17:01:48.166 T:2932861840 M:500973568 DEBUG: CFileScanner::Process - going to scan VIDEO shares. [m_bPaused=0][m_bStop=0] (fs)
17:01:48.166 T:2932861840 M:500973568 DEBUG: CFileScanner::ScanShares - handle [name=Inglourious Basterds (2009) on ASAF-MACBOOK][path=smb://ASAF-MACBOOK/asaf gdaliahu's Public Folder/Movies/Inglourious Basterds (2009)/][type=2]. [m_bPaused=0][m_bStop=0] (fs)
17:01:48.167 T:2932861840 M:500973568 DEBUG: CFileScanner::ShouldScan - going to check ShouldScan for [name=Inglourious Basterds (2009) on ASAF-MACBOOK][path=smb://ASAF-MACBOOK/asaf gdaliahu's Public Folder/Movies/Inglourious Basterds (2009)/][type=2][iLastScanned=1329909606][now=1329922908][diff=13302]. [m_bPaused=0][m_bStop=0] (fs)
17:01:48.167 T:2932861840 M:500973568 DEBUG: CFileScanner::ShouldScan - for [name=Inglourious Basterds (2009) on ASAF-MACBOOK][path=smb://ASAF-MACBOOK/asaf gdaliahu's Public Folder/Movies/Inglourious Basterds (2009)/][type=2] return [ShouldScan=FALSE]. [m_bPaused=0][m_bStop=0] (fs)
17:01:48.168 T:2932861840 M:500977664 DEBUG: CFileScanner::ScanShares - handle [name=season 1 on ASAF-MACBOOK][path=smb://ASAF-MACBOOK/asaf gdaliahu's Public Folder/TV-series/Alcatraz/season 1/][type=1]. [m_bPaused=0][m_bStop=0] (fs)
17:01:48.169 T:2932861840 M:500977664 DEBUG: CFileScanner::ShouldScan - going to check ShouldScan for [name=season 1 on ASAF-MACBOOK][path=smb://ASAF-MACBOOK/asaf gdaliahu's Public Folder/TV-series/Alcatraz/season 1/][type=1][iLastScanned=1329910698][now=1329922908][diff=12210]. [m_bPaused=0][m_bStop=0] (fs)
17:01:48.169 T:2932861840 M:500977664 DEBUG: CFileScanner::ShouldScan - for [name=season 1 on ASAF-MACBOOK][path=smb://ASAF-MACBOOK/asaf gdaliahu's Public Folder/TV-series/Alcatraz/season 1/][type=1] return [ShouldScan=FALSE]. [m_bPaused=0][m_bStop=0] (fs)
17:01:48.172 T:2932861840 M:500977664 WARNING: CUtil::GetMatchingSource... no matching source found for [smb://ASAF-MACBOOK/asaf gdaliahu's Public Folder/TV series .zip]
17:01:48.173 T:2932861840 M:500977664 WARNING: CUtil::GetMatchingSource... no matching source found for [smb://ASAF-MACBOOK/asaf gdaliahu's Public Folder/TV series .zip]
17:01:48.175 T:2932861840 M:500977664 WARNING: CUtil::GetMatchingSource... no matching source found for [smb://ASAF-MACBOOK/asaf gdaliahu's Public Folder/TV series .zip]
17:01:48.177 T:2932861840 M:500977664 WARNING: CUtil::GetMatchingSource... no matching source found for [smb://ASAF-MACBOOK/asaf gdaliahu's Public Folder/TV series .zip]
17:01:48.179 T:2932861840 M:500977664 WARNING: CUtil::GetMatchingSource... no matching source found for [smb://ASAF-MACBOOK/asaf gdaliahu's Public Folder/TV series .zip]
17:01:48.181 T:2932861840 M:500977664 WARNING: CUtil::GetMatchingSource... no matching source found for [smb://ASAF-MACBOOK/asaf gdaliahu's Public Folder/TV series .zip]
17:01:48.182 T:2932861840 M:500977664 DEBUG: CFileScanner::Process - going to scan MUSIC shares. [m_bPaused=0][m_bStop=0] (fs)
17:01:48.183 T:2932861840 M:500977664 DEBUG: CFileScanner::Process - going to scan USER paths [UserPathsSize=0]. [m_bPaused=0][m_bStop=0] (fs)
17:01:48.183 T:2932861840 M:500977664 DEBUG: CFileScanner::Process - BEFORE sleep for [180000ms]. [m_bPaused=0][m_bStop=0] (fs)
17:01:48.230 T:3071473440 M:500977664 DEBUG: (dbg) FreeMem 489236/643508 Kb, FPS 45.2, CPU0: 26.3% (20.8%) Loader Q:[0] Textures:[161 (36.58 M)] SERVER: [67.225.149.139] ver: 1.5.1.23714-b17e3b9
17:01:48.230 T:3071473440 M:500977664 DEBUG: (dbg)
17:01:49.013 T:3071473440 M:500977664 DEBUG: Image special://xbmc/media/boxee_screen_saver/10.png is finished rendering, switching to special://xbmc/media/boxee_screen_saver/01.png
17:01:49.029 T:3071473440 M:509239296 DEBUG: Loading the next image special://xbmc/media/boxee_screen_saver/05.png
17:01:49.030 T:2929703824 M:509239296 DEBUG: CBackgroundPicLoader::Process - START load picture [m_strFileName=special://xbmc/media/boxee_screen_saver/05.png] (loadp)
17:01:49.672 T:2929703824 M:500985856 DEBUG: CBackgroundPicLoader::Process - END load picture [m_strFileName=special://xbmc/media/boxee_screen_saver/05.png] (loadp)
17:01:49.673 T:2929703824 M:500985856 DEBUG: Finished background loading special://xbmc/media/boxee_screen_saver/05.png
17:01:49.681 T:2929703824 M:500985856 DEBUG: Duration: 150 (transistion out length 150)
17:01:50.097 T:2930756496 M:500850688 DEBUG: Done mapping interface 74:F0:6D:9F:54:F5
17:01:50.098 T:2930756496 M:500850688 DEBUG: Machine <10.0.0.170> missed in scan; incrementing noipcount.
17:01:50.098 T:2930756496 M:500850688 DEBUG: Network scan finished
17:01:50.098 T:2930756496 M:500850688 DEBUG: Thread 2930756496 terminating (autodelete)
17:01:51.293 T:2933914512 M:500858880 DEBUG: Boxee: 22/02/12 15:01:51.2935#DEBUG#bxmetadataengine.cpp:379(EngineThread)#BXMetadataEngine::EngineThread, processing folders....(resolver)
17:01:51.701 T:3021073296 M:500858880 INFO: CCheckInternetConnectionJob::DoWork - Checking the internet connection. [server=1][internet=1][ConnectionToInternetChanged=0] (offline)
17:01:51.702 T:3021073296 M:500862976 DEBUG: WatchDog::CheckIsConnectedToInternet - Enter function. [server=1][internet=1]. [fromJob=1] (offline)(wd)
17:01:51.938 T:3021073296 M:500862976 DEBUG: WatchDog::CheckIsConnectedToInternet - Check [http://8.ping.boxee.tv/] return [1]. [server=1][internet=1]. [fromJob=1] (offline)(wd)
17:01:51.938 T:3021073296 M:500862976 DEBUG: WatchDog::CheckIsConnectedToInternet - Exit function and return TRUE. [server=1][internet=1]. [fromJob=1] (offline)(wd)
17:01:52.733 T:3071473440 M:500871168 DEBUG: Image special://xbmc/media/boxee_screen_saver/01.png is finished rendering, switching to special://xbmc/media/boxee_screen_saver/05.png
17:01:52.750 T:3071473440 M:509259776 DEBUG: Loading the next image special://xbmc/media/boxee_screen_saver/07.png
17:01:52.751 T:2929703824 M:509259776 DEBUG: CBackgroundPicLoader::Process - START load picture [m_strFileName=special://xbmc/media/boxee_screen_saver/07.png] (loadp)
17:01:53.408 T:2929703824 M:501030912 DEBUG: CBackgroundPicLoader::Process - END load picture [m_strFileName=special://xbmc/media/boxee_screen_saver/07.png] (loadp)
17:01:53.409 T:2929703824 M:501030912 DEBUG: Finished background loading special://xbmc/media/boxee_screen_saver/07.png
17:01:53.418 T:2929703824 M:501030912 DEBUG: Duration: 150 (transistion out length 150)
17:01:56.470 T:3071473440 M:500903936 DEBUG: Image special://xbmc/media/boxee_screen_saver/05.png is finished rendering, switching to special://xbmc/media/boxee_screen_saver/07.png
17:01:56.487 T:3071473440 M:509292544 DEBUG: Loading the next image special://xbmc/media/boxee_screen_saver/03.png
17:01:56.488 T:2929703824 M:509292544 DEBUG: CBackgroundPicLoader::Process - START load picture [m_strFileName=special://xbmc/media/boxee_screen_saver/03.png] (loadp)
17:01:57.126 T:2929703824 M:501039104 DEBUG: CBackgroundPicLoader::Process - END load picture [m_strFileName=special://xbmc/media/boxee_screen_saver/03.png] (loadp)
17:01:57.127 T:2929703824 M:501039104 DEBUG: Finished background loading special://xbmc/media/boxee_screen_saver/03.png
17:01:57.139 T:2929703824 M:501039104 DEBUG: Duration: 150 (transistion out length 150)
17:01:59.891 T:3071473440 M:500903936 DEBUG: (dbg) FreeMem 489164/643508 Kb, FPS 50.9, CPU0: 14.5% (6.6%) Loader Q:[0] Textures:[161 (36.58 M)] SERVER: [67.225.149.139] ver: 1.5.1.23714-b17e3b9
17:01:59.892 T:3071473440 M:500903936 DEBUG: (dbg)
17:02:00.191 T:3071473440 M:500903936 DEBUG: Image special://xbmc/media/boxee_screen_saver/07.png is finished rendering, switching to special://xbmc/media/boxee_screen_saver/03.png
17:02:00.207 T:3071473440 M:509292544 DEBUG: Loading the next image special://xbmc/media/boxee_screen_saver/14.png
17:02:00.208 T:2929703824 M:509292544 DEBUG: CBackgroundPicLoader::Process - START load picture [m_strFileName=special://xbmc/media/boxee_screen_saver/14.png] (loadp)
17:02:00.852 T:2929703824 M:501039104 DEBUG: CBackgroundPicLoader::Process - END load picture [m_strFileName=special://xbmc/media/boxee_screen_saver/14.png] (loadp)
17:02:00.853 T:2929703824 M:501039104 DEBUG: Finished background loading special://xbmc/media/boxee_screen_saver/14.png
17:02:00.859 T:2929703824 M:501039104 DEBUG: Duration: 150 (transistion out length 150)
17:02:03.928 T:3071473440 M:500903936 DEBUG: Image special://xbmc/media/boxee_screen_saver/03.png is finished rendering, switching to special://xbmc/media/boxee_screen_saver/14.png
17:02:03.945 T:3071473440 M:509292544 DEBUG: Loading the next image special://xbmc/media/boxee_screen_saver/15.png
17:02:03.945 T:2929703824 M:509292544 DEBUG: CBackgroundPicLoader::Process - START load picture [m_strFileName=special://xbmc/media/boxee_screen_saver/15.png] (loadp)
17:02:04.611 T:2929703824 M:501039104 DEBUG: CBackgroundPicLoader::Process - END load picture [m_strFileName=special://xbmc/media/boxee_screen_saver/15.png] (loadp)
17:02:04.613 T:2929703824 M:501043200 DEBUG: Finished background loading special://xbmc/media/boxee_screen_saver/15.png
17:02:04.629 T:2929703824 M:501043200 DEBUG: Duration: 150 (transistion out length 150)
17:02:07.682 T:3071473440 M:500908032 DEBUG: Image special://xbmc/media/boxee_screen_saver/14.png is finished rendering, switching to special://xbmc/media/boxee_screen_saver/15.png
