17:08:02.499 T:2928651152 M:485040128 DEBUG: TouchThumbnailFile touch thumbnail file special://masterprofile/profiles/asafg/Thumbnails/Video/d/d180efec.tbn doesn't exist - add new total 3 files average time 260748737 (thm)
17:08:02.501 T:2924440464 M:485040128 DEBUG: TouchThumbnailFile touch thumbnail file special://masterprofile/profiles/asafg/Thumbnails/Video/2/24d5f7db.tbn already exist - update the average time total 3 files average time 260748737(thm)
17:08:02.504 T:2928651152 M:485040128 DEBUG: CDirectoryCache::UpdateItem, CACHE updating dirPath = , cacheId = , item = 100% Strap-On Scene 1, path = http://mtw2.fyretv.com:1935/boxee4321 (dircache)
17:08:02.505 T:2928651152 M:485040128 DEBUG: TouchThumbnailFile touch thumbnail file special://masterprofile/profiles/asafg/Thumbnails/Video/d/d180efec.tbn size 8483 (thm)
17:08:02.507 T:2928651152 M:485040128 DEBUG: TouchThumbnailFile touch thumbnail file special://masterprofile/profiles/asafg/Thumbnails/Video/d/d180efec.tbn already exist - update the average time total 3 files average time 260748737(thm)
17:08:02.627 T:3018603408 M:485056512 DEBUG: FileCurl::Close(0xb3ec17ac) http://img.fyretv.com:8182/thumbnails/06/02/20/41/6022041-1_1.jpeg
17:08:02.628 T:3018603408 M:485056512 DEBUG: CURL STATS: done with . 6.44k in: 0.59 sec. dns: 0.01 sec. connect: 0.19 s. pretransfer: 0.19 s. speed: 10.82 kbytes/sec.
17:08:02.629 T:3018603408 M:485064704 DEBUG: update ref map. url http://img.fyretv.com:8182/thumbnails/06/02/20/41/6022041-1_1.jpeg new ref_count 1 progress 0 (hcm)
17:08:02.631 T:3018603408 M:485064704 DEBUG: insert http://img.fyretv.com:8182/thumbnails/06/02/20/41/6022041-1_1.jpeg to the database (hcm)
17:08:02.633 T:3018603408 M:485068800 DEBUG: update ref map. url http://img.fyretv.com:8182/thumbnails/06/02/20/41/6022041-1_1.jpeg new ref_count 0 progress 0 (hcm)
17:08:02.634 T:3018603408 M:485068800 DEBUG: Creating album thumb from memory: special://masterprofile/profiles/asafg/Thumbnails/Video/6/64ee26f5.tbn
17:08:02.641 T:3018603408 M:485081088 DEBUG: TouchThumbnailFile touch thumbnail file special://masterprofile/profiles/asafg/Thumbnails/Video/6/64ee26f5.tbn size 6591 (thm)
17:08:02.642 T:3018603408 M:485081088 DEBUG: CDirectory::GetDirectory , calling g_directoryCache.GetDirectory with path: //.boxee/UserData/profiles , items: 0 , retreiveAll: 0 (cache check)
17:08:02.643 T:3018603408 M:485081088 DEBUG: CDirectory::GetDirectory , g_directoryCache.GetDirectory returned false (cache check)
17:08:02.666 T:2918185872 M:484683776 DEBUG: FileCurl::Close(0xadefd7ac) http://img.fyretv.com:8182/thumbnails/06/02/12/00/6021200-1_1.jpeg
17:08:02.667 T:2918185872 M:484683776 DEBUG: CURL STATS: done with . 4.45k in: 0.62 sec. dns: 0.00 sec. connect: 0.21 s. pretransfer: 0.21 s. speed: 7.12 kbytes/sec.
17:08:02.669 T:2918185872 M:484691968 DEBUG: update ref map. url http://img.fyretv.com:8182/thumbnails/06/02/12/00/6021200-1_1.jpeg new ref_count 1 progress 0 (hcm)
17:08:02.671 T:2918185872 M:484691968 DEBUG: insert http://img.fyretv.com:8182/thumbnails/06/02/12/00/6021200-1_1.jpeg to the database (hcm)
17:08:02.672 T:2918185872 M:484564992 DEBUG: update ref map. url http://img.fyretv.com:8182/thumbnails/06/02/12/00/6021200-1_1.jpeg new ref_count 0 progress 0 (hcm)
17:08:02.673 T:2918185872 M:484564992 DEBUG: Creating album thumb from memory: special://masterprofile/profiles/asafg/Thumbnails/Video/4/4080a612.tbn
17:08:02.680 T:2918185872 M:484573184 DEBUG: TouchThumbnailFile touch thumbnail file special://masterprofile/profiles/asafg/Thumbnails/Video/4/4080a612.tbn size 4552 (thm)
17:08:02.711 T:3018603408 M:484700160 DEBUG: TouchThumbnailFile touch thumbnail file special://masterprofile/profiles/asafg/Thumbnails/Video/6/64ee26f5.tbn doesn't exist - add new total 4 files average time 528042373 (thm)
17:08:02.714 T:3018603408 M:484700160 DEBUG: CDirectoryCache::UpdateItem, CACHE updating dirPath = , cacheId = , item = Rocco's POV 5 Scene 1, path = http://mtw2.fyretv.com:1935/boxee180144 (dircache)
17:08:02.715 T:3018603408 M:484704256 DEBUG: TouchThumbnailFile touch thumbnail file special://masterprofile/profiles/asafg/Thumbnails/Video/6/64ee26f5.tbn size 9153 (thm)
17:08:02.716 T:3018603408 M:484704256 DEBUG: TouchThumbnailFile touch thumbnail file special://masterprofile/profiles/asafg/Thumbnails/Video/6/64ee26f5.tbn already exist - update the average time total 4 files average time 528042373(thm)
17:08:02.718 T:2918185872 M:484704256 DEBUG: CDirectory::GetDirectory , calling g_directoryCache.GetDirectory with path: //.boxee/UserData/profiles , items: 0 , retreiveAll: 0 (cache check)
17:08:02.719 T:2918185872 M:484704256 DEBUG: CDirectory::GetDirectory , g_directoryCache.GetDirectory returned false (cache check)
17:08:02.784 T:2918185872 M:484704256 DEBUG: TouchThumbnailFile touch thumbnail file special://masterprofile/profiles/asafg/Thumbnails/Video/4/4080a612.tbn doesn't exist - add new total 5 files average time 688418554 (thm)
17:08:02.788 T:2918185872 M:484704256 DEBUG: CDirectoryCache::UpdateItem, CACHE updating dirPath = , cacheId = , item = My Black Fantasy Scene 1, path = http://mtw2.fyretv.com:1935/boxee174926 (dircache)
17:08:02.790 T:2918185872 M:484704256 DEBUG: TouchThumbnailFile touch thumbnail file special://masterprofile/profiles/asafg/Thumbnails/Video/4/4080a612.tbn size 6148 (thm)
17:08:02.790 T:2918185872 M:484704256 DEBUG: TouchThumbnailFile touch thumbnail file special://masterprofile/profiles/asafg/Thumbnails/Video/4/4080a612.tbn already exist - update the average time total 5 files average time 688418554(thm)
17:08:03.573 T:3071473440 M:484720640 DEBUG: CKeyboardStat, SDLKeyboard: scancode: 108, sym: 274, unicode: 0, modifier: 0
17:08:03.574 T:3071473440 M:484720640 DEBUG: CApplication::OnKey - [key=61480][window=14525][action=4]
17:08:03.574 T:3071473440 M:484720640 DEBUG: OnKey: 61480 pressed, action is 4
17:08:03.577 T:3071473440 M:484720640 DEBUG: CApplication::ExecuteAction, execute python action for window 14525 in app context: tv.boxee.fyretv (python)
17:08:03.577 T:3071473440 M:484720640 DEBUG: XBPython::evalStringInContext... contextId = tv.boxee.fyretv (python)
17:08:03.578 T:3071473440 M:484720640 DEBUG: XBPython::GetContext, found context for id = tv.boxee.fyretv (python)
17:08:03.578 T:2926545808 M:484720640 INFO: XBPyPersistentThread::Process, running job (python)
17:08:03.579 T:2926545808 M:484720640 DEBUG: XBPyPersistentThread::CreatePolicy -thread id 0x1e4e
17:08:03.579 T:2926545808 M:484720640 INFO: XBPyPersistentThread::Process, run script, (python)
17:08:03.580 T:2926545808 M:484720640 NOTICE: Debug focused_element: 0
17:08:03.582 T:2926545808 M:484720640 NOTICE: Debug new pos: 1
17:08:03.583 T:2926545808 M:484720640 NOTICE: Debug total: 40
17:08:03.595 T:2926545808 M:484720640 INFO: Scriptresult: Success
17:08:03.595 T:2926545808 M:484720640 DEBUG: XBPyPersistentThread::DeletePolicy -thread id 0x1e4e
17:08:03.596 T:2926545808 M:484720640 INFO: XBPyPersistentThread::Process, iteration started (python)
17:08:03.660 T:3071473440 M:484720640 DEBUG: ExecuteXBMCAction : Translating -
17:08:03.661 T:3071473440 M:484720640 DEBUG: ExecuteXBMCAction : To -
17:08:06.993 T:3071473440 M:484720640 DEBUG: CKeyboardStat, SDLKeyboard: scancode: 106, sym: 275, unicode: 0, modifier: 0
17:08:06.994 T:3071473440 M:484720640 DEBUG: CApplication::OnKey - [key=61479][window=14525][action=2]
17:08:06.995 T:3071473440 M:484720640 DEBUG: OnKey: 61479 pressed, action is 2
17:08:06.997 T:3071473440 M:484720640 DEBUG: CApplication::ExecuteAction, execute python action for window 14525 in app context: tv.boxee.fyretv (python)
17:08:06.998 T:3071473440 M:484720640 DEBUG: XBPython::evalStringInContext... contextId = tv.boxee.fyretv (python)
17:08:06.998 T:3071473440 M:484720640 DEBUG: XBPython::GetContext, found context for id = tv.boxee.fyretv (python)
17:08:06.998 T:2926545808 M:484720640 INFO: XBPyPersistentThread::Process, running job (python)
17:08:06.999 T:2926545808 M:484724736 DEBUG: XBPyPersistentThread::CreatePolicy -thread id 0x1e4e
17:08:07.000 T:2926545808 M:484724736 INFO: XBPyPersistentThread::Process, run script, (python)
17:08:07.027 T:2926545808 M:484724736 INFO: Scriptresult: Success
17:08:07.028 T:2926545808 M:484724736 DEBUG: XBPyPersistentThread::DeletePolicy -thread id 0x1e4e
17:08:07.028 T:2926545808 M:484724736 INFO: XBPyPersistentThread::Process, iteration started (python)
17:08:07.214 T:2917133200 M:484724736 DEBUG: CVideoThumbLoader::LoadItem, strItemPath = http://mtw2.fyretv.com:1935/boxee182881, cachedThumb = special://masterprofile/profiles/asafg/Thumbnails/Video/0/0f40cf03.tbn (thumb)
17:08:07.218 T:2917133200 M:484724736 DEBUG: CDirectoryCache::UpdateItem, CACHE updating dirPath = , cacheId = , item = I'll Fuck Your Wife If You Fuck Mine 3 Scene 1, path = http://mtw2.fyretv.com:1935/boxee182881 (dircache)
17:08:07.219 T:2917133200 M:484724736 DEBUG: TouchThumbnailFile touch thumbnail file special://masterprofile/profiles/asafg/Thumbnails/Video/0/0f40cf03.tbn size 10860 (thm)
17:08:07.220 T:2917133200 M:484724736 DEBUG: TouchThumbnailFile touch thumbnail file special://masterprofile/profiles/asafg/Thumbnails/Video/0/0f40cf03.tbn already exist - update the average time total 5 files average time 688423754(thm)
17:08:07.222 T:2924440464 M:484724736 DEBUG: CVideoThumbLoader::LoadItem, strItemPath = http://mtw2.fyretv.com:1935/boxee182882, cachedThumb = special://masterprofile/profiles/asafg/Thumbnails/Video/0/0203e9da.tbn (thumb)
17:08:07.223 T:2924440464 M:484724736 DEBUG: Creating thumb from: http://img.fyretv.com:8182/thumbnails/06/02/24/53/6022453-2_1.jpeg as: special://masterprofile/profiles/asafg/Thumbnails/Video/0/0203e9da.tbn
17:08:07.226 T:2924440464 M:484724736 DEBUG: update ref map. url http://img.fyretv.com:8182/thumbnails/06/02/24/53/6022453-2_1.jpeg new ref_count 1 progress 0 (hcm)
17:08:07.226 T:2924440464 M:484724736 DEBUG: CHttpCacheManager::StartCachingURL push http://img.fyretv.com:8182/thumbnails/06/02/24/53/6022453-2_1.jpeg to m_references (hcm)
17:08:07.227 T:2924440464 M:484724736 DEBUG: FileCurl::Open(0xae4f47ac) http://img.fyretv.com:8182/thumbnails/06/02/24/53/6022453-2_1.jpeg
17:08:07.394 T:3071473440 M:484737024 DEBUG: CKeyboardStat, SDLKeyboard: scancode: 106, sym: 275, unicode: 0, modifier: 0
17:08:07.395 T:3071473440 M:484737024 DEBUG: CApplication::OnKey - [key=61479][window=14525][action=2]
17:08:07.395 T:3071473440 M:484737024 DEBUG: OnKey: 61479 pressed, action is 2
17:08:07.397 T:3071473440 M:484737024 DEBUG: CApplication::ExecuteAction, execute python action for window 14525 in app context: tv.boxee.fyretv (python)
17:08:07.398 T:3071473440 M:484737024 DEBUG: XBPython::evalStringInContext... contextId = tv.boxee.fyretv (python)
17:08:07.399 T:3071473440 M:484737024 DEBUG: XBPython::GetContext, found context for id = tv.boxee.fyretv (python)
17:08:07.399 T:2926545808 M:484737024 INFO: XBPyPersistentThread::Process, running job (python)
17:08:07.399 T:2926545808 M:484737024 DEBUG: XBPyPersistentThread::CreatePolicy -thread id 0x1e4e
17:08:07.400 T:2926545808 M:484737024 INFO: XBPyPersistentThread::Process, run script, (python)
17:08:07.428 T:2926545808 M:484737024 INFO: Scriptresult: Success
17:08:07.428 T:2926545808 M:484737024 DEBUG: XBPyPersistentThread::DeletePolicy -thread id 0x1e4e
17:08:07.429 T:2926545808 M:484737024 INFO: XBPyPersistentThread::Process, iteration started (python)
17:08:07.480 T:2924440464 M:484728832 DEBUG: Open - filesize: 7689
17:08:07.511 T:3071473440 M:484728832 DEBUG: CKeyboardStat, SDLKeyboard: scancode: 106, sym: 275, unicode: 0, modifier: 0
17:08:07.511 T:3071473440 M:484728832 DEBUG: CApplication::OnKey - [key=61479][window=14525][action=2]
17:08:07.512 T:3071473440 M:484728832 DEBUG: OnKey: 61479 pressed, action is 2
17:08:07.513 T:3071473440 M:484728832 DEBUG: CApplication::ExecuteAction, execute python action for window 14525 in app context: tv.boxee.fyretv (python)
17:08:07.514 T:3071473440 M:484732928 DEBUG: XBPython::evalStringInContext... contextId = tv.boxee.fyretv (python)
17:08:07.514 T:3071473440 M:484732928 DEBUG: XBPython::GetContext, found context for id = tv.boxee.fyretv (python)
17:08:07.515 T:2926545808 M:484732928 INFO: XBPyPersistentThread::Process, running job (python)
17:08:07.515 T:2926545808 M:484732928 DEBUG: XBPyPersistentThread::CreatePolicy -thread id 0x1e4e
17:08:07.516 T:2926545808 M:484732928 INFO: XBPyPersistentThread::Process, run script, (python)
17:08:07.528 T:2926545808 M:484741120 INFO: Scriptresult: Success
17:08:07.529 T:2926545808 M:484741120 DEBUG: XBPyPersistentThread::DeletePolicy -thread id 0x1e4e
17:08:07.529 T:2926545808 M:484741120 INFO: XBPyPersistentThread::Process, iteration started (python)
17:08:07.686 T:2924440464 M:484745216 DEBUG: FileCurl::Close(0xae4f47ac) http://img.fyretv.com:8182/thumbnails/06/02/24/53/6022453-2_1.jpeg
17:08:07.687 T:2924440464 M:484745216 DEBUG: CURL STATS: done with . 7.51k in: 0.46 sec. dns: 0.00 sec. connect: 0.00 s. pretransfer: 0.00 s. speed: 16.41 kbytes/sec.
17:08:07.689 T:2924440464 M:484753408 DEBUG: update ref map. url http://img.fyretv.com:8182/thumbnails/06/02/24/53/6022453-2_1.jpeg new ref_count 1 progress 0 (hcm)
17:08:07.691 T:2924440464 M:484753408 DEBUG: insert http://img.fyretv.com:8182/thumbnails/06/02/24/53/6022453-2_1.jpeg to the database (hcm)
17:08:07.693 T:2924440464 M:484753408 DEBUG: update ref map. url http://img.fyretv.com:8182/thumbnails/06/02/24/53/6022453-2_1.jpeg new ref_count 0 progress 0 (hcm)
17:08:07.693 T:2924440464 M:484753408 DEBUG: Creating album thumb from memory: special://masterprofile/profiles/asafg/Thumbnails/Video/0/0203e9da.tbn
17:08:07.717 T:2928651152 M:484753408 DEBUG: CVideoThumbLoader::LoadItem, strItemPath = http://mtw2.fyretv.com:1935/boxee183167, cachedThumb = special://masterprofile/profiles/asafg/Thumbnails/Video/a/a9282c4d.tbn (thumb)
17:08:07.718 T:2928651152 M:484753408 DEBUG: Creating thumb from: http://img.fyretv.com:8182/thumbnails/06/02/24/91/6022491-4_1.jpeg as: special://masterprofile/profiles/asafg/Thumbnails/Video/a/a9282c4d.tbn
17:08:07.720 T:2928651152 M:484753408 DEBUG: update ref map. url http://img.fyretv.com:8182/thumbnails/06/02/24/91/6022491-4_1.jpeg new ref_count 1 progress 0 (hcm)
17:08:07.720 T:2928651152 M:484753408 DEBUG: CHttpCacheManager::StartCachingURL push http://img.fyretv.com:8182/thumbnails/06/02/24/91/6022491-4_1.jpeg to m_references (hcm)
17:08:07.721 T:2928651152 M:484753408 DEBUG: FileCurl::Open(0xae8f87ac) http://img.fyretv.com:8182/thumbnails/06/02/24/91/6022491-4_1.jpeg
17:08:07.723 T:3018603408 M:484753408 DEBUG: CVideoThumbLoader::LoadItem, strItemPath = http://mtw2.fyretv.com:1935/boxee182883, cachedThumb = special://masterprofile/profiles/asafg/Thumbnails/Video/0/06c2f46d.tbn (thumb)
17:08:07.725 T:2918185872 M:484753408 DEBUG: CVideoThumbLoader::LoadItem, strItemPath = http://mtw2.fyretv.com:1935/boxee183220, cachedThumb = special://masterprofile/profiles/asafg/Thumbnails/Video/f/f022a868.tbn (thumb)
17:08:07.726 T:2918185872 M:484753408 DEBUG: Creating thumb from: http://img.fyretv.com:8182/thumbnails/06/02/25/01/6022501-1_1.jpeg as: special://masterprofile/profiles/asafg/Thumbnails/Video/f/f022a868.tbn
17:08:07.729 T:2918185872 M:484753408 DEBUG: update ref map. url http://img.fyretv.com:8182/thumbnails/06/02/25/01/6022501-1_1.jpeg new ref_count 1 progress 0 (hcm)
17:08:07.730 T:2918185872 M:484753408 DEBUG: CHttpCacheManager::StartCachingURL push http://img.fyretv.com:8182/thumbnails/06/02/25/01/6022501-1_1.jpeg to m_references (hcm)
17:08:07.730 T:2918185872 M:484753408 DEBUG: FileCurl::Open(0xadefd7ac) http://img.fyretv.com:8182/thumbnails/06/02/25/01/6022501-1_1.jpeg
17:08:07.742 T:3018603408 M:485007360 DEBUG: Creating thumb from: http://img.fyretv.com:8182/thumbnails/06/02/24/53/6022453-3_1.jpeg as: special://masterprofile/profiles/asafg/Thumbnails/Video/0/06c2f46d.tbn
17:08:07.745 T:3018603408 M:485011456 DEBUG: update ref map. url http://img.fyretv.com:8182/thumbnails/06/02/24/53/6022453-3_1.jpeg new ref_count 1 progress 0 (hcm)
17:08:07.746 T:3018603408 M:485011456 DEBUG: CHttpCacheManager::StartCachingURL push http://img.fyretv.com:8182/thumbnails/06/02/24/53/6022453-3_1.jpeg to m_references (hcm)
17:08:07.747 T:3018603408 M:485011456 DEBUG: FileCurl::Open(0xb3ec17ac) http://img.fyretv.com:8182/thumbnails/06/02/24/53/6022453-3_1.jpeg
17:08:07.751 T:2924440464 M:484896768 DEBUG: TouchThumbnailFile touch thumbnail file special://masterprofile/profiles/asafg/Thumbnails/Video/0/0203e9da.tbn size 7689 (thm)
17:08:07.758 T:2924440464 M:485027840 DEBUG: CDirectory::GetDirectory , calling g_directoryCache.GetDirectory with path: //.boxee/UserData/profiles , items: 0 , retreiveAll: 0 (cache check)
17:08:07.758 T:2924440464 M:485027840 DEBUG: CDirectory::GetDirectory , g_directoryCache.GetDirectory returned false (cache check)
17:08:07.788 T:2917133200 M:484884480 DEBUG: CVideoThumbLoader::LoadItem, strItemPath = http://mtw2.fyretv.com:1935/boxee183166, cachedThumb = special://masterprofile/profiles/asafg/Thumbnails/Video/a/ade931fa.tbn (thumb)
17:08:07.789 T:2917133200 M:484884480 DEBUG: Creating thumb from: http://img.fyretv.com:8182/thumbnails/06/02/24/91/6022491-3_1.jpeg as: special://masterprofile/profiles/asafg/Thumbnails/Video/a/ade931fa.tbn
17:08:07.791 T:2917133200 M:484884480 DEBUG: update ref map. url http://img.fyretv.com:8182/thumbnails/06/02/24/91/6022491-3_1.jpeg new ref_count 1 progress 0 (hcm)
17:08:07.791 T:2917133200 M:484884480 DEBUG: CHttpCacheManager::StartCachingURL push http://img.fyretv.com:8182/thumbnails/06/02/24/91/6022491-3_1.jpeg to m_references (hcm)
17:08:07.792 T:2917133200 M:484884480 DEBUG: FileCurl::Open(0xaddfc7ac) http://img.fyretv.com:8182/thumbnails/06/02/24/91/6022491-3_1.jpeg
17:08:07.798 T:2917133200 M:484884480 DEBUG: easy_aquire - Created session to http://img.fyretv.com
17:08:07.829 T:2924440464 M:484884480 DEBUG: TouchThumbnailFile touch thumbnail file special://masterprofile/profiles/asafg/Thumbnails/Video/0/0203e9da.tbn doesn't exist - add new total 6 files average time 795340342 (thm)
17:08:07.891 T:2924440464 M:484900864 DEBUG: CDirectoryCache::UpdateItem, CACHE updating dirPath = , cacheId = , item = I'll Fuck Your Wife If You Fuck Mine 3 Scene 2, path = http://mtw2.fyretv.com:1935/boxee182882 (dircache)
17:08:07.892 T:2924440464 M:484900864 DEBUG: TouchThumbnailFile touch thumbnail file special://masterprofile/profiles/asafg/Thumbnails/Video/0/0203e9da.tbn size 10829 (thm)
17:08:07.893 T:2924440464 M:484900864 DEBUG: TouchThumbnailFile touch thumbnail file special://masterprofile/profiles/asafg/Thumbnails/Video/0/0203e9da.tbn already exist - update the average time total 6 files average time 795340342(thm)
17:08:07.913 T:2928651152 M:484900864 DEBUG: Open - filesize: 7195
17:08:07.934 T:2918185872 M:484900864 DEBUG: Open - filesize: 7845
17:08:07.958 T:3018603408 M:484900864 DEBUG: Open - filesize: 8048
17:08:08.117 T:2928651152 M:484900864 DEBUG: FileCurl::Close(0xae8f87ac) http://img.fyretv.com:8182/thumbnails/06/02/24/91/6022491-4_1.jpeg
17:08:08.118 T:2928651152 M:484900864 DEBUG: CURL STATS: done with . 7.03k in: 0.40 sec. dns: 0.00 sec. connect: 0.00 s. pretransfer: 0.00 s. speed: 17.77 kbytes/sec.
17:08:08.120 T:2928651152 M:484909056 DEBUG: update ref map. url http://img.fyretv.com:8182/thumbnails/06/02/24/91/6022491-4_1.jpeg new ref_count 1 progress 0 (hcm)
17:08:08.122 T:2928651152 M:484909056 DEBUG: insert http://img.fyretv.com:8182/thumbnails/06/02/24/91/6022491-4_1.jpeg to the database (hcm)
17:08:08.123 T:2928651152 M:484909056 DEBUG: update ref map. url http://img.fyretv.com:8182/thumbnails/06/02/24/91/6022491-4_1.jpeg new ref_count 0 progress 0 (hcm)
17:08:08.124 T:2928651152 M:484909056 DEBUG: Creating album thumb from memory: special://masterprofile/profiles/asafg/Thumbnails/Video/a/a9282c4d.tbn
17:08:08.132 T:2928651152 M:484921344 DEBUG: TouchThumbnailFile touch thumbnail file special://masterprofile/profiles/asafg/Thumbnails/Video/a/a9282c4d.tbn size 7195 (thm)
17:08:08.133 T:2928651152 M:484925440 DEBUG: CDirectory::GetDirectory , calling g_directoryCache.GetDirectory with path: //.boxee/UserData/profiles , items: 0 , retreiveAll: 0 (cache check)
17:08:08.135 T:2918185872 M:484925440 DEBUG: FileCurl::Close(0xadefd7ac) http://img.fyretv.com:8182/thumbnails/06/02/25/01/6022501-1_1.jpeg
17:08:08.136 T:2918185872 M:484925440 DEBUG: CURL STATS: done with . 7.66k in: 0.40 sec. dns: 0.00 sec. connect: 0.00 s. pretransfer: 0.00 s. speed: 19.02 kbytes/sec.
17:08:08.137 T:2918185872 M:484933632 DEBUG: update ref map. url http://img.fyretv.com:8182/thumbnails/06/02/25/01/6022501-1_1.jpeg new ref_count 1 progress 0 (hcm)
17:08:08.139 T:2918185872 M:484933632 DEBUG: insert http://img.fyretv.com:8182/thumbnails/06/02/25/01/6022501-1_1.jpeg to the database (hcm)
17:08:08.141 T:2918185872 M:484806656 DEBUG: update ref map. url http://img.fyretv.com:8182/thumbnails/06/02/25/01/6022501-1_1.jpeg new ref_count 0 progress 0 (hcm)
17:08:08.142 T:2918185872 M:484806656 DEBUG: Creating album thumb from memory: special://masterprofile/profiles/asafg/Thumbnails/Video/f/f022a868.tbn
17:08:08.149 T:2918185872 M:484818944 DEBUG: TouchThumbnailFile touch thumbnail file special://masterprofile/profiles/asafg/Thumbnails/Video/f/f022a868.tbn size 7845 (thm)
17:08:08.150 T:2928651152 M:484818944 DEBUG: CDirectory::GetDirectory , g_directoryCache.GetDirectory returned false (cache check)
17:08:08.184 T:3018603408 M:484421632 DEBUG: FileCurl::Close(0xb3ec17ac) http://img.fyretv.com:8182/thumbnails/06/02/24/53/6022453-3_1.jpeg
17:08:08.185 T:3018603408 M:484421632 DEBUG: CURL STATS: done with . 7.86k in: 0.44 sec. dns: 0.00 sec. connect: 0.00 s. pretransfer: 0.00 s. speed: 18.02 kbytes/sec.
17:08:08.188 T:3018603408 M:484429824 DEBUG: update ref map. url http://img.fyretv.com:8182/thumbnails/06/02/24/53/6022453-3_1.jpeg new ref_count 1 progress 0 (hcm)
17:08:08.190 T:3018603408 M:484429824 DEBUG: insert http://img.fyretv.com:8182/thumbnails/06/02/24/53/6022453-3_1.jpeg to the database (hcm)
17:08:08.191 T:3018603408 M:484429824 DEBUG: update ref map. url http://img.fyretv.com:8182/thumbnails/06/02/24/53/6022453-3_1.jpeg new ref_count 0 progress 0 (hcm)
17:08:08.192 T:3018603408 M:484429824 DEBUG: Creating album thumb from memory: special://masterprofile/profiles/asafg/Thumbnails/Video/0/06c2f46d.tbn
17:08:08.200 T:3018603408 M:484442112 DEBUG: TouchThumbnailFile touch thumbnail file special://masterprofile/profiles/asafg/Thumbnails/Video/0/06c2f46d.tbn size 8048 (thm)
17:08:08.221 T:2917133200 M:484442112 DEBUG: Open - filesize: 5894
17:08:08.225 T:2928651152 M:484442112 DEBUG: TouchThumbnailFile touch thumbnail file special://masterprofile/profiles/asafg/Thumbnails/Video/a/a9282c4d.tbn doesn't exist - add new total 7 files average time 871709334 (thm)
17:08:08.406 T:2918185872 M:484466688 DEBUG: CDirectory::GetDirectory , calling g_directoryCache.GetDirectory with path: //.boxee/UserData/profiles , items: 0 , retreiveAll: 0 (cache check)
17:08:08.406 T:2918185872 M:484466688 DEBUG: CDirectory::GetDirectory , g_directoryCache.GetDirectory returned false (cache check)
17:08:08.443 T:2917133200 M:484450304 DEBUG: FileCurl::Close(0xaddfc7ac) http://img.fyretv.com:8182/thumbnails/06/02/24/91/6022491-3_1.jpeg
17:08:08.444 T:2917133200 M:484450304 DEBUG: CURL STATS: done with . 5.76k in: 0.64 sec. dns: 0.00 sec. connect: 0.21 s. pretransfer: 0.21 s. speed: 8.93 kbytes/sec.
17:08:08.446 T:2917133200 M:484458496 DEBUG: update ref map. url http://img.fyretv.com:8182/thumbnails/06/02/24/91/6022491-3_1.jpeg new ref_count 1 progress 0 (hcm)
17:08:08.448 T:2917133200 M:484458496 DEBUG: insert http://img.fyretv.com:8182/thumbnails/06/02/24/91/6022491-3_1.jpeg to the database (hcm)
17:08:08.450 T:2917133200 M:484458496 DEBUG: update ref map. url http://img.fyretv.com:8182/thumbnails/06/02/24/91/6022491-3_1.jpeg new ref_count 0 progress 0 (hcm)
17:08:08.452 T:2928651152 M:484462592 DEBUG: CDirectoryCache::UpdateItem, CACHE updating dirPath = , cacheId = , item = 18 With Proof 5 Scene 4, path = http://mtw2.fyretv.com:1935/boxee183167 (dircache)
17:08:08.453 T:2917133200 M:484462592 DEBUG: Creating album thumb from memory: special://masterprofile/profiles/asafg/Thumbnails/Video/a/ade931fa.tbn
17:08:08.460 T:2917133200 M:484470784 DEBUG: TouchThumbnailFile touch thumbnail file special://masterprofile/profiles/asafg/Thumbnails/Video/a/ade931fa.tbn size 5894 (thm)
17:08:08.461 T:2928651152 M:484470784 DEBUG: TouchThumbnailFile touch thumbnail file special://masterprofile/profiles/asafg/Thumbnails/Video/a/a9282c4d.tbn size 10131 (thm)
17:08:08.490 T:2918185872 M:484462592 DEBUG: TouchThumbnailFile touch thumbnail file special://masterprofile/profiles/asafg/Thumbnails/Video/f/f022a868.tbn doesn't exist - add new total 8 files average time 928986078 (thm)
17:08:08.528 T:3071473440 M:484478976 DEBUG: CKeyboardStat, SDLKeyboard: scancode: 106, sym: 275, unicode: 0, modifier: 0
17:08:08.529 T:3071473440 M:484478976 DEBUG: CApplication::OnKey - [key=61479][window=14525][action=2]
17:08:08.529 T:3071473440 M:484478976 DEBUG: OnKey: 61479 pressed, action is 2
17:08:08.531 T:3071473440 M:484478976 DEBUG: CApplication::ExecuteAction, execute python action for window 14525 in app context: tv.boxee.fyretv (python)
17:08:08.532 T:3071473440 M:484478976 DEBUG: XBPython::evalStringInContext... contextId = tv.boxee.fyretv (python)
17:08:08.532 T:3071473440 M:484478976 DEBUG: XBPython::GetContext, found context for id = tv.boxee.fyretv (python)
17:08:08.533 T:2926545808 M:484478976 INFO: XBPyPersistentThread::Process, running job (python)
17:08:08.533 T:2926545808 M:484478976 DEBUG: XBPyPersistentThread::CreatePolicy -thread id 0x1e4e
17:08:08.534 T:2926545808 M:484478976 INFO: XBPyPersistentThread::Process, run script, (python)
17:08:08.552 T:2918185872 M:484478976 DEBUG: CDirectoryCache::UpdateItem, CACHE updating dirPath = , cacheId = , item = Mom And The Pop Scene 1, path = http://mtw2.fyretv.com:1935/boxee183220 (dircache)
17:08:08.553 T:2918185872 M:484478976 DEBUG: TouchThumbnailFile touch thumbnail file special://masterprofile/profiles/asafg/Thumbnails/Video/f/f022a868.tbn size 10957 (thm)
17:08:08.554 T:2918185872 M:484478976 DEBUG: TouchThumbnailFile touch thumbnail file special://masterprofile/profiles/asafg/Thumbnails/Video/f/f022a868.tbn already exist - update the average time total 8 files average time 928986078(thm)
17:08:08.556 T:2917133200 M:484478976 DEBUG: CDirectory::GetDirectory , calling g_directoryCache.GetDirectory with path: //.boxee/UserData/profiles , items: 0 , retreiveAll: 0 (cache check)
17:08:08.556 T:2917133200 M:484478976 DEBUG: CDirectory::GetDirectory , g_directoryCache.GetDirectory returned false (cache check)
17:08:08.592 T:2926545808 M:484335616 INFO: Scriptresult: Success
17:08:08.592 T:2926545808 M:484335616 DEBUG: XBPyPersistentThread::DeletePolicy -thread id 0x1e4e
17:08:08.593 T:2926545808 M:484335616 INFO: XBPyPersistentThread::Process, iteration started (python)
17:08:08.627 T:2917133200 M:484335616 DEBUG: TouchThumbnailFile touch thumbnail file special://masterprofile/profiles/asafg/Thumbnails/Video/a/ade931fa.tbn doesn't exist - add new total 9 files average time 973534656 (thm)
17:08:08.629 T:2928651152 M:484335616 DEBUG: TouchThumbnailFile touch thumbnail file special://masterprofile/profiles/asafg/Thumbnails/Video/a/a9282c4d.tbn already exist - update the average time total 9 files average time 973534656(thm)
17:08:08.632 T:2917133200 M:484335616 DEBUG: CDirectoryCache::UpdateItem, CACHE updating dirPath = , cacheId = , item = 18 With Proof 5 Scene 3, path = http://mtw2.fyretv.com:1935/boxee183166 (dircache)
17:08:08.632 T:2917133200 M:484335616 DEBUG: TouchThumbnailFile touch thumbnail file special://masterprofile/profiles/asafg/Thumbnails/Video/a/ade931fa.tbn size 8128 (thm)
17:08:08.634 T:3018603408 M:484335616 DEBUG: CDirectory::GetDirectory , calling g_directoryCache.GetDirectory with path: //.boxee/UserData/profiles , items: 0 , retreiveAll: 0 (cache check)
17:08:08.634 T:3018603408 M:484339712 DEBUG: CDirectory::GetDirectory , g_directoryCache.GetDirectory returned false (cache check)
17:08:08.688 T:3018603408 M:484085760 DEBUG: TouchThumbnailFile touch thumbnail file special://masterprofile/profiles/asafg/Thumbnails/Video/0/06c2f46d.tbn doesn't exist - add new total 10 files average time 1009173519 (thm)
17:08:08.690 T:2917133200 M:484085760 DEBUG: TouchThumbnailFile touch thumbnail file special://masterprofile/profiles/asafg/Thumbnails/Video/a/ade931fa.tbn already exist - update the average time total 10 files average time 1009173519(thm)
17:08:08.693 T:3018603408 M:484085760 DEBUG: CDirectoryCache::UpdateItem, CACHE updating dirPath = , cacheId = , item = I'll Fuck Your Wife If You Fuck Mine 3 Scene 3, path = http://mtw2.fyretv.com:1935/boxee182883 (dircache)
17:08:08.694 T:3018603408 M:484085760 DEBUG: TouchThumbnailFile touch thumbnail file special://masterprofile/profiles/asafg/Thumbnails/Video/0/06c2f46d.tbn size 11302 (thm)
17:08:08.695 T:3018603408 M:484085760 DEBUG: TouchThumbnailFile touch thumbnail file special://masterprofile/profiles/asafg/Thumbnails/Video/0/06c2f46d.tbn already exist - update the average time total 10 files average time 1009173519(thm)
17:08:08.767 T:2924440464 M:484229120 DEBUG: CVideoThumbLoader::LoadItem, strItemPath = http://mtw2.fyretv.com:1935/boxee183223, cachedThumb = special://masterprofile/profiles/asafg/Thumbnails/Video/f/fd618eb1.tbn (thumb)
17:08:08.768 T:2924440464 M:484229120 DEBUG: Creating thumb from: http://img.fyretv.com:8182/thumbnails/06/02/25/01/6022501-4_1.jpeg as: special://masterprofile/profiles/asafg/Thumbnails/Video/f/fd618eb1.tbn
17:08:08.771 T:2924440464 M:484229120 DEBUG: update ref map. url http://img.fyretv.com:8182/thumbnails/06/02/25/01/6022501-4_1.jpeg new ref_count 1 progress 0 (hcm)
17:08:08.771 T:2924440464 M:484229120 DEBUG: CHttpCacheManager::StartCachingURL push http://img.fyretv.com:8182/thumbnails/06/02/25/01/6022501-4_1.jpeg to m_references (hcm)
17:08:08.771 T:2924440464 M:484229120 DEBUG: FileCurl::Open(0xae4f47ac) http://img.fyretv.com:8182/thumbnails/06/02/25/01/6022501-4_1.jpeg
17:08:08.774 T:2918185872 M:484229120 DEBUG: CVideoThumbLoader::LoadItem, strItemPath = http://mtw2.fyretv.com:1935/boxee183413, cachedThumb = special://masterprofile/profiles/asafg/Thumbnails/Video/8/8b593a70.tbn (thumb)
17:08:08.775 T:2918185872 M:484229120 DEBUG: Creating thumb from: http://img.fyretv.com:8182/thumbnails/06/02/25/36/6022536-1_1.jpeg as: special://masterprofile/profiles/asafg/Thumbnails/Video/8/8b593a70.tbn
17:08:08.778 T:2918185872 M:484229120 DEBUG: update ref map. url http://img.fyretv.com:8182/thumbnails/06/02/25/36/6022536-1_1.jpeg new ref_count 1 progress 0 (hcm)
17:08:08.779 T:2918185872 M:484229120 DEBUG: CHttpCacheManager::StartCachingURL push http://img.fyretv.com:8182/thumbnails/06/02/25/36/6022536-1_1.jpeg to m_references (hcm)
17:08:08.779 T:2918185872 M:484229120 DEBUG: FileCurl::Open(0xadefd7ac) http://img.fyretv.com:8182/thumbnails/06/02/25/36/6022536-1_1.jpeg
17:08:08.976 T:2924440464 M:484229120 DEBUG: Open - filesize: 6695
17:08:08.984 T:2918185872 M:484229120 DEBUG: Open - filesize: 4972
17:08:09.171 T:2924440464 M:484229120 DEBUG: FileCurl::Close(0xae4f47ac) http://img.fyretv.com:8182/thumbnails/06/02/25/01/6022501-4_1.jpeg
17:08:09.172 T:2924440464 M:484229120 DEBUG: CURL STATS: done with . 6.54k in: 0.40 sec. dns: 0.00 sec. connect: 0.00 s. pretransfer: 0.00 s. speed: 16.40 kbytes/sec.
17:08:09.173 T:2924440464 M:484237312 DEBUG: update ref map. url http://img.fyretv.com:8182/thumbnails/06/02/25/01/6022501-4_1.jpeg new ref_count 1 progress 0 (hcm)
17:08:09.176 T:2924440464 M:484237312 DEBUG: insert http://img.fyretv.com:8182/thumbnails/06/02/25/01/6022501-4_1.jpeg to the database (hcm)
17:08:09.178 T:2924440464 M:484237312 DEBUG: update ref map. url http://img.fyretv.com:8182/thumbnails/06/02/25/01/6022501-4_1.jpeg new ref_count 0 progress 0 (hcm)
17:08:09.179 T:2924440464 M:484241408 DEBUG: Creating album thumb from memory: special://masterprofile/profiles/asafg/Thumbnails/Video/f/fd618eb1.tbn
17:08:09.184 T:2918185872 M:484241408 DEBUG: FileCurl::Close(0xadefd7ac) http://img.fyretv.com:8182/thumbnails/06/02/25/36/6022536-1_1.jpeg
17:08:09.186 T:2918185872 M:484241408 DEBUG: CURL STATS: done with . 4.86k in: 0.40 sec. dns: 0.00 sec. connect: 0.00 s. pretransfer: 0.00 s. speed: 12.01 kbytes/sec.
17:08:09.188 T:2918185872 M:484249600 DEBUG: update ref map. url http://img.fyretv.com:8182/thumbnails/06/02/25/36/6022536-1_1.jpeg new ref_count 1 progress 0 (hcm)
17:08:09.189 T:2918185872 M:484249600 DEBUG: insert http://img.fyretv.com:8182/thumbnails/06/02/25/36/6022536-1_1.jpeg to the database (hcm)
17:08:09.191 T:2918185872 M:484249600 DEBUG: update ref map. url http://img.fyretv.com:8182/thumbnails/06/02/25/36/6022536-1_1.jpeg new ref_count 0 progress 0 (hcm)
17:08:09.192 T:2918185872 M:484249600 DEBUG: Creating album thumb from memory: special://masterprofile/profiles/asafg/Thumbnails/Video/8/8b593a70.tbn
17:08:09.199 T:2918185872 M:484257792 DEBUG: TouchThumbnailFile touch thumbnail file special://masterprofile/profiles/asafg/Thumbnails/Video/8/8b593a70.tbn size 4972 (thm)
17:08:09.200 T:2918185872 M:484257792 DEBUG: CDirectory::GetDirectory , calling g_directoryCache.GetDirectory with path: //.boxee/UserData/profiles , items: 0 , retreiveAll: 0 (cache check)
17:08:09.200 T:2918185872 M:484257792 DEBUG: CDirectory::GetDirectory , g_directoryCache.GetDirectory returned false (cache check)
17:08:09.226 T:2924440464 M:484253696 DEBUG: TouchThumbnailFile touch thumbnail file special://masterprofile/profiles/asafg/Thumbnails/Video/f/fd618eb1.tbn size 6695 (thm)
17:08:09.257 T:2918185872 M:484253696 DEBUG: TouchThumbnailFile touch thumbnail file special://masterprofile/profiles/asafg/Thumbnails/Video/8/8b593a70.tbn doesn't exist - add new total 11 files average time 1038332589 (thm)
17:08:09.498 T:2924440464 M:484278272 DEBUG: CDirectory::GetDirectory , calling g_directoryCache.GetDirectory with path: //.boxee/UserData/profiles , items: 0 , retreiveAll: 0 (cache check)
17:08:09.499 T:2924440464 M:484278272 DEBUG: CDirectory::GetDirectory , g_directoryCache.GetDirectory returned false (cache check)
17:08:09.532 T:2918185872 M:484261888 DEBUG: CDirectoryCache::UpdateItem, CACHE updating dirPath = , cacheId = , item = True Home Made Amateur 5 Scene 1, path = http://mtw2.fyretv.com:1935/boxee183413 (dircache)
17:08:09.533 T:2918185872 M:484261888 DEBUG: TouchThumbnailFile touch thumbnail file special://masterprofile/profiles/asafg/Thumbnails/Video/8/8b593a70.tbn size 6803 (thm)
17:08:09.566 T:2924440464 M:484261888 DEBUG: TouchThumbnailFile touch thumbnail file special://masterprofile/profiles/asafg/Thumbnails/Video/f/fd618eb1.tbn doesn't exist - add new total 12 files average time 1062631814 (thm)
17:08:09.628 T:2918185872 M:484278272 DEBUG: TouchThumbnailFile touch thumbnail file special://masterprofile/profiles/asafg/Thumbnails/Video/8/8b593a70.tbn already exist - update the average time total 12 files average time 1062631814(thm)
17:08:09.631 T:2924440464 M:484278272 DEBUG: CDirectoryCache::UpdateItem, CACHE updating dirPath = , cacheId = , item = Mom And The Pop Scene 4, path = http://mtw2.fyretv.com:1935/boxee183223 (dircache)
17:08:09.632 T:2924440464 M:484278272 DEBUG: TouchThumbnailFile touch thumbnail file special://masterprofile/profiles/asafg/Thumbnails/Video/f/fd618eb1.tbn size 9325 (thm)
17:08:09.633 T:2924440464 M:484278272 DEBUG: TouchThumbnailFile touch thumbnail file special://masterprofile/profiles/asafg/Thumbnails/Video/f/fd618eb1.tbn already exist - update the average time total 12 files average time 1062631814(thm)
17:08:09.746 T:3071473440 M:484278272 DEBUG: CKeyboardStat, SDLKeyboard: scancode: 106, sym: 275, unicode: 0, modifier: 0
17:08:09.747 T:3071473440 M:484278272 DEBUG: CApplication::OnKey - [key=61479][window=14525][action=2]
17:08:09.748 T:3071473440 M:484282368 DEBUG: OnKey: 61479 pressed, action is 2
17:08:09.750 T:3071473440 M:484282368 DEBUG: CApplication::ExecuteAction, execute python action for window 14525 in app context: tv.boxee.fyretv (python)
17:08:09.750 T:3071473440 M:484282368 DEBUG: XBPython::evalStringInContext... contextId = tv.boxee.fyretv (python)
17:08:09.750 T:3071473440 M:484282368 DEBUG: XBPython::GetContext, found context for id = tv.boxee.fyretv (python)
17:08:09.751 T:2926545808 M:484282368 INFO: XBPyPersistentThread::Process, running job (python)
17:08:09.751 T:2926545808 M:484282368 DEBUG: XBPyPersistentThread::CreatePolicy -thread id 0x1e4e
17:08:09.752 T:2926545808 M:484282368 INFO: XBPyPersistentThread::Process, run script, (python)
17:08:09.763 T:2926545808 M:484282368 INFO: Scriptresult: Success
17:08:09.764 T:2926545808 M:484282368 DEBUG: XBPyPersistentThread::DeletePolicy -thread id 0x1e4e
17:08:09.764 T:2926545808 M:484282368 INFO: XBPyPersistentThread::Process, iteration started (python)
17:08:09.968 T:2928651152 M:484282368 DEBUG: CVideoThumbLoader::LoadItem, strItemPath = http://mtw2.fyretv.com:1935/boxee183460, cachedThumb = special://masterprofile/profiles/asafg/Thumbnails/Video/b/b1d562d3.tbn (thumb)
17:08:09.969 T:2928651152 M:484282368 DEBUG: Creating thumb from: http://img.fyretv.com:8182/thumbnails/06/02/25/44/6022544-3_1.jpeg as: special://masterprofile/profiles/asafg/Thumbnails/Video/b/b1d562d3.tbn
17:08:09.971 T:2928651152 M:484282368 DEBUG: update ref map. url http://img.fyretv.com:8182/thumbnails/06/02/25/44/6022544-3_1.jpeg new ref_count 1 progress 0 (hcm)
17:08:09.972 T:2928651152 M:484282368 DEBUG: CHttpCacheManager::StartCachingURL push http://img.fyretv.com:8182/thumbnails/06/02/25/44/6022544-3_1.jpeg to m_references (hcm)
17:08:09.972 T:2928651152 M:484282368 DEBUG: FileCurl::Open(0xae8f87ac) http://img.fyretv.com:8182/thumbnails/06/02/25/44/6022544-3_1.jpeg
17:08:09.975 T:2917133200 M:484282368 DEBUG: CVideoThumbLoader::LoadItem, strItemPath = http://mtw2.fyretv.com:1935/boxee183977, cachedThumb = special://masterprofile/profiles/asafg/Thumbnails/Video/7/75f489a9.tbn (thumb)
17:08:09.976 T:2917133200 M:484282368 DEBUG: Creating thumb from: http://img.fyretv.com:8182/thumbnails/06/02/26/27/6022627-5_1.jpeg as: special://masterprofile/profiles/asafg/Thumbnails/Video/7/75f489a9.tbn
17:08:09.979 T:2917133200 M:484282368 DEBUG: update ref map. url http://img.fyretv.com:8182/thumbnails/06/02/26/27/6022627-5_1.jpeg new ref_count 1 progress 0 (hcm)
17:08:09.980 T:2917133200 M:484282368 DEBUG: CHttpCacheManager::StartCachingURL push http://img.fyretv.com:8182/thumbnails/06/02/26/27/6022627-5_1.jpeg to m_references (hcm)
17:08:09.980 T:2917133200 M:484282368 DEBUG: FileCurl::Open(0xaddfc7ac) http://img.fyretv.com:8182/thumbnails/06/02/26/27/6022627-5_1.jpeg
17:08:10.175 T:2928651152 M:484249600 DEBUG: Open - filesize: 6532
17:08:10.186 T:2917133200 M:484249600 DEBUG: Open - filesize: 8732
17:08:10.263 T:3071473440 M:484249600 DEBUG: CKeyboardStat, SDLKeyboard: scancode: 106, sym: 275, unicode: 0, modifier: 0
17:08:10.264 T:3071473440 M:484249600 DEBUG: CApplication::OnKey - [key=61479][window=14525][action=2]
17:08:10.264 T:3071473440 M:484249600 DEBUG: OnKey: 61479 pressed, action is 2
17:08:10.267 T:3071473440 M:484249600 DEBUG: CApplication::ExecuteAction, execute python action for window 14525 in app context: tv.boxee.fyretv (python)
17:08:10.268 T:3071473440 M:484249600 DEBUG: XBPython::evalStringInContext... contextId = tv.boxee.fyretv (python)
17:08:10.268 T:3071473440 M:484249600 DEBUG: XBPython::GetContext, found context for id = tv.boxee.fyretv (python)
17:08:10.268 T:2926545808 M:484249600 INFO: XBPyPersistentThread::Process, running job (python)
17:08:10.269 T:2926545808 M:484249600 DEBUG: XBPyPersistentThread::CreatePolicy -thread id 0x1e4e
17:08:10.270 T:2926545808 M:484249600 INFO: XBPyPersistentThread::Process, run script, (python)
17:08:10.281 T:2926545808 M:484249600 INFO: Scriptresult: Success
17:08:10.281 T:2926545808 M:484253696 DEBUG: XBPyPersistentThread::DeletePolicy -thread id 0x1e4e
17:08:10.282 T:2926545808 M:484253696 INFO: XBPyPersistentThread::Process, iteration started (python)
17:08:10.365 T:2928651152 M:484253696 DEBUG: FileCurl::Close(0xae8f87ac) http://img.fyretv.com:8182/thumbnails/06/02/25/44/6022544-3_1.jpeg
17:08:10.366 T:2928651152 M:484253696 DEBUG: CURL STATS: done with . 6.38k in: 0.39 sec. dns: 0.00 sec. connect: 0.00 s. pretransfer: 0.00 s. speed: 16.30 kbytes/sec.
17:08:10.368 T:2928651152 M:484261888 DEBUG: update ref map. url http://img.fyretv.com:8182/thumbnails/06/02/25/44/6022544-3_1.jpeg new ref_count 1 progress 0 (hcm)
17:08:10.370 T:2928651152 M:484261888 DEBUG: insert http://img.fyretv.com:8182/thumbnails/06/02/25/44/6022544-3_1.jpeg to the database (hcm)
17:08:10.371 T:2928651152 M:484261888 DEBUG: update ref map. url http://img.fyretv.com:8182/thumbnails/06/02/25/44/6022544-3_1.jpeg new ref_count 0 progress 0 (hcm)
17:08:10.372 T:2928651152 M:484261888 DEBUG: Creating album thumb from memory: special://masterprofile/profiles/asafg/Thumbnails/Video/b/b1d562d3.tbn
17:08:10.375 T:2917133200 M:484261888 DEBUG: FileCurl::Close(0xaddfc7ac) http://img.fyretv.com:8182/thumbnails/06/02/26/27/6022627-5_1.jpeg
17:08:10.376 T:2917133200 M:484261888 DEBUG: CURL STATS: done with . 8.53k in: 0.39 sec. dns: 0.00 sec. connect: 0.00 s. pretransfer: 0.00 s. speed: 21.63 kbytes/sec.
17:08:10.379 T:2917133200 M:484274176 DEBUG: update ref map. url http://img.fyretv.com:8182/thumbnails/06/02/26/27/6022627-5_1.jpeg new ref_count 1 progress 0 (hcm)
17:08:10.380 T:2917133200 M:484274176 DEBUG: insert http://img.fyretv.com:8182/thumbnails/06/02/26/27/6022627-5_1.jpeg to the database (hcm)
17:08:10.382 T:2917133200 M:484278272 DEBUG: update ref map. url http://img.fyretv.com:8182/thumbnails/06/02/26/27/6022627-5_1.jpeg new ref_count 0 progress 0 (hcm)
17:08:10.383 T:2917133200 M:484278272 DEBUG: Creating album thumb from memory: special://masterprofile/profiles/asafg/Thumbnails/Video/7/75f489a9.tbn
17:08:10.396 T:2928651152 M:484171776 DEBUG: TouchThumbnailFile touch thumbnail file special://masterprofile/profiles/asafg/Thumbnails/Video/b/b1d562d3.tbn size 6532 (thm)
17:08:10.397 T:2928651152 M:484171776 DEBUG: CDirectory::GetDirectory , calling g_directoryCache.GetDirectory with path: //.boxee/UserData/profiles , items: 0 , retreiveAll: 0 (cache check)
17:08:10.398 T:2928651152 M:484171776 DEBUG: CDirectory::GetDirectory , g_directoryCache.GetDirectory returned false (cache check)
17:08:10.423 T:2917133200 M:484159488 DEBUG: TouchThumbnailFile touch thumbnail file special://masterprofile/profiles/asafg/Thumbnails/Video/7/75f489a9.tbn size 8732 (thm)
17:08:10.452 T:2928651152 M:484159488 DEBUG: TouchThumbnailFile touch thumbnail file special://masterprofile/profiles/asafg/Thumbnails/Video/b/b1d562d3.tbn doesn't exist - add new total 13 files average time 1083192696 (thm)
17:08:10.469 T:3018603408 M:484179968 DEBUG: CVideoThumbLoader::LoadItem, strItemPath = http://mtw2.fyretv.com:1935/boxee183979, cachedThumb = special://masterprofile/profiles/asafg/Thumbnails/Video/4/497a29a3.tbn (thumb)
17:08:10.470 T:3018603408 M:484179968 DEBUG: Creating thumb from: http://img.fyretv.com:8182/thumbnails/06/02/26/28/6022628-1_1.jpeg as: special://masterprofile/profiles/asafg/Thumbnails/Video/4/497a29a3.tbn
17:08:10.473 T:3018603408 M:484179968 DEBUG: update ref map. url http://img.fyretv.com:8182/thumbnails/06/02/26/28/6022628-1_1.jpeg new ref_count 1 progress 0 (hcm)
17:08:10.473 T:3018603408 M:484179968 DEBUG: CHttpCacheManager::StartCachingURL push http://img.fyretv.com:8182/thumbnails/06/02/26/28/6022628-1_1.jpeg to m_references (hcm)
17:08:10.473 T:3018603408 M:484179968 DEBUG: FileCurl::Open(0xb3ec17ac) http://img.fyretv.com:8182/thumbnails/06/02/26/28/6022628-1_1.jpeg
17:08:10.477 T:2918185872 M:484179968 DEBUG: CVideoThumbLoader::LoadItem, strItemPath = http://mtw2.fyretv.com:1935/boxee184082, cachedThumb = special://masterprofile/profiles/asafg/Thumbnails/Video/c/cc29e93e.tbn (thumb)
17:08:10.478 T:2918185872 M:484184064 DEBUG: Creating thumb from: http://img.fyretv.com:8182/thumbnails/06/02/26/46/6022646-2_1.jpeg as: special://masterprofile/profiles/asafg/Thumbnails/Video/c/cc29e93e.tbn
17:08:10.481 T:2918185872 M:484184064 DEBUG: update ref map. url http://img.fyretv.com:8182/thumbnails/06/02/26/46/6022646-2_1.jpeg new ref_count 1 progress 0 (hcm)
17:08:10.481 T:2918185872 M:484184064 DEBUG: CHttpCacheManager::StartCachingURL push http://img.fyretv.com:8182/thumbnails/06/02/26/46/6022646-2_1.jpeg to m_references (hcm)
17:08:10.482 T:2918185872 M:484184064 DEBUG: FileCurl::Open(0xadefd7ac) http://img.fyretv.com:8182/thumbnails/06/02/26/46/6022646-2_1.jpeg
17:08:10.676 T:3018603408 M:484573184 DEBUG: Open - filesize: 9179
17:08:10.680 T:2918185872 M:484573184 DEBUG: Open - filesize: 5733
17:08:10.754 T:2928651152 M:484581376 DEBUG: CDirectoryCache::UpdateItem, CACHE updating dirPath = , cacheId = , item = Rocco's Psycho Love 3 Scene 3, path = http://mtw2.fyretv.com:1935/boxee183460 (dircache)
17:08:10.755 T:2928651152 M:484581376 DEBUG: TouchThumbnailFile touch thumbnail file special://masterprofile/profiles/asafg/Thumbnails/Video/b/b1d562d3.tbn size 9064 (thm)
17:08:10.756 T:2928651152 M:484581376 DEBUG: TouchThumbnailFile touch thumbnail file special://masterprofile/profiles/asafg/Thumbnails/Video/b/b1d562d3.tbn already exist - update the average time total 13 files average time 1083192696(thm)
17:08:10.876 T:2917133200 M:484573184 DEBUG: CDirectory::GetDirectory , calling g_directoryCache.GetDirectory with path: //.boxee/UserData/profiles , items: 0 , retreiveAll: 0 (cache check)
17:08:10.877 T:2917133200 M:484573184 DEBUG: CDirectory::GetDirectory , g_directoryCache.GetDirectory returned false (cache check)
17:08:10.911 T:3018603408 M:484302848 DEBUG: FileCurl::Close(0xb3ec17ac) http://img.fyretv.com:8182/thumbnails/06/02/26/28/6022628-1_1.jpeg
17:08:10.912 T:3018603408 M:484302848 DEBUG: CURL STATS: done with . 8.96k in: 0.44 sec. dns: 0.00 sec. connect: 0.00 s. pretransfer: 0.00 s. speed: 20.54 kbytes/sec.
17:08:10.914 T:3018603408 M:484315136 DEBUG: update ref map. url http://img.fyretv.com:8182/thumbnails/06/02/26/28/6022628-1_1.jpeg new ref_count 1 progress 0 (hcm)
17:08:10.916 T:3018603408 M:484315136 DEBUG: insert http://img.fyretv.com:8182/thumbnails/06/02/26/28/6022628-1_1.jpeg to the database (hcm)
17:08:10.918 T:3018603408 M:484315136 DEBUG: update ref map. url http://img.fyretv.com:8182/thumbnails/06/02/26/28/6022628-1_1.jpeg new ref_count 0 progress 0 (hcm)
17:08:10.919 T:3018603408 M:484315136 DEBUG: Creating album thumb from memory: special://masterprofile/profiles/asafg/Thumbnails/Video/4/497a29a3.tbn
17:08:10.926 T:3018603408 M:484331520 DEBUG: TouchThumbnailFile touch thumbnail file special://masterprofile/profiles/asafg/Thumbnails/Video/4/497a29a3.tbn size 9179 (thm)
17:08:10.927 T:2918185872 M:484331520 DEBUG: FileCurl::Close(0xadefd7ac) http://img.fyretv.com:8182/thumbnails/06/02/26/46/6022646-2_1.jpeg
17:08:10.928 T:2918185872 M:484331520 DEBUG: CURL STATS: done with . 5.60k in: 0.44 sec. dns: 0.00 sec. connect: 0.00 s. pretransfer: 0.00 s. speed: 12.59 kbytes/sec.
17:08:10.930 T:2918185872 M:484339712 DEBUG: update ref map. url http://img.fyretv.com:8182/thumbnails/06/02/26/46/6022646-2_1.jpeg new ref_count 1 progress 0 (hcm)
17:08:10.932 T:2918185872 M:484339712 DEBUG: insert http://img.fyretv.com:8182/thumbnails/06/02/26/46/6022646-2_1.jpeg to the database (hcm)
17:08:10.933 T:2918185872 M:484339712 DEBUG: update ref map. url http://img.fyretv.com:8182/thumbnails/06/02/26/46/6022646-2_1.jpeg new ref_count 0 progress 0 (hcm)
17:08:10.934 T:2918185872 M:484339712 DEBUG: Creating album thumb from memory: special://masterprofile/profiles/asafg/Thumbnails/Video/c/cc29e93e.tbn
17:08:10.941 T:2918185872 M:484347904 DEBUG: TouchThumbnailFile touch thumbnail file special://masterprofile/profiles/asafg/Thumbnails/Video/c/cc29e93e.tbn size 5733 (thm)
17:08:10.962 T:2917133200 M:484352000 DEBUG: TouchThumbnailFile touch thumbnail file special://masterprofile/profiles/asafg/Thumbnails/Video/7/75f489a9.tbn doesn't exist - add new total 14 files average time 1100816309 (thm)
17:08:10.963 T:3018603408 M:484352000 DEBUG: CDirectory::GetDirectory , calling g_directoryCache.GetDirectory with path: //.boxee/UserData/profiles , items: 0 , retreiveAll: 0 (cache check)
17:08:10.964 T:3018603408 M:484352000 DEBUG: CDirectory::GetDirectory , g_directoryCache.GetDirectory returned false (cache check)
17:08:10.998 T:2917133200 M:484352000 DEBUG: CDirectoryCache::UpdateItem, CACHE updating dirPath = , cacheId = , item = Street Hookers For The White Guy 2 Scene 5, path = http://mtw2.fyretv.com:1935/boxee183977 (dircache)
17:08:11.003 T:2917133200 M:484352000 DEBUG: TouchThumbnailFile touch thumbnail file special://masterprofile/profiles/asafg/Thumbnails/Video/7/75f489a9.tbn size 12258 (thm)
17:08:11.032 T:3018603408 M:484352000 DEBUG: TouchThumbnailFile touch thumbnail file special://masterprofile/profiles/asafg/Thumbnails/Video/4/497a29a3.tbn doesn't exist - add new total 15 files average time 1116090107 (thm)
17:08:11.048 T:3071473440 M:484368384 DEBUG: CKeyboardStat, SDLKeyboard: scancode: 106, sym: 275, unicode: 0, modifier: 0
17:08:11.048 T:3071473440 M:484368384 DEBUG: CApplication::OnKey - [key=61479][window=14525][action=2]
17:08:11.049 T:3071473440 M:484368384 DEBUG: OnKey: 61479 pressed, action is 2
17:08:11.051 T:3071473440 M:484368384 DEBUG: CApplication::ExecuteAction, execute python action for window 14525 in app context: tv.boxee.fyretv (python)
17:08:11.051 T:3071473440 M:484368384 DEBUG: XBPython::evalStringInContext... contextId = tv.boxee.fyretv (python)
17:08:11.052 T:3071473440 M:484368384 DEBUG: XBPython::GetContext, found context for id = tv.boxee.fyretv (python)
