17:08:11.052 T:2926545808 M:484368384 INFO: XBPyPersistentThread::Process, running job (python)
17:08:11.052 T:2926545808 M:484368384 DEBUG: XBPyPersistentThread::CreatePolicy -thread id 0x1e4e
17:08:11.053 T:2926545808 M:484368384 INFO: XBPyPersistentThread::Process, run script, (python)
17:08:11.067 T:2926545808 M:484368384 INFO: Scriptresult: Success
17:08:11.067 T:2926545808 M:484368384 DEBUG: XBPyPersistentThread::DeletePolicy -thread id 0x1e4e
17:08:11.068 T:2926545808 M:484368384 INFO: XBPyPersistentThread::Process, iteration started (python)
17:08:11.252 T:2924440464 M:484368384 DEBUG: CVideoThumbLoader::LoadItem, strItemPath = http://mtw2.fyretv.com:1935/boxee184270, cachedThumb = special://masterprofile/profiles/asafg/Thumbnails/Video/7/7b9db676.tbn (thumb)
17:08:11.253 T:2924440464 M:484368384 DEBUG: Creating thumb from: http://img.fyretv.com:8182/thumbnails/06/02/27/07/6022707-2_1.jpeg as: special://masterprofile/profiles/asafg/Thumbnails/Video/7/7b9db676.tbn
17:08:11.256 T:2924440464 M:484368384 DEBUG: update ref map. url http://img.fyretv.com:8182/thumbnails/06/02/27/07/6022707-2_1.jpeg new ref_count 1 progress 0 (hcm)
17:08:11.257 T:2924440464 M:484368384 DEBUG: CHttpCacheManager::StartCachingURL push http://img.fyretv.com:8182/thumbnails/06/02/27/07/6022707-2_1.jpeg to m_references (hcm)
17:08:11.257 T:2924440464 M:484368384 DEBUG: FileCurl::Open(0xae4f47ac) http://img.fyretv.com:8182/thumbnails/06/02/27/07/6022707-2_1.jpeg
17:08:11.261 T:2928651152 M:484368384 DEBUG: CVideoThumbLoader::LoadItem, strItemPath = http://mtw2.fyretv.com:1935/boxee184305, cachedThumb = special://masterprofile/profiles/asafg/Thumbnails/Video/5/5a4f0fe0.tbn (thumb)
17:08:11.261 T:2928651152 M:484368384 DEBUG: Creating thumb from: http://img.fyretv.com:8182/thumbnails/06/02/27/13/6022713-5_1.jpeg as: special://masterprofile/profiles/asafg/Thumbnails/Video/5/5a4f0fe0.tbn
17:08:11.264 T:2928651152 M:484368384 DEBUG: update ref map. url http://img.fyretv.com:8182/thumbnails/06/02/27/13/6022713-5_1.jpeg new ref_count 1 progress 0 (hcm)
17:08:11.265 T:2928651152 M:484368384 DEBUG: CHttpCacheManager::StartCachingURL push http://img.fyretv.com:8182/thumbnails/06/02/27/13/6022713-5_1.jpeg to m_references (hcm)
17:08:11.265 T:2928651152 M:484372480 DEBUG: FileCurl::Open(0xae8f87ac) http://img.fyretv.com:8182/thumbnails/06/02/27/13/6022713-5_1.jpeg
17:08:11.391 T:3018603408 M:484515840 DEBUG: CDirectoryCache::UpdateItem, CACHE updating dirPath = , cacheId = , item = This Isn't The Twilight Saga Breaking Dawn The XXX Parody Scene 1, path = http://mtw2.fyretv.com:1935/boxee183979 (dircache)
17:08:11.392 T:3018603408 M:484515840 DEBUG: TouchThumbnailFile touch thumbnail file special://masterprofile/profiles/asafg/Thumbnails/Video/4/497a29a3.tbn size 13027 (thm)
17:08:11.392 T:3018603408 M:484515840 DEBUG: TouchThumbnailFile touch thumbnail file special://masterprofile/profiles/asafg/Thumbnails/Video/4/497a29a3.tbn already exist - update the average time total 15 files average time 1116090107(thm)
17:08:11.393 T:2917133200 M:484515840 DEBUG: TouchThumbnailFile touch thumbnail file special://masterprofile/profiles/asafg/Thumbnails/Video/7/75f489a9.tbn already exist - update the average time total 15 files average time 1116090107(thm)
17:08:11.454 T:2918185872 M:484507648 DEBUG: CDirectory::GetDirectory , calling g_directoryCache.GetDirectory with path: //.boxee/UserData/profiles , items: 0 , retreiveAll: 0 (cache check)
17:08:11.455 T:2918185872 M:484507648 DEBUG: CDirectory::GetDirectory , g_directoryCache.GetDirectory returned false (cache check)
17:08:11.486 T:2928651152 M:484364288 DEBUG: Open - filesize: 6432
17:08:11.487 T:2924440464 M:484364288 DEBUG: Open - filesize: 7029
17:08:11.514 T:2918185872 M:484364288 DEBUG: TouchThumbnailFile touch thumbnail file special://masterprofile/profiles/asafg/Thumbnails/Video/c/cc29e93e.tbn doesn't exist - add new total 16 files average time 1129454681 (thm)
17:08:11.578 T:2918185872 M:484380672 DEBUG: CDirectoryCache::UpdateItem, CACHE updating dirPath = , cacheId = , item = Buttman's Stretch Class 9 Scene 2, path = http://mtw2.fyretv.com:1935/boxee184082 (dircache)
17:08:11.579 T:2918185872 M:484380672 DEBUG: TouchThumbnailFile touch thumbnail file special://masterprofile/profiles/asafg/Thumbnails/Video/c/cc29e93e.tbn size 7897 (thm)
17:08:11.580 T:2918185872 M:484380672 DEBUG: TouchThumbnailFile touch thumbnail file special://masterprofile/profiles/asafg/Thumbnails/Video/c/cc29e93e.tbn already exist - update the average time total 16 files average time 1129454681(thm)
17:08:11.659 T:2924440464 M:484380672 DEBUG: FileCurl::Close(0xae4f47ac) http://img.fyretv.com:8182/thumbnails/06/02/27/07/6022707-2_1.jpeg
17:08:11.660 T:2924440464 M:484380672 DEBUG: CURL STATS: done with . 6.86k in: 0.40 sec. dns: 0.00 sec. connect: 0.00 s. pretransfer: 0.00 s. speed: 17.16 kbytes/sec.
17:08:11.661 T:2924440464 M:484388864 DEBUG: update ref map. url http://img.fyretv.com:8182/thumbnails/06/02/27/07/6022707-2_1.jpeg new ref_count 1 progress 0 (hcm)
17:08:11.663 T:2924440464 M:484388864 DEBUG: insert http://img.fyretv.com:8182/thumbnails/06/02/27/07/6022707-2_1.jpeg to the database (hcm)
17:08:11.665 T:2928651152 M:484388864 DEBUG: FileCurl::Close(0xae8f87ac) http://img.fyretv.com:8182/thumbnails/06/02/27/13/6022713-5_1.jpeg
17:08:11.666 T:2928651152 M:484388864 DEBUG: CURL STATS: done with . 6.28k in: 0.40 sec. dns: 0.00 sec. connect: 0.00 s. pretransfer: 0.00 s. speed: 15.78 kbytes/sec.
17:08:11.668 T:2924440464 M:484397056 DEBUG: update ref map. url http://img.fyretv.com:8182/thumbnails/06/02/27/07/6022707-2_1.jpeg new ref_count 0 progress 0 (hcm)
17:08:11.669 T:2924440464 M:484397056 DEBUG: Creating album thumb from memory: special://masterprofile/profiles/asafg/Thumbnails/Video/7/7b9db676.tbn
17:08:11.671 T:2928651152 M:484397056 DEBUG: update ref map. url http://img.fyretv.com:8182/thumbnails/06/02/27/13/6022713-5_1.jpeg new ref_count 1 progress 0 (hcm)
17:08:11.673 T:2928651152 M:484397056 DEBUG: insert http://img.fyretv.com:8182/thumbnails/06/02/27/13/6022713-5_1.jpeg to the database (hcm)
17:08:11.675 T:2928651152 M:484401152 DEBUG: update ref map. url http://img.fyretv.com:8182/thumbnails/06/02/27/13/6022713-5_1.jpeg new ref_count 0 progress 0 (hcm)
17:08:11.676 T:2928651152 M:484401152 DEBUG: Creating album thumb from memory: special://masterprofile/profiles/asafg/Thumbnails/Video/5/5a4f0fe0.tbn
17:08:11.684 T:2928651152 M:484286464 DEBUG: TouchThumbnailFile touch thumbnail file special://masterprofile/profiles/asafg/Thumbnails/Video/5/5a4f0fe0.tbn size 6432 (thm)
17:08:11.690 T:2924440464 M:484298752 DEBUG: TouchThumbnailFile touch thumbnail file special://masterprofile/profiles/asafg/Thumbnails/Video/7/7b9db676.tbn size 7029 (thm)
17:08:11.691 T:2928651152 M:484298752 DEBUG: CDirectory::GetDirectory , calling g_directoryCache.GetDirectory with path: //.boxee/UserData/profiles , items: 0 , retreiveAll: 0 (cache check)
17:08:11.691 T:2928651152 M:484298752 DEBUG: CDirectory::GetDirectory , g_directoryCache.GetDirectory returned false (cache check)
17:08:11.743 T:2928651152 M:484155392 DEBUG: TouchThumbnailFile touch thumbnail file special://masterprofile/profiles/asafg/Thumbnails/Video/5/5a4f0fe0.tbn doesn't exist - add new total 17 files average time 1141246952 (thm)
17:08:11.999 T:3071473440 M:484171776 DEBUG: CKeyboardStat, SDLKeyboard: scancode: 106, sym: 275, unicode: 0, modifier: 0
17:08:11.999 T:3071473440 M:484171776 DEBUG: CApplication::OnKey - [key=61479][window=14525][action=2]
17:08:12.000 T:3071473440 M:484171776 DEBUG: OnKey: 61479 pressed, action is 2
17:08:12.000 T:3071473440 M:484171776 DEBUG: CApplication::ExecuteAction, execute python action for window 14525 in app context: tv.boxee.fyretv (python)
17:08:12.001 T:3071473440 M:484171776 DEBUG: XBPython::evalStringInContext... contextId = tv.boxee.fyretv (python)
17:08:12.001 T:3071473440 M:484171776 DEBUG: XBPython::GetContext, found context for id = tv.boxee.fyretv (python)
17:08:12.003 T:2926545808 M:484171776 INFO: XBPyPersistentThread::Process, running job (python)
17:08:12.003 T:2926545808 M:484171776 DEBUG: XBPyPersistentThread::CreatePolicy -thread id 0x1e4e
17:08:12.004 T:2926545808 M:484171776 INFO: XBPyPersistentThread::Process, run script, (python)
17:08:12.016 T:2926545808 M:484171776 INFO: Scriptresult: Success
17:08:12.017 T:2926545808 M:484171776 DEBUG: XBPyPersistentThread::DeletePolicy -thread id 0x1e4e
17:08:12.017 T:2926545808 M:484171776 INFO: XBPyPersistentThread::Process, iteration started (python)
17:08:12.218 T:2924440464 M:484171776 DEBUG: CDirectory::GetDirectory , calling g_directoryCache.GetDirectory with path: //.boxee/UserData/profiles , items: 0 , retreiveAll: 0 (cache check)
17:08:12.219 T:2924440464 M:484171776 DEBUG: CDirectory::GetDirectory , g_directoryCache.GetDirectory returned false (cache check)
17:08:12.221 T:2928651152 M:484171776 DEBUG: CDirectoryCache::UpdateItem, CACHE updating dirPath = , cacheId = , item = American Bride Scene 5, path = http://mtw2.fyretv.com:1935/boxee184305 (dircache)
17:08:12.222 T:2928651152 M:484171776 DEBUG: TouchThumbnailFile touch thumbnail file special://masterprofile/profiles/asafg/Thumbnails/Video/5/5a4f0fe0.tbn size 8949 (thm)
17:08:12.260 T:3018603408 M:484155392 DEBUG: CVideoThumbLoader::LoadItem, strItemPath = http://mtw2.fyretv.com:1935/boxee184306, cachedThumb = special://masterprofile/profiles/asafg/Thumbnails/Video/5/570c2939.tbn (thumb)
17:08:12.261 T:3018603408 M:484155392 DEBUG: Creating thumb from: http://img.fyretv.com:8182/thumbnails/06/02/27/13/6022713-6_1.jpeg as: special://masterprofile/profiles/asafg/Thumbnails/Video/5/570c2939.tbn
17:08:12.264 T:3018603408 M:484155392 DEBUG: update ref map. url http://img.fyretv.com:8182/thumbnails/06/02/27/13/6022713-6_1.jpeg new ref_count 1 progress 0 (hcm)
17:08:12.264 T:3018603408 M:484155392 DEBUG: CHttpCacheManager::StartCachingURL push http://img.fyretv.com:8182/thumbnails/06/02/27/13/6022713-6_1.jpeg to m_references (hcm)
17:08:12.265 T:3018603408 M:484155392 DEBUG: FileCurl::Open(0xb3ec17ac) http://img.fyretv.com:8182/thumbnails/06/02/27/13/6022713-6_1.jpeg
17:08:12.268 T:2917133200 M:484159488 DEBUG: CVideoThumbLoader::LoadItem, strItemPath = http://mtw2.fyretv.com:1935/boxee184978, cachedThumb = special://masterprofile/profiles/asafg/Thumbnails/Video/5/5139ca7f.tbn (thumb)
17:08:12.269 T:2917133200 M:484159488 DEBUG: Creating thumb from: http://img.fyretv.com:8182/thumbnails/06/02/28/32/6022832-2_1.jpeg as: special://masterprofile/profiles/asafg/Thumbnails/Video/5/5139ca7f.tbn
17:08:12.271 T:2917133200 M:484159488 DEBUG: update ref map. url http://img.fyretv.com:8182/thumbnails/06/02/28/32/6022832-2_1.jpeg new ref_count 1 progress 0 (hcm)
17:08:12.272 T:2917133200 M:484159488 DEBUG: CHttpCacheManager::StartCachingURL push http://img.fyretv.com:8182/thumbnails/06/02/28/32/6022832-2_1.jpeg to m_references (hcm)
17:08:12.272 T:2917133200 M:484159488 DEBUG: FileCurl::Open(0xaddfc7ac) http://img.fyretv.com:8182/thumbnails/06/02/28/32/6022832-2_1.jpeg
17:08:12.293 T:2924440464 M:484548608 DEBUG: TouchThumbnailFile touch thumbnail file special://masterprofile/profiles/asafg/Thumbnails/Video/7/7b9db676.tbn doesn't exist - add new total 18 files average time 1151728970 (thm)
17:08:12.465 T:3018603408 M:484556800 DEBUG: Open - filesize: 6262
17:08:12.473 T:3071473440 M:484556800 DEBUG: (dbg) FreeMem 473200/643508 Kb, FPS 34.0, CPU0: 72.6% (34.6%) Loader Q:[0] Textures:[235 (56.84 M)] SERVER: [67.225.149.139] ver: 1.5.1.23714-b17e3b9
17:08:12.474 T:2917133200 M:484556800 DEBUG: Open - filesize: 7663
17:08:12.476 T:3071473440 M:484556800 DEBUG: (dbg)
17:08:12.633 T:3071473440 M:484560896 DEBUG: CKeyboardStat, SDLKeyboard: scancode: 105, sym: 276, unicode: 0, modifier: 0
17:08:12.633 T:3071473440 M:484560896 DEBUG: CApplication::OnKey - [key=61477][window=14525][action=1]
17:08:12.634 T:3071473440 M:484560896 DEBUG: OnKey: 61477 pressed, action is 1
17:08:12.636 T:3071473440 M:484560896 DEBUG: CApplication::ExecuteAction, execute python action for window 14525 in app context: tv.boxee.fyretv (python)
17:08:12.636 T:3071473440 M:484560896 DEBUG: XBPython::evalStringInContext... contextId = tv.boxee.fyretv (python)
17:08:12.637 T:3071473440 M:484560896 DEBUG: XBPython::GetContext, found context for id = tv.boxee.fyretv (python)
17:08:12.637 T:2926545808 M:484560896 INFO: XBPyPersistentThread::Process, running job (python)
17:08:12.638 T:2926545808 M:484560896 DEBUG: XBPyPersistentThread::CreatePolicy -thread id 0x1e4e
17:08:12.639 T:2926545808 M:484560896 INFO: XBPyPersistentThread::Process, run script, (python)
17:08:12.640 T:2926545808 M:484560896 NOTICE: scroll scenes Left
17:08:12.650 T:2926545808 M:484560896 INFO: Scriptresult: Success
17:08:12.650 T:2926545808 M:484560896 DEBUG: XBPyPersistentThread::DeletePolicy -thread id 0x1e4e
17:08:12.651 T:2926545808 M:484560896 INFO: XBPyPersistentThread::Process, iteration started (python)
17:08:12.654 T:3018603408 M:484560896 DEBUG: FileCurl::Close(0xb3ec17ac) http://img.fyretv.com:8182/thumbnails/06/02/27/13/6022713-6_1.jpeg
17:08:12.656 T:3018603408 M:484560896 DEBUG: CURL STATS: done with . 6.12k in: 0.39 sec. dns: 0.00 sec. connect: 0.00 s. pretransfer: 0.00 s. speed: 15.76 kbytes/sec.
17:08:12.657 T:3018603408 M:484569088 DEBUG: update ref map. url http://img.fyretv.com:8182/thumbnails/06/02/27/13/6022713-6_1.jpeg new ref_count 1 progress 0 (hcm)
17:08:12.659 T:3018603408 M:484569088 DEBUG: insert http://img.fyretv.com:8182/thumbnails/06/02/27/13/6022713-6_1.jpeg to the database (hcm)
17:08:12.661 T:3018603408 M:484569088 DEBUG: update ref map. url http://img.fyretv.com:8182/thumbnails/06/02/27/13/6022713-6_1.jpeg new ref_count 0 progress 0 (hcm)
17:08:12.662 T:3018603408 M:484569088 DEBUG: Creating album thumb from memory: special://masterprofile/profiles/asafg/Thumbnails/Video/5/570c2939.tbn
17:08:12.669 T:2917133200 M:484569088 DEBUG: FileCurl::Close(0xaddfc7ac) http://img.fyretv.com:8182/thumbnails/06/02/28/32/6022832-2_1.jpeg
17:08:12.669 T:2917133200 M:484569088 DEBUG: CURL STATS: done with . 7.48k in: 0.40 sec. dns: 0.00 sec. connect: 0.00 s. pretransfer: 0.00 s. speed: 18.92 kbytes/sec.
17:08:12.671 T:2917133200 M:484581376 DEBUG: update ref map. url http://img.fyretv.com:8182/thumbnails/06/02/28/32/6022832-2_1.jpeg new ref_count 1 progress 0 (hcm)
17:08:12.673 T:2917133200 M:484581376 DEBUG: insert http://img.fyretv.com:8182/thumbnails/06/02/28/32/6022832-2_1.jpeg to the database (hcm)
17:08:12.674 T:2917133200 M:484581376 DEBUG: update ref map. url http://img.fyretv.com:8182/thumbnails/06/02/28/32/6022832-2_1.jpeg new ref_count 0 progress 0 (hcm)
17:08:12.676 T:2917133200 M:484581376 DEBUG: Creating album thumb from memory: special://masterprofile/profiles/asafg/Thumbnails/Video/5/5139ca7f.tbn
17:08:12.721 T:2917133200 M:484466688 DEBUG: TouchThumbnailFile touch thumbnail file special://masterprofile/profiles/asafg/Thumbnails/Video/5/5139ca7f.tbn size 7663 (thm)
17:08:12.726 T:3018603408 M:484478976 DEBUG: TouchThumbnailFile touch thumbnail file special://masterprofile/profiles/asafg/Thumbnails/Video/5/570c2939.tbn size 6262 (thm)
17:08:12.743 T:2924440464 M:484483072 DEBUG: CDirectoryCache::UpdateItem, CACHE updating dirPath = , cacheId = , item = Your Hot Mom Scene 2, path = http://mtw2.fyretv.com:1935/boxee184270 (dircache)
17:08:12.744 T:2924440464 M:484483072 DEBUG: TouchThumbnailFile touch thumbnail file special://masterprofile/profiles/asafg/Thumbnails/Video/7/7b9db676.tbn size 9844 (thm)
17:08:12.744 T:2924440464 M:484483072 DEBUG: TouchThumbnailFile touch thumbnail file special://masterprofile/profiles/asafg/Thumbnails/Video/7/7b9db676.tbn already exist - update the average time total 18 files average time 1151728970(thm)
17:08:12.806 T:2917133200 M:483975168 DEBUG: CDirectory::GetDirectory , calling g_directoryCache.GetDirectory with path: //.boxee/UserData/profiles , items: 0 , retreiveAll: 0 (cache check)
17:08:12.806 T:2917133200 M:483975168 DEBUG: CDirectory::GetDirectory , g_directoryCache.GetDirectory returned false (cache check)
17:08:12.862 T:2917133200 M:483704832 DEBUG: TouchThumbnailFile touch thumbnail file special://masterprofile/profiles/asafg/Thumbnails/Video/5/5139ca7f.tbn doesn't exist - add new total 19 files average time 1161107618 (thm)
17:08:12.863 T:3018603408 M:483704832 DEBUG: CDirectory::GetDirectory , calling g_directoryCache.GetDirectory with path: //.boxee/UserData/profiles , items: 0 , retreiveAll: 0 (cache check)
17:08:12.864 T:3018603408 M:483704832 DEBUG: CDirectory::GetDirectory , g_directoryCache.GetDirectory returned false (cache check)
17:08:12.898 T:2917133200 M:483704832 DEBUG: CDirectoryCache::UpdateItem, CACHE updating dirPath = , cacheId = , item = DP Desires Scene 2, path = http://mtw2.fyretv.com:1935/boxee184978 (dircache)
17:08:12.900 T:2917133200 M:483704832 DEBUG: TouchThumbnailFile touch thumbnail file special://masterprofile/profiles/asafg/Thumbnails/Video/5/5139ca7f.tbn size 10767 (thm)
17:08:12.924 T:3018603408 M:483831808 DEBUG: TouchThumbnailFile touch thumbnail file special://masterprofile/profiles/asafg/Thumbnails/Video/5/570c2939.tbn doesn't exist - add new total 20 files average time 1169548401 (thm)
17:08:12.926 T:2928651152 M:483831808 DEBUG: TouchThumbnailFile touch thumbnail file special://masterprofile/profiles/asafg/Thumbnails/Video/5/5a4f0fe0.tbn already exist - update the average time total 20 files average time 1169548401(thm)
17:08:12.929 T:3018603408 M:483831808 DEBUG: CDirectoryCache::UpdateItem, CACHE updating dirPath = , cacheId = , item = American Bride Scene 6, path = http://mtw2.fyretv.com:1935/boxee184306 (dircache)
17:08:12.930 T:3018603408 M:483831808 DEBUG: TouchThumbnailFile touch thumbnail file special://masterprofile/profiles/asafg/Thumbnails/Video/5/570c2939.tbn size 8806 (thm)
17:08:12.991 T:2917133200 M:483848192 DEBUG: TouchThumbnailFile touch thumbnail file special://masterprofile/profiles/asafg/Thumbnails/Video/5/5139ca7f.tbn already exist - update the average time total 20 files average time 1169548401(thm)
17:08:12.992 T:3018603408 M:483848192 DEBUG: TouchThumbnailFile touch thumbnail file special://masterprofile/profiles/asafg/Thumbnails/Video/5/570c2939.tbn already exist - update the average time total 20 files average time 1169548401(thm)
17:08:13.033 T:3071473440 M:483725312 DEBUG: CKeyboardStat, SDLKeyboard: scancode: 105, sym: 276, unicode: 0, modifier: 0
17:08:13.033 T:3071473440 M:483725312 DEBUG: CApplication::OnKey - [key=61477][window=14525][action=1]
17:08:13.034 T:3071473440 M:483725312 DEBUG: OnKey: 61477 pressed, action is 1
17:08:13.036 T:3071473440 M:483725312 DEBUG: CApplication::ExecuteAction, execute python action for window 14525 in app context: tv.boxee.fyretv (python)
17:08:13.037 T:3071473440 M:483725312 DEBUG: XBPython::evalStringInContext... contextId = tv.boxee.fyretv (python)
17:08:13.037 T:3071473440 M:483725312 DEBUG: XBPython::GetContext, found context for id = tv.boxee.fyretv (python)
17:08:13.038 T:2926545808 M:483725312 INFO: XBPyPersistentThread::Process, running job (python)
17:08:13.038 T:2926545808 M:483725312 DEBUG: XBPyPersistentThread::CreatePolicy -thread id 0x1e4e
17:08:13.039 T:2926545808 M:483725312 INFO: XBPyPersistentThread::Process, run script, (python)
17:08:13.040 T:2926545808 M:483725312 NOTICE: scroll scenes Left
17:08:13.050 T:2926545808 M:483725312 INFO: Scriptresult: Success
17:08:13.051 T:2926545808 M:483725312 DEBUG: XBPyPersistentThread::DeletePolicy -thread id 0x1e4e
17:08:13.051 T:2926545808 M:483725312 INFO: XBPyPersistentThread::Process, iteration started (python)
17:08:13.101 T:3071473440 M:483344384 DEBUG: CKeyboardStat, SDLKeyboard: scancode: 105, sym: 276, unicode: 0, modifier: 0
17:08:13.101 T:3071473440 M:483344384 DEBUG: CApplication::OnKey - [key=61477][window=14525][action=1]
17:08:13.102 T:3071473440 M:483344384 DEBUG: OnKey: 61477 pressed, action is 1
17:08:13.103 T:3071473440 M:483344384 DEBUG: CApplication::ExecuteAction, execute python action for window 14525 in app context: tv.boxee.fyretv (python)
17:08:13.104 T:3071473440 M:483344384 DEBUG: XBPython::evalStringInContext... contextId = tv.boxee.fyretv (python)
17:08:13.105 T:3071473440 M:483344384 DEBUG: XBPython::GetContext, found context for id = tv.boxee.fyretv (python)
17:08:13.105 T:2926545808 M:483344384 INFO: XBPyPersistentThread::Process, running job (python)
17:08:13.105 T:2926545808 M:483344384 DEBUG: XBPyPersistentThread::CreatePolicy -thread id 0x1e4e
17:08:13.106 T:2926545808 M:483344384 INFO: XBPyPersistentThread::Process, run script, (python)
17:08:13.107 T:2926545808 M:483344384 NOTICE: scroll scenes Left
17:08:13.150 T:2926545808 M:483344384 INFO: Scriptresult: Success
17:08:13.151 T:2926545808 M:483344384 DEBUG: XBPyPersistentThread::DeletePolicy -thread id 0x1e4e
17:08:13.151 T:2926545808 M:483344384 INFO: XBPyPersistentThread::Process, iteration started (python)
17:08:13.181 T:3071473440 M:483217408 DEBUG: CKeyboardStat, SDLKeyboard: scancode: 105, sym: 276, unicode: 0, modifier: 0
17:08:13.182 T:3071473440 M:483217408 DEBUG: CApplication::OnKey - [key=61477][window=14525][action=1]
17:08:13.182 T:3071473440 M:483217408 DEBUG: OnKey: 61477 pressed, action is 1
17:08:13.185 T:3071473440 M:483217408 DEBUG: CApplication::ExecuteAction, execute python action for window 14525 in app context: tv.boxee.fyretv (python)
17:08:13.185 T:3071473440 M:483217408 DEBUG: XBPython::evalStringInContext... contextId = tv.boxee.fyretv (python)
17:08:13.186 T:3071473440 M:483217408 DEBUG: XBPython::GetContext, found context for id = tv.boxee.fyretv (python)
17:08:13.186 T:2926545808 M:483217408 INFO: XBPyPersistentThread::Process, running job (python)
17:08:13.186 T:2926545808 M:483217408 DEBUG: XBPyPersistentThread::CreatePolicy -thread id 0x1e4e
17:08:13.187 T:2926545808 M:483217408 INFO: XBPyPersistentThread::Process, run script, (python)
17:08:13.188 T:2926545808 M:483217408 NOTICE: scroll scenes Left
17:08:13.217 T:2926545808 M:483217408 INFO: Scriptresult: Success
17:08:13.217 T:2926545808 M:483217408 DEBUG: XBPyPersistentThread::DeletePolicy -thread id 0x1e4e
17:08:13.218 T:2926545808 M:483221504 INFO: XBPyPersistentThread::Process, iteration started (python)
17:08:13.250 T:3071473440 M:483221504 DEBUG: CKeyboardStat, SDLKeyboard: scancode: 105, sym: 276, unicode: 0, modifier: 0
17:08:13.250 T:3071473440 M:483221504 DEBUG: CApplication::OnKey - [key=61477][window=14525][action=1]
17:08:13.251 T:3071473440 M:483221504 DEBUG: OnKey: 61477 pressed, action is 1
17:08:13.253 T:3071473440 M:483221504 DEBUG: CApplication::ExecuteAction, execute python action for window 14525 in app context: tv.boxee.fyretv (python)
17:08:13.253 T:3071473440 M:483221504 DEBUG: XBPython::evalStringInContext... contextId = tv.boxee.fyretv (python)
17:08:13.254 T:3071473440 M:483221504 DEBUG: XBPython::GetContext, found context for id = tv.boxee.fyretv (python)
17:08:13.254 T:2926545808 M:483221504 INFO: XBPyPersistentThread::Process, running job (python)
17:08:13.254 T:2926545808 M:483221504 DEBUG: XBPyPersistentThread::CreatePolicy -thread id 0x1e4e
17:08:13.256 T:2926545808 M:483221504 INFO: XBPyPersistentThread::Process, run script, (python)
17:08:13.256 T:2926545808 M:483221504 NOTICE: scroll scenes Left
17:08:13.284 T:2926545808 M:483221504 INFO: Scriptresult: Success
17:08:13.284 T:2926545808 M:483221504 DEBUG: XBPyPersistentThread::DeletePolicy -thread id 0x1e4e
17:08:13.285 T:2926545808 M:483221504 INFO: XBPyPersistentThread::Process, iteration started (python)
17:08:13.317 T:3071473440 M:483221504 DEBUG: CKeyboardStat, SDLKeyboard: scancode: 105, sym: 276, unicode: 0, modifier: 0
17:08:13.317 T:3071473440 M:483221504 DEBUG: CApplication::OnKey - [key=61477][window=14525][action=1]
17:08:13.318 T:3071473440 M:483221504 DEBUG: OnKey: 61477 pressed, action is 1
17:08:13.320 T:3071473440 M:483221504 DEBUG: CApplication::ExecuteAction, execute python action for window 14525 in app context: tv.boxee.fyretv (python)
17:08:13.321 T:3071473440 M:483221504 DEBUG: XBPython::evalStringInContext... contextId = tv.boxee.fyretv (python)
17:08:13.321 T:3071473440 M:483221504 DEBUG: XBPython::GetContext, found context for id = tv.boxee.fyretv (python)
17:08:13.321 T:2926545808 M:483221504 INFO: XBPyPersistentThread::Process, running job (python)
17:08:13.321 T:2926545808 M:483221504 DEBUG: XBPyPersistentThread::CreatePolicy -thread id 0x1e4e
17:08:13.322 T:2926545808 M:483221504 INFO: XBPyPersistentThread::Process, run script, (python)
17:08:13.323 T:2926545808 M:483221504 NOTICE: scroll scenes Left
17:08:13.350 T:2926545808 M:483221504 INFO: Scriptresult: Success
17:08:13.351 T:2926545808 M:483221504 DEBUG: XBPyPersistentThread::DeletePolicy -thread id 0x1e4e
17:08:13.351 T:2926545808 M:483221504 INFO: XBPyPersistentThread::Process, iteration started (python)
17:08:13.383 T:3071473440 M:483221504 DEBUG: CKeyboardStat, SDLKeyboard: scancode: 105, sym: 276, unicode: 0, modifier: 0
17:08:13.384 T:3071473440 M:483221504 DEBUG: CApplication::OnKey - [key=61477][window=14525][action=1]
17:08:13.384 T:3071473440 M:483221504 DEBUG: OnKey: 61477 pressed, action is 1
17:08:13.386 T:3071473440 M:483221504 DEBUG: CApplication::ExecuteAction, execute python action for window 14525 in app context: tv.boxee.fyretv (python)
17:08:13.387 T:3071473440 M:483221504 DEBUG: XBPython::evalStringInContext... contextId = tv.boxee.fyretv (python)
17:08:13.388 T:3071473440 M:483221504 DEBUG: XBPython::GetContext, found context for id = tv.boxee.fyretv (python)
17:08:13.388 T:2926545808 M:483221504 INFO: XBPyPersistentThread::Process, running job (python)
17:08:13.388 T:2926545808 M:483221504 DEBUG: XBPyPersistentThread::CreatePolicy -thread id 0x1e4e
17:08:13.389 T:2926545808 M:483221504 INFO: XBPyPersistentThread::Process, run script, (python)
17:08:13.390 T:2926545808 M:483221504 NOTICE: scroll scenes Left
17:08:13.400 T:2926545808 M:483602432 INFO: Scriptresult: Success
17:08:13.401 T:2926545808 M:483602432 DEBUG: XBPyPersistentThread::DeletePolicy -thread id 0x1e4e
17:08:13.401 T:2926545808 M:483602432 INFO: XBPyPersistentThread::Process, iteration started (python)
17:08:13.467 T:3071473440 M:483860480 DEBUG: CKeyboardStat, SDLKeyboard: scancode: 105, sym: 276, unicode: 0, modifier: 0
17:08:13.467 T:3071473440 M:483860480 DEBUG: CApplication::OnKey - [key=61477][window=14525][action=1]
17:08:13.468 T:3071473440 M:483860480 DEBUG: OnKey: 61477 pressed, action is 1
17:08:13.470 T:3071473440 M:483860480 DEBUG: CApplication::ExecuteAction, execute python action for window 14525 in app context: tv.boxee.fyretv (python)
17:08:13.470 T:3071473440 M:483860480 DEBUG: XBPython::evalStringInContext... contextId = tv.boxee.fyretv (python)
17:08:13.471 T:3071473440 M:483860480 DEBUG: XBPython::GetContext, found context for id = tv.boxee.fyretv (python)
17:08:13.471 T:2926545808 M:483860480 INFO: XBPyPersistentThread::Process, running job (python)
17:08:13.472 T:2926545808 M:483860480 DEBUG: XBPyPersistentThread::CreatePolicy -thread id 0x1e4e
17:08:13.472 T:2926545808 M:483860480 INFO: XBPyPersistentThread::Process, run script, (python)
17:08:13.473 T:2926545808 M:483860480 NOTICE: scroll scenes Left
17:08:13.501 T:2926545808 M:483860480 INFO: Scriptresult: Success
17:08:13.501 T:2926545808 M:483860480 DEBUG: XBPyPersistentThread::DeletePolicy -thread id 0x1e4e
17:08:13.501 T:2926545808 M:483860480 INFO: XBPyPersistentThread::Process, iteration started (python)
17:08:13.517 T:3071473440 M:484241408 DEBUG: CKeyboardStat, SDLKeyboard: scancode: 105, sym: 276, unicode: 0, modifier: 0
17:08:13.517 T:3071473440 M:484241408 DEBUG: CApplication::OnKey - [key=61477][window=14525][action=1]
17:08:13.518 T:3071473440 M:484241408 DEBUG: OnKey: 61477 pressed, action is 1
17:08:13.520 T:3071473440 M:484241408 DEBUG: CApplication::ExecuteAction, execute python action for window 14525 in app context: tv.boxee.fyretv (python)
17:08:13.520 T:3071473440 M:484241408 DEBUG: XBPython::evalStringInContext... contextId = tv.boxee.fyretv (python)
17:08:13.520 T:3071473440 M:484241408 DEBUG: XBPython::GetContext, found context for id = tv.boxee.fyretv (python)
17:08:13.521 T:2926545808 M:484241408 INFO: XBPyPersistentThread::Process, running job (python)
17:08:13.521 T:2926545808 M:484241408 DEBUG: XBPyPersistentThread::CreatePolicy -thread id 0x1e4e
17:08:13.522 T:2926545808 M:484241408 INFO: XBPyPersistentThread::Process, run script, (python)
17:08:13.523 T:2926545808 M:484241408 NOTICE: scroll scenes Left
17:08:13.551 T:2926545808 M:484241408 INFO: Scriptresult: Success
17:08:13.551 T:2926545808 M:484241408 DEBUG: XBPyPersistentThread::DeletePolicy -thread id 0x1e4e
17:08:13.551 T:2926545808 M:484241408 INFO: XBPyPersistentThread::Process, iteration started (python)
17:08:13.583 T:3071473440 M:484241408 DEBUG: CKeyboardStat, SDLKeyboard: scancode: 105, sym: 276, unicode: 0, modifier: 0
17:08:13.584 T:3071473440 M:484241408 DEBUG: CApplication::OnKey - [key=61477][window=14525][action=1]
17:08:13.585 T:3071473440 M:484241408 DEBUG: OnKey: 61477 pressed, action is 1
17:08:13.587 T:3071473440 M:484241408 DEBUG: CApplication::ExecuteAction, execute python action for window 14525 in app context: tv.boxee.fyretv (python)
17:08:13.587 T:3071473440 M:484241408 DEBUG: XBPython::evalStringInContext... contextId = tv.boxee.fyretv (python)
17:08:13.588 T:3071473440 M:484241408 DEBUG: XBPython::GetContext, found context for id = tv.boxee.fyretv (python)
17:08:13.588 T:2926545808 M:484241408 INFO: XBPyPersistentThread::Process, running job (python)
17:08:13.588 T:2926545808 M:484241408 DEBUG: XBPyPersistentThread::CreatePolicy -thread id 0x1e4e
17:08:13.589 T:2926545808 M:484241408 INFO: XBPyPersistentThread::Process, run script, (python)
17:08:13.590 T:2926545808 M:484241408 NOTICE: scroll scenes Left
17:08:13.601 T:2926545808 M:484241408 INFO: Scriptresult: Success
17:08:13.601 T:2926545808 M:484241408 DEBUG: XBPyPersistentThread::DeletePolicy -thread id 0x1e4e
17:08:13.602 T:2926545808 M:484241408 INFO: XBPyPersistentThread::Process, iteration started (python)
17:08:13.634 T:3071473440 M:484241408 DEBUG: CKeyboardStat, SDLKeyboard: scancode: 105, sym: 276, unicode: 0, modifier: 0
17:08:13.634 T:3071473440 M:484245504 DEBUG: CApplication::OnKey - [key=61477][window=14525][action=1]
17:08:13.635 T:3071473440 M:484245504 DEBUG: OnKey: 61477 pressed, action is 1
17:08:13.637 T:3071473440 M:484245504 DEBUG: CApplication::ExecuteAction, execute python action for window 14525 in app context: tv.boxee.fyretv (python)
17:08:13.638 T:3071473440 M:484245504 DEBUG: XBPython::evalStringInContext... contextId = tv.boxee.fyretv (python)
17:08:13.638 T:3071473440 M:484245504 DEBUG: XBPython::GetContext, found context for id = tv.boxee.fyretv (python)
17:08:13.638 T:2926545808 M:484245504 INFO: XBPyPersistentThread::Process, running job (python)
17:08:13.639 T:2926545808 M:484245504 DEBUG: XBPyPersistentThread::CreatePolicy -thread id 0x1e4e
17:08:13.640 T:2926545808 M:484245504 INFO: XBPyPersistentThread::Process, run script, (python)
17:08:13.972 T:2926545808 M:484245504 NOTICE: scroll scenes Left
17:08:13.973 T:3071473440 M:484245504 DEBUG: CKeyboardStat, SDLKeyboard: scancode: 105, sym: 276, unicode: 0, modifier: 0
17:08:13.973 T:3071473440 M:484245504 DEBUG: CApplication::OnKey - [key=61477][window=14525][action=1]
17:08:13.973 T:3071473440 M:484245504 DEBUG: OnKey: 61477 pressed, action is 1
17:08:13.976 T:3071473440 M:484245504 DEBUG: CApplication::ExecuteAction, execute python action for window 14525 in app context: tv.boxee.fyretv (python)
17:08:13.976 T:3071473440 M:484245504 DEBUG: XBPython::evalStringInContext... contextId = tv.boxee.fyretv (python)
17:08:13.976 T:3071473440 M:484245504 DEBUG: XBPython::GetContext, found context for id = tv.boxee.fyretv (python)
17:08:13.977 T:3071473440 M:484245504 DEBUG: CKeyboardStat, SDLKeyboard: scancode: 105, sym: 276, unicode: 0, modifier: 0
17:08:13.977 T:3071473440 M:484245504 DEBUG: CApplication::OnKey - [key=61477][window=14525][action=1]
17:08:13.978 T:3071473440 M:484245504 DEBUG: OnKey: 61477 pressed, action is 1
17:08:13.979 T:3071473440 M:484245504 DEBUG: CApplication::ExecuteAction, execute python action for window 14525 in app context: tv.boxee.fyretv (python)
17:08:13.980 T:3071473440 M:484245504 DEBUG: XBPython::evalStringInContext... contextId = tv.boxee.fyretv (python)
17:08:13.980 T:3071473440 M:484245504 DEBUG: XBPython::GetContext, found context for id = tv.boxee.fyretv (python)
17:08:13.980 T:3071473440 M:484245504 DEBUG: CKeyboardStat, SDLKeyboard: scancode: 105, sym: 276, unicode: 0, modifier: 0
17:08:13.981 T:3071473440 M:484245504 DEBUG: CApplication::OnKey - [key=61477][window=14525][action=1]
17:08:13.981 T:3071473440 M:484245504 DEBUG: OnKey: 61477 pressed, action is 1
17:08:13.982 T:3071473440 M:484245504 DEBUG: CApplication::ExecuteAction, execute python action for window 14525 in app context: tv.boxee.fyretv (python)
17:08:13.983 T:3071473440 M:484245504 DEBUG: XBPython::evalStringInContext... contextId = tv.boxee.fyretv (python)
17:08:13.983 T:3071473440 M:484245504 DEBUG: XBPython::GetContext, found context for id = tv.boxee.fyretv (python)
17:08:13.991 T:2926545808 M:484245504 INFO: Scriptresult: Success
17:08:13.991 T:2926545808 M:484245504 DEBUG: XBPyPersistentThread::DeletePolicy -thread id 0x1e4e
17:08:13.992 T:2926545808 M:484245504 INFO: XBPyPersistentThread::Process, iteration started (python)
17:08:13.992 T:2926545808 M:484245504 INFO: XBPyPersistentThread::Process, running job (python)
17:08:13.992 T:2926545808 M:484245504 DEBUG: XBPyPersistentThread::CreatePolicy -thread id 0x1e4e
17:08:13.993 T:2926545808 M:484245504 INFO: XBPyPersistentThread::Process, run script, (python)
17:08:13.994 T:2926545808 M:484245504 NOTICE: scroll scenes Left
17:08:13.995 T:2926545808 M:484245504 INFO: Scriptresult: Success
17:08:13.996 T:2926545808 M:484245504 DEBUG: XBPyPersistentThread::DeletePolicy -thread id 0x1e4e
17:08:13.996 T:2926545808 M:484245504 INFO: XBPyPersistentThread::Process, iteration started (python)
17:08:13.997 T:2926545808 M:484245504 INFO: XBPyPersistentThread::Process, running job (python)
17:08:13.997 T:2926545808 M:484249600 DEBUG: XBPyPersistentThread::CreatePolicy -thread id 0x1e4e
17:08:13.998 T:2926545808 M:484249600 INFO: XBPyPersistentThread::Process, run script, (python)
17:08:13.999 T:2926545808 M:484249600 NOTICE: scroll scenes Left
17:08:14.000 T:2926545808 M:484249600 INFO: Scriptresult: Success
17:08:14.001 T:2926545808 M:484249600 DEBUG: XBPyPersistentThread::DeletePolicy -thread id 0x1e4e
17:08:14.001 T:2926545808 M:484249600 INFO: XBPyPersistentThread::Process, iteration started (python)
17:08:14.001 T:2926545808 M:484249600 INFO: XBPyPersistentThread::Process, running job (python)
17:08:14.002 T:2926545808 M:484249600 DEBUG: XBPyPersistentThread::CreatePolicy -thread id 0x1e4e
17:08:14.002 T:2926545808 M:484249600 INFO: XBPyPersistentThread::Process, run script, (python)
17:08:14.003 T:2926545808 M:484249600 NOTICE: scroll scenes Left
17:08:14.004 T:2926545808 M:484249600 INFO: Scriptresult: Success
17:08:14.005 T:2926545808 M:484249600 DEBUG: XBPyPersistentThread::DeletePolicy -thread id 0x1e4e
17:08:14.006 T:2926545808 M:484249600 INFO: XBPyPersistentThread::Process, iteration started (python)
17:08:14.818 T:3071473440 M:484249600 DEBUG: CKeyboardStat, SDLKeyboard: scancode: 106, sym: 275, unicode: 0, modifier: 0
17:08:14.819 T:3071473440 M:484249600 DEBUG: CApplication::OnKey - [key=61479][window=14525][action=2]
17:08:14.819 T:3071473440 M:484249600 DEBUG: OnKey: 61479 pressed, action is 2
17:08:14.821 T:3071473440 M:484249600 DEBUG: CApplication::ExecuteAction, execute python action for window 14525 in app context: tv.boxee.fyretv (python)
17:08:14.821 T:3071473440 M:484249600 DEBUG: XBPython::evalStringInContext... contextId = tv.boxee.fyretv (python)
17:08:14.822 T:3071473440 M:484249600 DEBUG: XBPython::GetContext, found context for id = tv.boxee.fyretv (python)
17:08:14.822 T:2926545808 M:484249600 INFO: XBPyPersistentThread::Process, running job (python)
17:08:14.822 T:2926545808 M:484249600 DEBUG: XBPyPersistentThread::CreatePolicy -thread id 0x1e4e
17:08:14.823 T:2926545808 M:484249600 INFO: XBPyPersistentThread::Process, run script, (python)
17:08:14.836 T:2926545808 M:484249600 INFO: Scriptresult: Success
17:08:14.836 T:2926545808 M:484249600 DEBUG: XBPyPersistentThread::DeletePolicy -thread id 0x1e4e
17:08:14.836 T:2926545808 M:484249600 INFO: XBPyPersistentThread::Process, iteration started (python)
17:08:15.819 T:3071473440 M:484282368 DEBUG: CKeyboardStat, SDLKeyboard: scancode: 28, sym: 13, unicode: 0, modifier: 0
17:08:15.820 T:3071473440 M:484282368 DEBUG: CApplication::OnKey - [key=61453][window=14525][action=7]
17:08:15.820 T:3071473440 M:484282368 DEBUG: OnKey: 61453 pressed, action is 7
17:08:15.822 T:3071473440 M:484282368 DEBUG: CApplication::ExecuteAction, execute python action for window 14525 in app context: tv.boxee.fyretv (python)
17:08:15.823 T:3071473440 M:484282368 DEBUG: XBPython::evalStringInContext... contextId = tv.boxee.fyretv (python)
17:08:15.823 T:3071473440 M:484282368 DEBUG: XBPython::GetContext, found context for id = tv.boxee.fyretv (python)
17:08:15.823 T:2926545808 M:484282368 INFO: XBPyPersistentThread::Process, running job (python)
17:08:15.824 T:2926545808 M:484282368 DEBUG: XBPyPersistentThread::CreatePolicy -thread id 0x1e4e
17:08:15.825 T:2926545808 M:484282368 INFO: XBPyPersistentThread::Process, run script, (python)
17:08:15.837 T:3071473440 M:484282368 DEBUG: ------ Window Init (DialogProgress.xml) ------
17:08:15.837 T:3071473440 M:484282368 DEBUG: Loading skin file: DialogProgress.xml
17:08:15.844 T:3071473440 M:484282368 DEBUG: Load DialogProgress.xml: 6.49ms
17:08:15.849 T:3071473440 M:483901440 DEBUG: Alloc resources: 12.09ms (7.02 ms skin load)
17:08:15.851 T:2926545808 M:483901440 NOTICE: ##### fyre(call_method): scene_details/174926 {'serial_num': '5CD99880D1A'}
17:08:15.854 T:2926545808 M:483901440 DEBUG: update ref map. url https://boxee.fyretv.com:8281/services/boxee/scene_details/174926?serial_num=5CD99880D1A&checksum=b68451400ac23f8899b1c48721def44791dacd8b new ref_count 1 progress 0 (hcm)
17:08:15.855 T:2926545808 M:483905536 DEBUG: CHttpCacheManager::StartCachingURL push https://boxee.fyretv.com:8281/services/boxee/scene_details/174926?serial_num=5CD99880D1A&checksum=b68451400ac23f8899b1c48721def44791dacd8b to m_references (hcm)
17:08:15.856 T:2926545808 M:483905536 DEBUG: FileCurl::Open(0xb91de44) https://boxee.fyretv.com:8281/services/boxee/scene_details/174926?serial_num=5CD99880D1A&checksum=b68451400ac23f8899b1c48721def44791dacd8b
17:08:16.922 T:2926545808 M:483872768 DEBUG: Open - filesize: 2590
17:08:16.923 T:2926545808 M:483872768 DEBUG: FileCurl::Close(0xb91de44) https://boxee.fyretv.com:8281/services/boxee/scene_details/174926?serial_num=5CD99880D1A&checksum=b68451400ac23f8899b1c48721def44791dacd8b
17:08:16.924 T:2926545808 M:483872768 DEBUG: CURL STATS: done with . 2.53k in: 1.07 sec. dns: 0.01 sec. connect: 0.22 s. pretransfer: 0.55 s. speed: 2.37 kbytes/sec.
17:08:16.926 T:2926545808 M:483876864 DEBUG: update ref map. url https://boxee.fyretv.com:8281/services/boxee/scene_details/174926?serial_num=5CD99880D1A&checksum=b68451400ac23f8899b1c48721def44791dacd8b new ref_count 1 progress 0 (hcm)
17:08:16.928 T:2926545808 M:483876864 DEBUG: insert https://boxee.fyretv.com:8281/services/boxee/scene_details/174926?serial_num=5CD99880D1A&checksum=b68451400ac23f8899b1c48721def44791dacd8b to the database (hcm)
17:08:16.930 T:2926545808 M:483876864 DEBUG: update ref map. url https://boxee.fyretv.com:8281/services/boxee/scene_details/174926?serial_num=5CD99880D1A&checksum=b68451400ac23f8899b1c48721def44791dacd8b new ref_count 0 progress 0 (hcm)
17:08:16.973 T:2926545808 M:483876864 NOTICE: ReplaceWindow(sdp)
17:08:16.974 T:2926545808 M:483876864 NOTICE: cache: [, ]
17:08:16.987 T:3071473440 M:483876864 DEBUG: ActiveWindow 14525 (builtin)
17:08:16.988 T:3071473440 M:483876864 DEBUG: GetWindowId - requested window id = 14028, for app id = tv.boxee.fyretv (applaunch)
17:08:16.988 T:3071473440 M:483876864 DEBUG: GetWindowId - requested window id = 14028, for app id = tv.boxee.fyretv, returning = 14519 (applaunch)
17:08:16.988 T:3071473440 M:483876864 DEBUG: Activating window ID: 14519
17:08:16.989 T:3071473440 M:483876864 DEBUG: Checking if window ID 14519 is locked.
17:08:16.989 T:3071473440 M:483876864 DEBUG: ------ Window Deinit (special://home/apps/tv.boxee.fyretv/skin/Boxee Skin NG/720p/menu.xml) ------
17:08:16.991 T:3071473440 M:483876864 DEBUG: CApplication::ExecuteAction, execute python action for window 14525 in app context: tv.boxee.fyretv (python)
17:08:16.992 T:3071473440 M:483876864 DEBUG: XBPython::evalStringInContext... contextId = tv.boxee.fyretv (python)
17:08:16.992 T:3071473440 M:483876864 DEBUG: XBPython::GetContext, found context for id = tv.boxee.fyretv (python)
17:08:16.993 T:3071473440 M:483876864 DEBUG: ------ Window Deinit (DialogProgress.xml) ------
17:08:17.209 T:3071473440 M:483876864 DEBUG: ------ Window Init (special://home/apps/tv.boxee.fyretv/skin/Boxee Skin NG/720p/sdp.xml) ------
17:08:17.210 T:3071473440 M:483876864 DEBUG: Loading skin file: special://home/apps/tv.boxee.fyretv/skin/Boxee Skin NG/720p/sdp.xml
17:08:17.221 T:3071473440 M:483876864 DEBUG: CGUIBaseContainer::CGUIBaseContainer, 618 (basecontainer)
17:08:17.231 T:3071473440 M:483876864 DEBUG: CGUIBaseContainer::CGUIBaseContainer, 627 (basecontainer)
17:08:17.238 T:3071473440 M:483876864 DEBUG: CGUIBaseContainer::CGUIBaseContainer, 628 (basecontainer)
17:08:17.243 T:3071473440 M:483876864 DEBUG: Load special://home/apps/tv.boxee.fyretv/skin/Boxee Skin NG/720p/sdp.xml: 32.68ms
17:08:17.484 T:3071473440 M:482758656 DEBUG: Alloc resources: 273.53ms (33.97 ms skin load)
17:08:17.487 T:3071473440 M:482758656 DEBUG: CGUIWindowApp::RestoreWindowState - Enter function. [m_isSavedState=0] (was)
17:08:17.488 T:3071473440 M:482758656 DEBUG: ------ Window Init (DialogProgress.xml) ------
17:08:17.488 T:3071473440 M:482762752 DEBUG: Loading skin file: DialogProgress.xml
17:08:17.495 T:3071473440 M:482762752 DEBUG: Load DialogProgress.xml: 7.25ms
17:08:17.500 T:3071473440 M:481873920 DEBUG: Alloc resources: 12.28ms (7.93 ms skin load)
17:08:17.501 T:3071473440 M:481873920 DEBUG: ExecuteXBMCAction : Translating -
17:08:17.501 T:3071473440 M:481873920 DEBUG: ExecuteXBMCAction : To -
17:08:17.898 T:2930756496 M:477425664 DEBUG: thread start, auto delete: 1
17:08:17.902 T:2911894416 M:477421568 DEBUG: thread start, auto delete: 1
17:08:18.805 T:2927598480 M:483790848 DEBUG: thread start, auto delete: 0
17:08:18.806 T:2927598480 M:483790848 DEBUG: Thread 2927598480 terminating
17:08:18.807 T:3071473440 M:483790848 DEBUG: CApplication::ExecuteAction, execute python action for window 14519 in app context: tv.boxee.fyretv (python)
17:08:18.807 T:3071473440 M:483790848 DEBUG: XBPython::evalStringInContext... contextId = tv.boxee.fyretv (python)
17:08:18.808 T:3071473440 M:483790848 DEBUG: XBPython::GetContext, found context for id = tv.boxee.fyretv (python)
17:08:18.809 T:2926545808 M:483790848 NOTICE: focusing new view
17:08:18.811 T:3071473440 M:483799040 DEBUG: ------ Window Deinit (DialogProgress.xml) ------
17:08:18.812 T:2926545808 M:483799040 INFO: Scriptresult: Success
17:08:18.812 T:2926545808 M:483799040 DEBUG: XBPyPersistentThread::DeletePolicy -thread id 0x1e4e
17:08:18.812 T:2926545808 M:483799040 INFO: XBPyPersistentThread::Process, iteration started (python)
17:08:18.813 T:2926545808 M:483799040 INFO: XBPyPersistentThread::Process, running job (python)
17:08:18.813 T:2926545808 M:483799040 DEBUG: XBPyPersistentThread::CreatePolicy -thread id 0x1e4e
17:08:18.814 T:2926545808 M:483799040 INFO: XBPyPersistentThread::Process, run script, (python)
17:08:18.816 T:2926545808 M:483672064 NOTICE: ONUNLOAD: menu
17:08:18.816 T:2926545808 M:483672064 NOTICE: Unloading view menu (no unload() method in controller)
17:08:18.817 T:2926545808 M:483672064 INFO: Scriptresult: Success
17:08:18.817 T:2926545808 M:483672064 DEBUG: XBPyPersistentThread::DeletePolicy -thread id 0x1e4e
17:08:18.818 T:2926545808 M:483672064 INFO: XBPyPersistentThread::Process, iteration started (python)
17:08:18.818 T:2926545808 M:483672064 INFO: XBPyPersistentThread::Process, running job (python)
17:08:18.818 T:2926545808 M:483672064 DEBUG: XBPyPersistentThread::CreatePolicy -thread id 0x1e4e
17:08:18.819 T:2926545808 M:483672064 INFO: XBPyPersistentThread::Process, run script, (python)
17:08:18.821 T:2926545808 M:483672064 NOTICE: ONLOAD: sdp
17:08:18.822 T:2926545808 M:483672064 NOTICE: sdp - sdp
17:08:18.823 T:2926545808 M:483672064 NOTICE: Loading view sdp
17:08:18.858 T:3071473440 M:484687872 DEBUG: ExecuteXBMCAction : Translating -
17:08:18.859 T:3071473440 M:484687872 DEBUG: ExecuteXBMCAction : To -
17:08:18.871 T:2926545808 M:484687872 DEBUG: CItemLoader::AddControl, 1 GUI_MSG_LOADING, window = 14519, control = 618 (basecontainer)
17:08:18.889 T:2926545808 M:484687872 DEBUG: CGUIBaseContainer::CGUIBaseContainer, GUI_MSG_LOADING, 618 (basecontainer)
17:08:18.890 T:2926545808 M:484687872 DEBUG: CGetDirectoryJob::ItemsLoaded, sending GUI_MSG_LABEL_BIND windowId [14519] controlId[618] size[9]
17:08:18.892 T:3071473440 M:484687872 DEBUG: CGUIBaseContainer::CGUIBaseContainer, GUI_MSG_LABEL_BIND, 618 , append=0 (basecontainer)
17:08:18.899 T:2926545808 M:484687872 DEBUG: CItemLoader::AddControl, 1 GUI_MSG_LOADING, window = 14519, control = 627 (basecontainer)
17:08:18.905 T:2926545808 M:484687872 DEBUG: CGUIBaseContainer::CGUIBaseContainer, GUI_MSG_LOADING, 627 (basecontainer)
17:08:18.906 T:2926545808 M:484687872 DEBUG: CGetDirectoryJob::ItemsLoaded, sending GUI_MSG_LABEL_BIND windowId [14519] controlId[627] size[1]
17:08:18.910 T:3071473440 M:484687872 DEBUG: CGUIBaseContainer::CGUIBaseContainer, GUI_MSG_LABEL_BIND, 627 , append=0 (basecontainer)
17:08:18.930 T:2927598480 M:484552704 DEBUG: CDirectoryCache::UpdateItem, CACHE updating dirPath = , cacheId = , item = Ashli Orion, path = (dircache)
17:08:18.939 T:2926545808 M:484564992 DEBUG: CItemLoader::AddControl, 1 GUI_MSG_LOADING, window = 14519, control = 628 (basecontainer)
17:08:18.981 T:2926545808 M:484311040 DEBUG: CGUIBaseContainer::CGUIBaseContainer, GUI_MSG_LOADING, 628 (basecontainer)
17:08:18.982 T:2926545808 M:484311040 DEBUG: CGetDirectoryJob::ItemsLoaded, sending GUI_MSG_LABEL_BIND windowId [14519] controlId[628] size[7]
17:08:18.983 T:3071473440 M:484311040 DEBUG: CGUIBaseContainer::CGUIBaseContainer, GUI_MSG_LABEL_BIND, 628 , append=0 (basecontainer)
17:08:18.992 T:2926545808 M:484311040 INFO: Scriptresult: Success
17:08:18.992 T:2926545808 M:484311040 DEBUG: XBPyPersistentThread::DeletePolicy -thread id 0x1e4e
17:08:18.993 T:2926545808 M:484311040 INFO: XBPyPersistentThread::Process, iteration started (python)
17:08:19.008 T:2911894416 M:484569088 DEBUG: Creating thumb from: http://img.fyretv.com:8182/thumbnails/packages/99/stb-mini.png as: special://masterprofile/profiles/asafg/Thumbnails/Pictures/e/ecbb7ddb.tbn
17:08:19.010 T:2911894416 M:484569088 DEBUG: update ref map. url http://img.fyretv.com:8182/thumbnails/packages/99/stb-mini.png new ref_count 1 progress 0 (hcm)
17:08:19.010 T:2911894416 M:484569088 DEBUG: CHttpCacheManager::StartCachingURL push http://img.fyretv.com:8182/thumbnails/packages/99/stb-mini.png to m_references (hcm)
17:08:19.011 T:2911894416 M:484569088 DEBUG: FileCurl::Open(0xad8fdccc) http://img.fyretv.com:8182/thumbnails/packages/99/stb-mini.png
17:08:19.032 T:2927598480 M:484433920 DEBUG: CDirectoryCache::UpdateItem, CACHE updating dirPath = , cacheId = , item = Anal, path = (dircache)
17:08:19.033 T:2927598480 M:484425728 DEBUG: CDirectoryCache::UpdateItem, CACHE updating dirPath = , cacheId = , item = BigButts, path = (dircache)
17:08:19.034 T:2927598480 M:484417536 DEBUG: CDirectoryCache::UpdateItem, CACHE updating dirPath = , cacheId = , item = Public, path = (dircache)
17:08:19.035 T:2927598480 M:484409344 DEBUG: CDirectoryCache::UpdateItem, CACHE updating dirPath = , cacheId = , item = OneOnOne, path = (dircache)
17:08:19.036 T:2927598480 M:484401152 DEBUG: CDirectoryCache::UpdateItem, CACHE updating dirPath = , cacheId = , item = Latin, path = (dircache)
17:08:19.038 T:2927598480 M:484392960 DEBUG: CDirectoryCache::UpdateItem, CACHE updating dirPath = , cacheId = , item = Interracial, path = (dircache)
17:08:19.039 T:2927598480 M:484384768 DEBUG: CDirectoryCache::UpdateItem, CACHE updating dirPath = , cacheId = , item = Brunette, path = (dircache)
17:08:19.042 T:3071473440 M:485400576 DEBUG: ExecuteXBMCAction : Translating -
17:08:19.042 T:3071473440 M:485400576 DEBUG: ExecuteXBMCAction : To -
17:08:19.076 T:2918185872 M:485711872 DEBUG: CVideoThumbLoader::LoadItem, strItemPath = http://mtw2.fyretv.com:1935/boxee2081715.ts?id=/06/02/12/00/6021200-1_1.jpeg, cachedThumb = special://masterprofile/profiles/asafg/Thumbnails/Video/b/b9f49674.tbn (thumb)
17:08:19.077 T:2924440464 M:485711872 DEBUG: CVideoThumbLoader::LoadItem, strItemPath = http://mtw2.fyretv.com:1935/boxee2081715.ts?id=/06/02/12/00/6021200-1_5.jpeg, cachedThumb = special://masterprofile/profiles/asafg/Thumbnails/Video/d/d554a394.tbn (thumb)
17:08:19.079 T:2928651152 M:485711872 DEBUG: CVideoThumbLoader::LoadItem, strItemPath = http://mtw2.fyretv.com:1935/boxee2081715.ts?id=/06/02/12/00/6021200-1_4.jpeg, cachedThumb = special://masterprofile/profiles/asafg/Thumbnails/Video/c/ce7caeec.tbn (thumb)
17:08:19.080 T:2917133200 M:485711872 DEBUG: CVideoThumbLoader::LoadItem, strItemPath = http://mtw2.fyretv.com:1935/boxee2081715.ts?id=/06/02/12/00/6021200-1_3.jpeg, cachedThumb = special://masterprofile/profiles/asafg/Thumbnails/Video/8/8fa48c84.tbn (thumb)
