16:50:46.025 T:2923387792 M:511160320 DEBUG: CDirectory::GetDirectory , calling g_directoryCache.GetDirectory with path: smb://10.0.0.126 , items: 0 , retreiveAll: 0 (cache check)
16:50:46.026 T:2923387792 M:511160320 DEBUG: CDirectory::GetDirectory , g_directoryCache.GetDirectory returned false (cache check)
16:50:46.026 T:2923387792 M:511160320 DEBUG: OpenDir - Using authentication url smb://10.0.0.126
16:50:46.057 T:2923387792 M:511160320 DEBUG: Found 0 shares on host HAIM-UBUNTU
16:50:46.128 T:2931809168 M:511160320 DEBUG: Found machine SRV address 10.0.0.250 interface 74:F0:6D:9F:54:F5
16:50:46.129 T:2931809168 M:511160320 DEBUG: Found machine HP30B0DD address 10.0.0.200 interface 74:F0:6D:9F:54:F5
16:50:46.129 T:2931809168 M:511160320 DEBUG: Found machine BXWC address 10.0.0.20 interface 74:F0:6D:9F:54:F5
16:50:46.129 T:2931809168 M:511160320 DEBUG: Found machine DELL-LATITUDE address 10.0.0.176 interface 74:F0:6D:9F:54:F5
16:50:46.130 T:2931809168 M:511160320 DEBUG: Found machine DROBO-FS address 10.0.0.190 interface 74:F0:6D:9F:54:F5
16:50:46.130 T:2931809168 M:511160320 DEBUG: Found machine KOSTADVT address 10.0.0.104 interface 74:F0:6D:9F:54:F5
16:50:46.131 T:2931809168 M:511160320 DEBUG: Found machine XC4VIPER address 10.0.0.163 interface 74:F0:6D:9F:54:F5
16:50:46.131 T:2931809168 M:511160320 DEBUG: Found machine QA address 10.0.0.225 interface 74:F0:6D:9F:54:F5
16:50:46.131 T:2923387792 M:511160320 DEBUG: Looking for shares on host SRV ip 10.0.0.250
16:50:46.132 T:2923387792 M:511160320 DEBUG: CDirectory::GetDirectory , calling g_directoryCache.GetDirectory with path: smb://10.0.0.250 , items: 0 , retreiveAll: 0 (cache check)
16:50:46.132 T:2923387792 M:511160320 DEBUG: CDirectory::GetDirectory , g_directoryCache.GetDirectory returned false (cache check)
16:50:46.133 T:2923387792 M:511160320 DEBUG: OpenDir - Using authentication url smb://10.0.0.250
16:50:46.159 T:2923387792 M:511160320 DEBUG: Found 1 shares on host SRV
16:50:46.160 T:2923387792 M:511160320 DEBUG: Looking for shares on host HP30B0DD ip 10.0.0.200
16:50:46.160 T:2923387792 M:511160320 DEBUG: CDirectory::GetDirectory , calling g_directoryCache.GetDirectory with path: smb://10.0.0.200 , items: 0 , retreiveAll: 0 (cache check)
16:50:46.161 T:2923387792 M:511160320 DEBUG: CDirectory::GetDirectory , g_directoryCache.GetDirectory returned false (cache check)
16:50:46.161 T:2923387792 M:511160320 DEBUG: OpenDir - Using authentication url smb://10.0.0.200
16:50:46.190 T:2923387792 M:511160320 DEBUG: SMBDirectory->GetDirectory: Unable to open directory : 'smb://10.0.0.200/' unix_err:'d' error : 'Permission denied'
16:50:46.190 T:2923387792 M:511160320 DEBUG: GetDirectory - Error getting smb://10.0.0.200
16:50:46.190 T:2923387792 M:511160320 DEBUG: Found 0 shares on host HP30B0DD
16:50:46.191 T:2923387792 M:511160320 DEBUG: Looking for shares on host BXWC ip 10.0.0.20
16:50:46.191 T:2923387792 M:511164416 DEBUG: CDirectory::GetDirectory , calling g_directoryCache.GetDirectory with path: smb://10.0.0.20 , items: 0 , retreiveAll: 0 (cache check)
16:50:46.192 T:2923387792 M:511164416 DEBUG: CDirectory::GetDirectory , g_directoryCache.GetDirectory returned false (cache check)
16:50:46.192 T:2923387792 M:511164416 DEBUG: OpenDir - Using authentication url smb://10.0.0.20
16:50:46.216 T:2923387792 M:511037440 DEBUG: SMBDirectory->GetDirectory: Unable to open directory : 'smb://10.0.0.20/' unix_err:'6e' error : 'Connection timed out'
16:50:46.216 T:2923387792 M:511037440 DEBUG: GetDirectory - Error getting smb://10.0.0.20
16:50:46.217 T:2923387792 M:511037440 DEBUG: Found 0 shares on host BXWC
16:50:46.217 T:2923387792 M:511037440 DEBUG: Looking for shares on host DELL-LATITUDE ip 10.0.0.176
16:50:46.218 T:2923387792 M:511037440 DEBUG: CDirectory::GetDirectory , calling g_directoryCache.GetDirectory with path: smb://10.0.0.176 , items: 0 , retreiveAll: 0 (cache check)
16:50:46.219 T:2923387792 M:511037440 DEBUG: CDirectory::GetDirectory , g_directoryCache.GetDirectory returned false (cache check)
16:50:46.219 T:2923387792 M:511037440 DEBUG: OpenDir - Using authentication url smb://10.0.0.176
16:50:46.232 T:2931809168 M:511037440 DEBUG: Found machine AMI address 10.0.0.92 interface 74:F0:6D:9F:54:F5
16:50:46.251 T:2923387792 M:511037440 DEBUG: Found 3 shares on host DELL-LATITUDE
16:50:46.252 T:2923387792 M:511037440 DEBUG: Looking for shares on host DROBO-FS ip 10.0.0.190
16:50:46.252 T:2923387792 M:511037440 DEBUG: CDirectory::GetDirectory , calling g_directoryCache.GetDirectory with path: smb://10.0.0.190 , items: 0 , retreiveAll: 0 (cache check)
16:50:46.252 T:2923387792 M:511037440 DEBUG: CDirectory::GetDirectory , g_directoryCache.GetDirectory returned false (cache check)
16:50:46.253 T:2923387792 M:511037440 DEBUG: OpenDir - Using authentication url smb://10.0.0.190
16:50:46.303 T:2923387792 M:511037440 DEBUG: Found 4 shares on host DROBO-FS
16:50:46.305 T:2923387792 M:511037440 DEBUG: Looking for shares on host KOSTADVT ip 10.0.0.104
16:50:46.305 T:2923387792 M:511037440 DEBUG: CDirectory::GetDirectory , calling g_directoryCache.GetDirectory with path: smb://10.0.0.104 , items: 0 , retreiveAll: 0 (cache check)
16:50:46.306 T:2923387792 M:511037440 DEBUG: CDirectory::GetDirectory , g_directoryCache.GetDirectory returned false (cache check)
16:50:46.306 T:2923387792 M:511037440 DEBUG: OpenDir - Using authentication url smb://10.0.0.104
16:50:46.336 T:2931809168 M:510910464 DEBUG: Found machine DLINK-NAS-323 address 10.0.0.130 interface 74:F0:6D:9F:54:F5
16:50:46.337 T:2931809168 M:510910464 DEBUG: Found machine SYNOLOGYDS110J address 10.0.0.191 interface 74:F0:6D:9F:54:F5
16:50:46.366 T:2923387792 M:510910464 DEBUG: Found 0 shares on host KOSTADVT
16:50:46.367 T:2923387792 M:510910464 DEBUG: Looking for shares on host XC4VIPER ip 10.0.0.163
16:50:46.368 T:2923387792 M:510910464 DEBUG: CDirectory::GetDirectory , calling g_directoryCache.GetDirectory with path: smb://10.0.0.163 , items: 0 , retreiveAll: 0 (cache check)
16:50:46.368 T:2923387792 M:510910464 DEBUG: CDirectory::GetDirectory , g_directoryCache.GetDirectory returned false (cache check)
16:50:46.369 T:2923387792 M:510910464 DEBUG: OpenDir - Using authentication url smb://10.0.0.163
16:50:46.441 T:2923387792 M:510783488 DEBUG: SMBDirectory->GetDirectory: Unable to open directory : 'smb://10.0.0.163/' unix_err:'6e' error : 'Connection timed out'
16:50:46.441 T:2923387792 M:510783488 DEBUG: GetDirectory - Error getting smb://10.0.0.163
16:50:46.442 T:2923387792 M:510783488 DEBUG: Found 0 shares on host XC4VIPER
16:50:46.442 T:2923387792 M:510783488 DEBUG: Looking for shares on host QA ip 10.0.0.225
16:50:46.443 T:2923387792 M:510783488 DEBUG: CDirectory::GetDirectory , calling g_directoryCache.GetDirectory with path: smb://10.0.0.225 , items: 0 , retreiveAll: 0 (cache check)
16:50:46.443 T:2923387792 M:510787584 DEBUG: CDirectory::GetDirectory , g_directoryCache.GetDirectory returned false (cache check)
16:50:46.444 T:2923387792 M:510787584 DEBUG: OpenDir - Using authentication url smb://10.0.0.225
16:50:46.504 T:2923387792 M:510787584 DEBUG: Found 0 shares on host QA
16:50:46.505 T:2923387792 M:510787584 DEBUG: Looking for shares on host AMI ip 10.0.0.92
16:50:46.506 T:2923387792 M:510787584 DEBUG: CDirectory::GetDirectory , calling g_directoryCache.GetDirectory with path: smb://10.0.0.92 , items: 0 , retreiveAll: 0 (cache check)
16:50:46.506 T:2923387792 M:510787584 DEBUG: CDirectory::GetDirectory , g_directoryCache.GetDirectory returned false (cache check)
16:50:46.507 T:2923387792 M:510787584 DEBUG: OpenDir - Using authentication url smb://10.0.0.92
16:50:46.544 T:2931809168 M:510660608 DEBUG: Found machine BOXEEBOX address 10.0.0.98 interface 74:F0:6D:9F:54:F5
16:50:46.561 T:2923387792 M:510660608 DEBUG: Found 0 shares on host AMI
16:50:46.562 T:2923387792 M:510660608 DEBUG: Looking for shares on host DLINK-NAS-323 ip 10.0.0.130
16:50:46.562 T:2923387792 M:510660608 DEBUG: CDirectory::GetDirectory , calling g_directoryCache.GetDirectory with path: smb://10.0.0.130 , items: 0 , retreiveAll: 0 (cache check)
16:50:46.563 T:2923387792 M:510660608 DEBUG: CDirectory::GetDirectory , g_directoryCache.GetDirectory returned false (cache check)
16:50:46.563 T:2923387792 M:510660608 DEBUG: OpenDir - Using authentication url smb://10.0.0.130
16:50:46.613 T:2923387792 M:510533632 DEBUG: Found 3 shares on host DLINK-NAS-323
16:50:46.614 T:2923387792 M:510533632 DEBUG: Looking for shares on host SYNOLOGYDS110J ip 10.0.0.191
16:50:46.614 T:2923387792 M:510533632 DEBUG: CDirectory::GetDirectory , calling g_directoryCache.GetDirectory with path: smb://10.0.0.191 , items: 0 , retreiveAll: 0 (cache check)
16:50:46.614 T:2923387792 M:510533632 DEBUG: CDirectory::GetDirectory , g_directoryCache.GetDirectory returned false (cache check)
16:50:46.615 T:2923387792 M:510533632 DEBUG: OpenDir - Using authentication url smb://10.0.0.191
16:50:46.648 T:2931809168 M:510406656 DEBUG: Found machine IOMEGATV address 10.0.0.147 interface 74:F0:6D:9F:54:F5
16:50:46.716 T:2923387792 M:510406656 DEBUG: Found 5 shares on host SYNOLOGYDS110J
16:50:46.718 T:2923387792 M:510406656 DEBUG: Looking for shares on host BOXEEBOX ip 10.0.0.98
16:50:46.719 T:2923387792 M:510406656 DEBUG: CDirectory::GetDirectory , calling g_directoryCache.GetDirectory with path: smb://10.0.0.98 , items: 0 , retreiveAll: 0 (cache check)
16:50:46.719 T:2923387792 M:510406656 DEBUG: CDirectory::GetDirectory , g_directoryCache.GetDirectory returned false (cache check)
16:50:46.719 T:2923387792 M:510406656 DEBUG: OpenDir - Using authentication url smb://10.0.0.98
16:50:46.752 T:2931809168 M:510406656 DEBUG: Found machine ASAF-MACBOOK address 10.0.0.211 interface 74:F0:6D:9F:54:F5
16:50:46.753 T:2931809168 M:510406656 DEBUG: Found machine HP68B599D291B2 address 10.0.0.196 interface 74:F0:6D:9F:54:F5
16:50:46.833 T:2923387792 M:510406656 DEBUG: Found 4 shares on host BOXEEBOX
16:50:46.835 T:2923387792 M:510406656 DEBUG: Looking for shares on host IOMEGATV ip 10.0.0.147
16:50:46.835 T:2923387792 M:510406656 DEBUG: CDirectory::GetDirectory , calling g_directoryCache.GetDirectory with path: smb://10.0.0.147 , items: 0 , retreiveAll: 0 (cache check)
16:50:46.836 T:2923387792 M:510406656 DEBUG: CDirectory::GetDirectory , g_directoryCache.GetDirectory returned false (cache check)
16:50:46.836 T:2923387792 M:510406656 DEBUG: OpenDir - Using authentication url smb://10.0.0.147
16:50:46.908 T:2923387792 M:510279680 DEBUG: Found 4 shares on host IOMEGATV
16:50:46.910 T:2923387792 M:510279680 DEBUG: Looking for shares on host ASAF-MACBOOK ip 10.0.0.211
16:50:46.910 T:2923387792 M:510279680 DEBUG: CDirectory::GetDirectory , calling g_directoryCache.GetDirectory with path: smb://10.0.0.211 , items: 0 , retreiveAll: 0 (cache check)
16:50:46.910 T:2923387792 M:510279680 DEBUG: CDirectory::GetDirectory , g_directoryCache.GetDirectory returned false (cache check)
16:50:46.911 T:2923387792 M:510283776 DEBUG: OpenDir - Using authentication url smb://10.0.0.211
16:50:47.090 T:2923387792 M:510283776 DEBUG: Found 2 shares on host ASAF-MACBOOK
16:50:47.091 T:2923387792 M:510283776 DEBUG: Looking for shares on host HP68B599D291B2 ip 10.0.0.196
16:50:47.091 T:2923387792 M:510283776 DEBUG: CDirectory::GetDirectory , calling g_directoryCache.GetDirectory with path: smb://10.0.0.196 , items: 0 , retreiveAll: 0 (cache check)
16:50:47.092 T:2923387792 M:510283776 DEBUG: CDirectory::GetDirectory , g_directoryCache.GetDirectory returned false (cache check)
16:50:47.092 T:2923387792 M:510283776 DEBUG: OpenDir - Using authentication url smb://10.0.0.196
16:50:47.160 T:2923387792 M:510156800 DEBUG: Found 1 shares on host HP68B599D291B2
16:50:47.868 T:3021073296 M:510156800 INFO: CCheckInternetConnectionJob::DoWork - Checking the internet connection. [server=1][internet=1][ConnectionToInternetChanged=0] (offline)
16:50:47.868 T:3021073296 M:510156800 DEBUG: WatchDog::CheckIsConnectedToInternet - Enter function. [server=1][internet=1]. [fromJob=1] (offline)(wd)
16:50:48.181 T:3021073296 M:509902848 DEBUG: WatchDog::CheckIsConnectedToInternet - Check [http://0.ping.boxee.tv/] return [1]. [server=1][internet=1]. [fromJob=1] (offline)(wd)
16:50:48.181 T:3021073296 M:509902848 DEBUG: WatchDog::CheckIsConnectedToInternet - Exit function and return TRUE. [server=1][internet=1]. [fromJob=1] (offline)(wd)
16:50:48.568 T:2933914512 M:509902848 DEBUG: Boxee: 22/02/12 14:50:48.5683#DEBUG#bxmetadataengine.cpp:379(EngineThread)#BXMetadataEngine::EngineThread, processing folders....(resolver)
16:50:48.713 T:3071473440 M:509902848 DEBUG: CApplication::SetmInSlideshowScreensaver - m_inSlideshowScreensaver was set to [1] (ssm)
16:50:48.714 T:3071473440 M:509902848 DEBUG: Boxee: 22/02/12 14:50:48.7141#DEBUG#boxee.cpp:1464(SetInScreenSaver)#m_inScreenSaver was set to [1] (ssm)
16:50:48.730 T:3071473440 M:509902848 DEBUG: CDirectory::GetDirectory , calling g_directoryCache.GetDirectory with path: special://xbmc/media/boxee_screen_saver , items: 0 , retreiveAll: 0 (cache check)
16:50:48.730 T:3071473440 M:509902848 DEBUG: CDirectory::GetDirectory , g_directoryCache.GetDirectory returned false (cache check)
16:50:48.731 T:3071473440 M:509902848 DEBUG: CDirectory::GetDirectory , calling g_directoryCache.GetDirectory with path: /opt/boxee/media/boxee_screen_saver , items: 0 , retreiveAll: 0 (cache check)
16:50:48.731 T:3071473440 M:509902848 DEBUG: CDirectory::GetDirectory , g_directoryCache.GetDirectory returned false (cache check)
16:50:48.735 T:3071473440 M:509902848 DEBUG: Activating window ID: 12007
16:50:48.735 T:3071473440 M:509902848 DEBUG: Checking if window ID 12007 is locked.
16:50:48.736 T:3071473440 M:509902848 DEBUG: ------ Window Deinit (Home.xml) ------
16:50:48.742 T:3071473440 M:509902848 DEBUG: ------ Window Init (SlideShow.xml) ------
16:50:48.743 T:3071473440 M:509902848 DEBUG: Loading skin file: SlideShow.xml
16:50:48.749 T:3071473440 M:509902848 DEBUG: Load SlideShow.xml: 5.68ms
16:50:48.749 T:3071473440 M:509902848 DEBUG: Alloc resources: 6.15ms (6.15 ms skin load)
16:50:48.750 T:2926545808 M:509894656 DEBUG: thread start, auto delete: 0
16:50:48.752 T:3071473440 M:509894656 DEBUG: Loading the current image special://xbmc/media/boxee_screen_saver/08.png
16:50:48.752 T:2926545808 M:509894656 DEBUG: CBackgroundPicLoader::Process - START load picture [m_strFileName=special://xbmc/media/boxee_screen_saver/08.png] (loadp)
16:50:48.936 T:2931809168 M:519417856 DEBUG: Found machine AMI-WIN7-PC address 10.0.0.152 interface 74:F0:6D:9F:54:F5
16:50:48.937 T:2923387792 M:519417856 DEBUG: Looking for shares on host AMI-WIN7-PC ip 10.0.0.152
16:50:48.937 T:2923387792 M:519417856 DEBUG: CDirectory::GetDirectory , calling g_directoryCache.GetDirectory with path: smb://10.0.0.152 , items: 0 , retreiveAll: 0 (cache check)
16:50:48.938 T:2923387792 M:519417856 DEBUG: CDirectory::GetDirectory , g_directoryCache.GetDirectory returned false (cache check)
16:50:48.939 T:2923387792 M:519421952 DEBUG: OpenDir - Using authentication url smb://10.0.0.152
16:50:48.996 T:2923387792 M:518787072 DEBUG: SMBDirectory->GetDirectory: Unable to open directory : 'smb://10.0.0.152/' unix_err:'d' error : 'Permission denied'
16:50:48.996 T:2923387792 M:518787072 DEBUG: GetDirectory - Error getting smb://10.0.0.152
16:50:48.999 T:2923387792 M:518787072 DEBUG: Found 0 shares on host AMI-WIN7-PC
16:50:49.249 T:2931809168 M:515739648 DEBUG: Found machine HAIMB-PC address 10.0.0.88 interface 74:F0:6D:9F:54:F5
16:50:49.249 T:2923387792 M:515739648 DEBUG: Looking for shares on host HAIMB-PC ip 10.0.0.88
16:50:49.250 T:2923387792 M:515739648 DEBUG: CDirectory::GetDirectory , calling g_directoryCache.GetDirectory with path: smb://10.0.0.88 , items: 0 , retreiveAll: 0 (cache check)
16:50:49.250 T:2923387792 M:515739648 DEBUG: CDirectory::GetDirectory , g_directoryCache.GetDirectory returned false (cache check)
16:50:49.251 T:2923387792 M:515739648 DEBUG: OpenDir - Using authentication url smb://10.0.0.88
16:50:49.312 T:2923387792 M:514977792 DEBUG: SMBDirectory->GetDirectory: Unable to open directory : 'smb://10.0.0.88/' unix_err:'d' error : 'Permission denied'
16:50:49.312 T:2923387792 M:514977792 DEBUG: GetDirectory - Error getting smb://10.0.0.88
16:50:49.313 T:2923387792 M:514977792 DEBUG: Found 0 shares on host HAIMB-PC
16:50:49.420 T:2926545808 M:513961984 DEBUG: CBackgroundPicLoader::Process - END load picture [m_strFileName=special://xbmc/media/boxee_screen_saver/08.png] (loadp)
16:50:49.421 T:2926545808 M:513961984 DEBUG: Finished background loading special://xbmc/media/boxee_screen_saver/08.png
16:50:49.432 T:2926545808 M:513961984 DEBUG: Duration: 150 (transistion out length 150)
16:50:49.448 T:3071473440 M:513961984 DEBUG: Loading the next image special://xbmc/media/boxee_screen_saver/14.png
16:50:49.456 T:2931809168 M:513961984 DEBUG: Found machine ESCH-PC address 10.0.0.142 interface 74:F0:6D:9F:54:F5
16:50:49.457 T:2923387792 M:513961984 DEBUG: Looking for shares on host ESCH-PC ip 10.0.0.142
16:50:49.458 T:2923387792 M:513961984 DEBUG: CDirectory::GetDirectory , calling g_directoryCache.GetDirectory with path: smb://10.0.0.142 , items: 0 , retreiveAll: 0 (cache check)
16:50:49.458 T:2923387792 M:513961984 DEBUG: CDirectory::GetDirectory , g_directoryCache.GetDirectory returned false (cache check)
16:50:49.459 T:2923387792 M:513961984 DEBUG: OpenDir - Using authentication url smb://10.0.0.142
16:50:49.460 T:2931809168 M:513961984 DEBUG: Found machine BXMGR address 10.0.0.12 interface 74:F0:6D:9F:54:F5
16:50:49.480 T:2926545808 M:513961984 DEBUG: CBackgroundPicLoader::Process - START load picture [m_strFileName=special://xbmc/media/boxee_screen_saver/14.png] (loadp)
16:50:49.504 T:3071473440 M:513961984 DEBUG: GL: Vertex Shader compilation log:
16:50:49.505 T:3071473440 M:513961984 DEBUG: Success.
16:50:49.505 T:3071473440 M:513961984 DEBUG: GL: Vertex Shader compiled successfully
16:50:49.521 T:2923387792 M:513581056 DEBUG: SMBDirectory->GetDirectory: Unable to open directory : 'smb://10.0.0.142/' unix_err:'d' error : 'Permission denied'
16:50:49.521 T:2923387792 M:513581056 DEBUG: GetDirectory - Error getting smb://10.0.0.142
16:50:49.522 T:2923387792 M:513581056 DEBUG: Found 0 shares on host ESCH-PC
16:50:49.522 T:2923387792 M:513581056 DEBUG: Looking for shares on host BXMGR ip 10.0.0.12
16:50:49.523 T:2923387792 M:513581056 DEBUG: CDirectory::GetDirectory , calling g_directoryCache.GetDirectory with path: smb://10.0.0.12 , items: 0 , retreiveAll: 0 (cache check)
16:50:49.523 T:2923387792 M:513581056 DEBUG: CDirectory::GetDirectory , g_directoryCache.GetDirectory returned false (cache check)
16:50:49.523 T:2923387792 M:513581056 DEBUG: OpenDir - Using authentication url smb://10.0.0.12
16:50:49.527 T:3071473440 M:513454080 DEBUG: GL: Pixel Shader compilation log:
16:50:49.536 T:3071473440 M:513077248 DEBUG: Success.
16:50:49.536 T:3071473440 M:513077248 DEBUG: GL: Fragment Shader compiled successfully
16:50:49.567 T:2923387792 M:512569344 DEBUG: SMBDirectory->GetDirectory: Unable to open directory : 'smb://10.0.0.12/' unix_err:'d' error : 'Permission denied'
16:50:49.568 T:2923387792 M:512569344 DEBUG: GetDirectory - Error getting smb://10.0.0.12
16:50:49.569 T:2923387792 M:512569344 DEBUG: Found 0 shares on host BXMGR
16:50:49.604 T:3071473440 M:512188416 DEBUG: GL: Vertex Shader compilation log:
16:50:49.605 T:3071473440 M:512188416 DEBUG: Success.
16:50:49.605 T:3071473440 M:512188416 DEBUG: GL: Vertex Shader compiled successfully
16:50:49.611 T:3071473440 M:512188416 DEBUG: GL: Pixel Shader compilation log:
16:50:49.611 T:3071473440 M:512188416 DEBUG: Success.
16:50:49.612 T:3071473440 M:512188416 DEBUG: GL: Fragment Shader compiled successfully
16:50:49.668 T:2931809168 M:511680512 DEBUG: Found machine BUILD-PC-WIN address 10.0.0.155 interface 74:F0:6D:9F:54:F5
16:50:49.669 T:2931809168 M:511680512 DEBUG: Found machine ELI-DESKTOP address 10.0.0.167 interface 74:F0:6D:9F:54:F5
16:50:49.669 T:2923387792 M:511680512 DEBUG: Looking for shares on host BUILD-PC-WIN ip 10.0.0.155
16:50:49.670 T:2923387792 M:511680512 DEBUG: CDirectory::GetDirectory , calling g_directoryCache.GetDirectory with path: smb://10.0.0.155 , items: 0 , retreiveAll: 0 (cache check)
16:50:49.670 T:2923387792 M:511680512 DEBUG: CDirectory::GetDirectory , g_directoryCache.GetDirectory returned false (cache check)
16:50:49.671 T:2923387792 M:511680512 DEBUG: OpenDir - Using authentication url smb://10.0.0.155
16:50:49.681 T:3071473440 M:511553536 DEBUG: GL: Vertex Shader compilation log:
16:50:49.682 T:3071473440 M:511553536 DEBUG: Success.
16:50:49.682 T:3071473440 M:511553536 DEBUG: GL: Vertex Shader compiled successfully
16:50:49.706 T:3071473440 M:511426560 DEBUG: GL: Pixel Shader compilation log:
16:50:49.706 T:3071473440 M:511426560 DEBUG: Success.
16:50:49.707 T:3071473440 M:511426560 DEBUG: GL: Fragment Shader compiled successfully
16:50:49.726 T:2923387792 M:509140992 DEBUG: SMBDirectory->GetDirectory: Unable to open directory : 'smb://10.0.0.155/' unix_err:'d' error : 'Permission denied'
16:50:49.726 T:2923387792 M:509140992 DEBUG: GetDirectory - Error getting smb://10.0.0.155
16:50:49.727 T:2923387792 M:509140992 DEBUG: Found 0 shares on host BUILD-PC-WIN
16:50:49.727 T:2923387792 M:509140992 DEBUG: Looking for shares on host ELI-DESKTOP ip 10.0.0.167
16:50:49.728 T:2923387792 M:509140992 DEBUG: CDirectory::GetDirectory , calling g_directoryCache.GetDirectory with path: smb://10.0.0.167 , items: 0 , retreiveAll: 0 (cache check)
16:50:49.728 T:2923387792 M:509140992 DEBUG: CDirectory::GetDirectory , g_directoryCache.GetDirectory returned false (cache check)
16:50:49.729 T:2923387792 M:509140992 DEBUG: OpenDir - Using authentication url smb://10.0.0.167
16:50:49.769 T:3071473440 M:510283776 DEBUG: Loading: /opt/boxee/system/libexif-i686-linux.so
16:50:49.806 T:2923387792 M:501895168 DEBUG: Found 8 shares on host ELI-DESKTOP
16:50:49.876 T:2931809168 M:501895168 DEBUG: Found machine MACBOOKPRO-F718 address 10.0.0.170 interface 74:F0:6D:9F:54:F5
16:50:49.877 T:2923387792 M:501895168 DEBUG: Looking for shares on host MACBOOKPRO-F718 ip 10.0.0.170
16:50:49.878 T:2923387792 M:501895168 DEBUG: CDirectory::GetDirectory , calling g_directoryCache.GetDirectory with path: smb://10.0.0.170 , items: 0 , retreiveAll: 0 (cache check)
16:50:49.878 T:2923387792 M:501895168 DEBUG: CDirectory::GetDirectory , g_directoryCache.GetDirectory returned false (cache check)
16:50:49.879 T:2923387792 M:501895168 DEBUG: OpenDir - Using authentication url smb://10.0.0.170
16:50:49.880 T:2931809168 M:501768192 DEBUG: Found machine MERAV-LAPTOP address 10.0.0.138 interface 74:F0:6D:9F:54:F5
16:50:50.028 T:2923387792 M:500752384 DEBUG: Found 2 shares on host MACBOOKPRO-F718
16:50:50.030 T:2923387792 M:500756480 DEBUG: Looking for shares on host MERAV-LAPTOP ip 10.0.0.138
16:50:50.030 T:2923387792 M:500756480 DEBUG: CDirectory::GetDirectory , calling g_directoryCache.GetDirectory with path: smb://10.0.0.138 , items: 0 , retreiveAll: 0 (cache check)
16:50:50.030 T:2923387792 M:500756480 DEBUG: CDirectory::GetDirectory , g_directoryCache.GetDirectory returned false (cache check)
16:50:50.031 T:2923387792 M:500756480 DEBUG: OpenDir - Using authentication url smb://10.0.0.138
16:50:50.075 T:3071473440 M:508121088 DEBUG: CKeyboardStat, SDLKeyboard: scancode: 108, sym: 274, unicode: 0, modifier: 0
16:50:50.076 T:3071473440 M:508121088 DEBUG: CApplication::OnKey - [key=61480][window=12007][action=93]
16:50:50.076 T:3071473440 M:508121088 DEBUG: CBoxeeVersionUpdateJob::acquireVersionUpdateJobForPerformUpdate - Enter function. [m_VersionUpdateJobStatus=0=VUJS_IDLE] (update)
16:50:50.077 T:3071473440 M:508121088 DEBUG: CBoxeeVersionUpdateJob::acquireVersionUpdateJobForPerformUpdate - VersionUpdateJob current status is [m_VersionUpdateJobStatus=0=VUJS_IDLE], so it can't be acquire for update (update)
16:50:50.077 T:3071473440 M:508121088 DEBUG: OnKey: 61480 pressed, action is 93
16:50:50.078 T:3071473440 M:508121088 DEBUG: CGUIWindowManager::PreviousWindow: Deactivate
16:50:50.078 T:3071473440 M:508121088 DEBUG: CGUIWindowSlideShow::FreeResources - START waitting for BackgroundLoader thread to close [IsBackgroundLoaderInLoading=1][numOfSleepCounter=0] (blt)
16:50:50.088 T:2931809168 M:508121088 DEBUG: Found machine ASHER-WINPC address 10.0.0.180 interface 74:F0:6D:9F:54:F5
16:50:50.089 T:2931809168 M:508121088 DEBUG: Found machine MERAV-LAPTOP address 10.0.0.217 interface 74:F0:6D:9F:54:F5
16:50:50.153 T:2929703824 M:507740160 DEBUG: CNfsDirectory::GetDirectory - found 11 NFS devices
16:50:50.158 T:2929703824 M:507740160 DEBUG: Thread 2929703824 terminating (autodelete)
16:50:50.212 T:3071473440 M:507113472 DEBUG: CGUIWindowSlideShow::FreeResources - Going to break from while loop because [numOfSleepCounter=11>10]. [IsBackgroundLoaderInLoading=1] (blt)
16:50:50.213 T:3071473440 M:507113472 DEBUG: CGUIWindowSlideShow::FreeResources - END waitting for BackgroundLoader thread to close [IsBackgroundLoaderInLoading=1][numOfSleepCounter=11] (blt)
16:50:50.213 T:3071473440 M:507113472 DEBUG: Stopping BackgroundLoader thread
16:50:50.216 T:3071473440 M:514867200 DEBUG: ------ Window Deinit (SlideShow.xml) ------
16:50:50.217 T:3071473440 M:514867200 DEBUG: CGUIWindowManager::PreviousWindow: Activate new
16:50:50.217 T:3071473440 M:514867200 DEBUG: ------ Window Init (Home.xml) ------
16:50:50.218 T:3071473440 M:514867200 DEBUG: Loading skin file: Home.xml
16:50:50.234 T:3071473440 M:514740224 DEBUG: CGUIBaseContainer::CGUIBaseContainer, 7000 (basecontainer)
16:50:50.256 T:3071473440 M:514613248 DEBUG: CGUIBaseContainer::CGUIBaseContainer, 8200 (basecontainer)
16:50:50.264 T:3071473440 M:514613248 DEBUG: Load Home.xml: 45.97ms
16:50:50.268 T:3071473440 M:514486272 DEBUG: Alloc resources: 50.42ms (47.16 ms skin load)
16:50:50.270 T:3071473440 M:514486272 DEBUG: GUILoaderWindow::RegisterContainers
16:50:50.270 T:3071473440 M:514486272 DEBUG: GUILoaderWindow::RegisterContainer: 7000
16:50:50.270 T:3071473440 M:514486272 DEBUG: GUILoaderWindow::RegisterContainer: 8200
16:50:50.271 T:3071473440 M:514486272 DEBUG: CItemLoader::AddControl, window = 10000, control = 8200, path = feed://featured/?limit=15 (browse)
16:50:50.271 T:3071473440 M:514486272 DEBUG: CItemLoader::AddControl, 3 GUI_MSG_LOADING, window = 10000, control = 8200 (basecontainer)
16:50:50.271 T:3071473440 M:514486272 DEBUG: CGUIBaseContainer::CGUIBaseContainer, GUI_MSG_LOADING, 8200 (basecontainer)
16:50:50.288 T:3071473440 M:514224128 DEBUG: CItemLoader::AddControl, added directory job, path = feed://featured/?limit=15 (browse)
16:50:50.288 T:3071473440 M:514224128 DEBUG: CApplication::SetmInSlideshowScreensaver - m_inSlideshowScreensaver was set to [0] (ssm)
16:50:50.289 T:3071473440 M:514228224 DEBUG: Boxee: 22/02/12 14:50:50.2891#DEBUG#boxee.cpp:1464(SetInScreenSaver)#m_inScreenSaver was set to [0] (ssm)
16:50:50.292 T:2929703824 M:514228224 DEBUG: CGetDirectoryJob::DoWork, NEWUI, loading directory, path = feed://featured/?limit=15
16:50:50.293 T:2929703824 M:514228224 DEBUG: CDirectory::GetDirectory , calling g_directoryCache.GetDirectory with path: feed://featured/?limit=15 , items: 0 , retreiveAll: 0 (cache check)
16:50:50.293 T:2929703824 M:514228224 DEBUG: CDirectory::GetDirectory , g_directoryCache.GetDirectory returned false (cache check)
16:50:50.293 T:2929703824 M:514228224 DEBUG: CBoxeeFeedDirectory::GetDirectory - Enter function with [strPath=feed://featured/?limit=15] (bf)
16:50:50.294 T:2929703824 M:514228224 DEBUG: CBoxeeFeedDirectory::GetDirectory - [strPath=feed://featured/?limit=15] was parsed to [dir=featured][file=] (bf)
16:50:50.294 T:2929703824 M:514228224 DEBUG: CBoxeeFeedDirectory::HandleRequestWithLimit - [featured] - Going to retrieve objects from the server (bf)
16:50:50.294 T:2929703824 M:514228224 DEBUG: CBoxeeFeedDirectory::GetItemsFromServer - Going to call BoxeeClientServerComManager::GetFeaturedList() (queue)
16:50:50.295 T:2929703824 M:514228224 DEBUG: Boxee: 22/02/12 14:50:50.2950#DEBUG#bxfeaturedmanager.cpp:103(GetFeaturedList)#BXFeaturedManager::GetFeaturedList - Enter function (shares)
16:50:50.302 T:2929703824 M:514228224 DEBUG: Boxee: 22/02/12 14:50:50.3028#DEBUG#bxfeaturedmanager.cpp:136(GetFeaturedList)#BXFeaturedManager::GetFeaturedList - Exit function. After set [FeaturedListSize=40] (feat)
16:50:50.303 T:2929703824 M:514228224 DEBUG: CBoxeeFeedDirectory::GetItemsFromServer - Call to BoxeeClientServerComManager::GetFeaturedList() returned [retVal=1][BoxeeFeedSize=40] (queue)
16:50:50.303 T:2929703824 M:514228224 DEBUG: CBoxeeFeedDirectory::ConvertServerResponse - [featured] - Enter function after retrieve from server [numOfItemsFromServer=40] for type [featured]. [timestamp=1329919401] (bf)
16:50:50.386 T:2929703824 M:513339392 DEBUG: CBoxeeFeedDirectory::ConvertServerResponse - [featured] - Exit function after build [listItemsSize=40] for type [featured]. [numOfItemsFromServer=40] (bf)
16:50:50.386 T:2929703824 M:513339392 DEBUG: CBoxeeFeedDirectory::HandleRequestWithLimit - [featured] - Call to HandleServerResponse returned [listItemsSize=40] (bf)
16:50:50.400 T:2929703824 M:513339392 DEBUG: CBoxeeFeedDirectory::HandleRequestWithLimit - [featured] - After sort the retrieve items. Going to copy for return (bf)
16:50:50.401 T:2929703824 M:513339392 DEBUG: CBoxeeFeedDirectory::HandleRequestWithLimit - [featured] - After setting [limit=15] (bf)
16:50:50.401 T:2929703824 M:513339392 DEBUG: CBoxeeFeedDirectory::HandleRequestWithLimit - [featured] - [NumOfItems=40] is more then [limit=15], therefore going to copy only [15] items (bf)
16:50:50.402 T:2929703824 M:513339392 DEBUG: CBoxeeQueueDirectory::HandleRequestWithLimit - Exit function and returning list with size [15] (bf)
16:50:50.403 T:2929703824 M:513339392 DEBUG: Going to return list with size [15] for type [featured] (bf)
16:50:50.483 T:2929703824 M:513339392 DEBUG: CGetDirectoryJob::DoWork, NEWUI, done loading directory, bResult = 1
16:50:50.487 T:2929703824 M:513339392 DEBUG: CGetDirectoryJob::ItemsLoaded, sending GUI_MSG_LABEL_BIND windowId [10000] controlId[8200] size[15]
16:50:50.500 T:3071473440 M:513347584 DEBUG: CGUIBaseContainer::CGUIBaseContainer, GUI_MSG_LABEL_BIND, 8200 , append=0 (basecontainer)
16:50:50.610 T:2924440464 M:506617856 DEBUG: CBoxeeFeedItemsLoader::LoadItem - Not handling item [label=[B]VICE/Motherboard[/B][CR]meets Jason Silva][showid=][boxeeid=][isfeedalbum=][referral=1501] (feedloader)(ri)
16:50:50.613 T:2924440464 M:506617856 DEBUG: CDirectoryCache::UpdateItem, CACHE updating dirPath = feed://featured/?limit=15 , cacheId = http://vimeo.com/29426315 , item = [B]VICE/Motherboard[/B][CR]meets Jason Silva, path = http://vimeo.com/29426315 (dircache)
16:50:50.613 T:2924440464 M:506621952 DEBUG: CDirectoryCache::UpdateItem, found the relevant dir - strDirPath = feed://featured/?limit=15 (dircache)
16:50:50.614 T:2924440464 M:506621952 DEBUG: CDirectoryCache::UpdateItem, found the item - strCacheId = http://vimeo.com/29426315 (dircache)
16:50:50.614 T:2924440464 M:506621952 DEBUG: TouchThumbnailFile touch thumbnail file special://masterprofile/profiles/asafg/Thumbnails/Pictures/8/85de3eba.tbn size 229366 (thm)
16:50:50.615 T:2924440464 M:506621952 DEBUG: TouchThumbnailFile touch thumbnail file special://masterprofile/profiles/asafg/Thumbnails/Pictures/8/85de3eba.tbn already exist - update the average time total 1 files average time 2417224394(thm)
16:50:50.616 T:2917133200 M:506621952 DEBUG: CBoxeeFeedItemsLoader::LoadItem - Not handling item [label=[B]Entertainment[/B][CR]Celebrity & Movie News][showid=][boxeeid=][isfeedalbum=][referral=1434] (feedloader)(ri)
16:50:50.620 T:2917133200 M:506621952 DEBUG: CDirectoryCache::UpdateItem, CACHE updating dirPath = feed://featured/?limit=15 , cacheId = app://aolhd/loader?sect=entertainment , item = [B]Entertainment[/B][CR]Celebrity & Movie News, path = app://aolhd/loader?sect=entertainment (dircache)
16:50:50.620 T:2917133200 M:506621952 DEBUG: CDirectoryCache::UpdateItem, found the relevant dir - strDirPath = feed://featured/?limit=15 (dircache)
16:50:50.621 T:2917133200 M:506621952 DEBUG: CDirectoryCache::UpdateItem, found the item - strCacheId = app://aolhd/loader?sect=entertainment (dircache)
16:50:50.622 T:2917133200 M:506621952 DEBUG: TouchThumbnailFile touch thumbnail file special://masterprofile/profiles/asafg/Thumbnails/Pictures/7/7e589270.tbn size 50084 (thm)
16:50:50.622 T:2918185872 M:506621952 DEBUG: CBoxeeFeedItemsLoader::LoadItem - Not handling item [label=[B]Moviefone[/B][CR]Hot Movie Trailers][showid=][boxeeid=][isfeedalbum=][referral=1437] (feedloader)(ri)
16:50:50.625 T:2918185872 M:506621952 DEBUG: CDirectoryCache::UpdateItem, CACHE updating dirPath = feed://featured/?limit=15 , cacheId = app://aolhd/loader?sect=moviefone , item = [B]Moviefone[/B][CR]Hot Movie Trailers, path = app://aolhd/loader?sect=moviefone (dircache)
16:50:50.626 T:2918185872 M:506621952 DEBUG: CDirectoryCache::UpdateItem, found the relevant dir - strDirPath = feed://featured/?limit=15 (dircache)
16:50:50.626 T:2918185872 M:506621952 DEBUG: CDirectoryCache::UpdateItem, found the item - strCacheId = app://aolhd/loader?sect=moviefone (dircache)
16:50:50.627 T:2918185872 M:506621952 DEBUG: TouchThumbnailFile touch thumbnail file special://masterprofile/profiles/asafg/Thumbnails/Pictures/1/1239700b.tbn size 60669 (thm)
16:50:50.628 T:2928651152 M:506621952 DEBUG: Initializing feed: http://res.boxee.tv/title/movie/?id=304615
16:50:50.631 T:2928651152 M:506621952 DEBUG: update ref map. url http://res.boxee.tv/title/movie/?id=304615 new ref_count 0 progress 0 (hcm)
16:50:50.631 T:2928651152 M:506621952 DEBUG: update ref map. url http://res.boxee.tv/title/movie/?id=304615 new ref_count 1 progress 0 (hcm)
16:50:50.643 T:3018603408 M:506474496 DEBUG: CBoxeeFeedItemsLoader::LoadItem - Not handling item [label=[B]ifoodtv[/B]][showid=][boxeeid=][isfeedalbum=][referral=1513] (feedloader)(ri)
16:50:50.645 T:3018603408 M:506474496 DEBUG: CDirectoryCache::UpdateItem, CACHE updating dirPath = feed://featured/?limit=15 , cacheId = app://ifoodtv , item = [B]ifoodtv[/B], path = app://ifoodtv (dircache)
16:50:50.646 T:3018603408 M:506474496 DEBUG: CDirectoryCache::UpdateItem, found the relevant dir - strDirPath = feed://featured/?limit=15 (dircache)
16:50:50.646 T:3018603408 M:506474496 DEBUG: CDirectoryCache::UpdateItem, found the item - strCacheId = app://ifoodtv (dircache)
16:50:50.647 T:3018603408 M:506474496 DEBUG: TouchThumbnailFile touch thumbnail file special://masterprofile/profiles/asafg/Thumbnails/Pictures/7/760e2d91.tbn size 19276 (thm)
16:50:50.762 T:2924440464 M:503676928 DEBUG: Initializing feed: http://res.boxee.tv/title/movie/?id=667105
16:50:50.765 T:2924440464 M:503676928 DEBUG: update ref map. url http://res.boxee.tv/title/movie/?id=667105 new ref_count 0 progress 0 (hcm)
16:50:50.766 T:2924440464 M:503681024 DEBUG: update ref map. url http://res.boxee.tv/title/movie/?id=667105 new ref_count 1 progress 0 (hcm)
16:50:50.768 T:2917133200 M:503689216 DEBUG: TouchThumbnailFile touch thumbnail file special://masterprofile/profiles/asafg/Thumbnails/Pictures/7/7e589270.tbn already exist - update the average time total 1 files average time 2417224693(thm)
16:50:50.792 T:2917133200 M:503435264 DEBUG: CBoxeeFeedItemsLoader::LoadItem - Not handling item [label=[B]Handmade Portraits[/B][CR]Liberty Vintage Motorcycles][showid=][boxeeid=][isfeedalbum=][referral=1467] (feedloader)(ri)
16:50:50.795 T:2917133200 M:503435264 DEBUG: CDirectoryCache::UpdateItem, CACHE updating dirPath = feed://featured/?limit=15 , cacheId = http://vimeo.com/20789680 , item = [B]Handmade Portraits[/B][CR]Liberty Vintage Motorcycles, path = http://vimeo.com/20789680 (dircache)
16:50:50.796 T:2917133200 M:503435264 DEBUG: CDirectoryCache::UpdateItem, found the relevant dir - strDirPath = feed://featured/?limit=15 (dircache)
16:50:50.797 T:2917133200 M:503435264 DEBUG: CDirectoryCache::UpdateItem, found the item - strCacheId = http://vimeo.com/20789680 (dircache)
16:50:50.797 T:2918185872 M:503435264 DEBUG: TouchThumbnailFile touch thumbnail file special://masterprofile/profiles/asafg/Thumbnails/Pictures/1/1239700b.tbn already exist - update the average time total 1 files average time 2417224991(thm)
16:50:50.799 T:2917133200 M:503435264 DEBUG: TouchThumbnailFile touch thumbnail file special://masterprofile/profiles/asafg/Thumbnails/Pictures/9/9ff3225e.tbn size 27846 (thm)
16:50:50.823 T:2926545808 M:509657088 DEBUG: CBackgroundPicLoader::Process - END load picture [m_strFileName=special://xbmc/media/boxee_screen_saver/14.png] (loadp)
16:50:50.823 T:2926545808 M:509657088 DEBUG: Finished background loading special://xbmc/media/boxee_screen_saver/14.png
16:50:50.846 T:2926545808 M:509657088 DEBUG: Duration: 150 (transistion out length 150)
16:50:50.847 T:2926545808 M:509657088 DEBUG: Time for loading 2 images: 2010 ms, average 1005 ms
16:50:50.847 T:2926545808 M:509657088 DEBUG: Thread 2926545808 terminating (autodelete)
16:50:50.898 T:2918185872 M:509538304 DEBUG: CBoxeeFeedItemsLoader::LoadItem - Not handling item [label=[B]N***as In Paris[/B][CR]Jay-Z & Kanye West (Explicit Lyrics)][showid=][boxeeid=][isfeedalbum=][referral=1492] (feedloader)(ri)
16:50:50.901 T:2918185872 M:509538304 DEBUG: CDirectoryCache::UpdateItem, CACHE updating dirPath = feed://featured/?limit=15 , cacheId = http://vimeo.com/36496018 , item = [B]N***as In Paris[/B][CR]Jay-Z & Kanye West (Explicit Lyrics), path = http://vimeo.com/36496018 (dircache)
16:50:50.902 T:2918185872 M:509538304 DEBUG: CDirectoryCache::UpdateItem, found the relevant dir - strDirPath = feed://featured/?limit=15 (dircache)
16:50:50.902 T:2918185872 M:509538304 DEBUG: CDirectoryCache::UpdateItem, found the item - strCacheId = http://vimeo.com/36496018 (dircache)
16:50:50.903 T:2918185872 M:509538304 DEBUG: TouchThumbnailFile touch thumbnail file special://masterprofile/profiles/asafg/Thumbnails/Pictures/2/266e293d.tbn size 343689 (thm)
16:50:50.904 T:3018603408 M:509538304 DEBUG: TouchThumbnailFile touch thumbnail file special://masterprofile/profiles/asafg/Thumbnails/Pictures/7/760e2d91.tbn already exist - update the average time total 1 files average time 2417225286(thm)
16:50:50.953 T:3018603408 M:509530112 DEBUG: CBoxeeFeedItemsLoader::LoadItem - Not handling item [label=[B]Maurice Sendak[/B][CR]TateShots Interview][showid=][boxeeid=][isfeedalbum=][referral=1503] (feedloader)(ri)
16:50:50.957 T:3018603408 M:509530112 DEBUG: CDirectoryCache::UpdateItem, CACHE updating dirPath = feed://featured/?limit=15 , cacheId = http://www.youtube.com/watch?v=xXAjkLUv7dY , item = [B]Maurice Sendak[/B][CR]TateShots Interview, path = http://www.youtube.com/watch?v=xXAjkLUv7dY (dircache)
16:50:50.957 T:3018603408 M:509530112 DEBUG: CDirectoryCache::UpdateItem, found the relevant dir - strDirPath = feed://featured/?limit=15 (dircache)
16:50:50.958 T:3018603408 M:509534208 DEBUG: CDirectoryCache::UpdateItem, found the item - strCacheId = http://www.youtube.com/watch?v=xXAjkLUv7dY (dircache)
16:50:50.959 T:3018603408 M:509534208 DEBUG: TouchThumbnailFile touch thumbnail file special://masterprofile/profiles/asafg/Thumbnails/Pictures/2/2ef09cfa.tbn size 268644 (thm)
16:50:50.959 T:3018603408 M:509534208 DEBUG: TouchThumbnailFile touch thumbnail file special://masterprofile/profiles/asafg/Thumbnails/Pictures/2/2ef09cfa.tbn already exist - update the average time total 1 files average time 2417225584(thm)
16:50:51.293 T:3018603408 M:507924480 DEBUG: Initializing feed: http://res.boxee.tv/title/movie/?id=854442
16:50:51.296 T:2918185872 M:507924480 DEBUG: TouchThumbnailFile touch thumbnail file special://masterprofile/profiles/asafg/Thumbnails/Pictures/2/266e293d.tbn already exist - update the average time total 1 files average time 2417225883(thm)
16:50:51.297 T:3018603408 M:507924480 DEBUG: update ref map. url http://res.boxee.tv/title/movie/?id=854442 new ref_count 0 progress 0 (hcm)
16:50:51.298 T:3018603408 M:507924480 DEBUG: update ref map. url http://res.boxee.tv/title/movie/?id=854442 new ref_count 1 progress 0 (hcm)
16:50:51.308 T:2918185872 M:507772928 DEBUG: CBoxeeFeedItemsLoader::LoadItem - Not handling item [label=[B]PRIME[/B]][showid=][boxeeid=][isfeedalbum=][referral=1498] (feedloader)(ri)
16:50:51.311 T:2918185872 M:507772928 DEBUG: CDirectoryCache::UpdateItem, CACHE updating dirPath = feed://featured/?limit=15 , cacheId = http://vimeo.com/35965635 , item = [B]PRIME[/B], path = http://vimeo.com/35965635 (dircache)
16:50:51.312 T:2918185872 M:507772928 DEBUG: CDirectoryCache::UpdateItem, found the relevant dir - strDirPath = feed://featured/?limit=15 (dircache)
16:50:51.312 T:2917133200 M:507772928 DEBUG: TouchThumbnailFile touch thumbnail file special://masterprofile/profiles/asafg/Thumbnails/Pictures/9/9ff3225e.tbn already exist - update the average time total 1 files average time 2417226182(thm)
16:50:51.313 T:2918185872 M:507772928 DEBUG: CDirectoryCache::UpdateItem, found the item - strCacheId = http://vimeo.com/35965635 (dircache)
16:50:51.314 T:2918185872 M:507772928 DEBUG: TouchThumbnailFile touch thumbnail file special://masterprofile/profiles/asafg/Thumbnails/Pictures/0/0bace23e.tbn size 264722 (thm)
16:50:51.403 T:2917133200 M:507637760 DEBUG: CBoxeeFeedItemsLoader::LoadItem - Not handling item [label=[B]Big Ideas (Don't get any)[/B] [CR]Radiohead][showid=][boxeeid=][isfeedalbum=][referral=1468] (feedloader)(ri)
16:50:51.407 T:2917133200 M:507637760 DEBUG: CDirectoryCache::UpdateItem, CACHE updating dirPath = feed://featured/?limit=15 , cacheId = http://vimeo.com/1109226 , item = [B]Big Ideas (Don't get any)[/B] [CR]Radiohead, path = http://vimeo.com/1109226 (dircache)
16:50:51.407 T:2917133200 M:507637760 DEBUG: CDirectoryCache::UpdateItem, found the relevant dir - strDirPath = feed://featured/?limit=15 (dircache)
16:50:51.408 T:2917133200 M:507637760 DEBUG: CDirectoryCache::UpdateItem, found the item - strCacheId = http://vimeo.com/1109226 (dircache)
16:50:51.409 T:2917133200 M:507637760 DEBUG: TouchThumbnailFile touch thumbnail file special://masterprofile/profiles/asafg/Thumbnails/Pictures/8/859bb0c7.tbn size 31770 (thm)
16:50:51.409 T:2917133200 M:507637760 DEBUG: TouchThumbnailFile touch thumbnail file special://masterprofile/profiles/asafg/Thumbnails/Pictures/8/859bb0c7.tbn already exist - update the average time total 1 files average time 2417226481(thm)
16:50:51.459 T:2918185872 M:506875904 DEBUG: TouchThumbnailFile touch thumbnail file special://masterprofile/profiles/asafg/Thumbnails/Pictures/0/0bace23e.tbn already exist - update the average time total 1 files average time 2417226780(thm)
16:50:51.472 T:2917133200 M:506884096 DEBUG: Initializing feed: http://res.boxee.tv/title/movie/?id=599727
16:50:51.475 T:2917133200 M:506884096 DEBUG: update ref map. url http://res.boxee.tv/title/movie/?id=599727 new ref_count 0 progress 0 (hcm)
16:50:51.475 T:2917133200 M:506888192 DEBUG: update ref map. url http://res.boxee.tv/title/movie/?id=599727 new ref_count 1 progress 0 (hcm)
16:50:51.494 T:2928651152 M:506888192 DEBUG: update ref map. url http://res.boxee.tv/title/movie/?id=304615 new ref_count 1 progress 0 (hcm)
16:50:51.494 T:2928651152 M:506888192 DEBUG: update expire time of url http://res.boxee.tv/title/movie/?id=304615 to the database (hcm)
16:50:51.509 T:2918185872 M:506871808 DEBUG: Initializing feed: http://res.boxee.tv/title/movie/?id=901424
16:50:51.527 T:2926545808 M:506880000 DEBUG: CHttpCacheManager::HttpCacheManagerCleanup::DoWork
16:50:51.529 T:2918185872 M:506880000 DEBUG: update ref map. url http://res.boxee.tv/title/movie/?id=901424 new ref_count 0 progress 0 (hcm)
16:50:51.530 T:2918185872 M:506880000 DEBUG: update ref map. url http://res.boxee.tv/title/movie/?id=901424 new ref_count 1 progress 0 (hcm)
16:50:51.538 T:2926545808 M:506863616 DEBUG: deleting expired cache entry from database (hcm)
16:50:51.540 T:2926545808 M:506695680 DEBUG: deleting expired cache entry from database (hcm)
16:50:51.541 T:2926545808 M:506691584 DEBUG: deleting expired cache entry from database (hcm)
16:50:51.542 T:2926545808 M:506687488 DEBUG: deleting expired cache entry from database (hcm)
16:50:51.543 T:2926545808 M:506654720 DEBUG: deleting expired cache entry from database (hcm)
16:50:51.545 T:2926545808 M:506650624 DEBUG: deleting expired cache entry from database (hcm)
16:50:51.546 T:2926545808 M:506761216 DEBUG: deleting expired cache entry from database (hcm)
16:50:51.548 T:2926545808 M:506769408 DEBUG: deleting expired cache entry from database (hcm)
16:50:51.550 T:2926545808 M:506724352 DEBUG: deleting expired cache entry from database (hcm)
16:50:51.551 T:2926545808 M:506720256 DEBUG: deleting expired cache entry from database (hcm)
16:50:51.554 T:2926545808 M:506716160 DEBUG: deleting expired cache entry from database (hcm)
16:50:51.557 T:2926545808 M:506839040 DEBUG: deleting expired cache entry from database (hcm)
16:50:51.559 T:2926545808 M:506834944 DEBUG: deleting expired cache entry from database (hcm)
16:50:51.560 T:2926545808 M:506830848 DEBUG: deleting expired cache entry from database (hcm)
16:50:51.561 T:2926545808 M:506826752 DEBUG: deleting expired cache entry from database (hcm)
16:50:51.563 T:2926545808 M:506793984 DEBUG: deleting expired cache entry from database (hcm)
16:50:51.564 T:2926545808 M:506757120 DEBUG: deleting expired cache entry from database (hcm)
16:50:51.575 T:2926545808 M:506740736 DEBUG: deleting expired cache entry from database (hcm)
16:50:51.592 T:2926545808 M:506716160 DEBUG: deleting expired cache entry from database (hcm)
16:50:51.593 T:2926545808 M:506703872 DEBUG: deleting expired cache entry from database (hcm)
16:50:51.595 T:2928651152 M:506695680 DEBUG: update ref map. url http://res.boxee.tv/title/movie/?id=304615 new ref_count 0 progress 0 (hcm)
16:50:51.599 T:2928651152 M:506720256 DEBUG: CRssFeed::ReadFeed - [strURL=http://res.boxee.tv/title/movie/?id=304615] is NOT HD. Load feed from URL returned [result=1][LastRetCode=200] (rssf)
16:50:51.601 T:2928651152 M:506724352 DEBUG: Channel thumbnail:
16:50:51.602 T:2928651152 M:506724352 DEBUG: CRssFeed::ReadFeed - open search, startIndex = -1, itemsPerPage = -1, totalResults = -1 (paging)
16:50:51.607 T:2928651152 M:506724352 DEBUG: Boxee: 22/02/12 14:50:51.6076#DEBUG#bxsourcesmanager.cpp:157(GetSources)#BXSourcesManager::GetSourcesList - Enter function (entitle)
16:50:51.612 T:2924440464 M:506732544 DEBUG: update ref map. url http://res.boxee.tv/title/movie/?id=667105 new ref_count 1 progress 0 (hcm)
16:50:51.614 T:2924440464 M:506732544 DEBUG: insert http://res.boxee.tv/title/movie/?id=667105 to the database (hcm)
16:50:51.615 T:2924440464 M:506732544 DEBUG: update ref map. url http://res.boxee.tv/title/movie/?id=667105 new ref_count 0 progress 0 (hcm)
16:50:51.619 T:2924440464 M:506732544 DEBUG: CRssFeed::ReadFeed - [strURL=http://res.boxee.tv/title/movie/?id=667105] is NOT HD. Load feed from URL returned [result=1][LastRetCode=200] (rssf)
16:50:51.621 T:2924440464 M:506732544 DEBUG: Channel thumbnail:
16:50:51.622 T:2924440464 M:506732544 DEBUG: CRssFeed::ReadFeed - open search, startIndex = -1, itemsPerPage = -1, totalResults = -1 (paging)
16:50:51.627 T:2924440464 M:506732544 DEBUG: Boxee: 22/02/12 14:50:51.6270#DEBUG#bxsourcesmanager.cpp:157(GetSources)#BXSourcesManager::GetSourcesList - Enter function (entitle)
16:50:51.630 T:2926545808 M:506724352 DEBUG: CDirectory::GetDirectory , calling g_directoryCache.GetDirectory with path: //.boxee/UserData/profiles/asafg/cache , items: 0 , retreiveAll: 0 (cache check)
16:50:51.961 T:2926545808 M:506249216 DEBUG: CDirectory::GetDirectory , g_directoryCache.GetDirectory returned false (cache check)
16:50:51.967 T:2924440464 M:506249216 DEBUG: Boxee: 22/02/12 14:50:51.6495#DEBUG#bxsourcesmanager.cpp:201(GetSources)#BXSourcesManager::GetSourcesList - Exit function. After set [SourcesListSize=80] (source)
16:50:51.967 T:2924440464 M:506249216 DEBUG: CRssFeed::ParseItemElements, looking up premium provider:[id=hdtrailers](premium)
16:50:51.970 T:2924440464 M:506249216 DEBUG: CRssFeed::ParseItemElements, looking up premium provider:[id=vudu](premium)
16:50:51.971 T:2924440464 M:506249216 DEBUG: CRssFeed::ParseItemElements, found premium provider [id=vudu][thumb=http://dir.boxee.tv/apps/providerthmb/vudu.png] (premium)
16:50:51.973 T:2924440464 M:506249216 DEBUG: BoxeeUtils::ResolveItem, for boxee id = 667105, items size = 1 (ri)
16:50:51.975 T:2928651152 M:506249216 DEBUG: Boxee: 22/02/12 14:50:51.9679#DEBUG#bxsourcesmanager.cpp:201(GetSources)#BXSourcesManager::GetSourcesList - Exit function. After set [SourcesListSize=80] (source)
16:50:51.976 T:2928651152 M:506249216 DEBUG: CRssFeed::ParseItemElements, looking up premium provider:[id=hdtrailers](premium)
16:50:51.978 T:2928651152 M:506249216 DEBUG: CRssFeed::ParseItemElements, looking up premium provider:[id=vudu](premium)
16:50:51.979 T:2928651152 M:506249216 DEBUG: CRssFeed::ParseItemElements, found premium provider [id=vudu][thumb=http://dir.boxee.tv/apps/providerthmb/vudu.png] (premium)
16:50:51.983 T:2928651152 M:506249216 DEBUG: BoxeeUtils::ResolveItem, for boxee id = 304615, items size = 1 (ri)
16:50:52.030 T:2924440464 M:506249216 DEBUG: CPictureThumbLoader::LoadItem - Item [label=Rent or Buy From $3.99][label2=Vudu][path=app://vudu/play?contentid=178784] is a folder. [folderCacheThumbPath=special://masterprofile/profiles/asafg/Thumbnails/Pictures/d/de55c7ee.tbn] (foldert)
16:50:52.032 T:2924440464 M:506257408 DEBUG: CPictureThumbLoader::LoadItem - CahceFolderThumb for item [label=Rent or Buy From $3.99][label2=Vudu][path=app://vudu/play?contentid=178784] DOESN'T exist. [OriginalThumb=] (foldert)
16:50:52.033 T:2924440464 M:506257408 DEBUG: CPictureThumbLoader::LoadItem - For item [label=Rent or Buy From $3.99][label2=Vudu][path=app://vudu/play?contentid=178784] going to return TRUE [Not queue for background loading] (foldert)
