16:45:53.424 T:2923387792 M:518733824 DEBUG: Looking for shares on host IOMEGATV ip 10.0.0.147
16:45:53.426 T:2923387792 M:518733824 DEBUG: CDirectory::GetDirectory , calling g_directoryCache.GetDirectory with path: smb://10.0.0.147 , items: 0 , retreiveAll: 0 (cache check)
16:45:53.426 T:2923387792 M:518733824 DEBUG: CDirectory::GetDirectory , g_directoryCache.GetDirectory returned false (cache check)
16:45:53.427 T:2923387792 M:518733824 DEBUG: OpenDir - Using authentication url smb://10.0.0.147
16:45:53.485 T:2923387792 M:517992448 DEBUG: Found 4 shares on host IOMEGATV
16:45:53.528 T:2927598480 M:516976640 DEBUG: Found machine MERAV-LAPTOP address 10.0.0.138 interface 74:F0:6D:9F:54:F5
16:45:53.528 T:2923387792 M:516976640 DEBUG: Looking for shares on host MERAV-LAPTOP ip 10.0.0.138
16:45:53.529 T:2923387792 M:516976640 DEBUG: CDirectory::GetDirectory , calling g_directoryCache.GetDirectory with path: smb://10.0.0.138 , items: 0 , retreiveAll: 0 (cache check)
16:45:53.529 T:2923387792 M:516976640 DEBUG: CDirectory::GetDirectory , g_directoryCache.GetDirectory returned false (cache check)
16:45:53.530 T:2923387792 M:516976640 DEBUG: OpenDir - Using authentication url smb://10.0.0.138
16:45:53.840 T:2927598480 M:516722688 DEBUG: Found machine ASHER-WINPC address 10.0.0.180 interface 74:F0:6D:9F:54:F5
16:45:53.905 T:2917133200 M:516730880 DEBUG: update ref map. url http://res.boxee.tv/title/movie/?id=667105 new ref_count 1 progress 0 (hcm)
16:45:53.907 T:2917133200 M:516730880 DEBUG: insert http://res.boxee.tv/title/movie/?id=667105 to the database (hcm)
16:45:53.908 T:2917133200 M:516730880 DEBUG: update ref map. url http://res.boxee.tv/title/movie/?id=667105 new ref_count 0 progress 0 (hcm)
16:45:53.914 T:2918185872 M:516743168 DEBUG: update ref map. url http://res.boxee.tv/title/movie/?id=304615 new ref_count 1 progress 0 (hcm)
16:45:53.916 T:2918185872 M:516743168 DEBUG: insert http://res.boxee.tv/title/movie/?id=304615 to the database (hcm)
16:45:53.918 T:2918185872 M:516743168 DEBUG: update ref map. url http://res.boxee.tv/title/movie/?id=304615 new ref_count 0 progress 0 (hcm)
16:45:53.921 T:2918185872 M:516743168 DEBUG: CRssFeed::ReadFeed - [strURL=http://res.boxee.tv/title/movie/?id=304615] is NOT HD. Load feed from URL returned [result=1][LastRetCode=200] (rssf)
16:45:53.923 T:2918185872 M:516743168 DEBUG: Channel thumbnail:
16:45:53.924 T:2918185872 M:516743168 DEBUG: CRssFeed::ReadFeed - open search, startIndex = -1, itemsPerPage = -1, totalResults = -1 (paging)
16:45:53.927 T:2917133200 M:516743168 DEBUG: CRssFeed::ReadFeed - [strURL=http://res.boxee.tv/title/movie/?id=667105] is NOT HD. Load feed from URL returned [result=1][LastRetCode=200] (rssf)
16:45:53.929 T:2917133200 M:516743168 DEBUG: Channel thumbnail:
16:45:53.930 T:2917133200 M:516743168 DEBUG: CRssFeed::ReadFeed - open search, startIndex = -1, itemsPerPage = -1, totalResults = -1 (paging)
16:45:53.935 T:2918185872 M:516743168 DEBUG: Boxee: 22/02/12 14:45:53.9334#DEBUG#bxsourcesmanager.cpp:157(GetSources)#BXSourcesManager::GetSourcesList - Enter function (entitle)
16:45:53.938 T:2918185872 M:516743168 DEBUG: Boxee: 22/02/12 14:45:53.9383#DEBUG#bxsourcesmanager.cpp:201(GetSources)#BXSourcesManager::GetSourcesList - Exit function. After set [SourcesListSize=80] (source)
16:45:53.938 T:2918185872 M:516743168 DEBUG: CRssFeed::ParseItemElements, looking up premium provider:[id=hdtrailers](premium)
16:45:53.942 T:2917133200 M:516743168 DEBUG: Boxee: 22/02/12 14:45:53.9426#DEBUG#bxsourcesmanager.cpp:157(GetSources)#BXSourcesManager::GetSourcesList - Enter function (entitle)
16:45:53.943 T:2927598480 M:516743168 DEBUG: Found machine MERAV-LAPTOP address 10.0.0.217 interface 74:F0:6D:9F:54:F5
16:45:53.946 T:2917133200 M:516743168 DEBUG: Boxee: 22/02/12 14:45:53.9466#DEBUG#bxsourcesmanager.cpp:201(GetSources)#BXSourcesManager::GetSourcesList - Exit function. After set [SourcesListSize=80] (source)
16:45:53.947 T:2917133200 M:516743168 DEBUG: CRssFeed::ParseItemElements, looking up premium provider:[id=hdtrailers](premium)
16:45:53.949 T:2917133200 M:516743168 DEBUG: CRssFeed::ParseItemElements, looking up premium provider:[id=vudu](premium)
16:45:53.950 T:2917133200 M:516743168 DEBUG: CRssFeed::ParseItemElements, found premium provider [id=vudu][thumb=http://dir.boxee.tv/apps/providerthmb/vudu.png] (premium)
16:45:53.953 T:2917133200 M:516743168 DEBUG: BoxeeUtils::ResolveItem, for boxee id = 667105, items size = 1 (ri)
16:45:53.963 T:2918185872 M:516747264 DEBUG: CRssFeed::ParseItemElements, looking up premium provider:[id=vudu](premium)
16:45:53.965 T:2918185872 M:516747264 DEBUG: CRssFeed::ParseItemElements, found premium provider [id=vudu][thumb=http://dir.boxee.tv/apps/providerthmb/vudu.png] (premium)
16:45:53.968 T:2918185872 M:516747264 DEBUG: BoxeeUtils::ResolveItem, for boxee id = 304615, items size = 1 (ri)
16:45:53.995 T:2924440464 M:516755456 DEBUG: update ref map. url http://res.boxee.tv/title/movie/?id=854442 new ref_count 1 progress 0 (hcm)
16:45:53.996 T:2924440464 M:516755456 DEBUG: insert http://res.boxee.tv/title/movie/?id=854442 to the database (hcm)
16:45:53.998 T:2924440464 M:516755456 DEBUG: update ref map. url http://res.boxee.tv/title/movie/?id=854442 new ref_count 0 progress 0 (hcm)
16:45:54.002 T:2924440464 M:516755456 DEBUG: CRssFeed::ReadFeed - [strURL=http://res.boxee.tv/title/movie/?id=854442] is NOT HD. Load feed from URL returned [result=1][LastRetCode=200] (rssf)
16:45:54.004 T:2924440464 M:516755456 DEBUG: Channel thumbnail:
16:45:54.005 T:2924440464 M:516755456 DEBUG: CRssFeed::ReadFeed - open search, startIndex = -1, itemsPerPage = -1, totalResults = -1 (paging)
16:45:54.009 T:2924440464 M:516755456 DEBUG: Boxee: 22/02/12 14:45:54.96#DEBUG#bxsourcesmanager.cpp:157(GetSources)#BXSourcesManager::GetSourcesList - Enter function (entitle)
16:45:54.013 T:2924440464 M:516755456 DEBUG: Boxee: 22/02/12 14:45:54.135#DEBUG#bxsourcesmanager.cpp:201(GetSources)#BXSourcesManager::GetSourcesList - Exit function. After set [SourcesListSize=80] (source)
16:45:54.014 T:2924440464 M:516755456 DEBUG: CRssFeed::ParseItemElements, looking up premium provider:[id=hdtrailers](premium)
16:45:54.016 T:2924440464 M:516755456 DEBUG: CRssFeed::ParseItemElements, looking up premium provider:[id=vudu](premium)
16:45:54.017 T:2924440464 M:516755456 DEBUG: CRssFeed::ParseItemElements, found premium provider [id=vudu][thumb=http://dir.boxee.tv/apps/providerthmb/vudu.png] (premium)
16:45:54.020 T:2924440464 M:516755456 DEBUG: BoxeeUtils::ResolveItem, for boxee id = 854442, items size = 1 (ri)
16:45:54.045 T:2917133200 M:516755456 DEBUG: CPictureThumbLoader::LoadItem - Item [label=Rent or Buy From $3.99][label2=Vudu][path=app://vudu/play?contentid=178784] is a folder. [folderCacheThumbPath=special://masterprofile/profiles/asafg/Thumbnails/Pictures/d/de55c7ee.tbn] (foldert)
16:45:54.045 T:2917133200 M:516755456 DEBUG: CPictureThumbLoader::LoadItem - CahceFolderThumb for item [label=Rent or Buy From $3.99][label2=Vudu][path=app://vudu/play?contentid=178784] DOESN'T exist. [OriginalThumb=] (foldert)
16:45:54.046 T:2917133200 M:516755456 DEBUG: CPictureThumbLoader::LoadItem - For item [label=Rent or Buy From $3.99][label2=Vudu][path=app://vudu/play?contentid=178784] going to return TRUE [Not queue for background loading] (foldert)
16:45:54.049 T:2917133200 M:516755456 DEBUG: CDirectoryCache::UpdateItem, CACHE updating dirPath = feed://featured/?limit=15 , cacheId = , item = [B]Super 8[/B], path = http://videos.hd-trailers.net/super_8_excl_clip_960x540_2200_m31.flv (dircache)
16:45:54.049 T:2917133200 M:516755456 DEBUG: CDirectoryCache::UpdateItem, found the relevant dir - strDirPath = feed://featured/?limit=15 (dircache)
16:45:54.050 T:2917133200 M:516755456 DEBUG: TouchThumbnailFile touch thumbnail file special://masterprofile/profiles/asafg/Thumbnails/Pictures/9/9227dbbe.tbn size 47020 (thm)
16:45:54.051 T:2917133200 M:516755456 DEBUG: TouchThumbnailFile touch thumbnail file special://masterprofile/profiles/asafg/Thumbnails/Pictures/9/9227dbbe.tbn already exist - update the average time total 1 files average time 2417195545(thm)
16:45:54.383 T:2918185872 M:515936256 DEBUG: CPictureThumbLoader::LoadItem - Item [label=Rent or Buy From $9.99][label2=Vudu][path=app://vudu/play?contentid=168778] is a folder. [folderCacheThumbPath=special://masterprofile/profiles/asafg/Thumbnails/Pictures/d/de55c7ee.tbn] (foldert)
16:45:54.384 T:2918185872 M:515936256 DEBUG: CPictureThumbLoader::LoadItem - CahceFolderThumb for item [label=Rent or Buy From $9.99][label2=Vudu][path=app://vudu/play?contentid=168778] DOESN'T exist. [OriginalThumb=] (foldert)
16:45:54.384 T:2918185872 M:515940352 DEBUG: CPictureThumbLoader::LoadItem - For item [label=Rent or Buy From $9.99][label2=Vudu][path=app://vudu/play?contentid=168778] going to return TRUE [Not queue for background loading] (foldert)
16:45:54.385 T:3018603408 M:515940352 DEBUG: update ref map. url http://res.boxee.tv/title/movie/?id=901424 new ref_count 1 progress 0 (hcm)
16:45:54.387 T:3018603408 M:515940352 DEBUG: insert http://res.boxee.tv/title/movie/?id=901424 to the database (hcm)
16:45:54.388 T:3018603408 M:515940352 DEBUG: update ref map. url http://res.boxee.tv/title/movie/?id=901424 new ref_count 0 progress 0 (hcm)
16:45:54.391 T:2928651152 M:515940352 DEBUG: update ref map. url http://res.boxee.tv/title/movie/?id=599727 new ref_count 1 progress 0 (hcm)
16:45:54.393 T:2928651152 M:515940352 DEBUG: insert http://res.boxee.tv/title/movie/?id=599727 to the database (hcm)
16:45:54.394 T:2928651152 M:515940352 DEBUG: update ref map. url http://res.boxee.tv/title/movie/?id=599727 new ref_count 0 progress 0 (hcm)
16:45:54.398 T:2924440464 M:515940352 DEBUG: CPictureThumbLoader::LoadItem - Item [label=Rent or Buy From $3.99][label2=Vudu][path=app://vudu/play?contentid=218561] is a folder. [folderCacheThumbPath=special://masterprofile/profiles/asafg/Thumbnails/Pictures/d/de55c7ee.tbn] (foldert)
16:45:54.399 T:2924440464 M:515940352 DEBUG: CPictureThumbLoader::LoadItem - CahceFolderThumb for item [label=Rent or Buy From $3.99][label2=Vudu][path=app://vudu/play?contentid=218561] DOESN'T exist. [OriginalThumb=] (foldert)
16:45:54.399 T:2924440464 M:515940352 DEBUG: CPictureThumbLoader::LoadItem - For item [label=Rent or Buy From $3.99][label2=Vudu][path=app://vudu/play?contentid=218561] going to return TRUE [Not queue for background loading] (foldert)
16:45:54.402 T:2918185872 M:515940352 DEBUG: CDirectoryCache::UpdateItem, CACHE updating dirPath = feed://featured/?limit=15 , cacheId = , item = [B]Avatar[/B], path = http://pdl.stream.aol.com/aol/brightcove/us/moviefone/trailers/2009/avatar_026982/avatar_trlr_02_480p_dl.mov (dircache)
16:45:54.408 T:2918185872 M:515940352 DEBUG: CDirectoryCache::UpdateItem, found the relevant dir - strDirPath = feed://featured/?limit=15 (dircache)
16:45:54.409 T:2918185872 M:515940352 DEBUG: TouchThumbnailFile touch thumbnail file special://masterprofile/profiles/asafg/Thumbnails/Pictures/2/20c05083.tbn size 279365 (thm)
16:45:54.409 T:2924440464 M:515940352 DEBUG: CDirectoryCache::UpdateItem, CACHE updating dirPath = feed://featured/?limit=15 , cacheId = , item = [B]In Time[/B], path = http://pdl.stream.aol.com/pdlext/aol/brightcove/us/moviefone/trailers/2011/intime_052770/intime_trlr_01_480p_dl.mov (dircache)
16:45:54.410 T:2924440464 M:515940352 DEBUG: CDirectoryCache::UpdateItem, found the relevant dir - strDirPath = feed://featured/?limit=15 (dircache)
16:45:54.411 T:2924440464 M:515940352 DEBUG: TouchThumbnailFile touch thumbnail file special://masterprofile/profiles/asafg/Thumbnails/Pictures/a/a2138bb0.tbn size 46320 (thm)
16:45:54.416 T:3018603408 M:515940352 DEBUG: CRssFeed::ReadFeed - [strURL=http://res.boxee.tv/title/movie/?id=901424] is NOT HD. Load feed from URL returned [result=1][LastRetCode=200] (rssf)
16:45:54.418 T:3018603408 M:515940352 DEBUG: Channel thumbnail:
16:45:54.418 T:3018603408 M:515940352 DEBUG: CRssFeed::ReadFeed - open search, startIndex = -1, itemsPerPage = -1, totalResults = -1 (paging)
16:45:54.423 T:2928651152 M:515940352 DEBUG: CRssFeed::ReadFeed - [strURL=http://res.boxee.tv/title/movie/?id=599727] is NOT HD. Load feed from URL returned [result=1][LastRetCode=200] (rssf)
16:45:54.425 T:2928651152 M:515940352 DEBUG: Channel thumbnail:
16:45:54.426 T:2928651152 M:515940352 DEBUG: CRssFeed::ReadFeed - open search, startIndex = -1, itemsPerPage = -1, totalResults = -1 (paging)
16:45:54.430 T:2928651152 M:515940352 DEBUG: Boxee: 22/02/12 14:45:54.4300#DEBUG#bxsourcesmanager.cpp:157(GetSources)#BXSourcesManager::GetSourcesList - Enter function (entitle)
16:45:54.433 T:2928651152 M:515944448 DEBUG: Boxee: 22/02/12 14:45:54.4338#DEBUG#bxsourcesmanager.cpp:201(GetSources)#BXSourcesManager::GetSourcesList - Exit function. After set [SourcesListSize=80] (source)
16:45:54.434 T:2928651152 M:515944448 DEBUG: CRssFeed::ParseItemElements, looking up premium provider:[id=hdtrailers](premium)
16:45:54.436 T:3018603408 M:515944448 DEBUG: Boxee: 22/02/12 14:45:54.4360#DEBUG#bxsourcesmanager.cpp:157(GetSources)#BXSourcesManager::GetSourcesList - Enter function (entitle)
16:45:54.439 T:3018603408 M:515944448 DEBUG: Boxee: 22/02/12 14:45:54.4390#DEBUG#bxsourcesmanager.cpp:201(GetSources)#BXSourcesManager::GetSourcesList - Exit function. After set [SourcesListSize=80] (source)
16:45:54.770 T:3018603408 M:515051520 DEBUG: CRssFeed::ParseItemElements, looking up premium provider:[id=hdtrailers](premium)
16:45:54.772 T:3018603408 M:515051520 DEBUG: CRssFeed::ParseItemElements, looking up premium provider:[id=vudu](premium)
16:45:54.774 T:3018603408 M:515051520 DEBUG: CRssFeed::ParseItemElements, found premium provider [id=vudu][thumb=http://dir.boxee.tv/apps/providerthmb/vudu.png] (premium)
16:45:54.776 T:3018603408 M:515051520 DEBUG: BoxeeUtils::ResolveItem, for boxee id = 901424, items size = 1 (ri)
16:45:54.779 T:2928651152 M:515051520 DEBUG: CRssFeed::ParseItemElements, looking up premium provider:[id=vudu](premium)
16:45:54.780 T:2917133200 M:515051520 DEBUG: CBoxeeFeedItemsLoader::LoadItem - Not handling item [label=[B]St. Vincent - Cheerleader[/B]][showid=][boxeeid=][isfeedalbum=][referral=1494] (feedloader)(ri)
16:45:54.781 T:2918185872 M:515051520 DEBUG: TouchThumbnailFile touch thumbnail file special://masterprofile/profiles/asafg/Thumbnails/Pictures/2/20c05083.tbn already exist - update the average time total 1 files average time 2417200304(thm)
16:45:54.787 T:2917133200 M:515051520 DEBUG: CDirectoryCache::UpdateItem, CACHE updating dirPath = feed://featured/?limit=15 , cacheId = http://vimeo.com/36052867 , item = [B]St. Vincent - Cheerleader[/B], path = http://vimeo.com/36052867 (dircache)
16:45:54.788 T:2917133200 M:515051520 DEBUG: CDirectoryCache::UpdateItem, found the relevant dir - strDirPath = feed://featured/?limit=15 (dircache)
16:45:54.788 T:2917133200 M:515051520 DEBUG: CDirectoryCache::UpdateItem, found the item - strCacheId = http://vimeo.com/36052867 (dircache)
16:45:54.789 T:2917133200 M:515051520 DEBUG: TouchThumbnailFile touch thumbnail file special://masterprofile/profiles/asafg/Thumbnails/Pictures/2/20cae943.tbn size 30353 (thm)
16:45:54.790 T:2928651152 M:515051520 DEBUG: CRssFeed::ParseItemElements, found premium provider [id=vudu][thumb=http://dir.boxee.tv/apps/providerthmb/vudu.png] (premium)
16:45:54.793 T:2928651152 M:515051520 DEBUG: BoxeeUtils::ResolveItem, for boxee id = 599727, items size = 1 (ri)
16:45:54.813 T:3018603408 M:515051520 DEBUG: CPictureThumbLoader::LoadItem - Item [label=Rent or Buy From $3.99][label2=Vudu][path=app://vudu/play?contentid=198314] is a folder. [folderCacheThumbPath=special://masterprofile/profiles/asafg/Thumbnails/Pictures/d/de55c7ee.tbn] (foldert)
16:45:54.814 T:3018603408 M:515051520 DEBUG: CPictureThumbLoader::LoadItem - CahceFolderThumb for item [label=Rent or Buy From $3.99][label2=Vudu][path=app://vudu/play?contentid=198314] DOESN'T exist. [OriginalThumb=] (foldert)
16:45:54.841 T:3018603408 M:515145728 DEBUG: CPictureThumbLoader::LoadItem - For item [label=Rent or Buy From $3.99][label2=Vudu][path=app://vudu/play?contentid=198314] going to return TRUE [Not queue for background loading] (foldert)
16:45:54.842 T:2928651152 M:515145728 DEBUG: CPictureThumbLoader::LoadItem - Item [label=Rent or Buy From $3.99][label2=Vudu][path=app://vudu/play?contentid=197960] is a folder. [folderCacheThumbPath=special://masterprofile/profiles/asafg/Thumbnails/Pictures/d/de55c7ee.tbn] (foldert)
16:45:54.843 T:2928651152 M:515145728 DEBUG: CPictureThumbLoader::LoadItem - CahceFolderThumb for item [label=Rent or Buy From $3.99][label2=Vudu][path=app://vudu/play?contentid=197960] DOESN'T exist. [OriginalThumb=] (foldert)
16:45:54.844 T:2928651152 M:515149824 DEBUG: CPictureThumbLoader::LoadItem - For item [label=Rent or Buy From $3.99][label2=Vudu][path=app://vudu/play?contentid=197960] going to return TRUE [Not queue for background loading] (foldert)
16:45:54.846 T:2928651152 M:515149824 DEBUG: CDirectoryCache::UpdateItem, CACHE updating dirPath = feed://featured/?limit=15 , cacheId = , item = [B]Another Earth[/B], path = http://playlist.yahoo.com/makeplaylist.dll?sdm=web&pt=rd&sid=123464411 (dircache)
16:45:54.847 T:2928651152 M:515149824 DEBUG: CDirectoryCache::UpdateItem, found the relevant dir - strDirPath = feed://featured/?limit=15 (dircache)
16:45:54.848 T:2924440464 M:515149824 DEBUG: TouchThumbnailFile touch thumbnail file special://masterprofile/profiles/asafg/Thumbnails/Pictures/a/a2138bb0.tbn already exist - update the average time total 1 files average time 2417205062(thm)
16:45:54.849 T:2918185872 M:515149824 DEBUG: CBoxeeFeedItemsLoader::LoadItem - Not handling item [label=[B]ifoodtv[/B]][showid=][boxeeid=][isfeedalbum=][referral=1513] (feedloader)(ri)
16:45:54.852 T:2918185872 M:515149824 DEBUG: CDirectoryCache::UpdateItem, CACHE updating dirPath = feed://featured/?limit=15 , cacheId = app://ifoodtv , item = [B]ifoodtv[/B], path = app://ifoodtv (dircache)
16:45:54.852 T:2918185872 M:515149824 DEBUG: CDirectoryCache::UpdateItem, found the relevant dir - strDirPath = feed://featured/?limit=15 (dircache)
16:45:54.853 T:2918185872 M:515149824 DEBUG: CDirectoryCache::UpdateItem, found the item - strCacheId = app://ifoodtv (dircache)
16:45:54.854 T:2918185872 M:515149824 DEBUG: TouchThumbnailFile touch thumbnail file special://masterprofile/profiles/asafg/Thumbnails/Pictures/7/760e2d91.tbn size 19276 (thm)
16:45:54.855 T:2928651152 M:515149824 DEBUG: TouchThumbnailFile touch thumbnail file special://masterprofile/profiles/asafg/Thumbnails/Pictures/b/bd72018a.tbn size 48889 (thm)
16:45:55.186 T:3018603408 M:511823872 DEBUG: CDirectoryCache::UpdateItem, CACHE updating dirPath = feed://featured/?limit=15 , cacheId = , item = [B]30 Minutes or Less[/B], path = http://pdl.stream.aol.com/pdlext/aol/brightcove/us/moviefone/trailers/2011/30minutesorless_051395/30minutesorless_trlr_01_480p_dl.mov (dircache)
16:45:55.187 T:3018603408 M:511823872 DEBUG: CDirectoryCache::UpdateItem, found the relevant dir - strDirPath = feed://featured/?limit=15 (dircache)
16:45:55.188 T:3018603408 M:511823872 DEBUG: TouchThumbnailFile touch thumbnail file special://masterprofile/profiles/asafg/Thumbnails/Pictures/b/b83ea9df.tbn size 76630 (thm)
16:45:55.188 T:2917133200 M:511823872 DEBUG: TouchThumbnailFile touch thumbnail file special://masterprofile/profiles/asafg/Thumbnails/Pictures/2/20cae943.tbn already exist - update the average time total 1 files average time 2417209820(thm)
16:45:55.216 T:3071473440 M:511840256 DEBUG: (dbg) FreeMem 499844/643508 Kb, FPS 31.2, CPU0: 86.9% (64.6%) Loader Q:[0] Textures:[188 (47.93 M)] SERVER: [67.225.149.139] ver: 1.5.1.23714-b17e3b9
16:45:55.216 T:3071473440 M:511840256 DEBUG: (dbg)
16:45:55.433 T:2918185872 M:511913984 DEBUG: TouchThumbnailFile touch thumbnail file special://masterprofile/profiles/asafg/Thumbnails/Pictures/7/760e2d91.tbn already exist - update the average time total 1 files average time 2417214579(thm)
16:45:55.922 T:2928651152 M:511025152 DEBUG: TouchThumbnailFile touch thumbnail file special://masterprofile/profiles/asafg/Thumbnails/Pictures/b/bd72018a.tbn already exist - update the average time total 1 files average time 2417219337(thm)
16:45:55.924 T:3018603408 M:511025152 DEBUG: TouchThumbnailFile touch thumbnail file special://masterprofile/profiles/asafg/Thumbnails/Pictures/b/b83ea9df.tbn already exist - update the average time total 1 files average time 2417224095(thm)
16:45:57.052 T:2927598480 M:511025152 DEBUG: Interface 74:F0:6D:9F:54:F5 scan complete, found 28 hosts
16:45:57.053 T:2927598480 M:511025152 DEBUG: Mapping out hosts on interface 74:F0:6D:9F:54:F5
16:45:57.676 T:2927598480 M:511029248 DEBUG: Ignoring file shares from local host and workgroup folder [WORKGROUP]
16:46:07.406 T:3071473440 M:510783488 DEBUG: (dbg) FreeMem 498812/643508 Kb, FPS 40.0, CPU0: 41.9% (39.2%) Loader Q:[0] Textures:[188 (48.28 M)] SERVER: [67.225.149.139] ver: 1.5.1.23714-b17e3b9
16:46:07.407 T:3071473440 M:510783488 DEBUG: (dbg)
16:46:10.940 T:2923387792 M:510783488 DEBUG: SMBDirectory->GetDirectory: Unable to open directory : 'smb://10.0.0.138/' unix_err:'6e' error : 'Connection timed out'
16:46:10.941 T:2923387792 M:510783488 DEBUG: GetDirectory - Error getting smb://10.0.0.138
16:46:10.941 T:2923387792 M:510783488 DEBUG: Found 0 shares on host MERAV-LAPTOP
16:46:10.942 T:2923387792 M:510783488 DEBUG: Looking for shares on host ASHER-WINPC ip 10.0.0.180
16:46:10.942 T:2923387792 M:510783488 DEBUG: CDirectory::GetDirectory , calling g_directoryCache.GetDirectory with path: smb://10.0.0.180 , items: 0 , retreiveAll: 0 (cache check)
16:46:10.942 T:2923387792 M:510783488 DEBUG: CDirectory::GetDirectory , g_directoryCache.GetDirectory returned false (cache check)
16:46:10.943 T:2923387792 M:510783488 DEBUG: OpenDir - Using authentication url smb://10.0.0.180
16:46:11.011 T:2923387792 M:510783488 DEBUG: SMBDirectory->GetDirectory: Unable to open directory : 'smb://10.0.0.180/' unix_err:'d' error : 'Permission denied'
16:46:11.012 T:2923387792 M:510783488 DEBUG: GetDirectory - Error getting smb://10.0.0.180
16:46:11.012 T:2923387792 M:510783488 DEBUG: Found 0 shares on host ASHER-WINPC
16:46:11.013 T:2923387792 M:510783488 DEBUG: Looking for shares on host MERAV-LAPTOP ip 10.0.0.217
16:46:11.013 T:2923387792 M:510783488 DEBUG: CDirectory::GetDirectory , calling g_directoryCache.GetDirectory with path: smb://10.0.0.217 , items: 0 , retreiveAll: 0 (cache check)
16:46:11.013 T:2923387792 M:510783488 DEBUG: CDirectory::GetDirectory , g_directoryCache.GetDirectory returned false (cache check)
16:46:11.014 T:2923387792 M:510783488 DEBUG: OpenDir - Using authentication url smb://10.0.0.217
16:46:18.237 T:2930756496 M:510750720 DEBUG: Thread 2930756496 terminating (autodelete)
16:46:18.261 T:2929703824 M:510758912 DEBUG: Thread 2929703824 terminating (autodelete)
16:46:18.997 T:2927598480 M:510767104 DEBUG: Found machine KOSTADVT address 10.0.0.104 interface 74:F0:6D:9F:54:F5 via mapping
16:46:19.419 T:3071473440 M:510767104 DEBUG: (dbg) FreeMem 498796/643508 Kb, FPS 40.0, CPU0: 45.6% (33.0%) Loader Q:[0] Textures:[188 (48.28 M)] SERVER: [67.225.149.139] ver: 1.5.1.23714-b17e3b9
16:46:19.420 T:3071473440 M:510767104 DEBUG: (dbg)
16:46:22.617 T:2931809168 M:510775296 DEBUG: Thread 2931809168 terminating (autodelete)
16:46:28.433 T:2923387792 M:510808064 DEBUG: SMBDirectory->GetDirectory: Unable to open directory : 'smb://10.0.0.217/' unix_err:'6e' error : 'Connection timed out'
16:46:28.434 T:2923387792 M:510808064 DEBUG: GetDirectory - Error getting smb://10.0.0.217
16:46:28.435 T:2923387792 M:510808064 DEBUG: Found 0 shares on host MERAV-LAPTOP
16:46:28.435 T:2923387792 M:510808064 DEBUG: Looking for shares on host KOSTADVT ip 10.0.0.104
16:46:28.436 T:2923387792 M:510808064 DEBUG: CDirectory::GetDirectory , calling g_directoryCache.GetDirectory with path: smb://10.0.0.104 , items: 0 , retreiveAll: 0 (cache check)
16:46:28.436 T:2923387792 M:510808064 DEBUG: CDirectory::GetDirectory , g_directoryCache.GetDirectory returned false (cache check)
16:46:28.437 T:2923387792 M:510808064 DEBUG: OpenDir - Using authentication url smb://10.0.0.104
16:46:28.500 T:2923387792 M:510808064 DEBUG: Found 0 shares on host KOSTADVT
16:46:31.447 T:3071473440 M:510808064 DEBUG: (dbg) FreeMem 498836/643508 Kb, FPS 40.0, CPU0: 50.2% (32.4%) Loader Q:[0] Textures:[188 (48.28 M)] SERVER: [67.225.149.139] ver: 1.5.1.23714-b17e3b9
16:46:31.447 T:3071473440 M:510808064 DEBUG: (dbg)
16:46:35.906 T:3010202512 M:510808064 DEBUG: CProcessSlowJob::DoWork - Enter function. [server=1][internet=1][IsStoped=0] (wdpslow)
16:46:35.906 T:3010202512 M:510812160 DEBUG: CProcessSlowJob::DoWork - Exit function. [server=1][internet=1] (wdpslow)
16:46:36.326 T:3021073296 M:510812160 INFO: CCheckInternetConnectionJob::DoWork - Checking the internet connection. [server=1][internet=1][ConnectionToInternetChanged=0] (offline)
16:46:36.326 T:3021073296 M:510812160 DEBUG: WatchDog::CheckIsConnectedToInternet - Enter function. [server=1][internet=1]. [fromJob=1] (offline)(wd)
16:46:43.476 T:3071473440 M:510828544 DEBUG: (dbg) FreeMem 498856/643508 Kb, FPS 40.0, CPU0: 40.8% (38.2%) Loader Q:[0] Textures:[188 (48.28 M)] SERVER: [67.225.149.139] ver: 1.5.1.23714-b17e3b9
16:46:43.476 T:3071473440 M:510828544 DEBUG: (dbg)
16:46:43.750 T:2927598480 M:510803968 DEBUG: Found machine DELL-LATITUDE address 10.0.0.223 interface 74:F0:6D:9F:54:F5 via mapping
16:46:43.751 T:2923387792 M:510803968 DEBUG: Looking for shares on host DELL-LATITUDE ip 10.0.0.223
16:46:43.751 T:2923387792 M:510803968 DEBUG: CDirectory::GetDirectory , calling g_directoryCache.GetDirectory with path: smb://10.0.0.223 , items: 0 , retreiveAll: 0 (cache check)
16:46:43.752 T:2923387792 M:510803968 DEBUG: CDirectory::GetDirectory , g_directoryCache.GetDirectory returned false (cache check)
16:46:43.752 T:2923387792 M:510803968 DEBUG: OpenDir - Using authentication url smb://10.0.0.223
16:46:43.974 T:2923387792 M:510803968 DEBUG: Found 3 shares on host DELL-LATITUDE
16:46:44.922 T:3021073296 M:510803968 DEBUG: WatchDog::CheckIsConnectedToInternet - Check [http://4.ping.boxee.tv/] return [1]. [server=1][internet=1]. [fromJob=1] (offline)(wd)
16:46:44.923 T:3021073296 M:510803968 DEBUG: WatchDog::CheckIsConnectedToInternet - Exit function and return TRUE. [server=1][internet=1]. [fromJob=1] (offline)(wd)
16:46:47.346 T:2932861840 M:510803968 DEBUG: CFileScanner::Process - going to scan VIDEO shares. [m_bPaused=0][m_bStop=0] (fs)
16:46:47.347 T:2932861840 M:510803968 DEBUG: CFileScanner::ScanShares - handle [name=Inglourious Basterds (2009) on ASAF-MACBOOK][path=smb://ASAF-MACBOOK/asaf gdaliahu's Public Folder/Movies/Inglourious Basterds (2009)/][type=2]. [m_bPaused=0][m_bStop=0] (fs)
16:46:47.348 T:2932861840 M:510803968 DEBUG: CFileScanner::ShouldScan - going to check ShouldScan for [name=Inglourious Basterds (2009) on ASAF-MACBOOK][path=smb://ASAF-MACBOOK/asaf gdaliahu's Public Folder/Movies/Inglourious Basterds (2009)/][type=2][iLastScanned=1329909606][now=1329922007][diff=12401]. [m_bPaused=0][m_bStop=0] (fs)
16:46:47.348 T:2932861840 M:510803968 DEBUG: CFileScanner::ShouldScan - for [name=Inglourious Basterds (2009) on ASAF-MACBOOK][path=smb://ASAF-MACBOOK/asaf gdaliahu's Public Folder/Movies/Inglourious Basterds (2009)/][type=2] return [ShouldScan=FALSE]. [m_bPaused=0][m_bStop=0] (fs)
16:46:47.349 T:2932861840 M:510803968 DEBUG: CFileScanner::ScanShares - handle [name=season 1 on ASAF-MACBOOK][path=smb://ASAF-MACBOOK/asaf gdaliahu's Public Folder/TV-series/Alcatraz/season 1/][type=1]. [m_bPaused=0][m_bStop=0] (fs)
16:46:47.350 T:2932861840 M:510803968 DEBUG: CFileScanner::ShouldScan - going to check ShouldScan for [name=season 1 on ASAF-MACBOOK][path=smb://ASAF-MACBOOK/asaf gdaliahu's Public Folder/TV-series/Alcatraz/season 1/][type=1][iLastScanned=1329910698][now=1329922007][diff=11309]. [m_bPaused=0][m_bStop=0] (fs)
16:46:47.350 T:2932861840 M:510803968 DEBUG: CFileScanner::ShouldScan - for [name=season 1 on ASAF-MACBOOK][path=smb://ASAF-MACBOOK/asaf gdaliahu's Public Folder/TV-series/Alcatraz/season 1/][type=1] return [ShouldScan=FALSE]. [m_bPaused=0][m_bStop=0] (fs)
16:46:47.353 T:2932861840 M:510803968 WARNING: CUtil::GetMatchingSource... no matching source found for [smb://ASAF-MACBOOK/asaf gdaliahu's Public Folder/TV series .zip]
16:46:47.356 T:2932861840 M:510803968 WARNING: CUtil::GetMatchingSource... no matching source found for [smb://ASAF-MACBOOK/asaf gdaliahu's Public Folder/TV series .zip]
16:46:47.358 T:2932861840 M:510803968 WARNING: CUtil::GetMatchingSource... no matching source found for [smb://ASAF-MACBOOK/asaf gdaliahu's Public Folder/TV series .zip]
16:46:47.360 T:2932861840 M:510808064 WARNING: CUtil::GetMatchingSource... no matching source found for [smb://ASAF-MACBOOK/asaf gdaliahu's Public Folder/TV series .zip]
16:46:47.361 T:2932861840 M:510808064 WARNING: CUtil::GetMatchingSource... no matching source found for [smb://ASAF-MACBOOK/asaf gdaliahu's Public Folder/TV series .zip]
16:46:47.363 T:2932861840 M:510808064 WARNING: CUtil::GetMatchingSource... no matching source found for [smb://ASAF-MACBOOK/asaf gdaliahu's Public Folder/TV series .zip]
16:46:47.364 T:2932861840 M:510808064 DEBUG: CFileScanner::Process - going to scan MUSIC shares. [m_bPaused=0][m_bStop=0] (fs)
16:46:47.365 T:2932861840 M:510808064 DEBUG: CFileScanner::Process - going to scan USER paths [UserPathsSize=0]. [m_bPaused=0][m_bStop=0] (fs)
16:46:47.366 T:2932861840 M:510808064 DEBUG: CFileScanner::Process - BEFORE sleep for [180000ms]. [m_bPaused=0][m_bStop=0] (fs)
16:46:47.578 T:2933914512 M:510808064 DEBUG: Boxee: 22/02/12 14:46:47.5788#DEBUG#bxmetadataengine.cpp:379(EngineThread)#BXMetadataEngine::EngineThread, processing folders....(resolver)
16:46:53.515 T:2927598480 M:510832640 DEBUG: Done mapping interface 74:F0:6D:9F:54:F5
16:46:53.516 T:2927598480 M:510832640 DEBUG: Network scan finished
16:46:53.516 T:2927598480 M:510832640 DEBUG: Thread 2927598480 terminating (autodelete)
16:46:55.488 T:3071473440 M:510840832 DEBUG: (dbg) FreeMem 498868/643508 Kb, FPS 40.0, CPU0: 41.0% (38.4%) Loader Q:[0] Textures:[188 (48.28 M)] SERVER: [67.225.149.139] ver: 1.5.1.23714-b17e3b9
16:46:55.488 T:3071473440 M:510840832 DEBUG: (dbg)
16:47:07.533 T:3071473440 M:510722048 DEBUG: (dbg) FreeMem 498752/643508 Kb, FPS 40.0, CPU0: 42.3% (36.5%) Loader Q:[0] Textures:[188 (48.28 M)] SERVER: [67.225.149.139] ver: 1.5.1.23714-b17e3b9
16:47:07.534 T:3071473440 M:510722048 DEBUG: (dbg)
16:47:19.545 T:3071473440 M:510722048 DEBUG: (dbg) FreeMem 498752/643508 Kb, FPS 40.0, CPU0: 40.9% (38.5%) Loader Q:[0] Textures:[188 (48.28 M)] SERVER: [67.225.149.139] ver: 1.5.1.23714-b17e3b9
16:47:19.546 T:3071473440 M:510722048 DEBUG: (dbg)
16:47:31.541 T:3071473440 M:510722048 DEBUG: (dbg) FreeMem 498752/643508 Kb, FPS 40.0, CPU0: 44.1% (36.6%) Loader Q:[0] Textures:[188 (48.28 M)] SERVER: [67.225.149.139] ver: 1.5.1.23714-b17e3b9
16:47:31.542 T:3071473440 M:510722048 DEBUG: (dbg)
16:47:35.909 T:3010202512 M:510722048 DEBUG: CProcessSlowJob::DoWork - Enter function. [server=1][internet=1][IsStoped=0] (wdpslow)
16:47:35.910 T:3010202512 M:510722048 DEBUG: CProcessSlowJob::DoWork - Exit function. [server=1][internet=1] (wdpslow)
16:47:43.553 T:3071473440 M:510722048 DEBUG: (dbg) FreeMem 498752/643508 Kb, FPS 40.0, CPU0: 43.1% (37.7%) Loader Q:[0] Textures:[188 (48.28 M)] SERVER: [67.225.149.139] ver: 1.5.1.23714-b17e3b9
16:47:43.553 T:3071473440 M:510722048 DEBUG: (dbg)
16:47:44.926 T:3021073296 M:510722048 INFO: CCheckInternetConnectionJob::DoWork - Checking the internet connection. [server=1][internet=1][ConnectionToInternetChanged=0] (offline)
16:47:44.926 T:3021073296 M:510722048 DEBUG: WatchDog::CheckIsConnectedToInternet - Enter function. [server=1][internet=1]. [fromJob=1] (offline)(wd)
16:47:46.058 T:3021073296 M:510722048 DEBUG: WatchDog::CheckIsConnectedToInternet - Check [http://3.ping.boxee.tv/] return [1]. [server=1][internet=1]. [fromJob=1] (offline)(wd)
16:47:46.058 T:3021073296 M:510722048 DEBUG: WatchDog::CheckIsConnectedToInternet - Exit function and return TRUE. [server=1][internet=1]. [fromJob=1] (offline)(wd)
16:47:47.826 T:2933914512 M:510722048 DEBUG: Boxee: 22/02/12 14:47:47.8261#DEBUG#bxmetadataengine.cpp:379(EngineThread)#BXMetadataEngine::EngineThread, processing folders....(resolver)
16:47:55.565 T:3071473440 M:510722048 DEBUG: (dbg) FreeMem 498752/643508 Kb, FPS 40.0, CPU0: 49.5% (33.2%) Loader Q:[0] Textures:[188 (48.28 M)] SERVER: [67.225.149.139] ver: 1.5.1.23714-b17e3b9
16:47:55.566 T:3071473440 M:510722048 DEBUG: (dbg)
16:48:07.594 T:3071473440 M:510726144 DEBUG: (dbg) FreeMem 498756/643508 Kb, FPS 40.0, CPU0: 40.9% (38.8%) Loader Q:[0] Textures:[188 (48.28 M)] SERVER: [67.225.149.139] ver: 1.5.1.23714-b17e3b9
16:48:07.594 T:3071473440 M:510726144 DEBUG: (dbg)
16:48:19.606 T:3071473440 M:510726144 DEBUG: (dbg) FreeMem 498756/643508 Kb, FPS 40.0, CPU0: 40.3% (37.7%) Loader Q:[0] Textures:[188 (48.28 M)] SERVER: [67.225.149.139] ver: 1.5.1.23714-b17e3b9
16:48:19.607 T:3071473440 M:510726144 DEBUG: (dbg)
16:48:31.618 T:3071473440 M:510701568 DEBUG: (dbg) FreeMem 498732/643508 Kb, FPS 40.0, CPU0: 45.3% (32.9%) Loader Q:[0] Textures:[188 (48.28 M)] SERVER: [67.225.149.139] ver: 1.5.1.23714-b17e3b9
16:48:31.618 T:3071473440 M:510701568 DEBUG: (dbg)
16:48:35.912 T:3010202512 M:510709760 DEBUG: CProcessSlowJob::DoWork - Enter function. [server=1][internet=1][IsStoped=0] (wdpslow)
16:48:35.913 T:3010202512 M:510709760 NOTICE: Samba is idle. Closing the remaining connections
16:48:36.002 T:3010202512 M:511107072 DEBUG: CProcessSlowJob::DoWork - Exit function. [server=1][internet=1] (wdpslow)
16:48:43.630 T:3071473440 M:511123456 DEBUG: (dbg) FreeMem 499144/643508 Kb, FPS 40.0, CPU0: 41.0% (38.2%) Loader Q:[0] Textures:[188 (48.28 M)] SERVER: [67.225.149.139] ver: 1.5.1.23714-b17e3b9
16:48:43.630 T:3071473440 M:511123456 DEBUG: (dbg)
16:48:46.061 T:3021073296 M:511123456 INFO: CCheckInternetConnectionJob::DoWork - Checking the internet connection. [server=1][internet=1][ConnectionToInternetChanged=0] (offline)
16:48:46.062 T:3021073296 M:511123456 DEBUG: WatchDog::CheckIsConnectedToInternet - Enter function. [server=1][internet=1]. [fromJob=1] (offline)(wd)
16:48:47.542 T:3021073296 M:511135744 DEBUG: WatchDog::CheckIsConnectedToInternet - Check [http://3.ping.boxee.tv/] return [1]. [server=1][internet=1]. [fromJob=1] (offline)(wd)
16:48:47.543 T:3021073296 M:511135744 DEBUG: WatchDog::CheckIsConnectedToInternet - Exit function and return TRUE. [server=1][internet=1]. [fromJob=1] (offline)(wd)
16:48:48.073 T:2933914512 M:511135744 DEBUG: Boxee: 22/02/12 14:48:48.735#DEBUG#bxmetadataengine.cpp:379(EngineThread)#BXMetadataEngine::EngineThread, processing folders....(resolver)
16:48:55.642 T:3071473440 M:511143936 DEBUG: (dbg) FreeMem 499164/643508 Kb, FPS 40.0, CPU0: 40.3% (38.5%) Loader Q:[0] Textures:[188 (48.28 M)] SERVER: [67.225.149.139] ver: 1.5.1.23714-b17e3b9
16:48:55.643 T:3071473440 M:511143936 DEBUG: (dbg)
16:49:07.671 T:3071473440 M:511143936 DEBUG: (dbg) FreeMem 499164/643508 Kb, FPS 40.0, CPU0: 40.9% (38.2%) Loader Q:[0] Textures:[188 (48.28 M)] SERVER: [67.225.149.139] ver: 1.5.1.23714-b17e3b9
16:49:07.671 T:3071473440 M:511143936 DEBUG: (dbg)
16:49:19.683 T:3071473440 M:511143936 DEBUG: (dbg) FreeMem 499164/643508 Kb, FPS 40.0, CPU0: 43.0% (36.8%) Loader Q:[0] Textures:[188 (48.28 M)] SERVER: [67.225.149.139] ver: 1.5.1.23714-b17e3b9
16:49:19.684 T:3071473440 M:511143936 DEBUG: (dbg)
16:49:31.695 T:3071473440 M:511111168 DEBUG: (dbg) FreeMem 499132/643508 Kb, FPS 40.0, CPU0: 41.8% (37.6%) Loader Q:[0] Textures:[188 (48.28 M)] SERVER: [67.225.149.139] ver: 1.5.1.23714-b17e3b9
16:49:31.696 T:3071473440 M:511111168 DEBUG: (dbg)
16:49:35.916 T:3010202512 M:511111168 DEBUG: CProcessSlowJob::DoWork - Enter function. [server=1][internet=1][IsStoped=0] (wdpslow)
16:49:35.916 T:3010202512 M:511111168 DEBUG: CProcessSlowJob::DoWork - Exit function. [server=1][internet=1] (wdpslow)
16:49:43.707 T:3071473440 M:511143936 DEBUG: (dbg) FreeMem 499164/643508 Kb, FPS 40.0, CPU0: 42.6% (37.7%) Loader Q:[0] Textures:[188 (48.28 M)] SERVER: [67.225.149.139] ver: 1.5.1.23714-b17e3b9
16:49:43.708 T:3071473440 M:511143936 DEBUG: (dbg)
16:49:47.368 T:2932861840 M:511152128 DEBUG: CFileScanner::Process - AFTER sleep for [180000ms]. [m_bPaused=0][m_bStop=0] (fs)
16:49:47.369 T:2932861840 M:511152128 DEBUG: CFileScanner::Process - going to scan VIDEO shares. [m_bPaused=0][m_bStop=0] (fs)
16:49:47.369 T:2932861840 M:511152128 DEBUG: CFileScanner::ScanShares - handle [name=Inglourious Basterds (2009) on ASAF-MACBOOK][path=smb://ASAF-MACBOOK/asaf gdaliahu's Public Folder/Movies/Inglourious Basterds (2009)/][type=2]. [m_bPaused=0][m_bStop=0] (fs)
16:49:47.370 T:2932861840 M:511156224 DEBUG: CFileScanner::ShouldScan - going to check ShouldScan for [name=Inglourious Basterds (2009) on ASAF-MACBOOK][path=smb://ASAF-MACBOOK/asaf gdaliahu's Public Folder/Movies/Inglourious Basterds (2009)/][type=2][iLastScanned=1329909606][now=1329922187][diff=12581]. [m_bPaused=0][m_bStop=0] (fs)
16:49:47.371 T:2932861840 M:511156224 DEBUG: CFileScanner::ShouldScan - for [name=Inglourious Basterds (2009) on ASAF-MACBOOK][path=smb://ASAF-MACBOOK/asaf gdaliahu's Public Folder/Movies/Inglourious Basterds (2009)/][type=2] return [ShouldScan=FALSE]. [m_bPaused=0][m_bStop=0] (fs)
16:49:47.371 T:2932861840 M:511156224 DEBUG: CFileScanner::ScanShares - handle [name=season 1 on ASAF-MACBOOK][path=smb://ASAF-MACBOOK/asaf gdaliahu's Public Folder/TV-series/Alcatraz/season 1/][type=1]. [m_bPaused=0][m_bStop=0] (fs)
16:49:47.372 T:2932861840 M:511156224 DEBUG: CFileScanner::ShouldScan - going to check ShouldScan for [name=season 1 on ASAF-MACBOOK][path=smb://ASAF-MACBOOK/asaf gdaliahu's Public Folder/TV-series/Alcatraz/season 1/][type=1][iLastScanned=1329910698][now=1329922187][diff=11489]. [m_bPaused=0][m_bStop=0] (fs)
16:49:47.373 T:2932861840 M:511156224 DEBUG: CFileScanner::ShouldScan - for [name=season 1 on ASAF-MACBOOK][path=smb://ASAF-MACBOOK/asaf gdaliahu's Public Folder/TV-series/Alcatraz/season 1/][type=1] return [ShouldScan=FALSE]. [m_bPaused=0][m_bStop=0] (fs)
16:49:47.375 T:2932861840 M:511156224 WARNING: CUtil::GetMatchingSource... no matching source found for [smb://ASAF-MACBOOK/asaf gdaliahu's Public Folder/TV series .zip]
16:49:47.377 T:2932861840 M:511156224 WARNING: CUtil::GetMatchingSource... no matching source found for [smb://ASAF-MACBOOK/asaf gdaliahu's Public Folder/TV series .zip]
16:49:47.379 T:2932861840 M:511156224 WARNING: CUtil::GetMatchingSource... no matching source found for [smb://ASAF-MACBOOK/asaf gdaliahu's Public Folder/TV series .zip]
16:49:47.380 T:2932861840 M:511156224 WARNING: CUtil::GetMatchingSource... no matching source found for [smb://ASAF-MACBOOK/asaf gdaliahu's Public Folder/TV series .zip]
16:49:47.382 T:2932861840 M:511156224 WARNING: CUtil::GetMatchingSource... no matching source found for [smb://ASAF-MACBOOK/asaf gdaliahu's Public Folder/TV series .zip]
16:49:47.384 T:2932861840 M:511156224 WARNING: CUtil::GetMatchingSource... no matching source found for [smb://ASAF-MACBOOK/asaf gdaliahu's Public Folder/TV series .zip]
16:49:47.386 T:2932861840 M:511156224 DEBUG: CFileScanner::Process - going to scan MUSIC shares. [m_bPaused=0][m_bStop=0] (fs)
16:49:47.387 T:2932861840 M:511156224 DEBUG: CFileScanner::Process - going to scan USER paths [UserPathsSize=0]. [m_bPaused=0][m_bStop=0] (fs)
16:49:47.387 T:2932861840 M:511156224 DEBUG: CFileScanner::Process - BEFORE sleep for [180000ms]. [m_bPaused=0][m_bStop=0] (fs)
16:49:47.545 T:3021073296 M:511156224 INFO: CCheckInternetConnectionJob::DoWork - Checking the internet connection. [server=1][internet=1][ConnectionToInternetChanged=0] (offline)
16:49:47.545 T:3021073296 M:511156224 DEBUG: WatchDog::CheckIsConnectedToInternet - Enter function. [server=1][internet=1]. [fromJob=1] (offline)(wd)
16:49:47.864 T:3021073296 M:511156224 DEBUG: WatchDog::CheckIsConnectedToInternet - Check [http://6.ping.boxee.tv/] return [1]. [server=1][internet=1]. [fromJob=1] (offline)(wd)
16:49:47.865 T:3021073296 M:511156224 DEBUG: WatchDog::CheckIsConnectedToInternet - Exit function and return TRUE. [server=1][internet=1]. [fromJob=1] (offline)(wd)
16:49:48.321 T:2933914512 M:511156224 DEBUG: Boxee: 22/02/12 14:49:48.3209#DEBUG#bxmetadataengine.cpp:379(EngineThread)#BXMetadataEngine::EngineThread, processing folders....(resolver)
16:49:55.719 T:3071473440 M:511139840 DEBUG: (dbg) FreeMem 499160/643508 Kb, FPS 40.0, CPU0: 42.6% (35.2%) Loader Q:[0] Textures:[188 (48.28 M)] SERVER: [67.225.149.139] ver: 1.5.1.23714-b17e3b9
16:49:55.720 T:3071473440 M:511143936 DEBUG: (dbg)
16:50:07.748 T:3071473440 M:511168512 DEBUG: (dbg) FreeMem 499188/643508 Kb, FPS 40.0, CPU0: 41.0% (37.6%) Loader Q:[0] Textures:[188 (48.28 M)] SERVER: [67.225.149.139] ver: 1.5.1.23714-b17e3b9
16:50:07.749 T:3071473440 M:511168512 DEBUG: (dbg)
16:50:19.760 T:3071473440 M:511168512 DEBUG: (dbg) FreeMem 499188/643508 Kb, FPS 40.0, CPU0: 40.8% (38.1%) Loader Q:[0] Textures:[188 (48.28 M)] SERVER: [67.225.149.139] ver: 1.5.1.23714-b17e3b9
16:50:19.761 T:3071473440 M:511168512 DEBUG: (dbg)
16:50:31.772 T:3071473440 M:511135744 DEBUG: (dbg) FreeMem 499156/643508 Kb, FPS 40.0, CPU0: 41.1% (39.0%) Loader Q:[0] Textures:[188 (48.28 M)] SERVER: [67.225.149.139] ver: 1.5.1.23714-b17e3b9
16:50:31.773 T:3071473440 M:511135744 DEBUG: (dbg)
16:50:35.919 T:3010202512 M:511135744 DEBUG: CProcessSlowJob::DoWork - Enter function. [server=1][internet=1][IsStoped=0] (wdpslow)
16:50:35.920 T:3010202512 M:511135744 DEBUG: CProcessSlowJob::DoWork - Exit function. [server=1][internet=1] (wdpslow)
16:50:43.784 T:3071473440 M:511168512 DEBUG: (dbg) FreeMem 499188/643508 Kb, FPS 40.0, CPU0: 43.2% (37.0%) Loader Q:[0] Textures:[188 (48.28 M)] SERVER: [67.225.149.139] ver: 1.5.1.23714-b17e3b9
16:50:43.785 T:3071473440 M:511168512 DEBUG: (dbg)
16:50:45.428 T:2927598480 M:511160320 DEBUG: thread start, auto delete: 0
16:50:45.429 T:2931809168 M:511152128 DEBUG: thread start, auto delete: 1
16:50:45.429 T:2931809168 M:511152128 DEBUG: Scanning interfaces for shares
16:50:45.429 T:2931809168 M:511152128 DEBUG: Interface 5C:D9:98:80:D:1A, not connected
16:50:45.430 T:2931809168 M:511152128 DEBUG: Interface 36:17:A7:4E:EB:21, not connected
16:50:45.430 T:2931809168 M:511152128 DEBUG: Interface 74:F0:6D:9F:54:F5, connected
16:50:45.440 T:2929703824 M:511143936 DEBUG: thread start, auto delete: 1
16:50:45.440 T:2929703824 M:511143936 DEBUG: CDirectory::GetDirectory , calling g_directoryCache.GetDirectory with path: nfs://all , items: 0 , retreiveAll: 0 (cache check)
16:50:45.441 T:2929703824 M:511143936 DEBUG: CDirectory::GetDirectory , g_directoryCache.GetDirectory returned false (cache check)
16:50:45.442 T:2930756496 M:511135744 DEBUG: thread start, auto delete: 1
16:50:45.443 T:2930756496 M:511135744 DEBUG: CDirectory::GetDirectory , calling g_directoryCache.GetDirectory with path: afp://all , items: 0 , retreiveAll: 0 (cache check)
16:50:45.444 T:2930756496 M:511135744 DEBUG: CDirectory::GetDirectory , g_directoryCache.GetDirectory returned false (cache check)
16:50:45.444 T:2930756496 M:511135744 DEBUG: CDirectory::GetDirectory , calling g_directoryCache.GetDirectory with path: zeroconf:// , items: 0 , retreiveAll: 0 (cache check)
16:50:45.445 T:2930756496 M:511135744 DEBUG: CDirectory::GetDirectory , g_directoryCache.GetDirectory returned false (cache check)
16:50:45.454 T:3026418576 M:511135744 DEBUG: CZeroconfBrowserAvahi::resolveCallback resolved service 'Asaf's MacBook' of type '_afpovertcp._tcp' in domain 'local':
16:50:45.474 T:3026418576 M:511135744 DEBUG: CZeroconfBrowserAvahi::resolveCallback resolved service 'Asaf's MacBook' of type '_ftp._tcp' in domain 'local':
16:50:45.484 T:3026418576 M:511135744 DEBUG: CZeroconfBrowserAvahi::resolveCallback resolved service 'Asaf's MacBook' of type '_smb._tcp' in domain 'local':
16:50:45.500 T:3026418576 M:511135744 DEBUG: CZeroconfBrowserAvahi::resolveCallback resolved service 'Drobo-FS' of type '_afpovertcp._tcp' in domain 'local':
16:50:45.507 T:3026418576 M:511135744 DEBUG: CZeroconfBrowserAvahi::resolveCallback resolved service 'Idan Cohen’s MacBook Pro' of type '_afpovertcp._tcp' in domain 'local':
16:50:45.519 T:3026418576 M:511135744 DEBUG: CZeroconfBrowserAvahi::resolveCallback resolved service 'Idan Cohen’s MacBook Pro' of type '_smb._tcp' in domain 'local':
16:50:45.534 T:3026418576 M:511135744 DEBUG: CZeroconfBrowserAvahi::resolveCallback resolved service 'IomegaTV' of type '_daap._tcp' in domain 'local':
16:50:45.535 T:2926545808 M:511127552 DEBUG: thread start, auto delete: 1
16:50:45.536 T:2926545808 M:511131648 DEBUG: CDirectory::GetDirectory , calling g_directoryCache.GetDirectory with path: bms://all , items: 0 , retreiveAll: 0 (cache check)
16:50:45.537 T:2926545808 M:511131648 DEBUG: CDirectory::GetDirectory , g_directoryCache.GetDirectory returned false (cache check)
16:50:45.544 T:3026418576 M:511131648 DEBUG: CZeroconfBrowserAvahi::resolveCallback resolved service 'SynologyDS110J' of type '_afpovertcp._tcp' in domain 'local':
16:50:45.552 T:3026418576 M:511131648 DEBUG: CZeroconfBrowserAvahi::resolveCallback resolved service 'SynologyDS110J' of type '_daap._tcp' in domain 'local':
16:50:45.563 T:2930756496 M:511131648 DEBUG: Thread 2930756496 terminating (autodelete)
16:50:45.563 T:2926545808 M:511131648 DEBUG: CDirectory::GetDirectory , calling g_directoryCache.GetDirectory with path: zeroconf:// , items: 0 , retreiveAll: 0 (cache check)
16:50:45.564 T:2926545808 M:511131648 DEBUG: CDirectory::GetDirectory , g_directoryCache.GetDirectory returned false (cache check)
16:50:45.566 T:2927598480 M:511131648 DEBUG: Thread 2927598480 terminating
16:50:45.570 T:3026418576 M:511131648 DEBUG: CZeroconfBrowserAvahi::resolveCallback resolved service 'Asaf's MacBook' of type '_afpovertcp._tcp' in domain 'local':
16:50:45.586 T:3026418576 M:511148032 DEBUG: CZeroconfBrowserAvahi::resolveCallback resolved service 'Asaf's MacBook' of type '_ftp._tcp' in domain 'local':
16:50:45.595 T:3026418576 M:511148032 DEBUG: CZeroconfBrowserAvahi::resolveCallback resolved service 'Asaf's MacBook' of type '_smb._tcp' in domain 'local':
16:50:45.606 T:3026418576 M:511148032 DEBUG: CZeroconfBrowserAvahi::resolveCallback resolved service 'Drobo-FS' of type '_afpovertcp._tcp' in domain 'local':
16:50:45.621 T:3026418576 M:511148032 DEBUG: CZeroconfBrowserAvahi::resolveCallback resolved service 'Idan Cohen’s MacBook Pro' of type '_afpovertcp._tcp' in domain 'local':
16:50:45.630 T:3026418576 M:511148032 DEBUG: CZeroconfBrowserAvahi::resolveCallback resolved service 'Idan Cohen’s MacBook Pro' of type '_smb._tcp' in domain 'local':
16:50:45.648 T:3026418576 M:511148032 DEBUG: CZeroconfBrowserAvahi::resolveCallback resolved service 'IomegaTV' of type '_daap._tcp' in domain 'local':
16:50:45.657 T:3026418576 M:511148032 DEBUG: CZeroconfBrowserAvahi::resolveCallback resolved service 'SynologyDS110J' of type '_afpovertcp._tcp' in domain 'local':
16:50:45.665 T:3026418576 M:511148032 DEBUG: CZeroconfBrowserAvahi::resolveCallback resolved service 'SynologyDS110J' of type '_daap._tcp' in domain 'local':
16:50:45.671 T:2926545808 M:511148032 DEBUG: GetDirectory - Error getting bms://all
16:50:45.672 T:2926545808 M:511148032 DEBUG: Thread 2926545808 terminating (autodelete)
16:50:45.712 T:2931809168 M:511156224 DEBUG: Found machine BAMBOO address 10.0.0.128 interface 74:F0:6D:9F:54:F5
16:50:45.713 T:2923387792 M:511156224 DEBUG: Looking for shares on host BAMBOO ip 10.0.0.128
16:50:45.713 T:2923387792 M:511156224 DEBUG: CDirectory::GetDirectory , calling g_directoryCache.GetDirectory with path: smb://10.0.0.128 , items: 0 , retreiveAll: 0 (cache check)
16:50:45.714 T:2923387792 M:511156224 DEBUG: CDirectory::GetDirectory , g_directoryCache.GetDirectory returned false (cache check)
16:50:45.714 T:2923387792 M:511156224 DEBUG: OpenDir - Using authentication url smb://10.0.0.128
16:50:45.739 T:2923387792 M:511156224 DEBUG: Found 1 shares on host BAMBOO
16:50:45.816 T:2931809168 M:511156224 DEBUG: Found machine YUVALT-KARMIC32 address 10.0.0.212 interface 74:F0:6D:9F:54:F5
16:50:45.816 T:2923387792 M:511156224 DEBUG: Looking for shares on host YUVALT-KARMIC32 ip 10.0.0.212
16:50:45.817 T:2923387792 M:511156224 DEBUG: CDirectory::GetDirectory , calling g_directoryCache.GetDirectory with path: smb://10.0.0.212 , items: 0 , retreiveAll: 0 (cache check)
16:50:45.817 T:2923387792 M:511156224 DEBUG: CDirectory::GetDirectory , g_directoryCache.GetDirectory returned false (cache check)
16:50:45.818 T:2923387792 M:511156224 DEBUG: OpenDir - Using authentication url smb://10.0.0.212
16:50:45.858 T:2923387792 M:511160320 DEBUG: Found 5 shares on host YUVALT-KARMIC32
16:50:45.920 T:2931809168 M:511160320 DEBUG: Found machine ELI-UBUNTU2 address 10.0.0.193 interface 74:F0:6D:9F:54:F5
16:50:45.921 T:2931809168 M:511160320 DEBUG: Ignoring file shares from local host and workgroup folder [WORKGROUP]
16:50:45.921 T:2923387792 M:511160320 DEBUG: Looking for shares on host ELI-UBUNTU2 ip 10.0.0.193
16:50:45.922 T:2923387792 M:511160320 DEBUG: CDirectory::GetDirectory , calling g_directoryCache.GetDirectory with path: smb://10.0.0.193 , items: 0 , retreiveAll: 0 (cache check)
16:50:45.922 T:2923387792 M:511160320 DEBUG: CDirectory::GetDirectory , g_directoryCache.GetDirectory returned false (cache check)
16:50:45.924 T:2923387792 M:511160320 DEBUG: OpenDir - Using authentication url smb://10.0.0.193
16:50:45.954 T:2923387792 M:511160320 DEBUG: Found 0 shares on host ELI-UBUNTU2
16:50:46.024 T:2931809168 M:511160320 DEBUG: Found machine HAIM-UBUNTU address 10.0.0.126 interface 74:F0:6D:9F:54:F5
16:50:46.025 T:2923387792 M:511160320 DEBUG: Looking for shares on host HAIM-UBUNTU ip 10.0.0.126
