00:18:34.373 T:3019123600 M:523083776 DEBUG: CGUIDialogBoxeeShare::RequestSocialServices::PrecacheImages, caching social services image: [ImageURL=http://www.boxee.tv/htdocs/client/svc/311-button-off.png] (share)
00:18:34.373 T:2931653520 M:523075584 DEBUG: thread start, auto delete: 1
00:18:34.376 T:2933758864 M:523075584 DEBUG: CSettings::IsPathOnSource, path = smb://ROUTES/ext/music/Punjabi/Punjabi/Mahalaxmi Iyer @ IndiaFMS/ (checkpath)
00:18:34.378 T:2933758864 M:523075584 DEBUG: CSettings::IsPathOnSource, path = smb://ROUTES/ext/music/Punjabi/Punjabi/Raghav Sachar/Play It Loud @ Fmw11com/ (checkpath)
00:18:34.380 T:2933758864 M:523075584 DEBUG: CSettings::IsPathOnSource, path = smb://ROUTES/ext/music/Punjabi/Punjabi/Rang De Basanti @ djluvin/Rang De Basanti @ djluvin/ (checkpath)
00:18:34.382 T:2933758864 M:523075584 DEBUG: CSettings::IsPathOnSource, path = smb://ROUTES/ext/music/Punjabi/Punjabi/Rang De Basanti @ djluvin/ (checkpath)
00:18:34.385 T:2933758864 M:523075584 DEBUG: CSettings::IsPathOnSource, path = smb://ROUTES/ext/music/Punjabi/Punjabi/Rai Jujhar & Miss Pooja/2009 Vich No Tension @ Fmw11com/ (checkpath)
00:18:34.387 T:2933758864 M:523075584 DEBUG: CSettings::IsPathOnSource, path = smb://ROUTES/ext/music/Punjabi/Punjabi/Diljit & Miss Pooja/Ishq Ho Gaya @ Fmw11com/ (checkpath)
00:18:34.392 T:3019123600 M:523079680 DEBUG: CGUIDialogBoxeeShare::RequestSocialServices::PrecacheImages, caching social services image: [ImageURL=http://www.boxee.tv/htdocs/client/svc/311-button-on.png] (share)
00:18:34.393 T:2930600848 M:523071488 DEBUG: thread start, auto delete: 1
00:18:34.395 T:2933758864 M:523071488 DEBUG: CSettings::IsPathOnSource, path = smb://ROUTES/ext/music/Punjabi/Punjabi/Karm (BY @ello-)/Jump To The Dancefloor 4 (Digital Edition 2007)/ (checkpath)
00:18:34.397 T:2933758864 M:523071488 DEBUG: CSettings::IsPathOnSource, path = smb://ROUTES/ext/music/Punjabi/Punjabi/Karm (BY @ello-)/ (checkpath)
00:18:34.399 T:2933758864 M:523071488 DEBUG: CSettings::IsPathOnSource, path = smb://ROUTES/ext/music/Punjabi/Punjabi/Gippy Grewal/Chandi De Challe @ Fmw11com/ (checkpath)
00:18:34.402 T:2933758864 M:523071488 DEBUG: CSettings::IsPathOnSource, path = smb://ROUTES/ext/music/Punjabi/Punjabi/Gippy Grewal/My Time To Shine @ Fmw11com/ (checkpath)
00:18:34.404 T:2933758864 M:523071488 DEBUG: CSettings::IsPathOnSource, path = smb://ROUTES/ext/music/Punjabi/Punjabi/Diljit/2009 Vich No Tension @ Fmw11com/ (checkpath)
00:18:34.407 T:2933758864 M:523071488 DEBUG: CSettings::IsPathOnSource, path = smb://ROUTES/ext/music/Punjabi/Punjabi/Diljit/Chocolate @ Fmw11com/ (checkpath)
00:18:34.409 T:2933758864 M:523075584 DEBUG: CSettings::IsPathOnSource, path = smb://ROUTES/ext/music/Punjabi/Punjabi/Zubin Garg/Life Mein Kabhie Kabhiee @ Fmw11com/ (checkpath)
00:18:34.410 T:3019123600 M:523079680 DEBUG: CGUIDialogBoxeeShare::RequestSocialServices::PrecacheImages, caching social services image: [ImageURL=http://www.boxee.tv/htdocs/client/svc/413-button-off.png] (share)
00:18:34.411 T:2929548176 M:523071488 DEBUG: thread start, auto delete: 1
00:18:34.414 T:2933758864 M:523071488 DEBUG: CSettings::IsPathOnSource, path = smb://ROUTES/ext/music/Punjabi/Punjabi/Hamza/Super Star @ Fmw11com/ (checkpath)
00:18:34.416 T:2933758864 M:523071488 DEBUG: CSettings::IsPathOnSource, path = smb://ROUTES/ext/music/Punjabi/Punjabi/Mithoon Additional Vocals Hamza & Kshitij/Aggar @ Fmw11com/ (checkpath)
00:18:34.418 T:2933758864 M:523071488 DEBUG: CSettings::IsPathOnSource, path = smb://ROUTES/ext/music/Punjabi/Punjabi/Ladi DHaliwal & Jarnail Jelly/Sajna Ve Sajna @ Fmw11com/ (checkpath)
00:18:34.420 T:2933758864 M:523071488 DEBUG: CSettings::IsPathOnSource, path = smb://ROUTES/ext/music/Punjabi/Punjabi/Sukhwinder SinghSonu NigamSunidhi Chauhan @ Papuyaarcom/Shaadi Se Pehle @ Papuyaarcom/ (checkpath)
00:18:34.423 T:2933758864 M:523071488 DEBUG: CSettings::IsPathOnSource, path = smb://ROUTES/ext/music/Punjabi/Punjabi/Sukhwinder SinghSonu NigamSunidhi Chauhan @ Papuyaarcom/ (checkpath)
00:18:34.425 T:2933758864 M:523071488 DEBUG: CSettings::IsPathOnSource, path = smb://ROUTES/ext/music/Punjabi/Punjabi/Sunidhi Chauhan/Aaja Nachle @ Fmw11com/ (checkpath)
00:18:34.428 T:3019123600 M:523075584 DEBUG: CGUIDialogBoxeeShare::RequestSocialServices::PrecacheImages, caching social services image: [ImageURL=http://www.boxee.tv/htdocs/client/svc/413-button-on.png] (share)
00:18:34.429 T:3019123600 M:523075584 DEBUG: CGUIDialogBoxeeShare::RequestSocialServices::PrecacheImages, caching social services image: [ImageURL=http://www.boxee.tv/htdocs/client/svc/323-button-off.png] (share)
00:18:34.763 T:3019123600 M:523108352 DEBUG: CGUIDialogBoxeeShare::RequestSocialServices::PrecacheImages, caching social services image: [ImageURL=http://www.boxee.tv/htdocs/client/svc/323-button-on.png] (share)
00:18:34.764 T:3019123600 M:523112448 DEBUG: CBoxeeSocialUtilsManager::GetSocialServicesStatus - call to get SocialServices status from server returned [jobResult=1]
00:18:34.765 T:3019123600 M:523112448 DEBUG: CBoxeeSocialUtilsManager::GetSocialServicesStatus - after parse SocialServices to FIleItemList. [NumOfSocialServices=3]
00:18:34.769 T:2933758864 M:523128832 DEBUG: CSettings::IsPathOnSource, path = smb://ROUTES/ext/music/Punjabi/Punjabi/Vishal & Saleem/Tashan @ Fmw11com/ (checkpath)
00:18:34.772 T:2933758864 M:523128832 DEBUG: CSettings::IsPathOnSource, path = smb://ROUTES/ext/music/Tarli Digital - The RFAK Session (Remix) @www.Nannu.info/Tarli Digital - The RFAK Session (Remix) @www.Nannu.info/ (checkpath)
00:18:34.775 T:2933758864 M:523128832 DEBUG: CSettings::IsPathOnSource, path = smb://ROUTES/ext/music/Tarli Digital - The RFAK Session (Remix) @www.Nannu.info/ (checkpath)
00:18:34.804 T:3019123600 M:523137024 DEBUG: Boxee: 09/02/12 05:18:34.8039#DEBUG#bxuserprofiledatabase.cpp:29(TablesExist)#File exists, check if tables are created
00:18:34.914 T:3019123600 M:523149312 DEBUG: Boxee: 09/02/12 05:18:34.9144#DEBUG#bxdatabase.cpp:402(TablesExist)#File exists, check if tables are created
00:18:34.916 T:3019123600 M:523149312 DEBUG: Boxee: 09/02/12 05:18:34.9166#DEBUG#bxdatabase.cpp:412(TablesExist)#Tables are ok. version: 11
00:18:34.917 T:3019123600 M:523149312 DEBUG: Boxee: 09/02/12 05:18:34.9171#DEBUG#GUIWindowStateDatabase.cpp:43(TablesExist)#File exists, check if tables are created
00:18:34.918 T:3019123600 M:523149312 DEBUG: CGUIWindowStateDatabase, //.boxee/UserData/profiles/jasmeet_9sb/Database/boxee_window_state.db is in version 11
00:18:34.918 T:3019123600 M:523149312 DEBUG: Boxee: 09/02/12 05:18:34.9188#DEBUG#bxbgprocess.cpp:180(Start)#bg process [name=] initialized. [m_lazy=1=TRUE] -> MaxNumOfWorkingThreads was set to [1]
00:18:34.919 T:2928495504 M:523145216 DEBUG: thread start, auto delete: 0
00:18:34.921 T:2927442832 M:523137024 DEBUG: thread start, auto delete: 1
00:18:34.922 T:2927442832 M:523137024 DEBUG: Scanning interfaces for shares
00:18:34.923 T:2927442832 M:523137024 DEBUG: Interface 5C:D9:98:80:71:56, connected
00:18:34.924 T:2926390160 M:523001856 DEBUG: thread start, auto delete: 1
00:18:34.925 T:2926390160 M:523001856 DEBUG: CDirectory::GetDirectory , calling g_directoryCache.GetDirectory with path: nfs://all , items: 0 , retreiveAll: 0 (cache check)
00:18:34.925 T:2926390160 M:523001856 DEBUG: CDirectory::GetDirectory , g_directoryCache.GetDirectory returned false (cache check)
00:18:34.926 T:3019123600 M:523001856 INFO: removing tempfiles
00:18:34.928 T:3019123600 M:523001856 NOTICE: initialize done
00:18:34.947 T:2925337488 M:523005952 DEBUG: thread start, auto delete: 1
00:18:34.948 T:2925337488 M:523005952 DEBUG: CDirectory::GetDirectory , calling g_directoryCache.GetDirectory with path: afp://all , items: 0 , retreiveAll: 0 (cache check)
00:18:34.948 T:2925337488 M:523005952 DEBUG: CDirectory::GetDirectory , g_directoryCache.GetDirectory returned false (cache check)
00:18:34.949 T:2925337488 M:523005952 DEBUG: CDirectory::GetDirectory , calling g_directoryCache.GetDirectory with path: zeroconf:// , items: 0 , retreiveAll: 0 (cache check)
00:18:34.949 T:2925337488 M:523005952 DEBUG: CDirectory::GetDirectory , g_directoryCache.GetDirectory returned false (cache check)
00:18:34.954 T:3026574224 M:523005952 DEBUG: CZeroconfBrowserAvahi::resolveCallback resolved service 'MyBookLive' of type '_afpovertcp._tcp' in domain 'local':
00:18:34.962 T:3026574224 M:523005952 DEBUG: CZeroconfBrowserAvahi::resolveCallback resolved service 'MyBookLive' of type '_daap._tcp' in domain 'local':
00:18:34.973 T:3019123600 M:523005952 DEBUG: CBoxeeBrowseMenuManager::BuildMenu - [1] - adding button [label=Movie Library][path=boxeeui://movies/?category=all][id=bt_library_movies_all][isseparator=0] to menu [mn_library_movies] (bm)
00:18:34.974 T:3019123600 M:523005952 DEBUG: CBoxeeBrowseMenuManager::BuildMenu - [2] - adding button [label=Genres][path=][id=bt_library_movies_genres][isseparator=0] to menu [mn_library_movies] (bm)
00:18:34.974 T:3019123600 M:523005952 DEBUG: CBoxeeBrowseMenuManager::BuildMenu - [3] - adding button [label=Channels][path=][id=bt_library_movies_providers][isseparator=0] to menu [mn_library_movies] (bm)
00:18:34.974 T:3019123600 M:523005952 DEBUG: CBoxeeBrowseMenuManager::BuildMenu - [4] - adding button [label=][path=][id=bt_separator][isseparator=1] to menu [mn_library_movies] (bm)
00:18:34.975 T:3019123600 M:523005952 DEBUG: CBoxeeBrowseMenuManager::BuildMenu - [5] - adding button [label=Trailers][path=boxeeui://movies/?category=trailers][id=bt_library_movies_trailers][isseparator=0] to menu [mn_library_movies] (bm)
00:18:34.975 T:3019123600 M:523005952 DEBUG: CBoxeeBrowseMenuManager::BuildMenu - [6] - adding button [label=My Movies][path=boxeeui://movies/?category=local][id=bt_library_local_movies][isseparator=0] to menu [mn_library_movies] (bm)
00:18:34.976 T:3071629088 M:523005952 DEBUG: Process - no user autoexec.py (//.boxee/UserData/scripts/autoexec.py) found, skipping
00:18:34.977 T:3071629088 M:523005952 INFO: XBPython::Initialize, initializing python engine.
00:18:34.978 T:3071629088 M:523005952 DEBUG: Python wrapper library linked with system Python library
00:18:35.005 T:3026574224 M:522956800 DEBUG: CZeroconfBrowserAvahi::resolveCallback resolved service 'hmnhd-TI25PJ' of type '_daap._tcp' in domain 'local':
00:18:35.010 T:2924284816 M:522948608 DEBUG: thread start, auto delete: 1
00:18:35.011 T:2924284816 M:522948608 DEBUG: CDirectory::GetDirectory , calling g_directoryCache.GetDirectory with path: bms://all , items: 0 , retreiveAll: 0 (cache check)
00:18:35.011 T:2924284816 M:522948608 DEBUG: CDirectory::GetDirectory , g_directoryCache.GetDirectory returned false (cache check)
00:18:35.012 T:2924284816 M:522825728 DEBUG: CDirectory::GetDirectory , calling g_directoryCache.GetDirectory with path: zeroconf:// , items: 0 , retreiveAll: 0 (cache check)
00:18:35.012 T:2924284816 M:522825728 DEBUG: CDirectory::GetDirectory , g_directoryCache.GetDirectory returned false (cache check)
00:18:35.017 T:2925337488 M:522825728 DEBUG: Thread 2925337488 terminating (autodelete)
00:18:35.018 T:3019123600 M:522825728 DEBUG: CBoxeeBrowseMenuManager::BuildMenu - [1] - adding button [label=My Movies][path=boxeeui://movies/?category=local][id=bt_local_movies_all][isseparator=0] to menu [mn_local_movies] (bm)
00:18:35.018 T:3019123600 M:522825728 DEBUG: CBoxeeBrowseMenuManager::BuildMenu - [2] - adding button [label=Genres][path=][id=bt_local_movies_genres][isseparator=0] to menu [mn_local_movies] (bm)
00:18:35.018 T:3019123600 M:522825728 DEBUG: CBoxeeBrowseMenuManager::BuildMenu - [3] - adding button [label=Sources][path=][id=bt_local_movies_sources][isseparator=0] to menu [mn_local_movies] (bm)
00:18:35.019 T:3019123600 M:522825728 DEBUG: CBoxeeBrowseMenuManager::BuildMenu - [4] - adding button [label=Unwatched][path=boxeeui://movies/?category=local&unwatched=true][id=bt_local_movies_unwatched][isseparator=0] to menu [mn_local_movies] (bm)
00:18:35.019 T:3019123600 M:522825728 DEBUG: CBoxeeBrowseMenuManager::BuildMenu - [5] - adding button [label=][path=][id=bt_separator][isseparator=1] to menu [mn_local_movies] (bm)
00:18:35.027 T:3019123600 M:522858496 DEBUG: CBoxeeBrowseMenuManager::BuildMenu - [6] - adding button [label=Movie Library][path=boxeeui://movies/?category=all][id=bt_local_library_movies_all][isseparator=0] to menu [mn_local_movies] (bm)
00:18:35.358 T:3019123600 M:522743808 DEBUG: CBoxeeBrowseMenuManager::BuildMenu - [1] - adding button [label=][path=][id=bt_separator][isseparator=1] to menu [mn_library_movies_trailers] (bm)
00:18:35.359 T:3019123600 M:522743808 DEBUG: CBoxeeBrowseMenuManager::BuildMenu - [2] - adding button [label=Movie Library][path=boxeeui://movies/?category=all][id=bt_trailers_library_movies][isseparator=0] to menu [mn_library_movies_trailers] (bm)
00:18:35.359 T:3019123600 M:522743808 DEBUG: CBoxeeBrowseMenuManager::BuildMenu - [3] - adding button [label=My Movies][path=boxeeui://movies/?category=local][id=bt_trailers_local_movies][isseparator=0] to menu [mn_library_movies_trailers] (bm)
00:18:35.360 T:3019123600 M:522743808 DEBUG: CBoxeeBrowseMenuManager::BuildMenu - [1] - adding button [label=Show Library][path=boxeeui://shows/?category=all][id=bt_library_shows_all][isseparator=0] to menu [mn_library_shows] (bm)
00:18:35.360 T:3019123600 M:522743808 DEBUG: CBoxeeBrowseMenuManager::BuildMenu - [2] - adding button [label=Genres][path=][id=bt_library_shows_genres][isseparator=0] to menu [mn_library_shows] (bm)
00:18:35.360 T:3019123600 M:522743808 DEBUG: CBoxeeBrowseMenuManager::BuildMenu - [3] - adding button [label=Channels][path=][id=bt_library_shows_providers][isseparator=0] to menu [mn_library_shows] (bm)
00:18:35.361 T:3019123600 M:522743808 DEBUG: CBoxeeBrowseMenuManager::BuildMenu - [4] - adding button [label=][path=][id=bt_separator][isseparator=1] to menu [mn_library_shows] (bm)
00:18:35.361 T:3019123600 M:522743808 DEBUG: CBoxeeBrowseMenuManager::BuildMenu - [5] - adding button [label=Favorites][path=boxeeui://shows/?category=favorite][id=bt_library_shows_favorite][isseparator=0] to menu [mn_library_shows] (bm)
00:18:35.361 T:3019123600 M:522743808 DEBUG: CBoxeeBrowseMenuManager::BuildMenu - [6] - adding button [label=My Shows][path=boxeeui://shows/?category=local][id=bt_library_shows_local][isseparator=0] to menu [mn_library_shows] (bm)
00:18:35.362 T:3019123600 M:522743808 DEBUG: CBoxeeBrowseMenuManager::BuildMenu - [1] - adding button [label=My Shows][path=boxeeui://shows/?category=local][id=bt_local_shows_all][isseparator=0] to menu [mn_local_shows] (bm)
00:18:35.362 T:3019123600 M:522743808 DEBUG: CBoxeeBrowseMenuManager::BuildMenu - [2] - adding button [label=Genres][path=][id=bt_local_shows_genres][isseparator=0] to menu [mn_local_shows] (bm)
00:18:35.363 T:3019123600 M:522747904 DEBUG: CBoxeeBrowseMenuManager::BuildMenu - [3] - adding button [label=][path=][id=bt_separator][isseparator=1] to menu [mn_local_shows] (bm)
00:18:35.363 T:3019123600 M:522747904 DEBUG: CBoxeeBrowseMenuManager::BuildMenu - [4] - adding button [label=Favorites][path=boxeeui://shows/?category=favorite][id=bt_local_shows_favorite][isseparator=0] to menu [mn_local_shows] (bm)
00:18:35.364 T:3019123600 M:522747904 DEBUG: CBoxeeBrowseMenuManager::BuildMenu - [5] - adding button [label=Show Library][path=boxeeui://shows/?category=all][id=bt_local_shows_library][isseparator=0] to menu [mn_local_shows] (bm)
00:18:35.364 T:3019123600 M:522747904 DEBUG: CBoxeeBrowseMenuManager::BuildMenu - [1] - adding button [label=Favorites][path=boxeeui://shows/?category=favorite][id=bt_favorite_shows][isseparator=0] to menu [mn_favorites_shows] (bm)
00:18:35.364 T:3019123600 M:522747904 DEBUG: CBoxeeBrowseMenuManager::BuildMenu - [2] - adding button [label=][path=][id=bt_separator][isseparator=1] to menu [mn_favorites_shows] (bm)
00:18:35.365 T:3019123600 M:522747904 DEBUG: CBoxeeBrowseMenuManager::BuildMenu - [3] - adding button [label=My Shows][path=boxeeui://shows/?category=local][id=bt_favorite_shows_local][isseparator=0] to menu [mn_favorites_shows] (bm)
00:18:35.365 T:3019123600 M:522747904 DEBUG: CBoxeeBrowseMenuManager::BuildMenu - [4] - adding button [label=Show Library][path=boxeeui://shows/?category=all][id=bt_favorite_shows_library][isseparator=0] to menu [mn_favorites_shows] (bm)
00:18:35.365 T:3019123600 M:522747904 DEBUG: CBoxeeBrowseMenuManager::BuildMenu - [1] - adding button [label=Artist][path=boxeeui://music/?category=artists][id=bt_music_by_artist][isseparator=0] to menu [mn_local_music_categories] (bm)
00:18:35.366 T:3019123600 M:522747904 DEBUG: CBoxeeBrowseMenuManager::BuildMenu - [2] - adding button [label=Album][path=boxeeui://music/?category=albums][id=bt_music_by_album][isseparator=0] to menu [mn_local_music_categories] (bm)
00:18:35.696 T:2927442832 M:522731520 DEBUG: Found machine MYBOOKLIVE address 192.168.2.215 interface 5C:D9:98:80:71:56
00:18:35.696 T:3026574224 M:522723328 DEBUG: CZeroconfBrowserAvahi::resolveCallback resolved service 'MyBookLive' of type '_afpovertcp._tcp' in domain 'local':
00:18:35.698 T:2928495504 M:522723328 DEBUG: Thread 2928495504 terminating
00:18:35.704 T:3026574224 M:522723328 DEBUG: CZeroconfBrowserAvahi::resolveCallback resolved service 'MyBookLive' of type '_daap._tcp' in domain 'local':
00:18:35.712 T:3026574224 M:522731520 DEBUG: CZeroconfBrowserAvahi::resolveCallback resolved service 'hmnhd-TI25PJ' of type '_daap._tcp' in domain 'local':
00:18:35.716 T:2924284816 M:522731520 DEBUG: GetDirectory - Error getting bms://all
00:18:35.717 T:2924284816 M:522731520 DEBUG: Thread 2924284816 terminating (autodelete)
00:18:35.717 T:3019123600 M:522731520 DEBUG: CBoxeeBrowseMenuManager::BuildMenu - [1] - adding button [label=All][path=boxeeui://apps/?category=all][id=bt_apps_all][isseparator=0] to menu [mn_library_apps] (bm)
00:18:35.718 T:3019123600 M:522731520 DEBUG: CBoxeeBrowseMenuManager::BuildMenu - [2] - adding button [label=Favorites][path=boxeeui://apps/?category=favorite][id=bt_apps_favorite][isseparator=0] to menu [mn_library_apps] (bm)
00:18:35.718 T:3019123600 M:522731520 DEBUG: CBoxeeBrowseMenuManager::BuildMenu - [3] - adding button [label=Featured][path=boxeeui://apps/?category=featured&categoryfilter=99][id=bt_apps_featured][isseparator=0] to menu [mn_library_apps] (bm)
00:18:35.718 T:3019123600 M:522731520 DEBUG: CBoxeeBrowseMenuManager::BuildMenu - [4] - adding button [label=Categories][path=][id=bt_apps_categories][isseparator=0] to menu [mn_library_apps] (bm)
00:18:35.719 T:3019123600 M:522731520 DEBUG: CBoxeeBrowseMenuManager::BuildMenu - [5] - adding button [label=][path=][id=bt_separator][isseparator=1] to menu [mn_library_apps] (bm)
00:18:35.719 T:3019123600 M:522731520 DEBUG: CBoxeeBrowseMenuManager::BuildMenu - [6] - adding button [label=Repositories][path=boxeeui://apps/?category=repos][id=bt_apps_repositories][isseparator=0] to menu [mn_library_apps] (bm)
00:18:35.720 T:3019123600 M:522735616 DEBUG: CBoxeeBrowseMenuManager::BuildMenu - [1] - adding button [label=All][path=boxeeui://apps/?category=all][id=bt_apps_all][isseparator=0] to menu [mn_library_repository_apps] (bm)
00:18:35.720 T:3019123600 M:522735616 DEBUG: CBoxeeBrowseMenuManager::BuildMenu - [2] - adding button [label=Favorites][path=boxeeui://apps/?category=favorite][id=bt_apps_favorite][isseparator=0] to menu [mn_library_repository_apps] (bm)
00:18:35.721 T:3019123600 M:522735616 DEBUG: CBoxeeBrowseMenuManager::BuildMenu - [3] - adding button [label=Featured][path=boxeeui://apps/?category=featured&categoryfilter=99][id=bt_apps_featured][isseparator=0] to menu [mn_library_repository_apps] (bm)
00:18:35.721 T:3019123600 M:522735616 DEBUG: CBoxeeBrowseMenuManager::BuildMenu - [4] - adding button [label=Categories][path=][id=bt_apps_categories][isseparator=0] to menu [mn_library_repository_apps] (bm)
00:18:35.721 T:3019123600 M:522735616 DEBUG: CBoxeeBrowseMenuManager::BuildMenu - [5] - adding button [label=][path=][id=bt_separator][isseparator=1] to menu [mn_library_repository_apps] (bm)
00:18:35.722 T:3019123600 M:522735616 DEBUG: CBoxeeBrowseMenuManager::BuildMenu - [6] - adding button [label=Repositories][path=boxeeui://apps/?category=repos][id=bt_apps_repositories][isseparator=0] to menu [mn_library_repository_apps] (bm)
00:18:35.722 T:3019123600 M:522735616 DEBUG: CBoxeeBrowseMenuManager::BuildMenu - [1] - adding button [label=Browse][path=boxeeui://files/?path=network://protocols][id=bt_browse_all][isseparator=0] to menu [mn_local_files] (bm)
00:18:35.723 T:3019123600 M:522735616 DEBUG: CBoxeeBrowseMenuManager::BuildMenu - [2] - adding button [label=My Sources][path=boxeeui://files/?path=sources://all][id=bt_network_all][isseparator=0] to menu [mn_local_files] (bm)
00:18:35.723 T:3019123600 M:522735616 DEBUG: CBoxeeBrowseMenuManager::BuildMenu - [3] - adding button [label=][path=][id=bt_separator][isseparator=1] to menu [mn_local_files] (bm)
00:18:35.724 T:3019123600 M:522735616 DEBUG: CBoxeeBrowseMenuManager::BuildMenu - [4] - adding button [label=Shows][path=boxeeui://shows/?category=local][id=shows_local][isseparator=0] to menu [mn_local_files] (bm)
00:18:35.724 T:3019123600 M:522735616 DEBUG: CBoxeeBrowseMenuManager::BuildMenu - [5] - adding button [label=Movies][path=boxeeui://movies/?category=local][id=movies_local][isseparator=0] to menu [mn_local_files] (bm)
00:18:36.056 T:3019123600 M:522743808 DEBUG: CBoxeeBrowseMenuManager::BuildMenu - [6] - adding button [label=Music][path=][id=bt_music][isseparator=0] to menu [mn_local_files] (bm)
00:18:36.057 T:2925337488 M:522743808 DEBUG: Looking for shares on host MYBOOKLIVE ip 192.168.2.215
00:18:36.057 T:2925337488 M:522743808 DEBUG: CDirectory::GetDirectory , calling g_directoryCache.GetDirectory with path: smb://192.168.2.215 , items: 0 , retreiveAll: 0 (cache check)
00:18:36.057 T:2925337488 M:522743808 DEBUG: CDirectory::GetDirectory , g_directoryCache.GetDirectory returned false (cache check)
00:18:36.058 T:2925337488 M:522743808 DEBUG: OpenDir - Using authentication url smb://192.168.2.215
00:18:36.059 T:3019123600 M:522551296 DEBUG: CBoxeeBrowseMenuManager::BuildMenu - [7] - adding button [label=Photos][path=boxeeui://photos/][id=bt_photos_all][isseparator=0] to menu [mn_local_files] (bm)
00:18:36.060 T:3019123600 M:522551296 DEBUG: CBoxeeBrowseMenuManager::BuildMenu - [1] - adding button [label=Clips][path=boxeeui://queue/?type=clip][id=bt_watch_later_clips][isseparator=0] to menu [mn_watch_later] (bm)
00:18:36.060 T:3019123600 M:522551296 DEBUG: CBoxeeBrowseMenuManager::BuildMenu - [2] - adding button [label=Shows][path=boxeeui://queue/?type=tv_show][id=bt_watch_later_tvshows][isseparator=0] to menu [mn_watch_later] (bm)
00:18:36.060 T:3019123600 M:522551296 DEBUG: CBoxeeBrowseMenuManager::BuildMenu - [3] - adding button [label=Movies][path=boxeeui://queue/?type=movie][id=bt_watch_later_movies][isseparator=0] to menu [mn_watch_later] (bm)
00:18:36.061 T:3019123600 M:522555392 DEBUG: CBoxeeBrowseMenuManager::Init - after init [path=special://xbmc/skin/boxee/720p/boxee_browse_menu_tree.xml][NumOfMunus=19] (bm)
00:18:36.064 T:2924284816 M:522547200 DEBUG: thread start, auto delete: 0
00:18:36.066 T:3019123600 M:522547200 DEBUG: update ref map. url http://app.boxee.tv/epg/user-channel new ref_count 1 progress 0 (hcm)
00:18:36.066 T:3019123600 M:522547200 DEBUG: CHttpCacheManager::StartCachingURL push http://app.boxee.tv/epg/user-channel to m_references (hcm)
00:18:36.082 T:2927442832 M:522727424 DEBUG: Found machine ROUTES address 192.168.2.1 interface 5C:D9:98:80:71:56
00:18:36.083 T:3071629088 M:522727424 DEBUG: using python path:
00:18:36.096 T:2927442832 M:522678272 DEBUG: Found machine HMNHD-TI25PJ address 192.168.2.115 interface 5C:D9:98:80:71:56
00:18:36.097 T:2927442832 M:522678272 DEBUG: Found machine PLAYBOOK-9435 address 192.168.2.2 interface 5C:D9:98:80:71:56
00:18:36.108 T:2925337488 M:522678272 DEBUG: Found 1 shares on host MYBOOKLIVE
00:18:36.109 T:2925337488 M:522678272 DEBUG: Looking for shares on host ROUTES ip 192.168.2.1
00:18:36.109 T:2925337488 M:522678272 DEBUG: CDirectory::GetDirectory , calling g_directoryCache.GetDirectory with path: smb://192.168.2.1 , items: 0 , retreiveAll: 0 (cache check)
00:18:36.110 T:2925337488 M:522678272 DEBUG: CDirectory::GetDirectory , g_directoryCache.GetDirectory returned false (cache check)
00:18:36.110 T:2925337488 M:522678272 DEBUG: OpenDir - Using authentication url smb://192.168.2.1
00:18:36.138 T:3071629088 M:522510336 NOTICE: -->Python Interpreter Initialized<--
00:18:36.139 T:3071629088 M:522510336 DEBUG: new python thread created. id=1
00:18:36.143 T:2928495504 M:522502144 DEBUG: thread start, auto delete: 0
00:18:36.144 T:2928495504 M:522502144 DEBUG: Python thread: start processing
00:18:36.186 T:2925337488 M:522137600 DEBUG: Found 4 shares on host ROUTES
00:18:36.188 T:2925337488 M:522137600 DEBUG: Looking for shares on host HMNHD-TI25PJ ip 192.168.2.115
00:18:36.188 T:2925337488 M:522137600 DEBUG: CDirectory::GetDirectory , calling g_directoryCache.GetDirectory with path: smb://192.168.2.115 , items: 0 , retreiveAll: 0 (cache check)
00:18:36.188 T:2925337488 M:522137600 DEBUG: CDirectory::GetDirectory , g_directoryCache.GetDirectory returned false (cache check)
00:18:36.189 T:2925337488 M:522137600 DEBUG: OpenDir - Using authentication url smb://192.168.2.115
00:18:36.212 T:2928495504 M:522035200 NOTICE: -->Python Interpreter Initialized<--
00:18:36.213 T:2928495504 M:522035200 DEBUG: Process - The source file to load is special://xbmc/scripts/autoexec.py
00:18:36.213 T:2928495504 M:522035200 DEBUG: Process - Setting the Python path to /opt/boxee/scripts:/opt/local/lib/python2.4/python24.zip:/opt/local/lib/python2.4:/opt/local/lib/python2.4/plat-linux2:/opt/local/lib/python2.4/lib-dynload:/opt/local/lib/python2.4/site-packages:/opt/boxee/system/python/local:/opt/local/lib/python24.zip:/opt/local/lib/python2.4/:/opt/local/lib/python2.4/plat-linux2:/opt/local/lib/python2.4/lib-tk:/opt/local/lib/python2.4/lib-dynload
00:18:36.214 T:2928495504 M:522035200 DEBUG: Process - Entering source directory /opt/boxee/scripts
00:18:36.222 T:2928495504 M:522092544 INFO: Scriptresult: Success
00:18:36.250 T:2925337488 M:522092544 DEBUG: Found 6 shares on host HMNHD-TI25PJ
00:18:36.252 T:2925337488 M:522092544 DEBUG: Looking for shares on host PLAYBOOK-9435 ip 192.168.2.2
00:18:36.252 T:2925337488 M:522092544 DEBUG: CDirectory::GetDirectory , calling g_directoryCache.GetDirectory with path: smb://192.168.2.2 , items: 0 , retreiveAll: 0 (cache check)
00:18:36.253 T:2925337488 M:522092544 DEBUG: CDirectory::GetDirectory , g_directoryCache.GetDirectory returned false (cache check)
00:18:36.253 T:2925337488 M:522096640 DEBUG: OpenDir - Using authentication url smb://192.168.2.2
00:18:36.308 T:3019123600 M:522104832 DEBUG: CHttpCacheManager::DoneCachingURL - about to delete http://app.boxee.tv/epg/user-channel (hcm) from database
00:18:36.309 T:3019123600 M:522096640 DEBUG: CHttpCacheManager::RemoveFromRefMap remove url http://app.boxee.tv/epg/user-channel (hcm)
00:18:36.309 T:3019123600 M:522096640 DEBUG: CHttpCacheManager::UpdateRefMap Can not decrease ref count to new object http://app.boxee.tv/epg/user-channel (hcm)
00:18:36.313 T:3019123600 M:522096640 DEBUG: DVBManager: adding channel CIII-SD
00:18:36.313 T:3019123600 M:522096640 DEBUG: DVBManager: adding channel CIII-HD
00:18:36.314 T:3019123600 M:522096640 DEBUG: DVBManager: adding channel TORONTO CBLFT-DT
00:18:36.314 T:3019123600 M:522096640 DEBUG: DVBManager: adding channel WNLO-HD
00:18:36.314 T:3019123600 M:522096640 DEBUG: DVBManager: adding channel CHCH-DT
00:18:36.315 T:3019123600 M:522096640 DEBUG: DVBManager: adding channel OMNI 2
00:18:36.315 T:3019123600 M:522096640 DEBUG: DVBManager: adding channel TORONTO CBLT-DT
00:18:36.315 T:3019123600 M:522096640 DEBUG: DVBManager: adding channel OMNI 1
00:18:36.316 T:3019123600 M:522096640 DEBUG: DVBManager: adding channel TVO
00:18:36.316 T:3019123600 M:522096640 DEBUG: DVBManager: adding channel CITYTV
00:18:36.317 T:3019123600 M:522096640 INFO: Loaded 10 server channels
00:18:36.318 T:2923232144 M:522088448 DEBUG: thread start, auto delete: 0
00:18:36.408 T:2927442832 M:522039296 DEBUG: Found machine JASGILL-PC address 192.168.2.97 interface 5C:D9:98:80:71:56
00:18:36.616 T:2927442832 M:522018816 DEBUG: Found machine JASGILL-PC address 192.168.2.171 interface 5C:D9:98:80:71:56
00:18:36.741 T:2928495504 M:521801728 INFO: Python script stopped
00:18:36.742 T:2928495504 M:521801728 DEBUG: Thread 2928495504 terminating
00:18:36.763 T:3071629088 M:521809920 DEBUG: python thread 1 destructed
00:18:36.767 T:3019123600 M:521809920 DEBUG: EPG database integrity check response: ok
00:18:36.769 T:2928495504 M:521801728 DEBUG: thread start, auto delete: 0
00:18:36.772 T:3019123600 M:521801728 DEBUG: Boxee: 09/02/12 05:18:36.7719#DEBUG#GUIWindowStateDatabase.cpp:373(GetUserSetting)#GUIWindowStateDatabase::GetUserSetting, strKey =
00:18:36.773 T:3019123600 M:521801728 DEBUG: Boxee: 09/02/12 05:18:36.7733#DEBUG#GUIWindowStateDatabase.cpp:384(GetUserSetting)#GUIWindowStateDatabase::GetUserSetting, setting found, strKey='showstarter', strValue='true'
00:18:36.773 T:3019123600 M:521801728 DEBUG: CBoxeeLoginManager::FinishSuccessfulLogin - Going to call Application::PostLoginInitializations() (login)
00:18:36.775 T:3019123600 M:521801728 DEBUG: Boxee: 09/02/12 05:18:36.7751#DEBUG#GUIWindowStateDatabase.cpp:373(GetUserSetting)#GUIWindowStateDatabase::GetUserSetting, strKey =
00:18:36.777 T:3019123600 M:521801728 DEBUG: Boxee: 09/02/12 05:18:36.7775#DEBUG#GUIWindowStateDatabase.cpp:384(GetUserSetting)#GUIWindowStateDatabase::GetUserSetting, setting found, strKey='LaunchGetFacebookExtreCredentials', strValue='true'
00:18:36.778 T:3071629088 M:521801728 DEBUG: CBoxeeLoginManager::Login - Going to WINDOW_HOME (login)
00:18:36.778 T:3071629088 M:521801728 DEBUG: Activating window ID: 10000
00:18:36.778 T:3071629088 M:521801728 DEBUG: Checking if window ID 10000 is locked.
00:18:36.779 T:3071629088 M:521801728 DEBUG: ------ Window Deinit (boxee_login_prompt.xml) ------
00:18:36.780 T:3071629088 M:521801728 DEBUG: ------ Window Init (Home.xml) ------
00:18:36.783 T:3071629088 M:521674752 DEBUG: Alloc resources: 2.80ms (0.02 ms skin load)
00:18:36.784 T:2931653520 M:521674752 DEBUG: Fetching weather from url: http://app.boxee.tv/location/weather?location=Hamilton%2c%20Canada&metric=1
00:18:36.795 T:3071629088 M:521396224 DEBUG: GUILoaderWindow::RegisterContainers
00:18:36.795 T:3071629088 M:521396224 DEBUG: GUILoaderWindow::RegisterContainer: 7000
00:18:36.795 T:3071629088 M:521396224 DEBUG: GUILoaderWindow::RegisterContainer: 8200
00:18:36.796 T:3071629088 M:521400320 DEBUG: CItemLoader::AddControl, window = 10000, control = 8200, path = feed://featured/?limit=15 (browse)
00:18:36.796 T:3071629088 M:521400320 DEBUG: CItemLoader::AddControl, 3 GUI_MSG_LOADING, window = 10000, control = 8200 (basecontainer)
00:18:36.796 T:3071629088 M:521400320 DEBUG: CGUIBaseContainer::CGUIBaseContainer, GUI_MSG_LOADING, 8200 (basecontainer)
00:18:36.797 T:2922179472 M:521392128 DEBUG: CGetDirectoryJob::DoWork, NEWUI, loading directory, path = feed://featured/?limit=15
00:18:36.798 T:2922179472 M:521392128 DEBUG: CDirectory::GetDirectory , calling g_directoryCache.GetDirectory with path: feed://featured/?limit=15 , items: 0 , retreiveAll: 0 (cache check)
00:18:36.798 T:2922179472 M:521392128 DEBUG: CDirectory::GetDirectory , g_directoryCache.GetDirectory returned false (cache check)
00:18:36.798 T:2922179472 M:521392128 DEBUG: CBoxeeFeedDirectory::GetDirectory - Enter function with [strPath=feed://featured/?limit=15] (bf)
00:18:36.799 T:2922179472 M:521392128 DEBUG: CBoxeeFeedDirectory::GetDirectory - [strPath=feed://featured/?limit=15] was parsed to [dir=featured][file=] (bf)
00:18:36.799 T:2922179472 M:521392128 DEBUG: CBoxeeFeedDirectory::HandleRequestWithLimit - [featured] - Going to retrieve objects from the server (bf)
00:18:36.800 T:2922179472 M:521392128 DEBUG: CBoxeeFeedDirectory::GetItemsFromServer - Going to call BoxeeClientServerComManager::GetFeaturedList() (queue)
00:18:36.800 T:2922179472 M:521392128 DEBUG: Boxee: 09/02/12 05:18:36.8004#DEBUG#bxfeaturedmanager.cpp:103(GetFeaturedList)#BXFeaturedManager::GetFeaturedList - Enter function (shares)
00:18:36.806 T:2922179472 M:521265152 DEBUG: Boxee: 09/02/12 05:18:36.8061#DEBUG#bxfeaturedmanager.cpp:136(GetFeaturedList)#BXFeaturedManager::GetFeaturedList - Exit function. After set [FeaturedListSize=40] (feat)
00:18:36.806 T:2922179472 M:521138176 DEBUG: CBoxeeFeedDirectory::GetItemsFromServer - Call to BoxeeClientServerComManager::GetFeaturedList() returned [retVal=1][BoxeeFeedSize=40] (queue)
00:18:36.807 T:2922179472 M:521138176 DEBUG: CBoxeeFeedDirectory::ConvertServerResponse - [featured] - Enter function after retrieve from server [numOfItemsFromServer=40] for type [featured]. [timestamp=1328764128] (bf)
00:18:36.815 T:3019123600 M:521138176 DEBUG: Thread 3019123600 terminating
00:18:36.825 T:3071629088 M:521129984 DEBUG: CItemLoader::AddControl, added directory job, path = feed://featured/?limit=15 (browse)
00:18:36.826 T:3071629088 M:521129984 NOTICE: Running the application...
00:18:36.853 T:2922179472 M:520892416 DEBUG: CBoxeeFeedDirectory::ConvertServerResponse - [featured] - [31/40] - Not adding item [label=[B]Contagion[/B]][path=app://vudu/play?contentid=211945] - [IsAllowedPath=1][IsAllowedItem=0][IsAllowedAppItem=1] (bf)
00:18:36.861 T:2922179472 M:520630272 DEBUG: CBoxeeFeedDirectory::ConvertServerResponse - [featured] - [36/40] - Not adding item [label=[B]Horrible Bosses[/B]][path=app://vudu/play?contentid=225404] - [IsAllowedPath=1][IsAllowedItem=0][IsAllowedAppItem=1] (bf)
00:18:36.870 T:2922179472 M:520630272 DEBUG: CBoxeeFeedDirectory::ConvertServerResponse - [featured] - [38/40] - Not adding item [label=[B]Moneyball[/B]][path=app://vudu/play?contentid=210044] - [IsAllowedPath=1][IsAllowedItem=0][IsAllowedAppItem=1] (bf)
00:18:36.872 T:2922179472 M:520630272 DEBUG: CBoxeeFeedDirectory::ConvertServerResponse - [featured] - [39/40] - Not adding item [label=[B]Blue Bloods[/B]][path=feed://boxee_staff_featured_1418] - [IsAllowedPath=1][IsAllowedItem=0][IsAllowedAppItem=1] (bf)
00:18:36.873 T:2922179472 M:520630272 DEBUG: CBoxeeFeedDirectory::ConvertServerResponse - [featured] - Exit function after build [listItemsSize=36] for type [featured]. [numOfItemsFromServer=40] (bf)
00:18:36.873 T:2922179472 M:520630272 DEBUG: CBoxeeFeedDirectory::HandleRequestWithLimit - [featured] - Call to HandleServerResponse returned [listItemsSize=36] (bf)
00:18:36.875 T:2922179472 M:520630272 DEBUG: CBoxeeFeedDirectory::HandleRequestWithLimit - [featured] - After sort the retrieve items. Going to copy for return (bf)
00:18:36.875 T:2922179472 M:520634368 DEBUG: CBoxeeFeedDirectory::HandleRequestWithLimit - [featured] - After setting [limit=15] (bf)
00:18:36.875 T:2922179472 M:520634368 DEBUG: CBoxeeFeedDirectory::HandleRequestWithLimit - [featured] - [NumOfItems=36] is more then [limit=15], therefore going to copy only [15] items (bf)
00:18:37.207 T:2931653520 M:518410240 DEBUG: Weather got: temp=-4 icon=weather/34.png
00:18:37.208 T:2922179472 M:518410240 DEBUG: CBoxeeQueueDirectory::HandleRequestWithLimit - Exit function and returning list with size [15] (bf)
00:18:37.208 T:2922179472 M:518410240 DEBUG: Going to return list with size [15] for type [featured] (bf)
00:18:37.292 T:3071629088 M:518660096 DEBUG: ------ Window Deinit (DialogProgress.xml) ------
00:18:37.319 T:2923232144 M:518664192 INFO: Pull epg start from URL http://app.boxee.tv/epg/grid
00:18:37.469 T:2922179472 M:518569984 DEBUG: CGetDirectoryJob::DoWork, NEWUI, done loading directory, bResult = 1
00:18:37.472 T:2922179472 M:518569984 DEBUG: CGetDirectoryJob::ItemsLoaded, sending GUI_MSG_LABEL_BIND windowId [10000] controlId[8200] size[15]
00:18:37.487 T:3071629088 M:518578176 DEBUG: CGUIBaseContainer::CGUIBaseContainer, GUI_MSG_LABEL_BIND, 8200 , append=0 (basecontainer)
00:18:37.779 T:2922179472 M:516517888 DEBUG: CBoxeeFeedItemsLoader::LoadItem - Not handling item [label=[B]Tough Mudder 2011[/B]][showid=][boxeeid=][isfeedalbum=][referral=1458] (feedloader)(ri)
00:18:37.780 T:2922179472 M:516517888 DEBUG: Creating thumb from: http://s3.boxee.tv/featured/b/3/5e6167f8b2ea9a69cca26f9c3a5538.png as: special://masterprofile/profiles/jasmeet_9sb/Thumbnails/Pictures/7/7c2abc38.tbn
00:18:37.783 T:2922179472 M:516517888 DEBUG: update ref map. url http://s3.boxee.tv/featured/b/3/5e6167f8b2ea9a69cca26f9c3a5538.png new ref_count 1 progress 0 (hcm)
00:18:37.783 T:2922179472 M:516517888 DEBUG: CHttpCacheManager::StartCachingURL push http://s3.boxee.tv/featured/b/3/5e6167f8b2ea9a69cca26f9c3a5538.png to m_references (hcm)
00:18:37.784 T:2922179472 M:516517888 DEBUG: FileCurl::Open(0xae2cc44c) http://s3.boxee.tv/featured/b/3/5e6167f8b2ea9a69cca26f9c3a5538.png
00:18:37.788 T:2922179472 M:516517888 DEBUG: easy_aquire - Created session to http://s3.boxee.tv
00:18:37.791 T:3019123600 M:516509696 DEBUG: CBoxeeFeedItemsLoader::LoadItem - Not handling item [label=[B]Motion Feel[/B]][showid=][boxeeid=][isfeedalbum=][referral=1439] (feedloader)(ri)
00:18:37.794 T:2918828944 M:516505600 DEBUG: CBoxeeFeedItemsLoader::LoadItem - Not handling item [label=[B]The Bus[/B]][showid=][boxeeid=][isfeedalbum=][referral=1441] (feedloader)(ri)
00:18:37.795 T:2917776272 M:516374528 DEBUG: CBoxeeFeedItemsLoader::LoadItem - Not handling item [label=[B]Washer Tears Itself Apart[/B]][showid=][boxeeid=][isfeedalbum=][referral=1443] (feedloader)(ri)
00:18:37.798 T:2917776272 M:516374528 DEBUG: CDirectoryCache::UpdateItem, CACHE updating dirPath = feed://featured/?limit=15 , cacheId = http://www.youtube.com/watch?v=6_PLnInsh7E , item = [B]Washer Tears Itself Apart[/B], path = http://www.youtube.com/watch?v=6_PLnInsh7E (dircache)
00:18:37.798 T:2917776272 M:516374528 DEBUG: CDirectoryCache::UpdateItem, found the relevant dir - strDirPath = feed://featured/?limit=15 (dircache)
00:18:37.799 T:2917776272 M:516374528 DEBUG: CDirectoryCache::UpdateItem, found the item - strCacheId = http://www.youtube.com/watch?v=6_PLnInsh7E (dircache)
00:18:37.800 T:2917776272 M:516374528 DEBUG: TouchThumbnailFile touch thumbnail file special://masterprofile/profiles/jasmeet_9sb/Thumbnails/Pictures/6/6ffd27a7.tbn size 64253 (thm)
00:18:37.800 T:2917776272 M:516374528 DEBUG: TouchThumbnailFile touch thumbnail file special://masterprofile/profiles/jasmeet_9sb/Thumbnails/Pictures/6/6ffd27a7.tbn already exist - update the average time total 1 files average time 2215328467(thm)
00:18:37.801 T:2916723600 M:516366336 DEBUG: CBoxeeFeedItemsLoader::LoadItem - Not handling item [label=[B]M.I.A. - Bad Girls[/B]][showid=][boxeeid=][isfeedalbum=][referral=1455] (feedloader)(ri)
00:18:37.805 T:2916723600 M:516370432 DEBUG: CDirectoryCache::UpdateItem, CACHE updating dirPath = feed://featured/?limit=15 , cacheId = http://www.youtube.com/watch?v=2uYs0gJD-LE , item = [B]M.I.A. - Bad Girls[/B], path = http://www.youtube.com/watch?v=2uYs0gJD-LE (dircache)
00:18:37.805 T:2916723600 M:516370432 DEBUG: CDirectoryCache::UpdateItem, found the relevant dir - strDirPath = feed://featured/?limit=15 (dircache)
00:18:37.805 T:2916723600 M:516370432 DEBUG: CDirectoryCache::UpdateItem, found the item - strCacheId = http://www.youtube.com/watch?v=2uYs0gJD-LE (dircache)
00:18:37.806 T:2916723600 M:516370432 DEBUG: TouchThumbnailFile touch thumbnail file special://masterprofile/profiles/jasmeet_9sb/Thumbnails/Pictures/6/6f20a6c3.tbn size 31686 (thm)
00:18:37.872 T:3019123600 M:517529600 DEBUG: CDirectoryCache::UpdateItem, CACHE updating dirPath = feed://featured/?limit=15 , cacheId = http://vimeo.com/35693652 , item = [B]Motion Feel[/B], path = http://vimeo.com/35693652 (dircache)
00:18:37.873 T:3019123600 M:517529600 DEBUG: CDirectoryCache::UpdateItem, found the relevant dir - strDirPath = feed://featured/?limit=15 (dircache)
00:18:37.873 T:3019123600 M:517529600 DEBUG: CDirectoryCache::UpdateItem, found the item - strCacheId = http://vimeo.com/35693652 (dircache)
00:18:37.874 T:3019123600 M:517529600 DEBUG: TouchThumbnailFile touch thumbnail file special://masterprofile/profiles/jasmeet_9sb/Thumbnails/Pictures/4/46ef5897.tbn size 36154 (thm)
00:18:37.928 T:2922179472 M:517533696 DEBUG: Open - filesize: 126982
00:18:38.028 T:2918828944 M:517042176 DEBUG: CDirectoryCache::UpdateItem, CACHE updating dirPath = feed://featured/?limit=15 , cacheId = http://vimeo.com/32761453 , item = [B]The Bus[/B], path = http://vimeo.com/32761453 (dircache)
00:18:38.028 T:2918828944 M:517042176 DEBUG: CDirectoryCache::UpdateItem, found the relevant dir - strDirPath = feed://featured/?limit=15 (dircache)
00:18:38.029 T:2918828944 M:517042176 DEBUG: CDirectoryCache::UpdateItem, found the item - strCacheId = http://vimeo.com/32761453 (dircache)
00:18:38.030 T:2918828944 M:517042176 DEBUG: TouchThumbnailFile touch thumbnail file special://masterprofile/profiles/jasmeet_9sb/Thumbnails/Pictures/c/cff39997.tbn size 40497 (thm)
00:18:38.135 T:2923232144 M:515715072 INFO: Pull epg complete, parsing response
00:18:38.135 T:2923232144 M:515715072 INFO: Pull epg ok. got: 689 items
00:18:38.253 T:2922179472 M:513581056 DEBUG: FileCurl::Close(0xae2cc44c) http://s3.boxee.tv/featured/b/3/5e6167f8b2ea9a69cca26f9c3a5538.png
00:18:38.254 T:2922179472 M:513581056 DEBUG: CURL STATS: done with . 124.01k in: 0.46 sec. dns: 0.04 sec. connect: 0.08 s. pretransfer: 0.08 s. speed: 267.69 kbytes/sec.
00:18:38.266 T:2922179472 M:512696320 DEBUG: update ref map. url http://s3.boxee.tv/featured/b/3/5e6167f8b2ea9a69cca26f9c3a5538.png new ref_count 1 progress 0 (hcm)
00:18:38.267 T:2922179472 M:512696320 DEBUG: insert http://s3.boxee.tv/featured/b/3/5e6167f8b2ea9a69cca26f9c3a5538.png to the database (hcm)
00:18:38.269 T:2922179472 M:512696320 DEBUG: update ref map. url http://s3.boxee.tv/featured/b/3/5e6167f8b2ea9a69cca26f9c3a5538.png new ref_count 0 progress 0 (hcm)
00:18:38.270 T:2922179472 M:512696320 DEBUG: Creating album thumb from memory: special://masterprofile/profiles/jasmeet_9sb/Thumbnails/Pictures/7/7c2abc38.tbn
00:18:38.325 T:2917776272 M:512200704 DEBUG: CBoxeeFeedItemsLoader::LoadItem - Not handling item [label=[B]The Karate Rap[/B]][showid=][boxeeid=][isfeedalbum=][referral=1472] (feedloader)(ri)
00:18:38.327 T:2916723600 M:512200704 DEBUG: TouchThumbnailFile touch thumbnail file special://masterprofile/profiles/jasmeet_9sb/Thumbnails/Pictures/6/6f20a6c3.tbn already exist - update the average time total 1 files average time 2215328656(thm)
00:18:38.328 T:2917776272 M:512200704 DEBUG: Creating thumb from: http://s3.boxee.tv/featured/9/4/42b548f96650df2f082259f0ab8f9d.png as: special://masterprofile/profiles/jasmeet_9sb/Thumbnails/Pictures/4/4eda3141.tbn
00:18:38.330 T:2917776272 M:512204800 DEBUG: update ref map. url http://s3.boxee.tv/featured/9/4/42b548f96650df2f082259f0ab8f9d.png new ref_count 1 progress 0 (hcm)
00:18:38.331 T:2917776272 M:512204800 DEBUG: CHttpCacheManager::StartCachingURL push http://s3.boxee.tv/featured/9/4/42b548f96650df2f082259f0ab8f9d.png to m_references (hcm)
00:18:38.331 T:2917776272 M:512204800 DEBUG: FileCurl::Open(0xade9944c) http://s3.boxee.tv/featured/9/4/42b548f96650df2f082259f0ab8f9d.png
00:18:38.336 T:2917776272 M:512204800 DEBUG: easy_aquire - Created session to http://s3.boxee.tv
00:18:38.418 T:2917776272 M:512602112 DEBUG: Open - filesize: 237496
00:18:38.457 T:2916723600 M:512503808 DEBUG: CBoxeeFeedItemsLoader::LoadItem - Not handling item [label=[B]The Hunger Games[/B] [CR]Official Theatrical Trailer][showid=][boxeeid=][isfeedalbum=][referral=1471] (feedloader)(ri)
00:18:38.458 T:3019123600 M:512507904 DEBUG: TouchThumbnailFile touch thumbnail file special://masterprofile/profiles/jasmeet_9sb/Thumbnails/Pictures/4/46ef5897.tbn already exist - update the average time total 1 files average time 2215328848(thm)
00:18:38.469 T:2922179472 M:513159168 DEBUG: TouchThumbnailFile touch thumbnail file special://masterprofile/profiles/jasmeet_9sb/Thumbnails/Pictures/7/7c2abc38.tbn size 126982 (thm)
00:18:38.519 T:2916723600 M:513167360 DEBUG: Creating thumb from: http://s3.boxee.tv/featured/5/4/3922b84e8dadd6bfe9dfd9a1dd5dad.png as: special://masterprofile/profiles/jasmeet_9sb/Thumbnails/Pictures/1/1988c671.tbn
00:18:38.521 T:2916723600 M:513167360 DEBUG: update ref map. url http://s3.boxee.tv/featured/5/4/3922b84e8dadd6bfe9dfd9a1dd5dad.png new ref_count 1 progress 0 (hcm)
00:18:38.522 T:2916723600 M:513167360 DEBUG: CHttpCacheManager::StartCachingURL push http://s3.boxee.tv/featured/5/4/3922b84e8dadd6bfe9dfd9a1dd5dad.png to m_references (hcm)
00:18:38.523 T:2916723600 M:513167360 DEBUG: FileCurl::Open(0xadd9844c) http://s3.boxee.tv/featured/5/4/3922b84e8dadd6bfe9dfd9a1dd5dad.png
00:18:38.528 T:2916723600 M:513167360 DEBUG: easy_aquire - Created session to http://s3.boxee.tv
00:18:38.559 T:3019123600 M:513171456 DEBUG: CBoxeeFeedItemsLoader::LoadItem - Not handling item [label=[B]Yoshi's Blend[/B]][showid=][boxeeid=][isfeedalbum=][referral=1469] (feedloader)(ri)
00:18:38.560 T:2918828944 M:513175552 DEBUG: TouchThumbnailFile touch thumbnail file special://masterprofile/profiles/jasmeet_9sb/Thumbnails/Pictures/c/cff39997.tbn already exist - update the average time total 1 files average time 2215329036(thm)
00:18:38.624 T:3019123600 M:513204224 DEBUG: CDirectoryCache::UpdateItem, CACHE updating dirPath = feed://featured/?limit=15 , cacheId = http://vimeo.com/35676569 , item = [B]Yoshi's Blend[/B], path = http://vimeo.com/35676569 (dircache)
00:18:38.625 T:3019123600 M:513204224 DEBUG: CDirectoryCache::UpdateItem, found the relevant dir - strDirPath = feed://featured/?limit=15 (dircache)
00:18:38.625 T:3019123600 M:513204224 DEBUG: CDirectoryCache::UpdateItem, found the item - strCacheId = http://vimeo.com/35676569 (dircache)
00:18:38.626 T:3019123600 M:513204224 DEBUG: TouchThumbnailFile touch thumbnail file special://masterprofile/profiles/jasmeet_9sb/Thumbnails/Pictures/a/a91ad451.tbn size 42223 (thm)
00:18:38.646 T:2918828944 M:513208320 DEBUG: CBoxeeFeedItemsLoader::LoadItem - Not handling item [label=[B]The Flood[/B]][showid=][boxeeid=][isfeedalbum=][referral=1470] (feedloader)(ri)
00:18:38.649 T:2922179472 M:513208320 DEBUG: CDirectory::GetDirectory , calling g_directoryCache.GetDirectory with path: //.boxee/UserData/profiles , items: 0 , retreiveAll: 0 (cache check)
00:18:38.649 T:2922179472 M:513208320 DEBUG: CDirectory::GetDirectory , g_directoryCache.GetDirectory returned false (cache check)
00:18:38.665 T:2918828944 M:513073152 DEBUG: CDirectoryCache::UpdateItem, CACHE updating dirPath = feed://featured/?limit=15 , cacheId = http://vimeo.com/34811539 , item = [B]The Flood[/B], path = http://vimeo.com/34811539 (dircache)
00:18:38.666 T:2918828944 M:512950272 DEBUG: CDirectoryCache::UpdateItem, found the relevant dir - strDirPath = feed://featured/?limit=15 (dircache)
00:18:38.666 T:2918828944 M:512950272 DEBUG: CDirectoryCache::UpdateItem, found the item - strCacheId = http://vimeo.com/34811539 (dircache)
00:18:38.668 T:2916723600 M:512933888 DEBUG: Open - filesize: 348593
00:18:38.669 T:2918828944 M:512933888 DEBUG: TouchThumbnailFile touch thumbnail file special://masterprofile/profiles/jasmeet_9sb/Thumbnails/Pictures/f/f313d138.tbn size 22295 (thm)
00:18:38.952 T:2926390160 M:510763008 DEBUG: CNfsDirectory::GetDirectory - found 2 NFS devices
00:18:38.954 T:2926390160 M:510763008 DEBUG: Thread 2926390160 terminating (autodelete)
00:18:39.036 T:2917776272 M:510676992 DEBUG: FileCurl::Close(0xade9944c) http://s3.boxee.tv/featured/9/4/42b548f96650df2f082259f0ab8f9d.png
00:18:39.037 T:2917776272 M:510803968 DEBUG: CURL STATS: done with . 231.93k in: 0.70 sec. dns: 0.00 sec. connect: 0.04 s. pretransfer: 0.04 s. speed: 331.65 kbytes/sec.
00:18:39.040 T:2917776272 M:511041536 DEBUG: update ref map. url http://s3.boxee.tv/featured/9/4/42b548f96650df2f082259f0ab8f9d.png new ref_count 1 progress 0 (hcm)
00:18:39.041 T:2917776272 M:511041536 DEBUG: insert http://s3.boxee.tv/featured/9/4/42b548f96650df2f082259f0ab8f9d.png to the database (hcm)
00:18:39.045 T:2917776272 M:511041536 DEBUG: update ref map. url http://s3.boxee.tv/featured/9/4/42b548f96650df2f082259f0ab8f9d.png new ref_count 0 progress 0 (hcm)
00:18:39.046 T:2917776272 M:511041536 DEBUG: Creating album thumb from memory: special://masterprofile/profiles/jasmeet_9sb/Thumbnails/Pictures/4/4eda3141.tbn
00:18:39.244 T:2923232144 M:510398464 DEBUG: Pull epg done
00:18:39.288 T:2923232144 M:510406656 DEBUG: Pull social
00:18:39.356 T:2917776272 M:510324736 DEBUG: TouchThumbnailFile touch thumbnail file special://masterprofile/profiles/jasmeet_9sb/Thumbnails/Pictures/4/4eda3141.tbn size 237496 (thm)
00:18:39.724 T:2927442832 M:510586880 DEBUG: Interface 5C:D9:98:80:71:56 scan complete, found 6 hosts
00:18:39.724 T:2927442832 M:510586880 DEBUG: Interface EE:AC:1B:F5:44:FD, not connected
00:18:39.725 T:2927442832 M:510586880 DEBUG: Interface 74:F0:6D:9F:A8:7D, not connected
00:18:39.725 T:2927442832 M:510586880 DEBUG: Mapping out hosts on interface 5C:D9:98:80:71:56
00:18:39.896 T:2923232144 M:510386176 INFO: Pull social ok. got: 7 items
00:18:39.896 T:2923232144 M:510386176 DEBUG: Pull social done
00:18:39.974 T:2916723600 M:510402560 DEBUG: FileCurl::Close(0xadd9844c) http://s3.boxee.tv/featured/5/4/3922b84e8dadd6bfe9dfd9a1dd5dad.png
00:18:39.975 T:2916723600 M:510402560 DEBUG: CURL STATS: done with . 340.42k in: 1.44 sec. dns: 0.00 sec. connect: 0.05 s. pretransfer: 0.05 s. speed: 235.69 kbytes/sec.
00:18:39.978 T:2916723600 M:510500864 DEBUG: update ref map. url http://s3.boxee.tv/featured/5/4/3922b84e8dadd6bfe9dfd9a1dd5dad.png new ref_count 1 progress 0 (hcm)
00:18:39.980 T:2916723600 M:510500864 DEBUG: insert http://s3.boxee.tv/featured/5/4/3922b84e8dadd6bfe9dfd9a1dd5dad.png to the database (hcm)
