00:18:26.386 T:2972990352 M:529489920 DEBUG: insert http://app.boxee.tv/api/get_featured to the database (hcm)
00:18:26.388 T:2972990352 M:529489920 DEBUG: update ref map. url http://app.boxee.tv/api/get_featured new ref_count 0 progress 0 (hcm)
00:18:26.398 T:2969832336 M:529489920 DEBUG: Boxee: 09/02/12 05:18:26.3979#DEBUG#bxservicesmanager.cpp:346(DoWork)#RequestServicesListFromServerTask::DoWork - Exit function (serv)
00:18:26.426 T:2975095696 M:529494016 DEBUG: Boxee: 09/02/12 05:18:26.4267#DEBUG#bxrecommendationsmanager.cpp:230(DoWork)#RequestRecommendationsListFromServerTask::DoWork - Exit function (rec)
00:18:26.437 T:2970885008 M:529494016 DEBUG: Boxee: 09/02/12 05:18:26.4378#DEBUG#bxsourcesmanager.cpp:481(DoWork)#RequestSourcesListFromServerTask::DoWork - After LoadFromURL. [lastRetCode=200][isLoaded=0][size=82][currSize=0] (source)
00:18:26.438 T:2970885008 M:529494016 DEBUG: Boxee: 09/02/12 05:18:26.4384#DEBUG#bxsourcesmanager.cpp:100(CopySourcesList)#BXSourcesManager::CopyServicesList - going to copy sourcesList [size=82]. [currSize=0][vectorChanged=1] (source)
00:18:26.480 T:2972990352 M:529240064 DEBUG: Boxee: 09/02/12 05:18:26.4802#DEBUG#bxfeaturedmanager.cpp:180(DoWork)#RequestFeaturedListFromServerTask::DoWork - After LoadFromURL. [lastRetCode=200][isLoaded=0][size=40][currSize=0] (feat)
00:18:26.481 T:2972990352 M:529240064 DEBUG: Boxee: 09/02/12 05:18:26.4812#DEBUG#bxfeaturedmanager.cpp:84(CopyFeaturedList)#BXFeaturedManager::CopyFeaturedList - going to copy featuredList [size=40]. [currSize=0] (feat)
00:18:26.483 T:2968779664 M:529240064 DEBUG: Boxee: 09/02/12 05:18:26.4835#DEBUG#bxappboxmanager.cpp:610(DoWork)#RequestAppBoxPopularitiesListFromServerTask::DoWork - Enter function (appbox)(popu)
00:18:26.485 T:2968779664 M:529240064 DEBUG: update ref map. url http://app.boxee.tv/applications/popularity new ref_count 1 progress 0 (hcm)
00:18:26.486 T:2968779664 M:529240064 DEBUG: CHttpCacheManager::StartCachingURL push http://app.boxee.tv/applications/popularity to m_references (hcm)
00:18:26.491 T:3019123600 M:529240064 DEBUG: Boxee: 09/02/12 05:18:26.4912#DEBUG#bxcscmanager.cpp:131(InitializeUserLists)#CBoxeeClientServerComManager::InitializeUserListsNow - Going to initialize APPBOX-REPOS_LIST (bcscm)(repos)
00:18:26.492 T:3019123600 M:529240064 DEBUG: Boxee: 09/02/12 05:18:26.4920#DEBUG#bxcscmanager.cpp:134(InitializeUserLists)#CBoxeeClientServerComManager::InitializeUserListsNow - Going to initialize APPBOX-CATEGORIES_LIST (bcscm)(appcategories)
00:18:26.492 T:3019123600 M:529231872 DEBUG: Boxee: 09/02/12 05:18:26.4926#DEBUG#bxcscmanager.cpp:137(InitializeUserLists)#CBoxeeClientServerComManager::InitializeUserListsNow - Going to initialize APPBOX-REPOS_LIST (bcscm)(genres)
00:18:26.499 T:2970885008 M:529223680 DEBUG: BXSourcesManager::CopySourcesList - there was a change in the vector. sending update to the menu (source)
00:18:26.510 T:2970885008 M:529080320 ERROR: CBoxeeBrowseMenuManager::ClearMenu - FAILED to find menu [id=mn_library_movies_providers] in MenuMap. [path=] (bm)
00:18:26.511 T:2970885008 M:529080320 ERROR: CBoxeeBrowseMenuManager::ClearMenu - FAILED to find menu [id=mn_library_shows_providers] in MenuMap. [path=] (bm)
00:18:26.512 T:2970885008 M:529080320 DEBUG: Boxee: 09/02/12 05:18:26.5120#DEBUG#bxsourcesmanager.cpp:494(DoWork)#RequestSourcesListFromServerTask::DoWork - Exit function (source)
00:18:26.514 T:2967726992 M:529072128 DEBUG: Boxee: 09/02/12 05:18:26.5146#DEBUG#bxappboxmanager.cpp:667(DoWork)#RequestAppBoxRepositoriesListFromServerTask::DoWork - Enter function (repos)
00:18:26.516 T:2969832336 M:529080320 DEBUG: Boxee: 09/02/12 05:18:26.5160#DEBUG#bxappboxmanager.cpp:784(DoWork)#RequestAppsCategoriesListFromServerTask::DoWork - Enter function (categories)
00:18:26.518 T:2969832336 M:529080320 DEBUG: update ref map. url http://app.boxee.tv/applications/categories?lang=en&adult=yes new ref_count 1 progress 0 (hcm)
00:18:26.518 T:2969832336 M:529080320 DEBUG: CHttpCacheManager::StartCachingURL push http://app.boxee.tv/applications/categories?lang=en&adult=yes to m_references (hcm)
00:18:26.852 T:2967726992 M:528400384 DEBUG: update ref map. url http://app.boxee.tv/api/get_repositories new ref_count 1 progress 0 (hcm)
00:18:26.852 T:2967726992 M:528400384 DEBUG: CHttpCacheManager::StartCachingURL push http://app.boxee.tv/api/get_repositories to m_references (hcm)
00:18:26.857 T:2972990352 M:528404480 DEBUG: Boxee: 09/02/12 05:18:26.5327#DEBUG#bxfeaturedmanager.cpp:202(DoWork)#RequestFeaturedListFromServerTask::DoWork - Exit function (feat)
00:18:26.860 T:2966674320 M:528404480 DEBUG: Boxee: 09/02/12 05:18:26.8598#DEBUG#bxgenresmanager.cpp:248(DoWork)#CRequestVideoGenresListFromServerTask::DoWork - Enter function (genres)
00:18:26.863 T:2970885008 M:528404480 DEBUG: Boxee: 09/02/12 05:18:26.8632#DEBUG#bxgenresmanager.cpp:248(DoWork)#CRequestVideoGenresListFromServerTask::DoWork - Enter function (genres)
00:18:26.864 T:3019123600 M:528404480 DEBUG: Boxee: 09/02/12 05:18:26.8643#DEBUG#bxcscmanager.cpp:140(InitializeUserLists)#CBoxeeClientServerComManager::InitializeUserListsNow - Going to initialize MOVIE_TRAILER_LIST (bcscm)(trailers)
00:18:26.865 T:2975095696 M:528396288 DEBUG: Boxee: 09/02/12 05:18:26.8653#DEBUG#bxgenresmanager.cpp:339(DoWork)#CRequestBadWordsListFromServerTask::DoWork - Enter function (badwords)
00:18:26.866 T:2974043024 M:528396288 DEBUG: Boxee: 09/02/12 05:18:26.8662#DEBUG#bxqueuemanager.cpp:227(GetQueueSize)#BXQueueManager::GetQueueSize - for queueList [queueType=0=clip] return [size=0] (queue)
00:18:26.866 T:2974043024 M:528396288 DEBUG: Boxee: 09/02/12 05:18:26.8667#DEBUG#bxqueuemanager.cpp:448(DoWork)#RequestQueueListFromServerTask::DoWork - for [typeId=0=clip]. [lastRetCode=200][isLoaded=0][size=150][currSize=0] (queue)
00:18:26.867 T:2974043024 M:528396288 DEBUG: Boxee: 09/02/12 05:18:26.8670#DEBUG#bxqueuemanager.cpp:227(GetQueueSize)#BXQueueManager::GetQueueSize - for queueList [queueType=0=clip] return [size=0] (queue)
00:18:26.867 T:2974043024 M:528396288 DEBUG: Boxee: 09/02/12 05:18:26.8674#DEBUG#bxqueuemanager.cpp:101(CopyQueueList)#BXQueueManager::CopyQueueList - going to copy queueList [queueType=0=clip][size=150]. [currSize=0] (queue)
00:18:26.880 T:2966674320 M:528404480 DEBUG: update ref map. url http://res.boxee.tv/titles/genres?type=movie&lang=en new ref_count 1 progress 0 (hcm)
00:18:26.880 T:2966674320 M:528404480 DEBUG: CHttpCacheManager::StartCachingURL push http://res.boxee.tv/titles/genres?type=movie&lang=en to m_references (hcm)
00:18:26.882 T:2968779664 M:528277504 DEBUG: update ref map. url http://app.boxee.tv/applications/popularity new ref_count 1 progress 0 (hcm)
00:18:26.884 T:2968779664 M:528277504 DEBUG: insert http://app.boxee.tv/applications/popularity to the database (hcm)
00:18:26.886 T:2970885008 M:528277504 DEBUG: update ref map. url http://res.boxee.tv/titles/genres?type=tv&lang=en new ref_count 1 progress 0 (hcm)
00:18:26.887 T:2970885008 M:528277504 DEBUG: CHttpCacheManager::StartCachingURL push http://res.boxee.tv/titles/genres?type=tv&lang=en to m_references (hcm)
00:18:26.891 T:2975095696 M:528277504 DEBUG: update ref map. url http://res.boxee.tv/title/badwords new ref_count 1 progress 0 (hcm)
00:18:26.891 T:2975095696 M:528277504 DEBUG: CHttpCacheManager::StartCachingURL push http://res.boxee.tv/title/badwords to m_references (hcm)
00:18:26.894 T:2971937680 M:528277504 DEBUG: update ref map. url http://app.boxee.tv/appindex/dlink.dsm380/1.5.1?geo=ca®ionsku=US&serialnumber=QL051AA002902 new ref_count 1 progress 0 (hcm)
00:18:26.895 T:2971937680 M:528277504 DEBUG: CHttpCacheManager::StartCachingURL push http://app.boxee.tv/appindex/dlink.dsm380/1.5.1?geo=ca®ionsku=US&serialnumber=QL051AA002902 to m_references (hcm)
00:18:26.913 T:2968779664 M:528125952 DEBUG: update ref map. url http://app.boxee.tv/applications/popularity new ref_count 0 progress 0 (hcm)
00:18:26.983 T:2972990352 M:527609856 DEBUG: Boxee: 09/02/12 05:18:26.9665#DEBUG#bxtrailersmanager.cpp:127(DoWork)#CRequestVideoTrailersListFromServerTask::DoWork - Enter function (trailer)
00:18:26.984 T:3019123600 M:527609856 DEBUG: Boxee: 09/02/12 05:18:26.9841#DEBUG#bxcscmanager.cpp:143(InitializeUserLists)#CBoxeeClientServerComManager::InitializeUserListsNow - Going to initialize EXCLUDED SOURCES (bcscm)(cf)
00:18:26.985 T:2962226064 M:527601664 DEBUG: Boxee: 09/02/12 05:18:26.9848#DEBUG#bxsourcesmanager.cpp:515(DoWork)#RequestExcludedSourcesFromServerTask::DoWork - Enter function (cf)
00:18:26.985 T:3019123600 M:527605760 DEBUG: Boxee: 09/02/12 05:18:26.9854#DEBUG#bxcscmanager.cpp:146(InitializeUserLists)#CBoxeeClientServerComManager::InitializeUserListsNow - Exit function. Going to return TRUE (bcscm)
00:18:26.985 T:3019123600 M:527605760 DEBUG: Boxee: 09/02/12 05:18:26.9858#DEBUG#bxcscmanager.cpp:153(AddUserListsToScheduleTaskManager)#CBoxeeClientServerComManager::AddUserListsToScheduleTaskManager - Enter function (bcscm)
00:18:26.986 T:3019123600 M:527605760 DEBUG: Boxee: 09/02/12 05:18:26.9862#DEBUG#bxcscmanager.cpp:157(AddUserListsToScheduleTaskManager)#CBoxeeClientServerComManager::AddUserListsToScheduleTaskManager - Going to add RECOMMENDATION task (bcscm)(rec)
00:18:26.988 T:2972990352 M:527605760 DEBUG: update ref map. url http://res.boxee.tv/titles/trailersections?lang=en new ref_count 1 progress 0 (hcm)
00:18:26.989 T:2972990352 M:527605760 DEBUG: CHttpCacheManager::StartCachingURL push http://res.boxee.tv/titles/trailersections?lang=en to m_references (hcm)
00:18:26.997 T:2962226064 M:527613952 DEBUG: update ref map. url http://app.boxee.tv/api/excluded_sources new ref_count 1 progress 0 (hcm)
00:18:26.998 T:2962226064 M:527613952 DEBUG: CHttpCacheManager::StartCachingURL push http://app.boxee.tv/api/excluded_sources to m_references (hcm)
00:18:27.005 T:2974043024 M:527613952 DEBUG: update ref map. url http://app.boxee.tv/api/get_queue?ot=tv_show new ref_count 1 progress 0 (hcm)
00:18:27.006 T:2974043024 M:527613952 DEBUG: CHttpCacheManager::StartCachingURL push http://app.boxee.tv/api/get_queue?ot=tv_show to m_references (hcm)
00:18:27.011 T:3019123600 M:527613952 DEBUG: Boxee: 09/02/12 05:18:27.111#DEBUG#bxcscmanager.cpp:161(AddUserListsToScheduleTaskManager)#CBoxeeClientServerComManager::AddUserListsToScheduleTaskManager - Going to add QUEUE (bcscm)(queue)
00:18:27.011 T:3019123600 M:527613952 DEBUG: Boxee: 09/02/12 05:18:27.117#DEBUG#bxcscmanager.cpp:169(AddUserListsToScheduleTaskManager)#CBoxeeClientServerComManager::AddUserListsToScheduleTaskManager - Going to add APPS (bcscm)(apps)
00:18:27.342 T:3019123600 M:527368192 DEBUG: Boxee: 09/02/12 05:18:27.3425#DEBUG#bxcscmanager.cpp:173(AddUserListsToScheduleTaskManager)#CBoxeeClientServerComManager::AddUserListsToScheduleTaskManager - Going to add SUBSCRIPTION (bcscm)(subs)
00:18:27.343 T:3019123600 M:527368192 DEBUG: Boxee: 09/02/12 05:18:27.3433#DEBUG#bxcscmanager.cpp:177(AddUserListsToScheduleTaskManager)#CBoxeeClientServerComManager::AddUserListsToScheduleTaskManager - Going to add WEBFAVORITES (bcscm)(subs)
00:18:27.343 T:3019123600 M:527368192 DEBUG: Boxee: 09/02/12 05:18:27.3437#DEBUG#bxcscmanager.cpp:181(AddUserListsToScheduleTaskManager)#CBoxeeClientServerComManager::AddUserListsToScheduleTaskManager - Going to add SERVICES (bcscm)(serv)
00:18:27.344 T:3019123600 M:527368192 DEBUG: Boxee: 09/02/12 05:18:27.3442#DEBUG#bxcscmanager.cpp:189(AddUserListsToScheduleTaskManager)#CBoxeeClientServerComManager::AddUserListsToScheduleTaskManager - Going to add SOURCES (bcscm)(entitle)
00:18:27.344 T:3019123600 M:527368192 DEBUG: Boxee: 09/02/12 05:18:27.3446#DEBUG#bxcscmanager.cpp:193(AddUserListsToScheduleTaskManager)#CBoxeeClientServerComManager::AddUserListsToScheduleTaskManager - Going to add FEATURED (bcscm)(feat)
00:18:27.345 T:3019123600 M:527368192 DEBUG: Boxee: 09/02/12 05:18:27.3450#DEBUG#bxcscmanager.cpp:197(AddUserListsToScheduleTaskManager)#CBoxeeClientServerComManager::AddUserListsToScheduleTaskManager - Going to add APPBOX-APPS_LIST (bcscm)(appbox)
00:18:27.345 T:3019123600 M:527368192 DEBUG: Boxee: 09/02/12 05:18:27.3454#DEBUG#bxcscmanager.cpp:201(AddUserListsToScheduleTaskManager)#CBoxeeClientServerComManager::AddUserListsToScheduleTaskManager - Going to add APPBOX-POPU_LIST (bcscm)(appbox)
00:18:27.345 T:3019123600 M:527368192 DEBUG: Boxee: 09/02/12 05:18:27.3458#DEBUG#bxcscmanager.cpp:205(AddUserListsToScheduleTaskManager)#CBoxeeClientServerComManager::AddUserListsToScheduleTaskManager - Going to add APPBOX-REPOS_LIST (bcscm)(repos)
00:18:27.346 T:3019123600 M:527372288 DEBUG: Boxee: 09/02/12 05:18:27.3461#DEBUG#bxcscmanager.cpp:209(AddUserListsToScheduleTaskManager)#CBoxeeClientServerComManager::AddUserListsToScheduleTaskManager - Going to add APPBOX-CATEGORIES (bcscm)(appcategories)
00:18:27.346 T:3019123600 M:527372288 DEBUG: Boxee: 09/02/12 05:18:27.3465#DEBUG#bxcscmanager.cpp:213(AddUserListsToScheduleTaskManager)#CBoxeeClientServerComManager::AddUserListsToScheduleTaskManager - Going to add MOVIE_TRAILERS_LIST (bcscm)(trailers)
00:18:27.346 T:3019123600 M:527372288 DEBUG: Boxee: 09/02/12 05:18:27.3469#DEBUG#bxcscmanager.cpp:217(AddUserListsToScheduleTaskManager)#CBoxeeClientServerComManager::AddUserListsToScheduleTaskManager - Exit function. Going to return TRUE (bcscm)
00:18:27.347 T:3019123600 M:527372288 DEBUG: CApplication::PostLoginInitializations - Enter function (login)
00:18:27.348 T:3019123600 M:527372288 DEBUG: CApplication::BoxeePostLoginInitializations - Enter function (login)
00:18:27.348 T:3019123600 M:527372288 WARNING: CHttpCacheManager::Deinitialize - url has open event handle
00:18:27.348 T:2968779664 M:527372288 DEBUG: Boxee: 09/02/12 05:18:27.3487#DEBUG#bxappboxmanager.cpp:633(DoWork)#RequestAppBoxPopularitiesListFromServerTask::DoWork - After LoadFromURL. [lastRetCode=200][isLoaded=0][size=453][currSize=0] (appbox)(popu)
00:18:27.349 T:2968779664 M:527372288 DEBUG: Boxee: 09/02/12 05:18:27.3492#DEBUG#bxappboxmanager.cpp:302(CopyAppBoxPopularitiesList)#BXAppBoxManager::CopyAppBoxPopularitiesList - going to copy appBoxPopularitiesList [size=453]. [currSize=0] (appbox)(popu)
00:18:27.362 T:2968779664 M:527372288 DEBUG: Boxee: 09/02/12 05:18:27.3619#DEBUG#bxappboxmanager.cpp:646(DoWork)#RequestAppBoxPopularitiesListFromServerTask::DoWork - Exit function (appbox)(popu)
00:18:27.363 T:3019123600 M:527372288 WARNING: CHttpCacheManager::Deinitialize - url has open event handle
00:18:27.363 T:3019123600 M:527372288 WARNING: CHttpCacheManager::Deinitialize - url has open event handle
00:18:27.364 T:3019123600 M:527372288 WARNING: CHttpCacheManager::Deinitialize - url has 1 open references
00:18:27.364 T:3019123600 M:527372288 WARNING: CHttpCacheManager::Deinitialize - url has 1 open references
00:18:27.365 T:3019123600 M:527372288 WARNING: CHttpCacheManager::Deinitialize - url has 1 open references
00:18:27.697 T:3019123600 M:527507456 WARNING: CHttpCacheManager::Deinitialize - url has 1 open references
00:18:27.697 T:3019123600 M:527507456 WARNING: CHttpCacheManager::Deinitialize - url has 1 open references
00:18:27.697 T:3019123600 M:527507456 WARNING: CHttpCacheManager::Deinitialize - url has 1 open references
00:18:27.698 T:3019123600 M:527507456 WARNING: CHttpCacheManager::Deinitialize - url has 1 open references
00:18:27.698 T:3019123600 M:527507456 WARNING: CHttpCacheManager::Deinitialize - url has 1 open references
00:18:27.698 T:3019123600 M:527507456 WARNING: CHttpCacheManager::Deinitialize - url has 1 open references
00:18:27.699 T:3019123600 M:527507456 DEBUG: CHttpCacheManager::ClearRefMap
00:18:27.700 T:2975095696 M:527507456 DEBUG: update ref map. url http://res.boxee.tv/title/badwords new ref_count 0 progress 0 (hcm)
00:18:27.701 T:2975095696 M:527507456 DEBUG: insert http://res.boxee.tv/title/badwords to the database (hcm)
00:18:27.703 T:2975095696 M:527507456 WARNING: CHttpCacheManager::UpdateRefMap negative reference count for url http://res.boxee.tv/title/badwords (hcm)
00:18:27.707 T:2970885008 M:527511552 DEBUG: update ref map. url http://res.boxee.tv/titles/genres?type=tv&lang=en new ref_count 0 progress 0 (hcm)
00:18:27.708 T:2970885008 M:527511552 DEBUG: insert http://res.boxee.tv/titles/genres?type=tv&lang=en to the database (hcm)
00:18:27.709 T:2970885008 M:527511552 WARNING: CHttpCacheManager::UpdateRefMap negative reference count for url http://res.boxee.tv/titles/genres?type=tv&lang=en (hcm)
00:18:27.712 T:2970885008 M:527511552 DEBUG: BXGenresManager::SetTvGenres - there was a change in the vector. sending clear to the BrowseMenu (genres)
00:18:27.713 T:2970885008 M:527511552 ERROR: CBoxeeBrowseMenuManager::ClearMenu - FAILED to find menu [id=mn_library_shows_genres] in MenuMap. [path=] (bm)
00:18:27.714 T:2966674320 M:527511552 DEBUG: update ref map. url http://res.boxee.tv/titles/genres?type=movie&lang=en new ref_count 0 progress 0 (hcm)
00:18:27.715 T:2966674320 M:527511552 DEBUG: insert http://res.boxee.tv/titles/genres?type=movie&lang=en to the database (hcm)
00:18:27.716 T:2966674320 M:527511552 WARNING: CHttpCacheManager::UpdateRefMap negative reference count for url http://res.boxee.tv/titles/genres?type=movie&lang=en (hcm)
00:18:27.718 T:2966674320 M:527511552 DEBUG: BXGenresManager::SetMovieGenres, there was a change in the vector, sending update to the menu (genres)
00:18:27.719 T:2966674320 M:527511552 ERROR: CBoxeeBrowseMenuManager::ClearMenu - FAILED to find menu [id=mn_library_movies_genres] in MenuMap. [path=] (bm)
00:18:27.719 T:2972990352 M:527511552 DEBUG: CHttpCacheManager::DoneCachingURL - about to delete http://res.boxee.tv/titles/trailersections?lang=en (hcm) from database
00:18:27.720 T:2962226064 M:527507456 DEBUG: CHttpCacheManager::DoneCachingURL - about to delete http://app.boxee.tv/api/excluded_sources (hcm) from database
00:18:27.722 T:2962226064 M:527503360 DEBUG: CHttpCacheManager::UpdateRefMap Can not decrease ref count to new object http://app.boxee.tv/api/excluded_sources (hcm)
00:18:27.723 T:2962226064 M:527503360 DEBUG: RequestExcludedSourcesFromServerTask::DoWork - tag was found. [excludedSourcesStr=vudu,au_abc,au_plus7,au_smhtv,be_canvas,ca_city_tv,ca_comedynetwork,ca_mtv,ca_muchmusic,ca_showcase,ca_slice,ch_sfvideo,channel4uk,channel5uk,de_ard,de_prosieben,de_sat1,de_zdf,dk_dr,es_cuatro,es_lasexta,es_rtve,eztakes,fi_ruutu,fi_yleareena,fr_w9replay,headweb,il_hot,il_yeswalla,mubi,mx_mundofox,nfb,nz_tvnz,popcornflix,se_kanal5,se_svtplay,se_tv3play,se_tv4play,se_tv6play,se_tv8play,seesaw,snagfilms,uk_comedyctr,us_trutv,youtube] (cf)
00:18:27.724 T:2972990352 M:527503360 DEBUG: CHttpCacheManager::UpdateRefMap Can not decrease ref count to new object http://res.boxee.tv/titles/trailersections?lang=en (hcm)
00:18:27.726 T:2971937680 M:527503360 DEBUG: update ref map. url http://app.boxee.tv/appindex/dlink.dsm380/1.5.1?geo=ca®ionsku=US&serialnumber=QL051AA002902 new ref_count 0 progress 0 (hcm)
00:18:27.728 T:2971937680 M:527503360 DEBUG: insert http://app.boxee.tv/appindex/dlink.dsm380/1.5.1?geo=ca®ionsku=US&serialnumber=QL051AA002902 to the database (hcm)
00:18:27.729 T:2969832336 M:527503360 DEBUG: CHttpCacheManager::DoneCachingURL - about to delete http://app.boxee.tv/applications/categories?lang=en&adult=yes (hcm) from database
00:18:28.060 T:2968779664 M:527536128 DEBUG: Boxee: 09/02/12 05:18:27.3695#DEBUG#bxtrailersmanager.cpp:127(DoWork)#CRequestVideoTrailersListFromServerTask::DoWork - Enter function (trailer)
00:18:28.061 T:2969832336 M:527527936 DEBUG: CHttpCacheManager::UpdateRefMap Can not decrease ref count to new object http://app.boxee.tv/applications/categories?lang=en&adult=yes (hcm)
00:18:28.064 T:2974043024 M:527527936 DEBUG: update ref map. url http://app.boxee.tv/api/get_queue?ot=tv_show new ref_count 0 progress 0 (hcm)
00:18:28.065 T:2974043024 M:527527936 DEBUG: insert http://app.boxee.tv/api/get_queue?ot=tv_show to the database (hcm)
00:18:28.066 T:2974043024 M:527527936 WARNING: CHttpCacheManager::UpdateRefMap negative reference count for url http://app.boxee.tv/api/get_queue?ot=tv_show (hcm)
00:18:28.067 T:2971937680 M:527532032 WARNING: CHttpCacheManager::UpdateRefMap negative reference count for url http://app.boxee.tv/appindex/dlink.dsm380/1.5.1?geo=ca®ionsku=US&serialnumber=QL051AA002902 (hcm)
00:18:28.068 T:2967726992 M:527532032 DEBUG: CHttpCacheManager::DoneCachingURL - about to delete http://app.boxee.tv/api/get_repositories (hcm) from database
00:18:28.069 T:2967726992 M:527527936 DEBUG: CHttpCacheManager::UpdateRefMap Can not decrease ref count to new object http://app.boxee.tv/api/get_repositories (hcm)
00:18:28.072 T:2968779664 M:527527936 DEBUG: update ref map. url http://res.boxee.tv/titles/trailersections?lang=en new ref_count 1 progress 0 (hcm)
00:18:28.072 T:2968779664 M:527527936 DEBUG: CHttpCacheManager::StartCachingURL push http://res.boxee.tv/titles/trailersections?lang=en to m_references (hcm)
00:18:28.077 T:2972990352 M:527400960 DEBUG: Boxee: 09/02/12 05:18:28.613#DEBUG#bxtrailersmanager.cpp:184(DoWork)#CRequestVideoTrailersListFromServerTask::DoWork - added new section: id=[LIBRARY], text=[All], path=[] (haim)
00:18:28.078 T:2972990352 M:527400960 DEBUG: Boxee: 09/02/12 05:18:28.782#DEBUG#bxtrailersmanager.cpp:184(DoWork)#CRequestVideoTrailersListFromServerTask::DoWork - added new section: id=[GENRES], text=[Genres], path=[boxee://movies/genres] (haim)
00:18:28.078 T:2972990352 M:527400960 DEBUG: Boxee: 09/02/12 05:18:28.787#DEBUG#bxtrailersmanager.cpp:184(DoWork)#CRequestVideoTrailersListFromServerTask::DoWork - added new section: id=[COMING_SOON], text=[Coming Soon], path=[] (haim)
00:18:28.079 T:2972990352 M:527400960 DEBUG: Boxee: 09/02/12 05:18:28.791#DEBUG#bxtrailersmanager.cpp:184(DoWork)#CRequestVideoTrailersListFromServerTask::DoWork - added new section: id=[BOXOFFICE_TOP], text=[Box Office], path=[] (haim)
00:18:28.079 T:2972990352 M:527400960 DEBUG: BXTrailerSectionsManager::SetMovieTrailers, there was a change in the vector, sending update to the menu (trailers update)
00:18:28.079 T:2972990352 M:527400960 ERROR: CBoxeeBrowseMenuManager::ClearMenu - FAILED to find menu [id=mn_library_movies_trailers] in MenuMap. [path=] (bm)
00:18:28.089 T:2967726992 M:527400960 DEBUG: Boxee: 09/02/12 05:18:28.892#DEBUG#bxappboxmanager.cpp:690(DoWork)#RequestAppBoxRepositoriesListFromServerTask::DoWork - After LoadFromURL. [lastRetCode=200][isLoaded=0][size=4][currSize=0] (repos)
00:18:28.089 T:2967726992 M:527400960 DEBUG: Boxee: 09/02/12 05:18:28.897#DEBUG#bxappboxmanager.cpp:407(CopyAppBoxRepositoriesList)#BXAppBoxManager::CopyAppBoxRepositoriesList - going to copy appBoxRepositoriesList [size=4]. [currSize=0] (repos)
00:18:28.090 T:2967726992 M:527400960 DEBUG: Boxee: 09/02/12 05:18:28.902#DEBUG#bxappboxmanager.cpp:702(DoWork)#RequestAppBoxRepositoriesListFromServerTask::DoWork - Going to call BuildRepositoriesApplicationsList. [NumOfRepositories=4] (repos)
00:18:28.099 T:2967726992 M:527400960 DEBUG: Boxee: 09/02/12 05:18:28.996#DEBUG#bxappboxmanager.cpp:720(BuildRepositoriesApplicationsList)#RequestAppBoxRepositoriesListFromServerTask::BuildRepositoriesApplicationsList - Enter function. [NumOfRepositories=4] (repos)
00:18:28.100 T:2967726992 M:527400960 DEBUG: Boxee: 09/02/12 05:18:28.1002#DEBUG#bxappboxmanager.cpp:730(BuildRepositoriesApplicationsList)#RequestAppBoxRepositoriesListFromServerTask::BuildRepositoriesApplicationsList - [1/4] - Going to get ApplicationList for [repoId=bartsidee][repoName=Bartsidee Repository] (repos)
00:18:28.100 T:2967726992 M:527400960 DEBUG: Boxee: 09/02/12 05:18:28.1008#DEBUG#bxappboxmanager.cpp:747(BuildRepositoriesApplicationsList)#RequestAppBoxRepositoriesListFromServerTask::BuildRepositoriesApplicationsList - [1/4] - Try to get [strUrl=http://boxee.bartsidee.nl/3122-TheFijian/index.xml] for [repoId=bartsidee][repoName=Bartsidee Repository] (repos)
00:18:28.103 T:2967726992 M:527400960 DEBUG: update ref map. url http://boxee.bartsidee.nl/3122-TheFijian/index.xml new ref_count 1 progress 0 (hcm)
00:18:28.103 T:2967726992 M:527400960 DEBUG: CHttpCacheManager::StartCachingURL push http://boxee.bartsidee.nl/3122-TheFijian/index.xml to m_references (hcm)
00:18:28.442 T:2974043024 M:526311424 DEBUG: Boxee: 09/02/12 05:18:28.2114#DEBUG#bxqueuemanager.cpp:227(GetQueueSize)#BXQueueManager::GetQueueSize - for queueList [queueType=1=tv_show] return [size=0] (queue)
00:18:28.442 T:2974043024 M:526311424 DEBUG: Boxee: 09/02/12 05:18:28.4428#DEBUG#bxqueuemanager.cpp:448(DoWork)#RequestQueueListFromServerTask::DoWork - for [typeId=1=tv_show]. [lastRetCode=200][isLoaded=0][size=44][currSize=0] (queue)
00:18:28.443 T:2974043024 M:526311424 DEBUG: Boxee: 09/02/12 05:18:28.4434#DEBUG#bxqueuemanager.cpp:227(GetQueueSize)#BXQueueManager::GetQueueSize - for queueList [queueType=1=tv_show] return [size=0] (queue)
00:18:28.443 T:2974043024 M:526311424 DEBUG: Boxee: 09/02/12 05:18:28.4438#DEBUG#bxqueuemanager.cpp:101(CopyQueueList)#BXQueueManager::CopyQueueList - going to copy queueList [queueType=1=tv_show][size=44]. [currSize=0] (queue)
00:18:28.449 T:2968779664 M:526311424 DEBUG: CHttpCacheManager::DoneCachingURL - about to delete http://res.boxee.tv/titles/trailersections?lang=en (hcm) from database
00:18:28.451 T:2968779664 M:526307328 DEBUG: CHttpCacheManager::RemoveFromRefMap remove url http://res.boxee.tv/titles/trailersections?lang=en (hcm)
00:18:28.451 T:2968779664 M:526307328 DEBUG: CHttpCacheManager::UpdateRefMap Can not decrease ref count to new object http://res.boxee.tv/titles/trailersections?lang=en (hcm)
00:18:28.453 T:2968779664 M:526307328 DEBUG: Boxee: 09/02/12 05:18:28.4534#DEBUG#bxtrailersmanager.cpp:184(DoWork)#CRequestVideoTrailersListFromServerTask::DoWork - added new section: id=[LIBRARY], text=[All], path=[] (haim)
00:18:28.454 T:2968779664 M:526307328 DEBUG: Boxee: 09/02/12 05:18:28.4540#DEBUG#bxtrailersmanager.cpp:184(DoWork)#CRequestVideoTrailersListFromServerTask::DoWork - added new section: id=[GENRES], text=[Genres], path=[boxee://movies/genres] (haim)
00:18:28.454 T:2968779664 M:526307328 DEBUG: Boxee: 09/02/12 05:18:28.4543#DEBUG#bxtrailersmanager.cpp:184(DoWork)#CRequestVideoTrailersListFromServerTask::DoWork - added new section: id=[COMING_SOON], text=[Coming Soon], path=[] (haim)
00:18:28.454 T:2968779664 M:526307328 DEBUG: Boxee: 09/02/12 05:18:28.4547#DEBUG#bxtrailersmanager.cpp:184(DoWork)#CRequestVideoTrailersListFromServerTask::DoWork - added new section: id=[BOXOFFICE_TOP], text=[Box Office], path=[] (haim)
00:18:28.466 T:2974043024 M:526307328 DEBUG: update ref map. url http://app.boxee.tv/api/get_queue?ot=movie new ref_count 1 progress 0 (hcm)
00:18:28.467 T:2974043024 M:526307328 DEBUG: CHttpCacheManager::StartCachingURL push http://app.boxee.tv/api/get_queue?ot=movie to m_references (hcm)
00:18:28.472 T:2971937680 M:526307328 DEBUG: Boxee: 09/02/12 05:18:28.4726#DEBUG#bxappboxmanager.cpp:576(DoWork)#RequestAppBoxBoxeeApplicationsListFromServerTask::DoWork - After LoadFromURL. [lastRetCode=200][isLoaded=0][size=271][currSize=0] (appbox)
00:18:28.473 T:2971937680 M:526307328 DEBUG: Boxee: 09/02/12 05:18:28.4735#DEBUG#bxappboxmanager.cpp:76(CopyAppBoxBoxeeApplicationsList)#BXAppBoxManager::CopyAppBoxBoxeeApplicationsList - going to copy appBoxBoxeeApplicationsList [size=271]. [currSize=0] (appbox)
00:18:28.487 T:2971937680 M:525672448 DEBUG: Boxee: 09/02/12 05:18:28.4871#DEBUG#bxappboxmanager.cpp:589(DoWork)#RequestAppBoxBoxeeApplicationsListFromServerTask::DoWork - Exit function (appbox)
00:18:28.779 T:3019123600 M:525434880 DEBUG: Initialize initialized Thumbnails manager. contains 1 files, average time 2215328280
00:18:28.780 T:3019123600 M:525434880 INFO: //.boxee/UserData/profiles/jasmeet_9sb/browser - check if it's a soft link and needs to be deleted (lstat 0) (file mode 16877)
00:18:28.781 T:3019123600 M:525434880 INFO: //.boxee/UserData/profiles/jasmeet_9sb/Thumbnails - check if it's a soft link and needs to be deleted (lstat 0) (file mode 16877)
00:18:28.781 T:3019123600 M:525434880 INFO: //.boxee/UserData/Thumbnails - check if it's a soft link and needs to be deleted (lstat 0) (file mode 16877)
00:18:28.782 T:3019123600 M:525438976 INFO: //.boxee/UserData/apps - check if it's a soft link and needs to be deleted (lstat 0) (file mode 16877)
00:18:29.232 T:2974043024 M:525721600 DEBUG: update ref map. url http://app.boxee.tv/api/get_queue?ot=movie new ref_count 1 progress 0 (hcm)
00:18:29.234 T:2974043024 M:525721600 DEBUG: insert http://app.boxee.tv/api/get_queue?ot=movie to the database (hcm)
00:18:29.235 T:2974043024 M:525725696 DEBUG: update ref map. url http://app.boxee.tv/api/get_queue?ot=movie new ref_count 0 progress 0 (hcm)
00:18:29.239 T:2974043024 M:525725696 DEBUG: Boxee: 09/02/12 05:18:29.2388#DEBUG#bxqueuemanager.cpp:227(GetQueueSize)#BXQueueManager::GetQueueSize - for queueList [queueType=2=movie] return [size=0] (queue)
00:18:29.239 T:2974043024 M:525725696 DEBUG: Boxee: 09/02/12 05:18:29.2394#DEBUG#bxqueuemanager.cpp:448(DoWork)#RequestQueueListFromServerTask::DoWork - for [typeId=2=movie]. [lastRetCode=200][isLoaded=0][size=3][currSize=0] (queue)
00:18:29.240 T:2974043024 M:525725696 DEBUG: Boxee: 09/02/12 05:18:29.2399#DEBUG#bxqueuemanager.cpp:227(GetQueueSize)#BXQueueManager::GetQueueSize - for queueList [queueType=2=movie] return [size=0] (queue)
00:18:29.240 T:2974043024 M:525725696 DEBUG: Boxee: 09/02/12 05:18:29.2403#DEBUG#bxqueuemanager.cpp:101(CopyQueueList)#BXQueueManager::CopyQueueList - going to copy queueList [queueType=2=movie][size=3]. [currSize=0] (queue)
00:18:29.243 T:2974043024 M:525725696 DEBUG: update ref map. url http://app.boxee.tv/api/get_queue?ot=all new ref_count 1 progress 0 (hcm)
00:18:29.244 T:2974043024 M:525725696 DEBUG: CHttpCacheManager::StartCachingURL push http://app.boxee.tv/api/get_queue?ot=all to m_references (hcm)
00:18:29.691 T:3019123600 M:525365248 DEBUG: FileItemLIst was loaded from file [//.boxee/UserData/profiles/jasmeet_9sb/playbackhistory.dmp] (hs)
00:18:29.694 T:3019123600 M:525365248 DEBUG: After loading of ItemsHistoryList from file [size=192]. Event was sent (bh)
00:18:29.732 T:2974043024 M:525127680 DEBUG: update ref map. url http://app.boxee.tv/api/get_queue?ot=all new ref_count 1 progress 0 (hcm)
00:18:29.734 T:2974043024 M:525127680 DEBUG: insert http://app.boxee.tv/api/get_queue?ot=all to the database (hcm)
00:18:29.735 T:2974043024 M:525127680 DEBUG: update ref map. url http://app.boxee.tv/api/get_queue?ot=all new ref_count 0 progress 0 (hcm)
00:18:29.821 T:3019123600 M:525127680 DEBUG: FileItemLIst was loaded from file [//.boxee/UserData/profiles/jasmeet_9sb/browserhistory.dmp] (hs)
00:18:29.823 T:3019123600 M:525127680 DEBUG: After loading of ItemsHistoryList from file [size=50]. Event was sent (bh)
00:18:29.824 T:3019123600 M:525127680 WARNING: Init rssfeeds.xml does not exist, RSS ticker will be disabled.
00:18:29.824 T:3019123600 M:525127680 WARNING: FAILED to initialize RSS Source Manager (login)
00:18:29.824 T:3019123600 M:525127680 DEBUG: CApplication::BoxeePostLoginInitializations - MetadataEngine.Enabled is enable (login)
00:18:29.898 T:2967726992 M:524394496 DEBUG: CHttpCacheManager::DoneCachingURL - about to delete http://boxee.bartsidee.nl/3122-TheFijian/index.xml (hcm) from database
00:18:29.900 T:2967726992 M:524386304 DEBUG: CHttpCacheManager::RemoveFromRefMap remove url http://boxee.bartsidee.nl/3122-TheFijian/index.xml (hcm)
00:18:29.900 T:2967726992 M:524386304 DEBUG: CHttpCacheManager::UpdateRefMap Can not decrease ref count to new object http://boxee.bartsidee.nl/3122-TheFijian/index.xml (hcm)
00:18:29.904 T:2967726992 M:524386304 DEBUG: Boxee: 09/02/12 05:18:29.9048#DEBUG#bxappboxmanager.cpp:764(BuildRepositoriesApplicationsList)#RequestAppBoxRepositoriesListFromServerTask::BuildRepositoriesApplicationsList - [1/4] - After add RepositoryApplicationXml for [strUrl=http://boxee.bartsidee.nl/3122-TheFijian/index.xml][repoId=bartsidee][repoName=Bartsidee Repository]. [3rdPartyRepositoriesApplicationsMapSize=1] (repos)
00:18:29.905 T:2967726992 M:524386304 DEBUG: Boxee: 09/02/12 05:18:29.9056#DEBUG#bxappboxmanager.cpp:730(BuildRepositoriesApplicationsList)#RequestAppBoxRepositoriesListFromServerTask::BuildRepositoriesApplicationsList - [2/4] - Going to get ApplicationList for [repoId=com.soundcloud][repoName=SoundCloud Repository] (repos)
00:18:29.906 T:2967726992 M:524390400 DEBUG: Boxee: 09/02/12 05:18:29.9061#DEBUG#bxappboxmanager.cpp:747(BuildRepositoriesApplicationsList)#RequestAppBoxRepositoriesListFromServerTask::BuildRepositoriesApplicationsList - [2/4] - Try to get [strUrl=http://soundcloud-boxee.heroku.com/index.xml] for [repoId=com.soundcloud][repoName=SoundCloud Repository] (repos)
00:18:29.908 T:2967726992 M:524390400 DEBUG: update ref map. url http://soundcloud-boxee.heroku.com/index.xml new ref_count 1 progress 0 (hcm)
00:18:29.909 T:2967726992 M:524390400 DEBUG: CHttpCacheManager::StartCachingURL push http://soundcloud-boxee.heroku.com/index.xml to m_references (hcm)
00:18:29.930 T:2974043024 M:524247040 DEBUG: Boxee: 09/02/12 05:18:29.9306#DEBUG#bxqueuemanager.cpp:227(GetQueueSize)#BXQueueManager::GetQueueSize - for queueList [queueType=3=all] return [size=0] (queue)
00:18:29.931 T:2974043024 M:524247040 DEBUG: Boxee: 09/02/12 05:18:29.9312#DEBUG#bxqueuemanager.cpp:448(DoWork)#RequestQueueListFromServerTask::DoWork - for [typeId=3=all]. [lastRetCode=200][isLoaded=0][size=197][currSize=0] (queue)
00:18:29.931 T:2974043024 M:524247040 DEBUG: Boxee: 09/02/12 05:18:29.9316#DEBUG#bxqueuemanager.cpp:227(GetQueueSize)#BXQueueManager::GetQueueSize - for queueList [queueType=3=all] return [size=0] (queue)
00:18:29.932 T:2974043024 M:524247040 DEBUG: Boxee: 09/02/12 05:18:29.9322#DEBUG#bxqueuemanager.cpp:101(CopyQueueList)#BXQueueManager::CopyQueueList - going to copy queueList [queueType=3=all][size=197]. [currSize=0] (queue)
00:18:29.983 T:2974043024 M:523239424 DEBUG: Boxee: 09/02/12 05:18:29.9833#DEBUG#bxqueuemanager.cpp:462(DoWork)#RequestQueueListFromServerTask::DoWork - Exit function (queue)
00:18:30.261 T:3071629088 M:523317248 DEBUG: GL: Vertex Shader compilation log:
00:18:30.262 T:3071629088 M:523317248 DEBUG: Success.
00:18:30.262 T:3071629088 M:523317248 DEBUG: GL: Vertex Shader compiled successfully
00:18:30.271 T:3071629088 M:523317248 DEBUG: GL: Pixel Shader compilation log:
00:18:30.271 T:3071629088 M:523317248 DEBUG: Success.
00:18:30.271 T:3071629088 M:523317248 DEBUG: GL: Fragment Shader compiled successfully
00:18:30.296 T:2967726992 M:523337728 DEBUG: update ref map. url http://soundcloud-boxee.heroku.com/index.xml new ref_count 1 progress 0 (hcm)
00:18:30.297 T:2967726992 M:523337728 DEBUG: insert http://soundcloud-boxee.heroku.com/index.xml to the database (hcm)
00:18:30.298 T:2967726992 M:523337728 DEBUG: update ref map. url http://soundcloud-boxee.heroku.com/index.xml new ref_count 0 progress 0 (hcm)
00:18:30.300 T:2967726992 M:523337728 DEBUG: Boxee: 09/02/12 05:18:30.3001#DEBUG#bxappboxmanager.cpp:764(BuildRepositoriesApplicationsList)#RequestAppBoxRepositoriesListFromServerTask::BuildRepositoriesApplicationsList - [2/4] - After add RepositoryApplicationXml for [strUrl=http://soundcloud-boxee.heroku.com/index.xml][repoId=com.soundcloud][repoName=SoundCloud Repository]. [3rdPartyRepositoriesApplicationsMapSize=2] (repos)
00:18:30.301 T:2967726992 M:523337728 DEBUG: Boxee: 09/02/12 05:18:30.3009#DEBUG#bxappboxmanager.cpp:730(BuildRepositoriesApplicationsList)#RequestAppBoxRepositoriesListFromServerTask::BuildRepositoriesApplicationsList - [3/4] - Going to get ApplicationList for [repoId=com.socialtv][repoName=Sor - OMC] (repos)
00:18:30.301 T:2967726992 M:523337728 DEBUG: Boxee: 09/02/12 05:18:30.3016#DEBUG#bxappboxmanager.cpp:747(BuildRepositoriesApplicationsList)#RequestAppBoxRepositoriesListFromServerTask::BuildRepositoriesApplicationsList - [3/4] - Try to get [strUrl=http://sor-omc.com/index.xml] for [repoId=com.socialtv][repoName=Sor - OMC] (repos)
00:18:30.304 T:2967726992 M:523337728 DEBUG: update ref map. url http://sor-omc.com/index.xml new ref_count 1 progress 0 (hcm)
00:18:30.304 T:2967726992 M:523337728 DEBUG: CHttpCacheManager::StartCachingURL push http://sor-omc.com/index.xml to m_references (hcm)
00:18:30.328 T:3071629088 M:523321344 DEBUG: GL: Vertex Shader compilation log:
00:18:30.329 T:3071629088 M:523321344 DEBUG: Success.
00:18:30.329 T:3071629088 M:523321344 DEBUG: GL: Vertex Shader compiled successfully
00:18:30.331 T:3071629088 M:523321344 DEBUG: GL: Pixel Shader compilation log:
00:18:30.332 T:3071629088 M:523321344 DEBUG: Success.
00:18:30.337 T:3071629088 M:523194368 DEBUG: GL: Fragment Shader compiled successfully
00:18:30.482 T:3019123600 M:523153408 DEBUG: Boxee: 09/02/12 05:18:30.4820#DEBUG#bxmetadataengine.cpp:85(Start)#Boxee Metadata Engine, is starting... (resolver)
00:18:30.725 T:2967726992 M:523300864 DEBUG: update ref map. url http://sor-omc.com/index.xml new ref_count 1 progress 0 (hcm)
00:18:30.726 T:2967726992 M:523300864 DEBUG: insert http://sor-omc.com/index.xml to the database (hcm)
00:18:31.998 T:2967726992 M:523247616 DEBUG: update ref map. url http://sor-omc.com/index.xml new ref_count 0 progress 0 (hcm)
00:18:32.000 T:2967726992 M:523247616 DEBUG: Boxee: 09/02/12 05:18:31.6#DEBUG#bxappboxmanager.cpp:764(BuildRepositoriesApplicationsList)#RequestAppBoxRepositoriesListFromServerTask::BuildRepositoriesApplicationsList - [3/4] - After add RepositoryApplicationXml for [strUrl=http://sor-omc.com/index.xml][repoId=com.socialtv][repoName=Sor - OMC]. [3rdPartyRepositoriesApplicationsMapSize=3] (repos)
00:18:32.001 T:2967726992 M:523247616 DEBUG: Boxee: 09/02/12 05:18:31.13#DEBUG#bxappboxmanager.cpp:730(BuildRepositoriesApplicationsList)#RequestAppBoxRepositoriesListFromServerTask::BuildRepositoriesApplicationsList - [4/4] - Going to get ApplicationList for [repoId=localhost324][repoName=The Navi-X Repository for Boxee on Google] (repos)
00:18:32.001 T:2967726992 M:523247616 DEBUG: Boxee: 09/02/12 05:18:31.17#DEBUG#bxappboxmanager.cpp:747(BuildRepositoriesApplicationsList)#RequestAppBoxRepositoriesListFromServerTask::BuildRepositoriesApplicationsList - [4/4] - Try to get [strUrl=http://navi-x.googlecode.com/svn/trunk/boxee/index.xml] for [repoId=localhost324][repoName=The Navi-X Repository for Boxee on Google] (repos)
00:18:32.004 T:2967726992 M:523247616 DEBUG: update ref map. url http://navi-x.googlecode.com/svn/trunk/boxee/index.xml new ref_count 1 progress 0 (hcm)
00:18:32.004 T:2967726992 M:523247616 DEBUG: CHttpCacheManager::StartCachingURL push http://navi-x.googlecode.com/svn/trunk/boxee/index.xml to m_references (hcm)
00:18:32.351 T:2967726992 M:523309056 DEBUG: update ref map. url http://navi-x.googlecode.com/svn/trunk/boxee/index.xml new ref_count 1 progress 0 (hcm)
00:18:32.353 T:2967726992 M:523309056 DEBUG: insert http://navi-x.googlecode.com/svn/trunk/boxee/index.xml to the database (hcm)
00:18:32.396 T:3019123600 M:523341824 DEBUG: Boxee: 09/02/12 05:18:32.3966#DEBUG#bxbgprocess.cpp:180(Start)#bg process [name=Video Folder Processor] initialized. [m_lazy=1=TRUE] -> MaxNumOfWorkingThreads was set to [2]
00:18:32.397 T:3019123600 M:523341824 DEBUG: Boxee: 09/02/12 05:18:32.3973#DEBUG#bxbgprocess.cpp:180(Start)#bg process [name=Audio Folder Processor] initialized. [m_lazy=1=TRUE] -> MaxNumOfWorkingThreads was set to [1]
00:18:32.397 T:3019123600 M:523341824 DEBUG: Boxee: 09/02/12 05:18:32.3977#DEBUG#bxbgprocess.cpp:180(Start)#bg process [name=Album Metadata Processor] initialized. [m_lazy=1=TRUE] -> MaxNumOfWorkingThreads was set to [1]
00:18:32.398 T:2933758864 M:523333632 DEBUG: Boxee: 09/02/12 05:18:32.3982#DEBUG#bxmetadataengine.cpp:373(EngineThread)#BXMetadataEngine::EngineThread, Boxee Metadata Engine thread starting....(resolver)
00:18:32.398 T:2933758864 M:523333632 DEBUG: Boxee: 09/02/12 05:18:32.3986#DEBUG#bxmetadataengine.cpp:379(EngineThread)#BXMetadataEngine::EngineThread, processing folders....(resolver)
00:18:32.404 T:2967726992 M:523333632 DEBUG: update ref map. url http://navi-x.googlecode.com/svn/trunk/boxee/index.xml new ref_count 0 progress 0 (hcm)
00:18:32.406 T:2967726992 M:523333632 DEBUG: Boxee: 09/02/12 05:18:32.4059#DEBUG#bxappboxmanager.cpp:764(BuildRepositoriesApplicationsList)#RequestAppBoxRepositoriesListFromServerTask::BuildRepositoriesApplicationsList - [4/4] - After add RepositoryApplicationXml for [strUrl=http://navi-x.googlecode.com/svn/trunk/boxee/index.xml][repoId=localhost324][repoName=The Navi-X Repository for Boxee on Google]. [3rdPartyRepositoriesApplicationsMapSize=4] (repos)
00:18:32.406 T:2967726992 M:523337728 DEBUG: Boxee: 09/02/12 05:18:32.4066#DEBUG#bxappboxmanager.cpp:708(DoWork)#RequestAppBoxRepositoriesListFromServerTask::DoWork - Call to BuildRepositoriesApplicationsList for [NumOfRepositories=4] returned [appBox3rdPartyRepositoriesApplicationsMapSize=4] (repos)
00:18:32.407 T:2967726992 M:523337728 DEBUG: Boxee: 09/02/12 05:18:32.4070#DEBUG#bxappboxmanager.cpp:198(CopyAppBox3rdPartyRepositoriesApplicationsList)#BXAppBoxManager::CopyAppBox3rdPartyRepositoriesApplicationsList - Enter function. [NumOf3rdPartysList=4][IsRepositoriesMapLoaded=0] (repos)
00:18:32.411 T:2967726992 M:523337728 DEBUG: Boxee: 09/02/12 05:18:32.4107#DEBUG#bxappboxmanager.cpp:214(CopyAppBox3rdPartyRepositoriesApplicationsList)#BXAppBoxManager::CopyAppBox3rdPartyRepositoriesApplicationsList - [1/4] - After copy [repositoryId=bartsidee]. [NumOf3rdPartysMap=1] (repos)
00:18:32.412 T:2967726992 M:523337728 DEBUG: Boxee: 09/02/12 05:18:32.4120#DEBUG#bxappboxmanager.cpp:214(CopyAppBox3rdPartyRepositoriesApplicationsList)#BXAppBoxManager::CopyAppBox3rdPartyRepositoriesApplicationsList - [2/4] - After copy [repositoryId=com.socialtv]. [NumOf3rdPartysMap=2] (repos)
00:18:32.412 T:2967726992 M:523337728 DEBUG: Boxee: 09/02/12 05:18:32.4127#DEBUG#bxappboxmanager.cpp:214(CopyAppBox3rdPartyRepositoriesApplicationsList)#BXAppBoxManager::CopyAppBox3rdPartyRepositoriesApplicationsList - [3/4] - After copy [repositoryId=com.soundcloud]. [NumOf3rdPartysMap=3] (repos)
00:18:32.413 T:2967726992 M:523337728 DEBUG: Boxee: 09/02/12 05:18:32.4136#DEBUG#bxappboxmanager.cpp:214(CopyAppBox3rdPartyRepositoriesApplicationsList)#BXAppBoxManager::CopyAppBox3rdPartyRepositoriesApplicationsList - [4/4] - After copy [repositoryId=localhost324]. [NumOf3rdPartysMap=4] (repos)
00:18:32.414 T:2967726992 M:523337728 DEBUG: Boxee: 09/02/12 05:18:32.4141#DEBUG#bxappboxmanager.cpp:221(CopyAppBox3rdPartyRepositoriesApplicationsList)#BXAppBoxManager::CopyAppBox3rdPartyRepositoriesApplicationsList - Exit function. [NumOf3rdPartysList=4][IsRepositoriesMapLoaded=1] (repos)
00:18:32.414 T:2967726992 M:523337728 DEBUG: Boxee: 09/02/12 05:18:32.4148#DEBUG#bxappboxmanager.cpp:713(DoWork)#RequestAppBoxRepositoriesListFromServerTask::DoWork - Exit function (repos)
00:18:32.435 T:3019123600 M:523243520 INFO: Boxee File Scanner, Started (filescanner)
00:18:32.436 T:2932706192 M:523235328 DEBUG: thread start, auto delete: 0
00:18:32.447 T:2932706192 M:523235328 DEBUG: CFileScanner::Process - wait for 60000 ms before start (fs)
00:18:32.451 T:3019123600 M:523243520 DEBUG: update ref map. url http://app.boxee.tv/api/getsocialservices?format=json new ref_count 1 progress 0 (hcm)
00:18:32.451 T:3019123600 M:523243520 DEBUG: CHttpCacheManager::StartCachingURL push http://app.boxee.tv/api/getsocialservices?format=json to m_references (hcm)
00:18:33.956 T:2933758864 M:523075584 DEBUG: CSettings::IsPathOnSource, path = smb://ROUTES/ext/music/Punjabi/Dippa Dosanjh - True Colors @www.Nannu.info/ (checkpath)
00:18:33.958 T:2933758864 M:523075584 DEBUG: CSettings::IsPathOnSource, path = smb://ROUTES/ext/music/Punjabi/Punjabi/Kulwinder Dhanoa & Miss Pooja/Hobby @ Fmw11com/ (checkpath)
00:18:33.963 T:2933758864 M:523075584 DEBUG: CSettings::IsPathOnSource, path = smb://ROUTES/ext/music/Punjabi/Punjabi/Neeraj Sridhar,Raman,Pervez Quadir,Loy [Remix Dj Whosane]/Heyy Babyy @ Fmw11com/ (checkpath)
00:18:33.965 T:2933758864 M:523075584 DEBUG: CSettings::IsPathOnSource, path = smb://ROUTES/ext/music/Punjabi/Punjabi/Pyare Mohan @ IndiaFMScom/Pyare Mohan @ IndiaFMScom/ (checkpath)
00:18:33.968 T:2933758864 M:523075584 DEBUG: CSettings::IsPathOnSource, path = smb://ROUTES/ext/music/Punjabi/Punjabi/Pyare Mohan @ IndiaFMScom/ (checkpath)
00:18:33.970 T:2933758864 M:523079680 DEBUG: CSettings::IsPathOnSource, path = smb://ROUTES/ext/music/Punjabi/Punjabi/sirfrazkhan@gmailcom - - Kunal Ganjawala/[sirfrazkhan@gmailcom] AAP KI KHATIR/ (checkpath)
00:18:33.973 T:2933758864 M:523079680 DEBUG: CSettings::IsPathOnSource, path = smb://ROUTES/ext/music/Punjabi/Punjabi/sirfrazkhan@gmailcom - - Kunal Ganjawala/ (checkpath)
00:18:33.975 T:2933758864 M:523079680 DEBUG: CSettings::IsPathOnSource, path = smb://ROUTES/ext/music/Punjabi/Punjabi/Humko Deewana Kar Gaye/Humko Deewana Kar Gaye @ Papuyaarcom/ (checkpath)
00:18:33.977 T:2933758864 M:523079680 DEBUG: CSettings::IsPathOnSource, path = smb://ROUTES/ext/music/Punjabi/Punjabi/Sunidhi Chauhan, KK/My Name Is Anthony Gonsalves @ Fmw11com/ (checkpath)
00:18:33.980 T:2933758864 M:523079680 DEBUG: CSettings::IsPathOnSource, path = smb://ROUTES/ext/music/Punjabi/Punjabi/Gangster @ Papuyaarcom/Gangster @ Papuyaarcom/ (checkpath)
00:18:33.982 T:2933758864 M:523079680 DEBUG: CSettings::IsPathOnSource, path = smb://ROUTES/ext/music/Punjabi/Punjabi/Gangster @ Papuyaarcom/ (checkpath)
00:18:33.984 T:2933758864 M:523079680 DEBUG: CSettings::IsPathOnSource, path = smb://ROUTES/ext/music/Punjabi/Punjabi/KK/Raaz - The Mystery Continues @ Fmw11com/ (checkpath)
00:18:33.986 T:2933758864 M:523079680 DEBUG: CSettings::IsPathOnSource, path = smb://ROUTES/ext/music/Punjabi/Punjabi/Krrish @ indiafmscom/Krrish/ (checkpath)
00:18:33.989 T:2933758864 M:523079680 DEBUG: CSettings::IsPathOnSource, path = smb://ROUTES/ext/music/Punjabi/Punjabi/Krrish @ indiafmscom/ (checkpath)
00:18:33.991 T:2933758864 M:523079680 DEBUG: CSettings::IsPathOnSource, path = smb://ROUTES/ext/music/Punjabi/Punjabi/Salim, Rai Jujhar, Preet Harpal, Roshan Prince, Simran/Teenagers @ Fmw11com/ (checkpath)
00:18:33.993 T:2933758864 M:523079680 DEBUG: CSettings::IsPathOnSource, path = smb://ROUTES/ext/music/Punjabi/Punjabi/Jazzy B/Rambo @ Fmw11com/ (checkpath)
00:18:33.996 T:2933758864 M:523079680 DEBUG: CSettings::IsPathOnSource, path = smb://ROUTES/ext/music/Punjabi/Punjabi/Hindi @/The Train/ (checkpath)
00:18:33.998 T:2933758864 M:523079680 DEBUG: CSettings::IsPathOnSource, path = smb://ROUTES/ext/music/Punjabi/Punjabi/Hindi @/ (checkpath)
00:18:34.000 T:2933758864 M:523079680 DEBUG: CSettings::IsPathOnSource, path = smb://ROUTES/ext/music/Punjabi/Punjabi/humhaina4u@gmailcom/humhaina4u@gmailcom/ (checkpath)
00:18:34.003 T:2933758864 M:523079680 DEBUG: CSettings::IsPathOnSource, path = smb://ROUTES/ext/music/Punjabi/Punjabi/humhaina4u@gmailcom/ (checkpath)
00:18:34.005 T:2933758864 M:523079680 DEBUG: CSettings::IsPathOnSource, path = smb://ROUTES/ext/music/Punjabi/Punjabi/Kailash Kher/Chandni Chowk To China @ Fmw11com/ (checkpath)
00:18:34.008 T:2933758864 M:523079680 DEBUG: CSettings::IsPathOnSource, path = smb://ROUTES/ext/music/Punjabi/Punjabi/Geeta Zaildar & Miss Pooja/Nain @ Fmw11com/ (checkpath)
00:18:34.010 T:2933758864 M:523079680 DEBUG: CSettings::IsPathOnSource, path = smb://ROUTES/ext/music/Punjabi/Punjabi/Miss Pooja/Live Concert @ Fmw11com/ (checkpath)
00:18:34.014 T:2933758864 M:523079680 DEBUG: CSettings::IsPathOnSource, path = smb://ROUTES/ext/music/Punjabi/Punjabi/Miss Pooja/The Bhangra Militants 3 @ Fmw11com/ (checkpath)
00:18:34.017 T:2933758864 M:523079680 DEBUG: CSettings::IsPathOnSource, path = smb://ROUTES/ext/music/Punjabi/Punjabi/Roop Kumar Rathod/Anwar @ Fmw11com/ (checkpath)
00:18:34.019 T:2933758864 M:523079680 DEBUG: CSettings::IsPathOnSource, path = smb://ROUTES/ext/music/Punjabi/Punjabi/sirfrazkhan@gmailcom (Dedicated to my luv EXE) -- Music Anand Raj Anand/ARYAN (sirfrazkhan@gmailcom)/ (checkpath)
00:18:34.021 T:2933758864 M:523079680 DEBUG: CSettings::IsPathOnSource, path = smb://ROUTES/ext/music/Punjabi/Punjabi/sirfrazkhan@gmailcom (Dedicated to my luv EXE) -- Music Anand Raj Anand/ (checkpath)
00:18:34.024 T:2933758864 M:523079680 DEBUG: CSettings::IsPathOnSource, path = smb://ROUTES/ext/music/Punjabi/Punjabi/Surjit Bhullar/Diljaani @ Papuyaarcom/ (checkpath)
00:18:34.026 T:2933758864 M:523083776 DEBUG: CSettings::IsPathOnSource, path = smb://ROUTES/ext/music/Punjabi/Punjabi/[wwwDJLUVin] - Various/Rang De Basanti @ djluvin/ (checkpath)
00:18:34.029 T:2933758864 M:523083776 DEBUG: CSettings::IsPathOnSource, path = smb://ROUTES/ext/music/Punjabi/Punjabi/Himesh Reshammiya/Red @ Fmw11com/ (checkpath)
00:18:34.031 T:2933758864 M:523083776 DEBUG: CSettings::IsPathOnSource, path = smb://ROUTES/ext/music/Punjabi/Punjabi/Himesh Reshammiya/Shaka Laka Boom Boom @ Fmw11com/ (checkpath)
00:18:34.033 T:2933758864 M:523083776 DEBUG: CSettings::IsPathOnSource, path = smb://ROUTES/ext/music/Punjabi/Punjabi/Jatinder Gill & Miss Pooja/Gym @ Fmw11com/ (checkpath)
00:18:34.035 T:2933758864 M:523083776 DEBUG: CSettings::IsPathOnSource, path = smb://ROUTES/ext/music/Punjabi/Punjabi/Preet Harpal/Nasheele Nain @ Fmw11com/ (checkpath)
00:18:34.037 T:2933758864 M:523083776 DEBUG: CSettings::IsPathOnSource, path = smb://ROUTES/ext/music/Punjabi/Punjabi/Mahalaxmi Iyer @ IndiaFMS/Fanaa @ IndiaFMS/ (checkpath)
00:18:34.369 T:3019123600 M:523087872 DEBUG: CHttpCacheManager::DoneCachingURL - about to delete http://app.boxee.tv/api/getsocialservices?format=json (hcm) from database
00:18:34.370 T:3019123600 M:523083776 DEBUG: CHttpCacheManager::RemoveFromRefMap remove url http://app.boxee.tv/api/getsocialservices?format=json (hcm)
00:18:34.371 T:3019123600 M:523083776 DEBUG: CHttpCacheManager::UpdateRefMap Can not decrease ref count to new object http://app.boxee.tv/api/getsocialservices?format=json (hcm)
