04:20:11.844 T:2962439056 M:513323008 DEBUG: Boxee: 09/01/12 10:20:11.8445#DEBUG#bxmetadataengine.cpp:379(EngineThread)#BXMetadataEngine::EngineThread, processing folders....(resolver)
04:20:19.964 T:3071600416 M:513327104 DEBUG: (dbg) FreeMem 501296/643508 Kb, FPS 48.0, CPU0: 54.0% (44.8%) Loader Q:[0] Textures:[188 (48.36 M)] SERVER: [67.225.149.139] ver: 1.5.0.23422-c00ef17
04:20:19.964 T:3071600416 M:513327104 DEBUG: (dbg)
04:20:32.476 T:3071600416 M:513327104 DEBUG: (dbg) FreeMem 501296/643508 Kb, FPS 48.0, CPU0: 49.4% (46.8%) Loader Q:[0] Textures:[188 (48.36 M)] SERVER: [67.225.149.139] ver: 1.5.0.23422-c00ef17
04:20:32.476 T:3071600416 M:513327104 DEBUG: (dbg)
04:20:45.038 T:3071600416 M:513327104 DEBUG: (dbg) FreeMem 501296/643508 Kb, FPS 48.0, CPU0: 49.8% (46.8%) Loader Q:[0] Textures:[188 (48.36 M)] SERVER: [67.225.149.139] ver: 1.5.0.23422-c00ef17
04:20:45.039 T:3071600416 M:513331200 DEBUG: (dbg)
04:20:48.598 T:3071600416 M:513331200 DEBUG: CKeyboardStat, SDLKeyboard: scancode: 1, sym: 27, unicode: 27, modifier: 0
04:20:48.599 T:3071600416 M:513331200 DEBUG: CApplication::OnKey - [key=61467][window=10000][action=122]
04:20:48.600 T:3071600416 M:513331200 DEBUG: OnKey: 61467 pressed, action is 122
04:20:48.600 T:3071600416 M:513331200 DEBUG: ActiveWindow 10000 (builtin)
04:20:48.600 T:3071600416 M:513331200 DEBUG: Activating window ID: 10423
04:20:48.600 T:3071600416 M:513331200 DEBUG: Checking if window ID 10423 is locked.
04:20:48.601 T:3071600416 M:513331200 DEBUG: ------ Window Init (boxee_browse_menu.xml) ------
04:20:48.601 T:3071600416 M:513331200 DEBUG: Loading skin file: boxee_browse_menu.xml
04:20:48.619 T:3071600416 M:513331200 DEBUG: CGUIBaseContainer::CGUIBaseContainer, 1823 (basecontainer)
04:20:48.623 T:3071600416 M:513331200 DEBUG: CGUIBaseContainer::CGUIBaseContainer, 1824 (basecontainer)
04:20:48.629 T:3071600416 M:513331200 DEBUG: Load boxee_browse_menu.xml: 28.16ms
04:20:48.633 T:3071600416 M:513331200 DEBUG: Alloc resources: 31.54ms (28.95 ms skin load)
04:20:50.033 T:3071600416 M:511172608 DEBUG: CKeyboardStat, SDLKeyboard: scancode: 108, sym: 274, unicode: 0, modifier: 0
04:20:50.034 T:3071600416 M:511172608 DEBUG: CApplication::OnKey - [key=61480][window=10423][action=4]
04:20:50.034 T:3071600416 M:511172608 DEBUG: OnKey: 61480 pressed, action is 4
04:20:50.584 T:3071600416 M:511172608 DEBUG: CKeyboardStat, SDLKeyboard: scancode: 106, sym: 275, unicode: 0, modifier: 0
04:20:50.584 T:3071600416 M:511172608 DEBUG: CApplication::OnKey - [key=61479][window=10423][action=2]
04:20:50.585 T:3071600416 M:511172608 DEBUG: OnKey: 61479 pressed, action is 2
04:20:50.867 T:3071600416 M:511172608 DEBUG: CKeyboardStat, SDLKeyboard: scancode: 106, sym: 275, unicode: 0, modifier: 0
04:20:50.868 T:3071600416 M:511172608 DEBUG: CApplication::OnKey - [key=61479][window=10423][action=2]
04:20:50.868 T:3071600416 M:511172608 DEBUG: OnKey: 61479 pressed, action is 2
04:20:51.234 T:3071600416 M:511172608 DEBUG: CKeyboardStat, SDLKeyboard: scancode: 28, sym: 13, unicode: 0, modifier: 0
04:20:51.235 T:3071600416 M:511172608 DEBUG: CApplication::OnKey - [key=61453][window=10423][action=7]
04:20:51.235 T:3071600416 M:511172608 DEBUG: OnKey: 61453 pressed, action is 7
04:20:51.237 T:3071600416 M:511172608 DEBUG: ExecuteXBMCAction : Translating ActivateWindow(Settings)
04:20:51.238 T:3071600416 M:511172608 DEBUG: ExecuteXBMCAction : To ActivateWindow(Settings)
04:20:51.238 T:3071600416 M:511172608 DEBUG: ActiveWindow 10000 (builtin)
04:20:51.238 T:3071600416 M:511172608 DEBUG: Activating window ID: 10004
04:20:51.239 T:3071600416 M:511172608 DEBUG: Checking if window ID 10004 is locked.
04:20:51.239 T:3071600416 M:511172608 DEBUG: ------ Window Deinit (Home.xml) ------
04:20:51.244 T:3071600416 M:511172608 DEBUG: ------ Window Init (Settings.xml) ------
04:20:51.244 T:3071600416 M:511172608 DEBUG: Loading skin file: Settings.xml
04:20:51.250 T:3071600416 M:511172608 DEBUG: CGUIBaseContainer::CGUIBaseContainer, 52 (basecontainer)
04:20:51.257 T:3071600416 M:511172608 DEBUG: Load Settings.xml: 12.99ms
04:20:51.259 T:3071600416 M:511172608 DEBUG: Alloc resources: 14.75ms (13.64 ms skin load)
04:20:51.427 T:3071600416 M:523116544 DEBUG: ------ Window Deinit (boxee_browse_menu.xml) ------
04:20:52.719 T:3071600416 M:525402112 DEBUG: CKeyboardStat, SDLKeyboard: scancode: 108, sym: 274, unicode: 0, modifier: 0
04:20:52.720 T:3071600416 M:525402112 DEBUG: CApplication::OnKey - [key=61480][window=10004][action=4]
04:20:52.720 T:3071600416 M:525402112 DEBUG: OnKey: 61480 pressed, action is 4
04:20:53.570 T:3071600416 M:525402112 DEBUG: CKeyboardStat, SDLKeyboard: scancode: 106, sym: 275, unicode: 0, modifier: 0
04:20:53.571 T:3071600416 M:525402112 DEBUG: CApplication::OnKey - [key=61479][window=10004][action=2]
04:20:53.571 T:3071600416 M:525279232 DEBUG: OnKey: 61479 pressed, action is 2
04:20:54.504 T:3071600416 M:525279232 DEBUG: CKeyboardStat, SDLKeyboard: scancode: 28, sym: 13, unicode: 0, modifier: 0
04:20:54.505 T:3071600416 M:525279232 DEBUG: CApplication::OnKey - [key=61453][window=10004][action=7]
04:20:54.505 T:3071600416 M:525279232 DEBUG: OnKey: 61453 pressed, action is 7
04:20:54.507 T:3071600416 M:525279232 DEBUG: ExecuteXBMCAction : Translating ActivateWindow(SystemSettings)
04:20:54.508 T:3071600416 M:525279232 DEBUG: ExecuteXBMCAction : To ActivateWindow(SystemSettings)
04:20:54.508 T:3071600416 M:525279232 DEBUG: ActiveWindow 10004 (builtin)
04:20:54.508 T:3071600416 M:525279232 DEBUG: Activating window ID: 10016
04:20:54.508 T:3071600416 M:525279232 DEBUG: Checking if window ID 10016 is locked.
04:20:54.509 T:3071600416 M:525279232 DEBUG: ------ Window Deinit (Settings.xml) ------
04:20:54.510 T:3071600416 M:525279232 DEBUG: Error: Requested setting (boxee.irssremote) was not found. It must be case-sensitive
04:20:54.512 T:3071600416 M:525406208 DEBUG: ------ Window Init (SettingsCategory.xml) ------
04:20:54.512 T:3071600416 M:525406208 DEBUG: Loading skin file: SettingsCategory.xml
04:20:54.521 T:3071600416 M:525406208 DEBUG: Load SettingsCategory.xml: 8.59ms
04:20:54.524 T:3071600416 M:525406208 DEBUG: Alloc resources: 11.76ms (9.70 ms skin load)
04:20:55.806 T:3071600416 M:526295040 DEBUG: CKeyboardStat, SDLKeyboard: scancode: 108, sym: 274, unicode: 0, modifier: 0
04:20:55.806 T:3071600416 M:526295040 DEBUG: CApplication::OnKey - [key=61480][window=10016][action=4]
04:20:55.807 T:3071600416 M:526295040 DEBUG: OnKey: 61480 pressed, action is 4
04:20:56.059 T:3071600416 M:526295040 DEBUG: (dbg) FreeMem 513960/643508 Kb, FPS 26.1, CPU0: 40.0% (33.8%) Loader Q:[0] Textures:[171 (36.64 M)] SERVER: [67.225.149.139] ver: 1.5.0.23422-c00ef17
04:20:56.060 T:3071600416 M:526295040 DEBUG: (dbg)
04:20:56.206 T:3071600416 M:526295040 DEBUG: CKeyboardStat, SDLKeyboard: scancode: 108, sym: 274, unicode: 0, modifier: 0
04:20:56.207 T:3071600416 M:526295040 DEBUG: CApplication::OnKey - [key=61480][window=10016][action=4]
04:20:56.207 T:3071600416 M:526295040 DEBUG: OnKey: 61480 pressed, action is 4
04:20:56.210 T:3071600416 M:526295040 DEBUG: CBoxeeVersionUpdateJob::acquireVersionUpdateJobForPerformUpdate - Enter function. [m_VersionUpdateJobStatus=0=VUJS_IDLE] (update)
04:20:56.211 T:3071600416 M:526295040 DEBUG: CBoxeeVersionUpdateJob::acquireVersionUpdateJobForPerformUpdate - VersionUpdateJob current status is [m_VersionUpdateJobStatus=0=VUJS_IDLE], so it can't be acquire for update (update)
04:20:56.211 T:3071600416 M:526295040 DEBUG: CGUIWindowSettingsCategory::UpdateSettings - Update job is idle
04:20:56.211 T:3071600416 M:526295040 DEBUG: CBoxeeVersionUpdateJob::acquireVersionUpdateJobForPerformUpdate - Enter function. [m_VersionUpdateJobStatus=0=VUJS_IDLE] (update)
04:20:56.212 T:3071600416 M:526295040 DEBUG: CBoxeeVersionUpdateJob::acquireVersionUpdateJobForPerformUpdate - VersionUpdateJob current status is [m_VersionUpdateJobStatus=0=VUJS_IDLE], so it can't be acquire for update (update)
04:20:56.212 T:3071600416 M:526295040 DEBUG: CGUIWindowSettingsCategory::UpdateSettings: New update is not avaliable yet, job status is VUJS_IDLE
04:20:56.289 T:3071600416 M:526295040 DEBUG: CKeyboardStat, SDLKeyboard: scancode: 108, sym: 274, unicode: 0, modifier: 0
04:20:56.290 T:3071600416 M:526295040 DEBUG: CApplication::OnKey - [key=61480][window=10016][action=4]
04:20:56.290 T:3071600416 M:526295040 DEBUG: OnKey: 61480 pressed, action is 4
04:20:56.356 T:3071600416 M:526295040 DEBUG: CKeyboardStat, SDLKeyboard: scancode: 108, sym: 274, unicode: 0, modifier: 0
04:20:56.357 T:3071600416 M:526295040 DEBUG: CApplication::OnKey - [key=61480][window=10016][action=4]
04:20:56.357 T:3071600416 M:526295040 DEBUG: OnKey: 61480 pressed, action is 4
04:20:56.440 T:3071600416 M:526295040 DEBUG: CKeyboardStat, SDLKeyboard: scancode: 108, sym: 274, unicode: 0, modifier: 0
04:20:56.440 T:3071600416 M:526299136 DEBUG: CApplication::OnKey - [key=61480][window=10016][action=4]
04:20:56.441 T:3071600416 M:526299136 DEBUG: OnKey: 61480 pressed, action is 4
04:20:56.551 T:3071600416 M:526299136 DEBUG: CKeyboardStat, SDLKeyboard: scancode: 108, sym: 274, unicode: 0, modifier: 0
04:20:56.552 T:3071600416 M:526299136 DEBUG: CApplication::OnKey - [key=61480][window=10016][action=4]
04:20:56.552 T:3071600416 M:526299136 DEBUG: OnKey: 61480 pressed, action is 4
04:20:56.573 T:3071600416 M:526299136 DEBUG: CKeyboardStat, SDLKeyboard: scancode: 108, sym: 274, unicode: 0, modifier: 0
04:20:56.574 T:3071600416 M:526299136 DEBUG: CApplication::OnKey - [key=61480][window=10016][action=4]
04:20:56.574 T:3071600416 M:526299136 DEBUG: OnKey: 61480 pressed, action is 4
04:20:58.275 T:3071600416 M:526299136 DEBUG: CKeyboardStat, SDLKeyboard: scancode: 106, sym: 275, unicode: 0, modifier: 0
04:20:58.275 T:3071600416 M:526299136 DEBUG: CApplication::OnKey - [key=61479][window=10016][action=2]
04:20:58.276 T:3071600416 M:526299136 DEBUG: OnKey: 61479 pressed, action is 2
04:21:00.310 T:3071600416 M:526303232 DEBUG: CKeyboardStat, SDLKeyboard: scancode: 108, sym: 274, unicode: 0, modifier: 0
04:21:00.311 T:3071600416 M:526303232 DEBUG: CApplication::OnKey - [key=61480][window=10016][action=4]
04:21:00.311 T:3071600416 M:526303232 DEBUG: OnKey: 61480 pressed, action is 4
04:21:02.896 T:3071600416 M:526303232 DEBUG: CKeyboardStat, SDLKeyboard: scancode: 105, sym: 276, unicode: 0, modifier: 0
04:21:02.896 T:3071600416 M:526303232 DEBUG: CApplication::OnKey - [key=61477][window=10016][action=1]
04:21:02.897 T:3071600416 M:526303232 DEBUG: OnKey: 61477 pressed, action is 1
04:21:03.430 T:3071600416 M:526303232 DEBUG: CKeyboardStat, SDLKeyboard: scancode: 103, sym: 273, unicode: 0, modifier: 0
04:21:03.430 T:3071600416 M:526303232 DEBUG: CApplication::OnKey - [key=61478][window=10016][action=3]
04:21:03.431 T:3071600416 M:526303232 DEBUG: OnKey: 61478 pressed, action is 3
04:21:03.759 T:3010329488 M:526303232 DEBUG: CProcessSlowJob::DoWork - Enter function. [server=1][internet=1][IsStoped=0] (wdpslow)
04:21:03.760 T:3010329488 M:526303232 DEBUG: CProcessSlowJob::DoWork - Exit function. [server=1][internet=1] (wdpslow)
04:21:04.231 T:3071600416 M:526303232 DEBUG: CKeyboardStat, SDLKeyboard: scancode: 103, sym: 273, unicode: 0, modifier: 0
04:21:04.231 T:3071600416 M:526303232 DEBUG: CApplication::OnKey - [key=61478][window=10016][action=3]
04:21:04.232 T:3071600416 M:526303232 DEBUG: OnKey: 61478 pressed, action is 3
04:21:04.447 T:3021200272 M:526303232 INFO: CCheckInternetConnectionJob::DoWork - Checking the internet connection. [server=1][internet=1][ConnectionToInternetChanged=0] (offline)
04:21:04.448 T:3021200272 M:526303232 DEBUG: WatchDog::CheckIsConnectedToInternet - Enter function. [server=1][internet=1]. [fromJob=1] (offline)(wd)
04:21:04.562 T:3021200272 M:526303232 DEBUG: WatchDog::CheckIsConnectedToInternet - Check [http://9.ping.boxee.tv/] return [1]. [server=1][internet=1]. [fromJob=1] (offline)(wd)
04:21:04.563 T:3021200272 M:526303232 DEBUG: WatchDog::CheckIsConnectedToInternet - Exit function and return TRUE. [server=1][internet=1]. [fromJob=1] (offline)(wd)
04:21:04.781 T:3071600416 M:526303232 DEBUG: CKeyboardStat, SDLKeyboard: scancode: 103, sym: 273, unicode: 0, modifier: 0
04:21:04.782 T:3071600416 M:526303232 DEBUG: CApplication::OnKey - [key=61478][window=10016][action=3]
04:21:04.782 T:3071600416 M:526303232 DEBUG: OnKey: 61478 pressed, action is 3
04:21:04.785 T:3071600416 M:526303232 DEBUG: CBoxeeVersionUpdateJob::acquireVersionUpdateJobForPerformUpdate - Enter function. [m_VersionUpdateJobStatus=0=VUJS_IDLE] (update)
04:21:04.785 T:3071600416 M:526303232 DEBUG: CBoxeeVersionUpdateJob::acquireVersionUpdateJobForPerformUpdate - VersionUpdateJob current status is [m_VersionUpdateJobStatus=0=VUJS_IDLE], so it can't be acquire for update (update)
04:21:04.786 T:3071600416 M:526303232 DEBUG: CGUIWindowSettingsCategory::UpdateSettings - Update job is idle
04:21:04.786 T:3071600416 M:526307328 DEBUG: CBoxeeVersionUpdateJob::acquireVersionUpdateJobForPerformUpdate - Enter function. [m_VersionUpdateJobStatus=0=VUJS_IDLE] (update)
04:21:04.786 T:3071600416 M:526307328 DEBUG: CBoxeeVersionUpdateJob::acquireVersionUpdateJobForPerformUpdate - VersionUpdateJob current status is [m_VersionUpdateJobStatus=0=VUJS_IDLE], so it can't be acquire for update (update)
04:21:04.787 T:3071600416 M:526307328 DEBUG: CGUIWindowSettingsCategory::UpdateSettings: New update is not avaliable yet, job status is VUJS_IDLE
04:21:05.165 T:3071600416 M:526307328 DEBUG: CKeyboardStat, SDLKeyboard: scancode: 103, sym: 273, unicode: 0, modifier: 0
04:21:05.165 T:3071600416 M:526307328 DEBUG: CApplication::OnKey - [key=61478][window=10016][action=3]
04:21:05.166 T:3071600416 M:526307328 DEBUG: OnKey: 61478 pressed, action is 3
04:21:05.966 T:3071600416 M:526307328 DEBUG: CKeyboardStat, SDLKeyboard: scancode: 103, sym: 273, unicode: 0, modifier: 0
04:21:05.966 T:3071600416 M:526307328 DEBUG: CApplication::OnKey - [key=61478][window=10016][action=3]
04:21:05.966 T:3071600416 M:526307328 DEBUG: OnKey: 61478 pressed, action is 3
04:21:08.355 T:3071600416 M:526307328 DEBUG: (dbg) FreeMem 513972/643508 Kb, FPS 59.9, CPU0: 28.7% (15.6%) Loader Q:[0] Textures:[171 (36.64 M)] SERVER: [67.225.149.139] ver: 1.5.0.23422-c00ef17
04:21:08.355 T:3071600416 M:526307328 DEBUG: (dbg)
04:21:09.415 T:2958228368 M:526299136 DEBUG: thread start, auto delete: 0
04:21:09.416 T:2960333712 M:526290944 DEBUG: thread start, auto delete: 1
04:21:09.416 T:2960333712 M:526290944 DEBUG: Scanning interfaces for shares
04:21:09.417 T:2960333712 M:526290944 DEBUG: Interface 5C:D9:98:80:48:F0, connected
04:21:09.417 T:2957175696 M:526282752 DEBUG: thread start, auto delete: 1
04:21:09.418 T:2957175696 M:526282752 DEBUG: CDirectory::GetDirectory , calling g_directoryCache.GetDirectory with path: nfs://all , items: 0 , retreiveAll: 0 (cache check)
04:21:09.418 T:2957175696 M:526282752 DEBUG: CDirectory::GetDirectory , g_directoryCache.GetDirectory returned false (cache check)
04:21:09.423 T:2922527632 M:526274560 DEBUG: thread start, auto delete: 1
04:21:09.424 T:2922527632 M:526274560 DEBUG: CDirectory::GetDirectory , calling g_directoryCache.GetDirectory with path: afp://all , items: 0 , retreiveAll: 0 (cache check)
04:21:09.424 T:2922527632 M:526274560 DEBUG: CDirectory::GetDirectory , g_directoryCache.GetDirectory returned false (cache check)
04:21:09.425 T:2922527632 M:526274560 DEBUG: CDirectory::GetDirectory , calling g_directoryCache.GetDirectory with path: zeroconf:// , items: 0 , retreiveAll: 0 (cache check)
04:21:09.425 T:2922527632 M:526274560 DEBUG: CDirectory::GetDirectory , g_directoryCache.GetDirectory returned false (cache check)
04:21:09.429 T:2924362640 M:526270464 DEBUG: thread start, auto delete: 1
04:21:09.430 T:2924362640 M:526270464 DEBUG: CDirectory::GetDirectory , calling g_directoryCache.GetDirectory with path: bms://all , items: 0 , retreiveAll: 0 (cache check)
04:21:09.430 T:2924362640 M:526270464 DEBUG: CDirectory::GetDirectory , g_directoryCache.GetDirectory returned false (cache check)
04:21:09.431 T:2958228368 M:526270464 DEBUG: Thread 2958228368 terminating
04:21:09.576 T:3026545552 M:526278656 DEBUG: CZeroconfBrowserAvahi::resolveCallback resolved service 'Ponyville (CIFS)' of type '_smb._tcp' in domain 'local':
04:21:09.579 T:2922527632 M:526278656 DEBUG: GetDirectory - Error getting afp://all
04:21:09.580 T:2922527632 M:526278656 DEBUG: Thread 2922527632 terminating (autodelete)
04:21:09.581 T:2924362640 M:526278656 DEBUG: CDirectory::GetDirectory , calling g_directoryCache.GetDirectory with path: zeroconf:// , items: 0 , retreiveAll: 0 (cache check)
04:21:09.582 T:2924362640 M:526278656 DEBUG: CDirectory::GetDirectory , g_directoryCache.GetDirectory returned false (cache check)
04:21:09.587 T:3026545552 M:526278656 DEBUG: CZeroconfBrowserAvahi::resolveCallback resolved service 'Ponyville (CIFS)' of type '_smb._tcp' in domain 'local':
04:21:09.590 T:2924362640 M:526282752 DEBUG: GetDirectory - Error getting bms://all
04:21:09.590 T:2924362640 M:526282752 DEBUG: Thread 2924362640 terminating (autodelete)
04:21:09.700 T:2960333712 M:526299136 DEBUG: Found machine PONYVILLE address 192.168.1.125 interface 5C:D9:98:80:48:F0
04:21:09.700 T:2955070352 M:526299136 DEBUG: Looking for shares on host PONYVILLE ip 192.168.1.125
04:21:09.701 T:2955070352 M:526299136 DEBUG: CDirectory::GetDirectory , calling g_directoryCache.GetDirectory with path: smb://192.168.1.125 , items: 0 , retreiveAll: 0 (cache check)
04:21:09.701 T:2955070352 M:526299136 DEBUG: CDirectory::GetDirectory , g_directoryCache.GetDirectory returned false (cache check)
04:21:09.703 T:2955070352 M:526299136 DEBUG: OpenDir - Using authentication url smb://192.168.1.125
04:21:09.761 T:2955070352 M:526299136 DEBUG: Found 12 shares on host PONYVILLE
04:21:09.803 T:2960333712 M:526299136 DEBUG: Found machine CISCO55971 address 192.168.1.1 interface 5C:D9:98:80:48:F0
04:21:09.804 T:2955070352 M:526299136 DEBUG: Looking for shares on host CISCO55971 ip 192.168.1.1
04:21:09.804 T:2955070352 M:526299136 DEBUG: CDirectory::GetDirectory , calling g_directoryCache.GetDirectory with path: smb://192.168.1.1 , items: 0 , retreiveAll: 0 (cache check)
04:21:09.805 T:2955070352 M:526299136 DEBUG: CDirectory::GetDirectory , g_directoryCache.GetDirectory returned false (cache check)
04:21:09.805 T:2955070352 M:526299136 DEBUG: OpenDir - Using authentication url smb://192.168.1.1
04:21:09.832 T:2955070352 M:526299136 DEBUG: SMBDirectory->GetDirectory: Unable to open directory : 'smb://192.168.1.1/' unix_err:'6e' error : 'Connection timed out'
04:21:09.832 T:2955070352 M:526299136 DEBUG: GetDirectory - Error getting smb://192.168.1.1
04:21:09.833 T:2955070352 M:526299136 DEBUG: Found 0 shares on host CISCO55971
04:21:10.324 T:2960333712 M:526299136 DEBUG: Found machine SCOOTALOO address 192.168.1.50 interface 5C:D9:98:80:48:F0
04:21:10.324 T:2955070352 M:526299136 DEBUG: Looking for shares on host SCOOTALOO ip 192.168.1.50
04:21:10.325 T:2955070352 M:526299136 DEBUG: CDirectory::GetDirectory , calling g_directoryCache.GetDirectory with path: smb://192.168.1.50 , items: 0 , retreiveAll: 0 (cache check)
04:21:10.325 T:2955070352 M:526299136 DEBUG: CDirectory::GetDirectory , g_directoryCache.GetDirectory returned false (cache check)
04:21:10.326 T:2955070352 M:526299136 DEBUG: OpenDir - Using authentication url smb://192.168.1.50
04:21:10.377 T:2955070352 M:526299136 DEBUG: SMBDirectory->GetDirectory: Unable to open directory : 'smb://192.168.1.50/' unix_err:'d' error : 'Permission denied'
04:21:10.377 T:2955070352 M:526299136 DEBUG: GetDirectory - Error getting smb://192.168.1.50
04:21:10.378 T:2955070352 M:526299136 DEBUG: Found 0 shares on host SCOOTALOO
04:21:10.635 T:2960333712 M:526299136 DEBUG: Ignoring file shares from local host and workgroup folder [WORKGROUP]
04:21:12.092 T:2962439056 M:526299136 DEBUG: Boxee: 09/01/12 10:21:12.922#DEBUG#bxmetadataengine.cpp:379(EngineThread)#BXMetadataEngine::EngineThread, processing folders....(resolver)
04:21:13.597 T:2957175696 M:526299136 DEBUG: CNfsDirectory::GetDirectory - found 1 NFS devices
04:21:13.598 T:2957175696 M:526299136 DEBUG: Thread 2957175696 terminating (autodelete)
04:21:13.744 T:2960333712 M:526307328 DEBUG: Interface 5C:D9:98:80:48:F0 scan complete, found 4 hosts
04:21:13.744 T:2960333712 M:526307328 DEBUG: Interface A6:81:F1:DC:53:15, not connected
04:21:13.745 T:2960333712 M:526307328 DEBUG: Interface 74:F0:6D:9F:91:6D, not connected
04:21:13.745 T:2960333712 M:526307328 DEBUG: Mapping out hosts on interface 5C:D9:98:80:48:F0
04:21:20.399 T:3071600416 M:526106624 DEBUG: (dbg) FreeMem 513776/643508 Kb, FPS 59.9, CPU0: 20.8% (18.6%) Loader Q:[0] Textures:[171 (36.64 M)] SERVER: [67.225.149.139] ver: 1.5.0.23422-c00ef17
04:21:20.400 T:3071600416 M:526106624 DEBUG: (dbg)
04:21:32.428 T:3071600416 M:526012416 DEBUG: (dbg) FreeMem 513684/643508 Kb, FPS 59.9, CPU0: 25.1% (18.2%) Loader Q:[0] Textures:[171 (36.64 M)] SERVER: [67.225.149.139] ver: 1.5.0.23422-c00ef17
04:21:32.428 T:3071600416 M:526012416 DEBUG: (dbg)
04:21:41.097 T:2960333712 M:526102528 DEBUG: Ignoring file shares from local host and workgroup folder [WORKGROUP]
04:21:44.440 T:3071600416 M:526102528 DEBUG: (dbg) FreeMem 513772/643508 Kb, FPS 59.9, CPU0: 24.6% (18.4%) Loader Q:[0] Textures:[171 (36.64 M)] SERVER: [67.225.149.139] ver: 1.5.0.23422-c00ef17
04:21:44.441 T:3071600416 M:526102528 DEBUG: (dbg)
04:21:56.452 T:3071600416 M:526151680 DEBUG: (dbg) FreeMem 513820/643508 Kb, FPS 59.9, CPU0: 21.7% (19.0%) Loader Q:[0] Textures:[171 (36.64 M)] SERVER: [67.225.149.139] ver: 1.5.0.23422-c00ef17
04:21:56.452 T:3071600416 M:526151680 DEBUG: (dbg)
04:22:03.762 T:3010329488 M:526163968 DEBUG: CProcessSlowJob::DoWork - Enter function. [server=1][internet=1][IsStoped=0] (wdpslow)
04:22:03.763 T:3010329488 M:526163968 DEBUG: CProcessSlowJob::DoWork - Exit function. [server=1][internet=1] (wdpslow)
04:22:04.567 T:3021200272 M:526163968 INFO: CCheckInternetConnectionJob::DoWork - Checking the internet connection. [server=1][internet=1][ConnectionToInternetChanged=0] (offline)
04:22:04.567 T:3021200272 M:526163968 DEBUG: WatchDog::CheckIsConnectedToInternet - Enter function. [server=1][internet=1]. [fromJob=1] (offline)(wd)
04:22:04.741 T:3021200272 M:526168064 DEBUG: WatchDog::CheckIsConnectedToInternet - Check [http://8.ping.boxee.tv/] return [1]. [server=1][internet=1]. [fromJob=1] (offline)(wd)
04:22:04.742 T:3021200272 M:526168064 DEBUG: WatchDog::CheckIsConnectedToInternet - Exit function and return TRUE. [server=1][internet=1]. [fromJob=1] (offline)(wd)
04:22:08.513 T:3071600416 M:526168064 DEBUG: (dbg) FreeMem 513836/643508 Kb, FPS 59.9, CPU0: 29.4% (15.4%) Loader Q:[0] Textures:[171 (36.64 M)] SERVER: [67.225.149.139] ver: 1.5.0.23422-c00ef17
04:22:08.514 T:3071600416 M:526168064 DEBUG: (dbg)
04:22:08.677 T:3071600416 M:526168064 DEBUG: CKeyboardStat, SDLKeyboard: scancode: 1, sym: 27, unicode: 27, modifier: 0
04:22:08.678 T:3071600416 M:526168064 DEBUG: CApplication::OnKey - [key=61467][window=10016][action=10]
04:22:08.678 T:3071600416 M:526168064 DEBUG: OnKey: 61467 pressed, action is 10
04:22:08.680 T:3071600416 M:526168064 DEBUG: CGUIWindowManager::PreviousWindow: Deactivate
04:22:08.680 T:3071600416 M:526168064 DEBUG: CGUIWindowSettingsCategory::CheckTimezoneSettings timezone city current Chicago new Chicago
04:22:08.681 T:3071600416 M:526168064 DEBUG: CGUIWindowSettingsCategory::CheckTimezoneSettings timezone country current United States new United States
04:22:08.681 T:3071600416 M:526168064 DEBUG: ------ Window Deinit (SettingsCategory.xml) ------
04:22:08.682 T:3071600416 M:526168064 DEBUG: CGUIWindowManager::PreviousWindow: Activate new
04:22:08.683 T:3071600416 M:526168064 DEBUG: ------ Window Init (Settings.xml) ------
04:22:08.683 T:3071600416 M:526168064 DEBUG: Loading skin file: Settings.xml
04:22:08.689 T:3071600416 M:526168064 DEBUG: CGUIBaseContainer::CGUIBaseContainer, 52 (basecontainer)
04:22:08.696 T:3071600416 M:526168064 DEBUG: Load Settings.xml: 12.54ms
04:22:08.698 T:3071600416 M:526168064 DEBUG: Alloc resources: 14.74ms (13.55 ms skin load)
04:22:10.215 T:2960333712 M:525406208 DEBUG: Done mapping interface 5C:D9:98:80:48:F0
04:22:10.215 T:2960333712 M:525406208 DEBUG: Network scan finished
04:22:10.216 T:2960333712 M:525406208 DEBUG: Thread 2960333712 terminating (autodelete)
04:22:10.696 T:3071600416 M:525414400 DEBUG: CKeyboardStat, SDLKeyboard: scancode: 1, sym: 27, unicode: 27, modifier: 0
04:22:10.696 T:3071600416 M:525414400 DEBUG: CApplication::OnKey - [key=61467][window=10004][action=10]
04:22:10.697 T:3071600416 M:525414400 DEBUG: OnKey: 61467 pressed, action is 10
04:22:10.699 T:3071600416 M:525414400 DEBUG: CGUIWindowManager::PreviousWindow: Deactivate
04:22:10.699 T:3071600416 M:525414400 DEBUG: ------ Window Deinit (Settings.xml) ------
04:22:10.700 T:3071600416 M:525418496 DEBUG: CGUIWindowManager::PreviousWindow: Activate new
04:22:10.701 T:3071600416 M:525418496 DEBUG: ------ Window Init (Home.xml) ------
04:22:10.701 T:3071600416 M:525418496 DEBUG: Loading skin file: Home.xml
04:22:10.719 T:3071600416 M:525418496 DEBUG: CGUIBaseContainer::CGUIBaseContainer, 7000 (basecontainer)
04:22:10.725 T:3071600416 M:525418496 DEBUG: CGUIBaseContainer::CGUIBaseContainer, 8200 (basecontainer)
04:22:10.733 T:3071600416 M:525418496 DEBUG: Load Home.xml: 32.20ms
04:22:10.738 T:3071600416 M:525418496 DEBUG: Alloc resources: 36.39ms (33.24 ms skin load)
04:22:10.739 T:3071600416 M:525418496 DEBUG: GUILoaderWindow::RegisterContainers
04:22:10.740 T:3071600416 M:525418496 DEBUG: GUILoaderWindow::RegisterContainer: 7000
04:22:10.740 T:3071600416 M:525418496 DEBUG: GUILoaderWindow::RegisterContainer: 8200
04:22:10.740 T:3071600416 M:525418496 DEBUG: CItemLoader::AddControl, window = 10000, control = 8200, path = feed://featured/?limit=15 (browse)
04:22:10.741 T:3071600416 M:525418496 DEBUG: CItemLoader::AddControl, 3 GUI_MSG_LOADING, window = 10000, control = 8200 (basecontainer)
04:22:10.741 T:3071600416 M:525418496 DEBUG: CGUIBaseContainer::CGUIBaseContainer, GUI_MSG_LOADING, 8200 (basecontainer)
04:22:10.742 T:2960333712 M:525410304 DEBUG: CGetDirectoryJob::DoWork, NEWUI, loading directory, path = feed://featured/?limit=15
04:22:10.742 T:2960333712 M:525410304 DEBUG: CDirectory::GetDirectory , calling g_directoryCache.GetDirectory with path: feed://featured/?limit=15 , items: 0 , retreiveAll: 0 (cache check)
04:22:10.742 T:2960333712 M:525410304 DEBUG: CDirectory::GetDirectory , g_directoryCache.GetDirectory returned false (cache check)
04:22:10.743 T:2960333712 M:525410304 DEBUG: CBoxeeFeedDirectory::GetDirectory - Enter function with [strPath=feed://featured/?limit=15] (bf)
04:22:10.743 T:2960333712 M:525410304 DEBUG: CBoxeeFeedDirectory::GetDirectory - [strPath=feed://featured/?limit=15] was parsed to [dir=featured][file=] (bf)
04:22:10.743 T:2960333712 M:525410304 DEBUG: CBoxeeFeedDirectory::HandleRequestWithLimit - [featured] - Going to retrieve objects from the server (bf)
04:22:10.744 T:2960333712 M:525410304 DEBUG: CBoxeeFeedDirectory::GetItemsFromServer - Going to call BoxeeClientServerComManager::GetFeaturedList() (queue)
04:22:10.744 T:2960333712 M:525410304 DEBUG: Boxee: 09/01/12 10:22:10.7445#DEBUG#bxfeaturedmanager.cpp:103(GetFeaturedList)#BXFeaturedManager::GetFeaturedList - Enter function (shares)
04:22:10.749 T:2960333712 M:525410304 DEBUG: Boxee: 09/01/12 10:22:10.7497#DEBUG#bxfeaturedmanager.cpp:136(GetFeaturedList)#BXFeaturedManager::GetFeaturedList - Exit function. After set [FeaturedListSize=40] (feat)
04:22:10.750 T:2960333712 M:525410304 DEBUG: CBoxeeFeedDirectory::GetItemsFromServer - Call to BoxeeClientServerComManager::GetFeaturedList() returned [retVal=1][BoxeeFeedSize=40] (queue)
04:22:10.750 T:2960333712 M:525410304 DEBUG: CBoxeeFeedDirectory::ConvertServerResponse - [featured] - Enter function after retrieve from server [numOfItemsFromServer=40] for type [featured]. [timestamp=1326102996] (bf)
04:22:10.758 T:2960333712 M:525410304 DEBUG: CBoxeeFeedDirectory::ConvertServerResponse - [featured] - [11/40] - Not adding item [label=[B]Sprawl II[/B][CR]By Arcade Fire][path=http://www.youtube.com/watch?v=awHWColYQ90#!] - [IsAllowedPath=1][IsAllowedItem=0][IsAllowedAppItem=1] (bf)
04:22:10.770 T:3071600416 M:525410304 DEBUG: CItemLoader::AddControl, added directory job, path = feed://featured/?limit=15 (browse)
04:22:10.789 T:2960333712 M:525287424 DEBUG: CBoxeeFeedDirectory::ConvertServerResponse - [featured] - Exit function after build [listItemsSize=39] for type [featured]. [numOfItemsFromServer=40] (bf)
04:22:10.790 T:2960333712 M:525287424 DEBUG: CBoxeeFeedDirectory::HandleRequestWithLimit - [featured] - Call to HandleServerResponse returned [listItemsSize=39] (bf)
04:22:10.792 T:2960333712 M:525287424 DEBUG: CBoxeeFeedDirectory::HandleRequestWithLimit - [featured] - After sort the retrieve items. Going to copy for return (bf)
04:22:10.792 T:2960333712 M:525291520 DEBUG: CBoxeeFeedDirectory::HandleRequestWithLimit - [featured] - After setting [limit=15] (bf)
04:22:10.793 T:2960333712 M:525291520 DEBUG: CBoxeeFeedDirectory::HandleRequestWithLimit - [featured] - [NumOfItems=39] is more then [limit=15], therefore going to copy only [15] items (bf)
04:22:10.793 T:2960333712 M:525291520 DEBUG: CBoxeeQueueDirectory::HandleRequestWithLimit - Exit function and returning list with size [15] (bf)
04:22:10.794 T:2960333712 M:525291520 DEBUG: Going to return list with size [15] for type [featured] (bf)
04:22:10.839 T:2960333712 M:525418496 DEBUG: CGetDirectoryJob::DoWork, NEWUI, done loading directory, bResult = 1
04:22:10.843 T:2960333712 M:525418496 DEBUG: CGetDirectoryJob::ItemsLoaded, sending GUI_MSG_LABEL_BIND windowId [10000] controlId[8200] size[15]
04:22:10.844 T:3071600416 M:525418496 DEBUG: CGUIBaseContainer::CGUIBaseContainer, GUI_MSG_LABEL_BIND, 8200 , append=0 (basecontainer)
04:22:10.897 T:2925415312 M:525426688 DEBUG: CBoxeeFeedItemsLoader::LoadItem - Not handling item [label=[B]Classical TV[/B]][showid=][boxeeid=][isfeedalbum=][referral=1361] (feedloader)(ri)
04:22:10.900 T:2925415312 M:525426688 DEBUG: CDirectoryCache::UpdateItem, CACHE updating dirPath = feed://featured/?limit=15 , cacheId = app://classical-tv-1 , item = [B]Classical TV[/B], path = app://classical-tv-1 (dircache)
04:22:10.900 T:2925415312 M:525426688 DEBUG: CDirectoryCache::UpdateItem, found the relevant dir - strDirPath = feed://featured/?limit=15 (dircache)
04:22:10.901 T:2925415312 M:525426688 DEBUG: CDirectoryCache::UpdateItem, found the item - strCacheId = app://classical-tv-1 (dircache)
04:22:10.901 T:2925415312 M:525426688 DEBUG: TouchThumbnailFile touch thumbnail file special://masterprofile/profiles/kitachan/Thumbnails/Pictures/9/9771299c.tbn size 19564 (thm)
04:22:10.902 T:2925415312 M:525426688 DEBUG: TouchThumbnailFile touch thumbnail file special://masterprofile/profiles/kitachan/Thumbnails/Pictures/9/9771299c.tbn already exist - update the average time total 1 files average time 495100896(thm)
04:22:10.903 T:2926467984 M:525426688 DEBUG: Initializing feed: http://res.boxee.tv/title/movie/?id=398210
04:22:10.906 T:2926467984 M:525299712 DEBUG: update ref map. url http://res.boxee.tv/title/movie/?id=398210 new ref_count 0 progress 0 (hcm)
04:22:10.906 T:2926467984 M:525299712 DEBUG: update ref map. url http://res.boxee.tv/title/movie/?id=398210 new ref_count 1 progress 0 (hcm)
04:22:10.916 T:2954017680 M:525275136 DEBUG: CBoxeeFeedItemsLoader::LoadItem - Not handling item [label=[B]Clocks for Robots[/B]][showid=][boxeeid=][isfeedalbum=][referral=1347] (feedloader)(ri)
04:22:10.919 T:2954017680 M:525275136 DEBUG: CDirectoryCache::UpdateItem, CACHE updating dirPath = feed://featured/?limit=15 , cacheId = http://vimeo.com/29326177 , item = [B]Clocks for Robots[/B], path = http://vimeo.com/29326177 (dircache)
04:22:10.920 T:2954017680 M:525275136 DEBUG: CDirectoryCache::UpdateItem, found the relevant dir - strDirPath = feed://featured/?limit=15 (dircache)
04:22:10.920 T:2954017680 M:525275136 DEBUG: CDirectoryCache::UpdateItem, found the item - strCacheId = http://vimeo.com/29326177 (dircache)
04:22:10.921 T:2954017680 M:525275136 DEBUG: TouchThumbnailFile touch thumbnail file special://masterprofile/profiles/kitachan/Thumbnails/Pictures/5/5a938687.tbn size 51388 (thm)
04:22:10.922 T:3019094928 M:525275136 DEBUG: CBoxeeFeedItemsLoader::LoadItem - Not handling item [label=[B]Three Cubes Colliding[/B]][showid=][boxeeid=][isfeedalbum=][referral=1348] (feedloader)(ri)
04:22:11.256 T:3019094928 M:523530240 DEBUG: CDirectoryCache::UpdateItem, CACHE updating dirPath = feed://featured/?limit=15 , cacheId = http://vimeo.com/33342571 , item = [B]Three Cubes Colliding[/B], path = http://vimeo.com/33342571 (dircache)
04:22:11.257 T:3019094928 M:523530240 DEBUG: CDirectoryCache::UpdateItem, found the relevant dir - strDirPath = feed://featured/?limit=15 (dircache)
04:22:11.258 T:3019094928 M:523534336 DEBUG: CDirectoryCache::UpdateItem, found the item - strCacheId = http://vimeo.com/33342571 (dircache)
04:22:11.258 T:3019094928 M:523534336 DEBUG: TouchThumbnailFile touch thumbnail file special://masterprofile/profiles/kitachan/Thumbnails/Pictures/9/9f4fb511.tbn size 26665 (thm)
04:22:11.259 T:2959281040 M:523534336 DEBUG: CBoxeeFeedItemsLoader::LoadItem - Not handling item [label=[B]To Understand is to Perceive Patterns][showid=][boxeeid=][isfeedalbum=][referral=1349] (feedloader)(ri)
04:22:11.260 T:2925415312 M:523534336 DEBUG: CBoxeeFeedItemsLoader::LoadItem - Not handling item [label=[B]Machinima[/B]][showid=][boxeeid=][isfeedalbum=][referral=1360] (feedloader)(ri)
04:22:11.263 T:2954017680 M:523534336 DEBUG: TouchThumbnailFile touch thumbnail file special://masterprofile/profiles/kitachan/Thumbnails/Pictures/5/5a938687.tbn already exist - update the average time total 1 files average time 495101254(thm)
04:22:11.265 T:2959281040 M:523534336 DEBUG: CDirectoryCache::UpdateItem, CACHE updating dirPath = feed://featured/?limit=15 , cacheId = http://vimeo.com/34176163 , item = [B]To Understand is to Perceive Patterns, path = http://vimeo.com/34176163 (dircache)
04:22:11.266 T:2959281040 M:523534336 DEBUG: CDirectoryCache::UpdateItem, found the relevant dir - strDirPath = feed://featured/?limit=15 (dircache)
04:22:11.266 T:2959281040 M:523534336 DEBUG: CDirectoryCache::UpdateItem, found the item - strCacheId = http://vimeo.com/34176163 (dircache)
04:22:11.268 T:2959281040 M:523534336 DEBUG: TouchThumbnailFile touch thumbnail file special://masterprofile/profiles/kitachan/Thumbnails/Pictures/4/40db7a7b.tbn size 25238 (thm)
04:22:11.268 T:2925415312 M:523534336 DEBUG: CDirectoryCache::UpdateItem, CACHE updating dirPath = feed://featured/?limit=15 , cacheId = app://machinima , item = [B]Machinima[/B], path = app://machinima (dircache)
04:22:11.268 T:2925415312 M:523534336 DEBUG: CDirectoryCache::UpdateItem, found the relevant dir - strDirPath = feed://featured/?limit=15 (dircache)
04:22:11.269 T:2925415312 M:523534336 DEBUG: CDirectoryCache::UpdateItem, found the item - strCacheId = app://machinima (dircache)
04:22:11.269 T:2925415312 M:523534336 DEBUG: TouchThumbnailFile touch thumbnail file special://masterprofile/profiles/kitachan/Thumbnails/Pictures/7/7d946044.tbn size 23037 (thm)
04:22:11.298 T:2954017680 M:523149312 DEBUG: CBoxeeFeedItemsLoader::LoadItem - Not handling item [label=[B]Battlestar Galactica[/B][CR]Portlandia on IFC][showid=][boxeeid=][isfeedalbum=][referral=1355] (feedloader)(ri)
04:22:11.302 T:2954017680 M:523149312 DEBUG: CDirectoryCache::UpdateItem, CACHE updating dirPath = feed://featured/?limit=15 , cacheId = http://www.youtube.com/watch?v=yYjLrJRuMnY , item = [B]Battlestar Galactica[/B][CR]Portlandia on IFC, path = http://www.youtube.com/watch?v=yYjLrJRuMnY (dircache)
04:22:11.302 T:2954017680 M:523149312 DEBUG: CDirectoryCache::UpdateItem, found the relevant dir - strDirPath = feed://featured/?limit=15 (dircache)
04:22:11.303 T:2954017680 M:523149312 DEBUG: CDirectoryCache::UpdateItem, found the item - strCacheId = http://www.youtube.com/watch?v=yYjLrJRuMnY (dircache)
04:22:11.303 T:2954017680 M:523149312 DEBUG: TouchThumbnailFile touch thumbnail file special://masterprofile/profiles/kitachan/Thumbnails/Pictures/2/239de191.tbn size 37353 (thm)
04:22:11.304 T:2954017680 M:523149312 DEBUG: TouchThumbnailFile touch thumbnail file special://masterprofile/profiles/kitachan/Thumbnails/Pictures/2/239de191.tbn already exist - update the average time total 1 files average time 495101612(thm)
04:22:11.305 T:2959281040 M:523149312 DEBUG: TouchThumbnailFile touch thumbnail file special://masterprofile/profiles/kitachan/Thumbnails/Pictures/4/40db7a7b.tbn already exist - update the average time total 1 files average time 495101970(thm)
04:22:11.305 T:2954017680 M:523149312 DEBUG: CBoxeeFeedItemsLoader::LoadItem - Not handling item [label=[B]The Hobbit (Trailer)[/B]][showid=][boxeeid=][isfeedalbum=][referral=1354] (feedloader)(ri)
04:22:11.309 T:2954017680 M:523153408 DEBUG: CDirectoryCache::UpdateItem, CACHE updating dirPath = feed://featured/?limit=15 , cacheId = http://www.youtube.com/watch?v=T90Holdcrps#! , item = [B]The Hobbit (Trailer)[/B], path = http://www.youtube.com/watch?v=T90Holdcrps#! (dircache)
04:22:11.310 T:2954017680 M:523153408 DEBUG: CDirectoryCache::UpdateItem, found the relevant dir - strDirPath = feed://featured/?limit=15 (dircache)
04:22:11.641 T:2954017680 M:519987200 DEBUG: CDirectoryCache::UpdateItem, found the item - strCacheId = http://www.youtube.com/watch?v=T90Holdcrps#! (dircache)
04:22:11.642 T:2954017680 M:519987200 DEBUG: TouchThumbnailFile touch thumbnail file special://masterprofile/profiles/kitachan/Thumbnails/Pictures/7/795c5d25.tbn size 26069 (thm)
04:22:11.643 T:2925415312 M:519987200 DEBUG: TouchThumbnailFile touch thumbnail file special://masterprofile/profiles/kitachan/Thumbnails/Pictures/7/7d946044.tbn already exist - update the average time total 1 files average time 495102328(thm)
04:22:11.643 T:2959281040 M:519987200 DEBUG: CBoxeeFeedItemsLoader::LoadItem - Not handling item [label=[B]VEVO[/B]][showid=][boxeeid=][isfeedalbum=][referral=1358] (feedloader)(ri)
04:22:11.646 T:2959281040 M:519987200 DEBUG: CDirectoryCache::UpdateItem, CACHE updating dirPath = feed://featured/?limit=15 , cacheId = app://vevo , item = [B]VEVO[/B], path = app://vevo (dircache)
04:22:11.646 T:2959281040 M:519987200 DEBUG: CDirectoryCache::UpdateItem, found the relevant dir - strDirPath = feed://featured/?limit=15 (dircache)
04:22:11.647 T:2959281040 M:519987200 DEBUG: CDirectoryCache::UpdateItem, found the item - strCacheId = app://vevo (dircache)
04:22:11.648 T:2959281040 M:519987200 DEBUG: TouchThumbnailFile touch thumbnail file special://masterprofile/profiles/kitachan/Thumbnails/Pictures/4/45d3789f.tbn size 14870 (thm)
04:22:11.648 T:2925415312 M:519987200 DEBUG: CBoxeeFeedItemsLoader::LoadItem - Not handling item [label=[B]Original Don ft. The Partysquad[/B][CR]Major Lazer][showid=][boxeeid=][isfeedalbum=][referral=1353] (feedloader)(ri)
04:22:11.651 T:3019094928 M:519987200 DEBUG: TouchThumbnailFile touch thumbnail file special://masterprofile/profiles/kitachan/Thumbnails/Pictures/9/9f4fb511.tbn already exist - update the average time total 1 files average time 495102685(thm)
04:22:11.653 T:2925415312 M:519987200 DEBUG: CDirectoryCache::UpdateItem, CACHE updating dirPath = feed://featured/?limit=15 , cacheId = http://www.youtube.com/watch?v=dKKdJoXF7PI , item = [B]Original Don ft. The Partysquad[/B][CR]Major Lazer, path = http://www.youtube.com/watch?v=dKKdJoXF7PI (dircache)
04:22:11.653 T:2925415312 M:519987200 DEBUG: CDirectoryCache::UpdateItem, found the relevant dir - strDirPath = feed://featured/?limit=15 (dircache)
04:22:11.653 T:2925415312 M:519987200 DEBUG: CDirectoryCache::UpdateItem, found the item - strCacheId = http://www.youtube.com/watch?v=dKKdJoXF7PI (dircache)
04:22:11.654 T:2925415312 M:519987200 DEBUG: TouchThumbnailFile touch thumbnail file special://masterprofile/profiles/kitachan/Thumbnails/Pictures/5/58d7a57c.tbn size 60499 (thm)
04:22:11.655 T:3019094928 M:519987200 DEBUG: Initializing feed: http://res.boxee.tv/title/movie/?id=567238
04:22:11.656 T:2954017680 M:519987200 DEBUG: TouchThumbnailFile touch thumbnail file special://masterprofile/profiles/kitachan/Thumbnails/Pictures/7/795c5d25.tbn already exist - update the average time total 1 files average time 495103043(thm)
04:22:11.658 T:2954017680 M:519987200 DEBUG: CBoxeeFeedItemsLoader::LoadItem - Not handling item [label=[B]revision3[/B]][showid=][boxeeid=][isfeedalbum=][referral=1357] (feedloader)(ri)
04:22:11.661 T:2954017680 M:519987200 DEBUG: CDirectoryCache::UpdateItem, CACHE updating dirPath = feed://featured/?limit=15 , cacheId = app://revision3 , item = [B]revision3[/B], path = app://revision3 (dircache)
04:22:11.661 T:2954017680 M:519987200 DEBUG: CDirectoryCache::UpdateItem, found the relevant dir - strDirPath = feed://featured/?limit=15 (dircache)
04:22:11.661 T:2954017680 M:519987200 DEBUG: CDirectoryCache::UpdateItem, found the item - strCacheId = app://revision3 (dircache)
04:22:11.662 T:2954017680 M:519991296 DEBUG: TouchThumbnailFile touch thumbnail file special://masterprofile/profiles/kitachan/Thumbnails/Pictures/f/f516a48d.tbn size 22693 (thm)
04:22:11.662 T:2926467984 M:519991296 DEBUG: update ref map. url http://res.boxee.tv/title/movie/?id=398210 new ref_count 1 progress 0 (hcm)
04:22:11.663 T:2926467984 M:519991296 DEBUG: update expire time of url http://res.boxee.tv/title/movie/?id=398210 to the database (hcm)
04:22:11.664 T:2959281040 M:519983104 DEBUG: TouchThumbnailFile touch thumbnail file special://masterprofile/profiles/kitachan/Thumbnails/Pictures/4/45d3789f.tbn already exist - update the average time total 1 files average time 495103400(thm)
04:22:11.665 T:2959281040 M:519983104 DEBUG: CBoxeeFeedItemsLoader::LoadItem - Not handling item [label=[B]I Am the Walrus[/B][CR]The Flaming Lips][showid=][boxeeid=][isfeedalbum=][referral=1352] (feedloader)(ri)
04:22:11.997 T:2925415312 M:519983104 DEBUG: TouchThumbnailFile touch thumbnail file special://masterprofile/profiles/kitachan/Thumbnails/Pictures/5/58d7a57c.tbn already exist - update the average time total 1 files average time 495103757(thm)
04:22:12.000 T:2959281040 M:519983104 DEBUG: CDirectoryCache::UpdateItem, CACHE updating dirPath = feed://featured/?limit=15 , cacheId = http://www.youtube.com/watch?v=CaW4FciCdiQ , item = [B]I Am the Walrus[/B][CR]The Flaming Lips, path = http://www.youtube.com/watch?v=CaW4FciCdiQ (dircache)
04:22:12.001 T:2959281040 M:519983104 DEBUG: CDirectoryCache::UpdateItem, found the relevant dir - strDirPath = feed://featured/?limit=15 (dircache)
04:22:12.001 T:2959281040 M:519983104 DEBUG: CDirectoryCache::UpdateItem, found the item - strCacheId = http://www.youtube.com/watch?v=CaW4FciCdiQ (dircache)
04:22:12.002 T:2959281040 M:519983104 DEBUG: TouchThumbnailFile touch thumbnail file special://masterprofile/profiles/kitachan/Thumbnails/Pictures/9/9adfb8c9.tbn size 46978 (thm)
04:22:12.002 T:2925415312 M:519983104 DEBUG: CBoxeeFeedItemsLoader::LoadItem - Not handling item [label=[B]Above and Below[/B]][showid=][boxeeid=][isfeedalbum=][referral=1350] (feedloader)(ri)
04:22:12.005 T:2925415312 M:519983104 DEBUG: CDirectoryCache::UpdateItem, CACHE updating dirPath = feed://featured/?limit=15 , cacheId = http://vimeo.com/33735037 , item = [B]Above and Below[/B], path = http://vimeo.com/33735037 (dircache)
04:22:12.006 T:2925415312 M:519983104 DEBUG: CDirectoryCache::UpdateItem, found the relevant dir - strDirPath = feed://featured/?limit=15 (dircache)
04:22:12.007 T:2925415312 M:519983104 DEBUG: CDirectoryCache::UpdateItem, found the item - strCacheId = http://vimeo.com/33735037 (dircache)
04:22:12.008 T:2925415312 M:519983104 DEBUG: TouchThumbnailFile touch thumbnail file special://masterprofile/profiles/kitachan/Thumbnails/Pictures/0/0f17fc5f.tbn size 48794 (thm)
04:22:12.008 T:2925415312 M:519983104 DEBUG: TouchThumbnailFile touch thumbnail file special://masterprofile/profiles/kitachan/Thumbnails/Pictures/0/0f17fc5f.tbn already exist - update the average time total 1 files average time 495104115(thm)
04:22:12.009 T:3071600416 M:519983104 DEBUG: CKeyboardStat, SDLKeyboard: scancode: 106, sym: 275, unicode: 0, modifier: 0
04:22:12.009 T:2957175696 M:519983104 DEBUG: CHttpCacheManager::HttpCacheManagerCleanup::DoWork
04:22:12.010 T:3019094928 M:519983104 DEBUG: update ref map. url http://res.boxee.tv/title/movie/?id=567238 new ref_count 0 progress 0 (hcm)
04:22:12.010 T:3019094928 M:519983104 DEBUG: update ref map. url http://res.boxee.tv/title/movie/?id=567238 new ref_count 1 progress 0 (hcm)
04:22:12.020 T:3071600416 M:519958528 DEBUG: CApplication::OnKey - [key=61479][window=10000][action=2]
04:22:12.022 T:3071600416 M:519958528 DEBUG: OnKey: 61479 pressed, action is 2
04:22:12.024 T:3071600416 M:519962624 DEBUG: CKeyboardStat, SDLKeyboard: scancode: 106, sym: 275, unicode: 0, modifier: 0
04:22:12.024 T:3071600416 M:519962624 DEBUG: CApplication::OnKey - [key=61479][window=10000][action=2]
04:22:12.025 T:3071600416 M:519966720 DEBUG: OnKey: 61479 pressed, action is 2
04:22:12.035 T:2926467984 M:519966720 DEBUG: update ref map. url http://res.boxee.tv/title/movie/?id=398210 new ref_count 0 progress 0 (hcm)
04:22:12.037 T:2926467984 M:519966720 DEBUG: CRssFeed::ReadFeed - [strURL=http://res.boxee.tv/title/movie/?id=398210] is NOT HD. Load feed from URL returned [result=1][LastRetCode=200] (rssf)
04:22:12.039 T:2926467984 M:519966720 DEBUG: Channel thumbnail:
04:22:12.040 T:2926467984 M:519966720 DEBUG: CRssFeed::ReadFeed - open search, startIndex = -1, itemsPerPage = -1, totalResults = -1 (paging)
04:22:12.042 T:2926467984 M:519966720 DEBUG: Boxee: 09/01/12 10:22:12.421#DEBUG#bxsourcesmanager.cpp:157(GetSources)#BXSourcesManager::GetSourcesList - Enter function (entitle)
04:22:12.045 T:2926467984 M:519966720 DEBUG: Boxee: 09/01/12 10:22:12.453#DEBUG#bxsourcesmanager.cpp:201(GetSources)#BXSourcesManager::GetSourcesList - Exit function. After set [SourcesListSize=83] (source)
04:22:12.045 T:2926467984 M:519966720 DEBUG: CRssFeed::ParseItemElements, looking up premium provider:[id=snagfilms](premium)
04:22:12.049 T:2926467984 M:519966720 DEBUG: BoxeeUtils::ResolveItem, for boxee id = 398210, items size = 1 (ri)
04:22:12.120 T:2926467984 M:519950336 DEBUG: CDirectoryCache::UpdateItem, CACHE updating dirPath = feed://featured/?limit=15 , cacheId = , item = [B]RiP: A Remix Manifesto[/B], path = http://boxee.snagfilms.com/2910/?ourl=http%3A%2F%2Fwww.snagfilms.com%2Ffilms%2Ftitle%2Frip_a_remix_manifesto%2F (dircache)
04:22:12.120 T:2926467984 M:519950336 DEBUG: CDirectoryCache::UpdateItem, found the relevant dir - strDirPath = feed://featured/?limit=15 (dircache)
04:22:12.123 T:2926467984 M:519950336 DEBUG: CDirectoryCache::UpdateItem, found the item - strItemPath = http://boxee.snagfilms.com/2910/?ourl=http%3A%2F%2Fwww.snagfilms.com%2Ffilms%2Ftitle%2Frip_a_remix_manifesto%2F (dircache)
04:22:12.124 T:2926467984 M:519950336 DEBUG: TouchThumbnailFile touch thumbnail file special://masterprofile/profiles/kitachan/Thumbnails/Pictures/8/88945a93.tbn size 81223 (thm)
04:22:12.125 T:2957175696 M:519950336 DEBUG: deleting expired cache entry from database (hcm)
04:22:12.126 T:2957175696 M:519946240 DEBUG: deleting expired cache entry from database (hcm)
04:22:12.128 T:2957175696 M:519938048 DEBUG: deleting expired cache entry from database (hcm)
04:22:12.130 T:2957175696 M:519929856 DEBUG: deleting expired cache entry from database (hcm)
04:22:12.132 T:2957175696 M:519921664 DEBUG: deleting expired cache entry from database (hcm)
04:22:12.465 T:2957175696 M:515244032 DEBUG: deleting expired cache entry from database (hcm)
04:22:12.466 T:2925415312 M:515244032 DEBUG: CBoxeeFeedItemsLoader::LoadItem - Not handling item [label=[B]TED[/B]][showid=][boxeeid=][isfeedalbum=][referral=1356] (feedloader)(ri)
04:22:12.467 T:2959281040 M:515244032 DEBUG: TouchThumbnailFile touch thumbnail file special://masterprofile/profiles/kitachan/Thumbnails/Pictures/9/9adfb8c9.tbn already exist - update the average time total 1 files average time 495104473(thm)
04:22:12.468 T:3071600416 M:515244032 DEBUG: CKeyboardStat, SDLKeyboard: scancode: 106, sym: 275, unicode: 0, modifier: 0
04:22:12.468 T:3071600416 M:515244032 DEBUG: CApplication::OnKey - [key=61479][window=10000][action=2]
04:22:12.468 T:3071600416 M:515248128 DEBUG: OnKey: 61479 pressed, action is 2
04:22:12.469 T:3071600416 M:515248128 DEBUG: CKeyboardStat, SDLKeyboard: scancode: 106, sym: 275, unicode: 0, modifier: 0
04:22:12.470 T:3071600416 M:515248128 DEBUG: CApplication::OnKey - [key=61479][window=10000][action=2]
04:22:12.470 T:3071600416 M:515248128 DEBUG: OnKey: 61479 pressed, action is 2
04:22:12.476 T:2962439056 M:515248128 DEBUG: Boxee: 09/01/12 10:22:12.3392#DEBUG#bxmetadataengine.cpp:379(EngineThread)#BXMetadataEngine::EngineThread, processing folders....(resolver)
04:22:12.480 T:2925415312 M:515256320 DEBUG: CDirectoryCache::UpdateItem, CACHE updating dirPath = feed://featured/?limit=15 , cacheId = app://ted , item = [B]TED[/B], path = app://ted (dircache)
04:22:12.486 T:2925415312 M:515252224 DEBUG: CDirectoryCache::UpdateItem, found the relevant dir - strDirPath = feed://featured/?limit=15 (dircache)
04:22:12.486 T:2925415312 M:515252224 DEBUG: CDirectoryCache::UpdateItem, found the item - strCacheId = app://ted (dircache)
04:22:12.487 T:2925415312 M:515252224 DEBUG: TouchThumbnailFile touch thumbnail file special://masterprofile/profiles/kitachan/Thumbnails/Pictures/6/6812da81.tbn size 15436 (thm)
04:22:12.488 T:2957175696 M:515252224 DEBUG: deleting expired cache entry from database (hcm)
04:22:12.489 T:2957175696 M:515244032 DEBUG: deleting expired cache entry from database (hcm)
04:22:12.490 T:2957175696 M:515235840 DEBUG: deleting expired cache entry from database (hcm)
