04:16:11.887 T:3019094928 M:529375232 DEBUG: CBoxeeBrowseMenuManager::BuildMenu - [6] - adding button [label=Repositories][path=boxeeui://apps/?category=repos][id=bt_apps_repositories][isseparator=0] to menu [mn_library_repository_apps] (bm)
04:16:11.888 T:3019094928 M:529375232 DEBUG: CBoxeeBrowseMenuManager::BuildMenu - [1] - adding button [label=Browse][path=boxeeui://files/?path=network://protocols][id=bt_browse_all][isseparator=0] to menu [mn_local_files] (bm)
04:16:11.888 T:3019094928 M:529375232 DEBUG: CBoxeeBrowseMenuManager::BuildMenu - [2] - adding button [label=My Sources][path=boxeeui://files/?path=sources://all][id=bt_network_all][isseparator=0] to menu [mn_local_files] (bm)
04:16:11.889 T:3019094928 M:529375232 DEBUG: CBoxeeBrowseMenuManager::BuildMenu - [3] - adding button [label=][path=][id=bt_separator][isseparator=1] to menu [mn_local_files] (bm)
04:16:12.221 T:3071600416 M:529383424 DEBUG: Process - no user autoexec.py (//.boxee/UserData/scripts/autoexec.py) found, skipping
04:16:12.222 T:3071600416 M:529383424 INFO: XBPython::Initialize, initializing python engine.
04:16:12.222 T:2958228368 M:529383424 DEBUG: Found machine PONYVILLE address 192.168.1.125 interface 5C:D9:98:80:48:F0
04:16:12.223 T:2957175696 M:529375232 DEBUG: thread start, auto delete: 1
04:16:12.223 T:2957175696 M:529375232 DEBUG: CDirectory::GetDirectory , calling g_directoryCache.GetDirectory with path: nfs://all , items: 0 , retreiveAll: 0 (cache check)
04:16:12.223 T:2957175696 M:529375232 DEBUG: CDirectory::GetDirectory , g_directoryCache.GetDirectory returned false (cache check)
04:16:12.224 T:2956123024 M:529375232 DEBUG: thread start, auto delete: 1
04:16:12.225 T:2956123024 M:529375232 DEBUG: CDirectory::GetDirectory , calling g_directoryCache.GetDirectory with path: afp://all , items: 0 , retreiveAll: 0 (cache check)
04:16:12.225 T:2956123024 M:529375232 DEBUG: CDirectory::GetDirectory , g_directoryCache.GetDirectory returned false (cache check)
04:16:12.226 T:2956123024 M:529375232 DEBUG: CDirectory::GetDirectory , calling g_directoryCache.GetDirectory with path: zeroconf:// , items: 0 , retreiveAll: 0 (cache check)
04:16:12.226 T:2956123024 M:529375232 DEBUG: CDirectory::GetDirectory , g_directoryCache.GetDirectory returned false (cache check)
04:16:12.231 T:3071600416 M:529375232 DEBUG: Python wrapper library linked with system Python library
04:16:12.237 T:3026545552 M:529248256 DEBUG: CZeroconfBrowserAvahi::resolveCallback resolved service 'Ponyville (CIFS)' of type '_smb._tcp' in domain 'local':
04:16:12.240 T:2956123024 M:529252352 DEBUG: GetDirectory - Error getting afp://all
04:16:12.241 T:2956123024 M:529252352 DEBUG: Thread 2956123024 terminating (autodelete)
04:16:12.253 T:3019094928 M:529125376 DEBUG: CBoxeeBrowseMenuManager::BuildMenu - [4] - adding button [label=Shows][path=boxeeui://shows/?category=local][id=shows_local][isseparator=0] to menu [mn_local_files] (bm)
04:16:12.254 T:3019094928 M:529125376 DEBUG: CBoxeeBrowseMenuManager::BuildMenu - [5] - adding button [label=Movies][path=boxeeui://movies/?category=local][id=movies_local][isseparator=0] to menu [mn_local_files] (bm)
04:16:12.254 T:3019094928 M:529125376 DEBUG: CBoxeeBrowseMenuManager::BuildMenu - [6] - adding button [label=Music][path=][id=bt_music][isseparator=0] to menu [mn_local_files] (bm)
04:16:12.261 T:3019094928 M:529133568 DEBUG: CBoxeeBrowseMenuManager::BuildMenu - [7] - adding button [label=Photos][path=boxeeui://photos/][id=bt_photos_all][isseparator=0] to menu [mn_local_files] (bm)
04:16:12.262 T:3019094928 M:529133568 DEBUG: CBoxeeBrowseMenuManager::BuildMenu - [1] - adding button [label=Clips][path=boxeeui://queue/?type=clip][id=bt_watch_later_clips][isseparator=0] to menu [mn_watch_later] (bm)
04:16:12.262 T:3019094928 M:529133568 DEBUG: CBoxeeBrowseMenuManager::BuildMenu - [2] - adding button [label=Shows][path=boxeeui://queue/?type=tv_show][id=bt_watch_later_tvshows][isseparator=0] to menu [mn_watch_later] (bm)
04:16:12.262 T:3019094928 M:529133568 DEBUG: CBoxeeBrowseMenuManager::BuildMenu - [3] - adding button [label=Movies][path=boxeeui://queue/?type=movie][id=bt_watch_later_movies][isseparator=0] to menu [mn_watch_later] (bm)
04:16:12.263 T:3019094928 M:529133568 DEBUG: CBoxeeBrowseMenuManager::Init - after init [path=special://xbmc/skin/boxee/720p/boxee_browse_menu_tree.xml][NumOfMunus=19] (bm)
04:16:12.291 T:2959281040 M:528990208 DEBUG: Thread 2959281040 terminating
04:16:12.306 T:2955070352 M:528855040 DEBUG: Looking for shares on host PONYVILLE ip 192.168.1.125
04:16:12.307 T:2955070352 M:528855040 DEBUG: CDirectory::GetDirectory , calling g_directoryCache.GetDirectory with path: smb://192.168.1.125 , items: 0 , retreiveAll: 0 (cache check)
04:16:12.307 T:2955070352 M:528855040 DEBUG: CDirectory::GetDirectory , g_directoryCache.GetDirectory returned false (cache check)
04:16:12.308 T:2955070352 M:528855040 DEBUG: OpenDir - Using authentication url smb://192.168.1.125
04:16:12.309 T:2958228368 M:528728064 DEBUG: Found machine CISCO55971 address 192.168.1.1 interface 5C:D9:98:80:48:F0
04:16:12.368 T:2955070352 M:528728064 DEBUG: Found 12 shares on host PONYVILLE
04:16:12.371 T:2955070352 M:528728064 DEBUG: Looking for shares on host CISCO55971 ip 192.168.1.1
04:16:12.371 T:2955070352 M:528728064 DEBUG: CDirectory::GetDirectory , calling g_directoryCache.GetDirectory with path: smb://192.168.1.1 , items: 0 , retreiveAll: 0 (cache check)
04:16:12.372 T:2955070352 M:528728064 DEBUG: CDirectory::GetDirectory , g_directoryCache.GetDirectory returned false (cache check)
04:16:12.372 T:2955070352 M:528728064 DEBUG: OpenDir - Using authentication url smb://192.168.1.1
04:16:12.376 T:3071600416 M:528728064 DEBUG: using python path:
04:16:12.399 T:2955070352 M:528601088 DEBUG: SMBDirectory->GetDirectory: Unable to open directory : 'smb://192.168.1.1/' unix_err:'6e' error : 'Connection timed out'
04:16:12.399 T:2955070352 M:528601088 DEBUG: GetDirectory - Error getting smb://192.168.1.1
04:16:12.400 T:2955070352 M:528601088 DEBUG: Found 0 shares on host CISCO55971
04:16:12.417 T:3071600416 M:528601088 NOTICE: -->Python Interpreter Initialized<--
04:16:12.418 T:3071600416 M:528601088 DEBUG: new python thread created. id=1
04:16:12.431 T:2959281040 M:528592896 DEBUG: thread start, auto delete: 0
04:16:12.431 T:2959281040 M:528596992 DEBUG: Python thread: start processing
04:16:12.532 T:2959281040 M:528470016 NOTICE: -->Python Interpreter Initialized<--
04:16:12.533 T:2959281040 M:528470016 DEBUG: Process - The source file to load is special://xbmc/scripts/autoexec.py
04:16:12.533 T:2959281040 M:528470016 DEBUG: Process - Setting the Python path to /opt/boxee/scripts:/opt/local/lib/python2.4/python24.zip:/opt/local/lib/python2.4:/opt/local/lib/python2.4/plat-linux2:/opt/local/lib/python2.4/lib-dynload:/opt/local/lib/python2.4/site-packages:/opt/boxee/system/python/local:/opt/local/lib/python24.zip:/opt/local/lib/python2.4/:/opt/local/lib/python2.4/plat-linux2:/opt/local/lib/python2.4/lib-tk:/opt/local/lib/python2.4/lib-dynload
04:16:12.533 T:2959281040 M:528470016 DEBUG: Process - Entering source directory /opt/boxee/scripts
04:16:12.535 T:2959281040 M:528470016 INFO: Scriptresult: Success
04:16:12.619 T:2958228368 M:528343040 DEBUG: Found machine SCOOTALOO address 192.168.1.50 interface 5C:D9:98:80:48:F0
04:16:12.619 T:2955070352 M:528343040 DEBUG: Looking for shares on host SCOOTALOO ip 192.168.1.50
04:16:12.620 T:2955070352 M:528343040 DEBUG: CDirectory::GetDirectory , calling g_directoryCache.GetDirectory with path: smb://192.168.1.50 , items: 0 , retreiveAll: 0 (cache check)
04:16:12.620 T:2955070352 M:528343040 DEBUG: CDirectory::GetDirectory , g_directoryCache.GetDirectory returned false (cache check)
04:16:12.621 T:2955070352 M:528343040 DEBUG: OpenDir - Using authentication url smb://192.168.1.50
04:16:12.670 T:2955070352 M:528343040 DEBUG: SMBDirectory->GetDirectory: Unable to open directory : 'smb://192.168.1.50/' unix_err:'d' error : 'Permission denied'
04:16:12.671 T:2955070352 M:528343040 DEBUG: GetDirectory - Error getting smb://192.168.1.50
04:16:12.671 T:2955070352 M:528343040 DEBUG: Found 0 shares on host SCOOTALOO
04:16:12.832 T:2956123024 M:528715776 DEBUG: thread start, auto delete: 0
04:16:12.833 T:3019094928 M:528715776 DEBUG: Boxee: 09/01/12 10:16:12.8333#DEBUG#GUIWindowStateDatabase.cpp:365(GetUserSetting)#GUIWindowStateDatabase::GetUserSetting, strKey =
04:16:12.834 T:3019094928 M:528715776 DEBUG: Boxee: 09/01/12 10:16:12.8344#DEBUG#GUIWindowStateDatabase.cpp:376(GetUserSetting)#GUIWindowStateDatabase::GetUserSetting, setting found, strKey='showstarter', strValue='true'
04:16:12.835 T:3019094928 M:528715776 DEBUG: CBoxeeLoginManager::FinishSuccessfulLogin - Going to call Application::PostLoginInitializations() (login)
04:16:12.835 T:3071600416 M:528715776 DEBUG: CBoxeeLoginManager::Login - Going to WINDOW_HOME (login)
04:16:12.835 T:3071600416 M:528715776 DEBUG: Activating window ID: 10000
04:16:12.836 T:3071600416 M:528715776 DEBUG: Checking if window ID 10000 is locked.
04:16:12.836 T:3071600416 M:528715776 DEBUG: ------ Window Deinit (boxee_login_prompt.xml) ------
04:16:12.836 T:3071600416 M:528715776 DEBUG: ------ Window Init (Home.xml) ------
04:16:12.839 T:3071600416 M:528715776 DEBUG: Alloc resources: 2.68ms (0.00 ms skin load)
04:16:12.841 T:3071600416 M:528715776 DEBUG: GUILoaderWindow::RegisterContainers
04:16:12.841 T:3071600416 M:528715776 DEBUG: GUILoaderWindow::RegisterContainer: 7000
04:16:12.841 T:3071600416 M:528715776 DEBUG: GUILoaderWindow::RegisterContainer: 8200
04:16:12.842 T:3071600416 M:528715776 DEBUG: CItemLoader::AddControl, window = 10000, control = 8200, path = feed://featured/?limit=15 (browse)
04:16:12.842 T:3071600416 M:528715776 DEBUG: CItemLoader::AddControl, 3 GUI_MSG_LOADING, window = 10000, control = 8200 (basecontainer)
04:16:12.842 T:3071600416 M:528715776 DEBUG: CGUIBaseContainer::CGUIBaseContainer, GUI_MSG_LOADING, 8200 (basecontainer)
04:16:12.843 T:2960333712 M:528715776 DEBUG: Fetching weather from url: http://app.boxee.tv/location/weather?location=Chicago%2c%20IL&metric=0
04:16:12.853 T:2954017680 M:528715776 DEBUG: CGetDirectoryJob::DoWork, NEWUI, loading directory, path = feed://featured/?limit=15
04:16:12.853 T:2954017680 M:528715776 DEBUG: CDirectory::GetDirectory , calling g_directoryCache.GetDirectory with path: feed://featured/?limit=15 , items: 0 , retreiveAll: 0 (cache check)
04:16:12.854 T:2954017680 M:528719872 DEBUG: CDirectory::GetDirectory , g_directoryCache.GetDirectory returned false (cache check)
04:16:12.854 T:2954017680 M:528719872 DEBUG: CBoxeeFeedDirectory::GetDirectory - Enter function with [strPath=feed://featured/?limit=15] (bf)
04:16:12.855 T:2954017680 M:528719872 DEBUG: CBoxeeFeedDirectory::GetDirectory - [strPath=feed://featured/?limit=15] was parsed to [dir=featured][file=] (bf)
04:16:12.855 T:2954017680 M:528719872 DEBUG: CBoxeeFeedDirectory::HandleRequestWithLimit - [featured] - Going to retrieve objects from the server (bf)
04:16:12.855 T:2954017680 M:528719872 DEBUG: CBoxeeFeedDirectory::GetItemsFromServer - Going to call BoxeeClientServerComManager::GetFeaturedList() (queue)
04:16:12.856 T:2954017680 M:528719872 DEBUG: Boxee: 09/01/12 10:16:12.8559#DEBUG#bxfeaturedmanager.cpp:103(GetFeaturedList)#BXFeaturedManager::GetFeaturedList - Enter function (shares)
04:16:12.860 T:2954017680 M:528719872 DEBUG: Boxee: 09/01/12 10:16:12.8606#DEBUG#bxfeaturedmanager.cpp:136(GetFeaturedList)#BXFeaturedManager::GetFeaturedList - Exit function. After set [FeaturedListSize=40] (feat)
04:16:12.861 T:2954017680 M:528719872 DEBUG: CBoxeeFeedDirectory::GetItemsFromServer - Call to BoxeeClientServerComManager::GetFeaturedList() returned [retVal=1][BoxeeFeedSize=40] (queue)
04:16:12.861 T:2954017680 M:528719872 DEBUG: CBoxeeFeedDirectory::ConvertServerResponse - [featured] - Enter function after retrieve from server [numOfItemsFromServer=40] for type [featured]. [timestamp=1326102996] (bf)
04:16:12.868 T:2954017680 M:528719872 DEBUG: CBoxeeFeedDirectory::ConvertServerResponse - [featured] - [11/40] - Not adding item [label=[B]Sprawl II[/B][CR]By Arcade Fire][path=http://www.youtube.com/watch?v=awHWColYQ90#!] - [IsAllowedPath=1][IsAllowedItem=0][IsAllowedAppItem=1] (bf)
04:16:12.873 T:3019094928 M:528719872 DEBUG: Thread 3019094928 terminating
04:16:12.877 T:3071600416 M:528719872 DEBUG: CItemLoader::AddControl, added directory job, path = feed://featured/?limit=15 (browse)
04:16:12.881 T:3071600416 M:528711680 NOTICE: Running the application...
04:16:12.907 T:2954017680 M:528601088 DEBUG: CBoxeeFeedDirectory::ConvertServerResponse - [featured] - Exit function after build [listItemsSize=39] for type [featured]. [numOfItemsFromServer=40] (bf)
04:16:12.908 T:2954017680 M:528601088 DEBUG: CBoxeeFeedDirectory::HandleRequestWithLimit - [featured] - Call to HandleServerResponse returned [listItemsSize=39] (bf)
04:16:12.908 T:2954017680 M:528601088 DEBUG: CBoxeeFeedDirectory::HandleRequestWithLimit - [featured] - After sort the retrieve items. Going to copy for return (bf)
04:16:12.909 T:2954017680 M:528601088 DEBUG: CBoxeeFeedDirectory::HandleRequestWithLimit - [featured] - After setting [limit=15] (bf)
04:16:12.909 T:2954017680 M:528601088 DEBUG: CBoxeeFeedDirectory::HandleRequestWithLimit - [featured] - [NumOfItems=39] is more then [limit=15], therefore going to copy only [15] items (bf)
04:16:12.910 T:2954017680 M:528601088 DEBUG: CBoxeeQueueDirectory::HandleRequestWithLimit - Exit function and returning list with size [15] (bf)
04:16:12.910 T:2954017680 M:528601088 DEBUG: Going to return list with size [15] for type [featured] (bf)
04:16:12.960 T:2954017680 M:528625664 DEBUG: CGetDirectoryJob::DoWork, NEWUI, done loading directory, bResult = 1
04:16:12.963 T:2954017680 M:528625664 DEBUG: CGetDirectoryJob::ItemsLoaded, sending GUI_MSG_LABEL_BIND windowId [10000] controlId[8200] size[15]
04:16:12.980 T:3071600416 M:528633856 DEBUG: GL: Vertex Shader compilation log:
04:16:12.981 T:3071600416 M:528633856 DEBUG: Success.
04:16:12.981 T:3071600416 M:528633856 DEBUG: GL: Vertex Shader compiled successfully
04:16:12.989 T:3071600416 M:528633856 DEBUG: GL: Pixel Shader compilation log:
04:16:12.990 T:3071600416 M:528633856 DEBUG: Success.
04:16:12.990 T:3071600416 M:528633856 DEBUG: GL: Fragment Shader compiled successfully
04:16:13.024 T:3071600416 M:528637952 DEBUG: GL: Vertex Shader compilation log:
04:16:13.025 T:3071600416 M:528637952 DEBUG: Success.
04:16:13.025 T:3071600416 M:528637952 DEBUG: GL: Vertex Shader compiled successfully
04:16:13.028 T:3071600416 M:528637952 DEBUG: GL: Pixel Shader compilation log:
04:16:13.028 T:3071600416 M:528637952 DEBUG: Success.
04:16:13.029 T:3071600416 M:528637952 DEBUG: GL: Fragment Shader compiled successfully
04:16:13.035 T:2958228368 M:528637952 DEBUG: Ignoring file shares from local host and workgroup folder [WORKGROUP]
04:16:13.051 T:2959281040 M:528637952 INFO: Python script stopped
04:16:13.051 T:2959281040 M:528637952 DEBUG: Thread 2959281040 terminating
04:16:13.163 T:2960333712 M:527503360 DEBUG: Weather got: temp=29 icon=weather/33.png
04:16:13.181 T:3071600416 M:526995456 DEBUG: CGUIBaseContainer::CGUIBaseContainer, GUI_MSG_LABEL_BIND, 8200 , append=0 (basecontainer)
04:16:13.184 T:3071600416 M:526995456 DEBUG: python thread 1 destructed
04:16:13.493 T:2959281040 M:525082624 DEBUG: CBoxeeFeedItemsLoader::LoadItem - Not handling item [label=[B]Classical TV[/B]][showid=][boxeeid=][isfeedalbum=][referral=1361] (feedloader)(ri)
04:16:13.496 T:2959281040 M:525082624 DEBUG: CDirectoryCache::UpdateItem, CACHE updating dirPath = feed://featured/?limit=15 , cacheId = app://classical-tv-1 , item = [B]Classical TV[/B], path = app://classical-tv-1 (dircache)
04:16:13.497 T:2959281040 M:525082624 DEBUG: CDirectoryCache::UpdateItem, found the relevant dir - strDirPath = feed://featured/?limit=15 (dircache)
04:16:13.497 T:2959281040 M:525082624 DEBUG: CDirectoryCache::UpdateItem, found the item - strCacheId = app://classical-tv-1 (dircache)
04:16:13.498 T:2959281040 M:525082624 DEBUG: TouchThumbnailFile touch thumbnail file special://masterprofile/profiles/kitachan/Thumbnails/Pictures/9/9771299c.tbn size 19564 (thm)
04:16:13.499 T:2959281040 M:525082624 DEBUG: TouchThumbnailFile touch thumbnail file special://masterprofile/profiles/kitachan/Thumbnails/Pictures/9/9771299c.tbn already exist - update the average time total 1 files average time 495099345(thm)
04:16:13.500 T:2954017680 M:525074432 DEBUG: Initializing feed: http://res.boxee.tv/title/movie/?id=398210
04:16:13.502 T:2954017680 M:525074432 DEBUG: update ref map. url http://res.boxee.tv/title/movie/?id=398210 new ref_count 0 progress 0 (hcm)
04:16:13.502 T:2954017680 M:525074432 DEBUG: update ref map. url http://res.boxee.tv/title/movie/?id=398210 new ref_count 1 progress 0 (hcm)
04:16:13.514 T:3019094928 M:524783616 DEBUG: CBoxeeFeedItemsLoader::LoadItem - Not handling item [label=[B]Three Cubes Colliding[/B]][showid=][boxeeid=][isfeedalbum=][referral=1348] (feedloader)(ri)
04:16:13.517 T:2926467984 M:524775424 DEBUG: CBoxeeFeedItemsLoader::LoadItem - Not handling item [label=[B]To Understand is to Perceive Patterns][showid=][boxeeid=][isfeedalbum=][referral=1349] (feedloader)(ri)
04:16:13.521 T:2926467984 M:524775424 DEBUG: CDirectoryCache::UpdateItem, CACHE updating dirPath = feed://featured/?limit=15 , cacheId = http://vimeo.com/34176163 , item = [B]To Understand is to Perceive Patterns, path = http://vimeo.com/34176163 (dircache)
04:16:13.522 T:2926467984 M:524775424 DEBUG: CDirectoryCache::UpdateItem, found the relevant dir - strDirPath = feed://featured/?limit=15 (dircache)
04:16:13.522 T:2926467984 M:524775424 DEBUG: CDirectoryCache::UpdateItem, found the item - strCacheId = http://vimeo.com/34176163 (dircache)
04:16:13.523 T:2926467984 M:524775424 DEBUG: TouchThumbnailFile touch thumbnail file special://masterprofile/profiles/kitachan/Thumbnails/Pictures/4/40db7a7b.tbn size 25238 (thm)
04:16:13.524 T:2925415312 M:524775424 DEBUG: CBoxeeFeedItemsLoader::LoadItem - Not handling item [label=[B]Clocks for Robots[/B]][showid=][boxeeid=][isfeedalbum=][referral=1347] (feedloader)(ri)
04:16:13.526 T:2925415312 M:524775424 DEBUG: CDirectoryCache::UpdateItem, CACHE updating dirPath = feed://featured/?limit=15 , cacheId = http://vimeo.com/29326177 , item = [B]Clocks for Robots[/B], path = http://vimeo.com/29326177 (dircache)
04:16:13.527 T:2925415312 M:524779520 DEBUG: CDirectoryCache::UpdateItem, found the relevant dir - strDirPath = feed://featured/?limit=15 (dircache)
04:16:13.528 T:2925415312 M:524779520 DEBUG: CDirectoryCache::UpdateItem, found the item - strCacheId = http://vimeo.com/29326177 (dircache)
04:16:13.528 T:2925415312 M:524779520 DEBUG: TouchThumbnailFile touch thumbnail file special://masterprofile/profiles/kitachan/Thumbnails/Pictures/5/5a938687.tbn size 51388 (thm)
04:16:13.596 T:3019094928 M:523882496 DEBUG: CDirectoryCache::UpdateItem, CACHE updating dirPath = feed://featured/?limit=15 , cacheId = http://vimeo.com/33342571 , item = [B]Three Cubes Colliding[/B], path = http://vimeo.com/33342571 (dircache)
04:16:13.596 T:3019094928 M:523882496 DEBUG: CDirectoryCache::UpdateItem, found the relevant dir - strDirPath = feed://featured/?limit=15 (dircache)
04:16:13.597 T:3019094928 M:523882496 DEBUG: CDirectoryCache::UpdateItem, found the item - strCacheId = http://vimeo.com/33342571 (dircache)
04:16:13.598 T:3019094928 M:523882496 DEBUG: TouchThumbnailFile touch thumbnail file special://masterprofile/profiles/kitachan/Thumbnails/Pictures/9/9f4fb511.tbn size 26665 (thm)
04:16:13.643 T:3071600416 M:521863168 DEBUG: ------ Window Deinit (DialogProgress.xml) ------
04:16:13.686 T:2959281040 M:523632640 DEBUG: CBoxeeFeedItemsLoader::LoadItem - Not handling item [label=[B]Machinima[/B]][showid=][boxeeid=][isfeedalbum=][referral=1360] (feedloader)(ri)
04:16:13.689 T:2959281040 M:523632640 DEBUG: CDirectoryCache::UpdateItem, CACHE updating dirPath = feed://featured/?limit=15 , cacheId = app://machinima , item = [B]Machinima[/B], path = app://machinima (dircache)
04:16:13.689 T:2959281040 M:523632640 DEBUG: CDirectoryCache::UpdateItem, found the relevant dir - strDirPath = feed://featured/?limit=15 (dircache)
04:16:13.690 T:2959281040 M:523632640 DEBUG: CDirectoryCache::UpdateItem, found the item - strCacheId = app://machinima (dircache)
04:16:13.691 T:2959281040 M:523632640 DEBUG: TouchThumbnailFile touch thumbnail file special://masterprofile/profiles/kitachan/Thumbnails/Pictures/7/7d946044.tbn size 23037 (thm)
04:16:13.691 T:2959281040 M:523632640 DEBUG: TouchThumbnailFile touch thumbnail file special://masterprofile/profiles/kitachan/Thumbnails/Pictures/7/7d946044.tbn already exist - update the average time total 1 files average time 495099430(thm)
04:16:13.753 T:2959281040 M:522625024 DEBUG: CBoxeeFeedItemsLoader::LoadItem - Not handling item [label=[B]Battlestar Galactica[/B][CR]Portlandia on IFC][showid=][boxeeid=][isfeedalbum=][referral=1355] (feedloader)(ri)
04:16:13.754 T:2925415312 M:522625024 DEBUG: TouchThumbnailFile touch thumbnail file special://masterprofile/profiles/kitachan/Thumbnails/Pictures/5/5a938687.tbn already exist - update the average time total 1 files average time 495099515(thm)
04:16:13.758 T:2959281040 M:522625024 DEBUG: CDirectoryCache::UpdateItem, CACHE updating dirPath = feed://featured/?limit=15 , cacheId = http://www.youtube.com/watch?v=yYjLrJRuMnY , item = [B]Battlestar Galactica[/B][CR]Portlandia on IFC, path = http://www.youtube.com/watch?v=yYjLrJRuMnY (dircache)
04:16:13.758 T:2959281040 M:522625024 DEBUG: CDirectoryCache::UpdateItem, found the relevant dir - strDirPath = feed://featured/?limit=15 (dircache)
04:16:13.759 T:2959281040 M:522625024 DEBUG: CDirectoryCache::UpdateItem, found the item - strCacheId = http://www.youtube.com/watch?v=yYjLrJRuMnY (dircache)
04:16:13.760 T:2959281040 M:522625024 DEBUG: TouchThumbnailFile touch thumbnail file special://masterprofile/profiles/kitachan/Thumbnails/Pictures/2/239de191.tbn size 37353 (thm)
04:16:13.809 T:2925415312 M:521854976 DEBUG: CBoxeeFeedItemsLoader::LoadItem - Not handling item [label=[B]The Hobbit (Trailer)[/B]][showid=][boxeeid=][isfeedalbum=][referral=1354] (feedloader)(ri)
04:16:13.812 T:2925415312 M:521854976 DEBUG: CDirectoryCache::UpdateItem, CACHE updating dirPath = feed://featured/?limit=15 , cacheId = http://www.youtube.com/watch?v=T90Holdcrps#! , item = [B]The Hobbit (Trailer)[/B], path = http://www.youtube.com/watch?v=T90Holdcrps#! (dircache)
04:16:13.812 T:2925415312 M:521859072 DEBUG: CDirectoryCache::UpdateItem, found the relevant dir - strDirPath = feed://featured/?limit=15 (dircache)
04:16:13.813 T:2925415312 M:521859072 DEBUG: CDirectoryCache::UpdateItem, found the item - strCacheId = http://www.youtube.com/watch?v=T90Holdcrps#! (dircache)
04:16:13.814 T:2925415312 M:521859072 DEBUG: TouchThumbnailFile touch thumbnail file special://masterprofile/profiles/kitachan/Thumbnails/Pictures/7/795c5d25.tbn size 26069 (thm)
04:16:13.814 T:2925415312 M:521859072 DEBUG: TouchThumbnailFile touch thumbnail file special://masterprofile/profiles/kitachan/Thumbnails/Pictures/7/795c5d25.tbn already exist - update the average time total 1 files average time 495099600(thm)
04:16:13.815 T:2926467984 M:521867264 DEBUG: TouchThumbnailFile touch thumbnail file special://masterprofile/profiles/kitachan/Thumbnails/Pictures/4/40db7a7b.tbn already exist - update the average time total 1 files average time 495099685(thm)
04:16:13.816 T:2925415312 M:521867264 DEBUG: CBoxeeFeedItemsLoader::LoadItem - Not handling item [label=[B]VEVO[/B]][showid=][boxeeid=][isfeedalbum=][referral=1358] (feedloader)(ri)
04:16:13.819 T:2925415312 M:521867264 DEBUG: CDirectoryCache::UpdateItem, CACHE updating dirPath = feed://featured/?limit=15 , cacheId = app://vevo , item = [B]VEVO[/B], path = app://vevo (dircache)
04:16:13.819 T:2925415312 M:521867264 DEBUG: CDirectoryCache::UpdateItem, found the relevant dir - strDirPath = feed://featured/?limit=15 (dircache)
04:16:13.819 T:2925415312 M:521867264 DEBUG: CDirectoryCache::UpdateItem, found the item - strCacheId = app://vevo (dircache)
04:16:13.820 T:2925415312 M:521867264 DEBUG: TouchThumbnailFile touch thumbnail file special://masterprofile/profiles/kitachan/Thumbnails/Pictures/4/45d3789f.tbn size 14870 (thm)
04:16:14.151 T:2926467984 M:519217152 DEBUG: CBoxeeFeedItemsLoader::LoadItem - Not handling item [label=[B]Original Don ft. The Partysquad[/B][CR]Major Lazer][showid=][boxeeid=][isfeedalbum=][referral=1353] (feedloader)(ri)
04:16:14.154 T:2926467984 M:519217152 DEBUG: CDirectoryCache::UpdateItem, CACHE updating dirPath = feed://featured/?limit=15 , cacheId = http://www.youtube.com/watch?v=dKKdJoXF7PI , item = [B]Original Don ft. The Partysquad[/B][CR]Major Lazer, path = http://www.youtube.com/watch?v=dKKdJoXF7PI (dircache)
04:16:14.155 T:2926467984 M:519217152 DEBUG: CDirectoryCache::UpdateItem, found the relevant dir - strDirPath = feed://featured/?limit=15 (dircache)
04:16:14.155 T:2926467984 M:519217152 DEBUG: CDirectoryCache::UpdateItem, found the item - strCacheId = http://www.youtube.com/watch?v=dKKdJoXF7PI (dircache)
04:16:14.156 T:2926467984 M:519217152 DEBUG: TouchThumbnailFile touch thumbnail file special://masterprofile/profiles/kitachan/Thumbnails/Pictures/5/58d7a57c.tbn size 60499 (thm)
04:16:14.156 T:2954017680 M:519217152 DEBUG: update ref map. url http://res.boxee.tv/title/movie/?id=398210 new ref_count 1 progress 0 (hcm)
04:16:14.156 T:2954017680 M:519217152 DEBUG: update expire time of url http://res.boxee.tv/title/movie/?id=398210 to the database (hcm)
04:16:14.157 T:2959281040 M:519217152 DEBUG: TouchThumbnailFile touch thumbnail file special://masterprofile/profiles/kitachan/Thumbnails/Pictures/2/239de191.tbn already exist - update the average time total 1 files average time 495099770(thm)
04:16:14.159 T:2954017680 M:519217152 DEBUG: update ref map. url http://res.boxee.tv/title/movie/?id=398210 new ref_count 0 progress 0 (hcm)
04:16:14.161 T:2954017680 M:519217152 DEBUG: CRssFeed::ReadFeed - [strURL=http://res.boxee.tv/title/movie/?id=398210] is NOT HD. Load feed from URL returned [result=1][LastRetCode=200] (rssf)
04:16:14.163 T:2954017680 M:519217152 DEBUG: Channel thumbnail:
04:16:14.164 T:2954017680 M:519217152 DEBUG: CRssFeed::ReadFeed - open search, startIndex = -1, itemsPerPage = -1, totalResults = -1 (paging)
04:16:14.166 T:2954017680 M:519217152 DEBUG: Boxee: 09/01/12 10:16:14.1660#DEBUG#bxsourcesmanager.cpp:157(GetSources)#BXSourcesManager::GetSourcesList - Enter function (entitle)
04:16:14.169 T:2954017680 M:519221248 DEBUG: Boxee: 09/01/12 10:16:14.1693#DEBUG#bxsourcesmanager.cpp:201(GetSources)#BXSourcesManager::GetSourcesList - Exit function. After set [SourcesListSize=83] (source)
04:16:14.169 T:2954017680 M:519221248 DEBUG: CRssFeed::ParseItemElements, looking up premium provider:[id=snagfilms](premium)
04:16:14.172 T:2954017680 M:519221248 DEBUG: BoxeeUtils::ResolveItem, for boxee id = 398210, items size = 1 (ri)
04:16:14.180 T:2954017680 M:519225344 DEBUG: CDirectoryCache::UpdateItem, CACHE updating dirPath = feed://featured/?limit=15 , cacheId = , item = [B]RiP: A Remix Manifesto[/B], path = http://boxee.snagfilms.com/2910/?ourl=http%3A%2F%2Fwww.snagfilms.com%2Ffilms%2Ftitle%2Frip_a_remix_manifesto%2F (dircache)
04:16:14.181 T:2954017680 M:519225344 DEBUG: CDirectoryCache::UpdateItem, found the relevant dir - strDirPath = feed://featured/?limit=15 (dircache)
04:16:14.181 T:2954017680 M:519225344 DEBUG: CDirectoryCache::UpdateItem, found the item - strItemPath = http://boxee.snagfilms.com/2910/?ourl=http%3A%2F%2Fwww.snagfilms.com%2Ffilms%2Ftitle%2Frip_a_remix_manifesto%2F (dircache)
04:16:14.182 T:2954017680 M:519225344 DEBUG: TouchThumbnailFile touch thumbnail file special://masterprofile/profiles/kitachan/Thumbnails/Pictures/8/88945a93.tbn size 81223 (thm)
04:16:14.275 T:2959281040 M:518320128 DEBUG: Initializing feed: http://res.boxee.tv/title/movie/?id=567238
04:16:14.277 T:3019094928 M:518320128 DEBUG: TouchThumbnailFile touch thumbnail file special://masterprofile/profiles/kitachan/Thumbnails/Pictures/9/9f4fb511.tbn already exist - update the average time total 1 files average time 495099856(thm)
04:16:14.279 T:2959281040 M:518320128 DEBUG: update ref map. url http://res.boxee.tv/title/movie/?id=567238 new ref_count 0 progress 0 (hcm)
04:16:14.279 T:2959281040 M:518320128 DEBUG: update ref map. url http://res.boxee.tv/title/movie/?id=567238 new ref_count 1 progress 0 (hcm)
04:16:14.350 T:3019094928 M:517169152 DEBUG: CBoxeeFeedItemsLoader::LoadItem - Not handling item [label=[B]revision3[/B]][showid=][boxeeid=][isfeedalbum=][referral=1357] (feedloader)(ri)
04:16:14.352 T:3019094928 M:517169152 DEBUG: CDirectoryCache::UpdateItem, CACHE updating dirPath = feed://featured/?limit=15 , cacheId = app://revision3 , item = [B]revision3[/B], path = app://revision3 (dircache)
04:16:14.353 T:3019094928 M:517169152 DEBUG: CDirectoryCache::UpdateItem, found the relevant dir - strDirPath = feed://featured/?limit=15 (dircache)
04:16:14.353 T:3019094928 M:517169152 DEBUG: CDirectoryCache::UpdateItem, found the item - strCacheId = app://revision3 (dircache)
04:16:14.354 T:3019094928 M:517169152 DEBUG: TouchThumbnailFile touch thumbnail file special://masterprofile/profiles/kitachan/Thumbnails/Pictures/f/f516a48d.tbn size 22693 (thm)
04:16:14.354 T:3019094928 M:517169152 DEBUG: TouchThumbnailFile touch thumbnail file special://masterprofile/profiles/kitachan/Thumbnails/Pictures/f/f516a48d.tbn already exist - update the average time total 1 files average time 495099941(thm)
04:16:14.404 T:3019094928 M:515637248 DEBUG: CBoxeeFeedItemsLoader::LoadItem - Not handling item [label=[B]I Am the Walrus[/B][CR]The Flaming Lips][showid=][boxeeid=][isfeedalbum=][referral=1352] (feedloader)(ri)
04:16:14.407 T:3019094928 M:515637248 DEBUG: CDirectoryCache::UpdateItem, CACHE updating dirPath = feed://featured/?limit=15 , cacheId = http://www.youtube.com/watch?v=CaW4FciCdiQ , item = [B]I Am the Walrus[/B][CR]The Flaming Lips, path = http://www.youtube.com/watch?v=CaW4FciCdiQ (dircache)
04:16:14.408 T:3019094928 M:515637248 DEBUG: CDirectoryCache::UpdateItem, found the relevant dir - strDirPath = feed://featured/?limit=15 (dircache)
04:16:14.409 T:3019094928 M:515637248 DEBUG: CDirectoryCache::UpdateItem, found the item - strCacheId = http://www.youtube.com/watch?v=CaW4FciCdiQ (dircache)
04:16:14.409 T:3019094928 M:515637248 DEBUG: TouchThumbnailFile touch thumbnail file special://masterprofile/profiles/kitachan/Thumbnails/Pictures/9/9adfb8c9.tbn size 46978 (thm)
04:16:14.410 T:3019094928 M:515641344 DEBUG: TouchThumbnailFile touch thumbnail file special://masterprofile/profiles/kitachan/Thumbnails/Pictures/9/9adfb8c9.tbn already exist - update the average time total 1 files average time 495100026(thm)
04:16:14.460 T:3019094928 M:516014080 DEBUG: CBoxeeFeedItemsLoader::LoadItem - Not handling item [label=[B]Above and Below[/B]][showid=][boxeeid=][isfeedalbum=][referral=1350] (feedloader)(ri)
04:16:14.464 T:3019094928 M:516014080 DEBUG: CDirectoryCache::UpdateItem, CACHE updating dirPath = feed://featured/?limit=15 , cacheId = http://vimeo.com/33735037 , item = [B]Above and Below[/B], path = http://vimeo.com/33735037 (dircache)
04:16:14.464 T:3019094928 M:516014080 DEBUG: CDirectoryCache::UpdateItem, found the relevant dir - strDirPath = feed://featured/?limit=15 (dircache)
04:16:14.465 T:3019094928 M:516014080 DEBUG: CDirectoryCache::UpdateItem, found the item - strCacheId = http://vimeo.com/33735037 (dircache)
04:16:14.465 T:3019094928 M:516014080 DEBUG: TouchThumbnailFile touch thumbnail file special://masterprofile/profiles/kitachan/Thumbnails/Pictures/0/0f17fc5f.tbn size 48794 (thm)
04:16:14.466 T:3019094928 M:516014080 DEBUG: TouchThumbnailFile touch thumbnail file special://masterprofile/profiles/kitachan/Thumbnails/Pictures/0/0f17fc5f.tbn already exist - update the average time total 1 files average time 495100112(thm)
04:16:14.467 T:2925415312 M:516014080 DEBUG: TouchThumbnailFile touch thumbnail file special://masterprofile/profiles/kitachan/Thumbnails/Pictures/4/45d3789f.tbn already exist - update the average time total 1 files average time 495100198(thm)
04:16:14.468 T:3019094928 M:516014080 DEBUG: CBoxeeFeedItemsLoader::LoadItem - Not handling item [label=[B]TED[/B]][showid=][boxeeid=][isfeedalbum=][referral=1356] (feedloader)(ri)
04:16:14.470 T:3019094928 M:516014080 DEBUG: CDirectoryCache::UpdateItem, CACHE updating dirPath = feed://featured/?limit=15 , cacheId = app://ted , item = [B]TED[/B], path = app://ted (dircache)
04:16:14.470 T:3019094928 M:516014080 DEBUG: CDirectoryCache::UpdateItem, found the relevant dir - strDirPath = feed://featured/?limit=15 (dircache)
04:16:14.471 T:3019094928 M:516014080 DEBUG: CDirectoryCache::UpdateItem, found the item - strCacheId = app://ted (dircache)
04:16:14.802 T:3019094928 M:514785280 DEBUG: TouchThumbnailFile touch thumbnail file special://masterprofile/profiles/kitachan/Thumbnails/Pictures/6/6812da81.tbn size 15436 (thm)
04:16:14.803 T:2926467984 M:514785280 DEBUG: TouchThumbnailFile touch thumbnail file special://masterprofile/profiles/kitachan/Thumbnails/Pictures/5/58d7a57c.tbn already exist - update the average time total 1 files average time 495100284(thm)
04:16:14.803 T:2959281040 M:514785280 DEBUG: update ref map. url http://res.boxee.tv/title/movie/?id=567238 new ref_count 1 progress 0 (hcm)
04:16:14.804 T:2959281040 M:514785280 DEBUG: update expire time of url http://res.boxee.tv/title/movie/?id=567238 to the database (hcm)
04:16:14.805 T:2959281040 M:514785280 DEBUG: update ref map. url http://res.boxee.tv/title/movie/?id=567238 new ref_count 0 progress 0 (hcm)
04:16:14.808 T:2959281040 M:514785280 DEBUG: CRssFeed::ReadFeed - [strURL=http://res.boxee.tv/title/movie/?id=567238] is NOT HD. Load feed from URL returned [result=1][LastRetCode=200] (rssf)
04:16:14.810 T:2959281040 M:514785280 DEBUG: Channel thumbnail:
04:16:14.811 T:2959281040 M:514785280 DEBUG: CRssFeed::ReadFeed - open search, startIndex = -1, itemsPerPage = -1, totalResults = -1 (paging)
04:16:14.812 T:2959281040 M:514785280 DEBUG: Boxee: 09/01/12 10:16:14.8124#DEBUG#bxservicesmanager.cpp:232(IsRegisterToServices)#BXServicesManager::IsRegisterToServices - Enter function with [serviceIdentifier=mubi][identifierTypeEnum=1=NAME][ServicesListSize=3] (serv)
04:16:14.813 T:2959281040 M:514785280 DEBUG: Boxee: 09/01/12 10:16:14.8129#DEBUG#bxservicesmanager.cpp:276(IsRegisterToServices)#BXServicesManager::IsRegisterToServices - [serviceIdentifier=mubi] from type [1=NAME] WASN'T found in the ServicesList. Exit function and return FALSE (serv)
04:16:14.815 T:2959281040 M:514789376 DEBUG: Boxee: 09/01/12 10:16:14.8150#DEBUG#bxsourcesmanager.cpp:157(GetSources)#BXSourcesManager::GetSourcesList - Enter function (entitle)
04:16:14.818 T:2959281040 M:514789376 DEBUG: Boxee: 09/01/12 10:16:14.8182#DEBUG#bxsourcesmanager.cpp:201(GetSources)#BXSourcesManager::GetSourcesList - Exit function. After set [SourcesListSize=83] (source)
04:16:14.818 T:2959281040 M:514789376 DEBUG: CRssFeed::ParseItemElements, looking up premium provider:[id=mubi](premium)
04:16:14.820 T:2959281040 M:514789376 DEBUG: CRssFeed::ParseItemElements, looking up premium provider:[id=vudu](premium)
04:16:14.821 T:2959281040 M:514789376 DEBUG: CRssFeed::ParseItemElements, found premium provider [id=vudu][thumb=http://dir.boxee.tv/apps/providerthmb/vudu.png] (premium)
04:16:14.823 T:2959281040 M:514789376 DEBUG: BoxeeUtils::ResolveItem, for boxee id = 567238, items size = 1 (ri)
04:16:14.825 T:2954017680 M:514789376 DEBUG: TouchThumbnailFile touch thumbnail file special://masterprofile/profiles/kitachan/Thumbnails/Pictures/8/88945a93.tbn already exist - update the average time total 1 files average time 495100369(thm)
04:16:14.826 T:3019094928 M:514789376 DEBUG: TouchThumbnailFile touch thumbnail file special://masterprofile/profiles/kitachan/Thumbnails/Pictures/6/6812da81.tbn already exist - update the average time total 1 files average time 495100454(thm)
04:16:14.831 T:2959281040 M:514789376 DEBUG: CPictureThumbLoader::LoadItem - Item [label=Subscription][label2=MUBI][path=app://mubi/play?id=1457&ourl=http%3A%2F%2Fmubi.com%2Ffilms%2Fthe-beaches-of-agnes&title=The+Beaches+of+Agn%C3%A8s] is a folder. [folderCacheThumbPath=special://masterprofile/profiles/kitachan/Thumbnails/Pictures/4/4f4a52b4.tbn] (foldert)
04:16:14.832 T:2959281040 M:514789376 DEBUG: CPictureThumbLoader::LoadItem - CahceFolderThumb for item [label=Subscription][label2=MUBI][path=app://mubi/play?id=1457&ourl=http%3A%2F%2Fmubi.com%2Ffilms%2Fthe-beaches-of-agnes&title=The+Beaches+of+Agn%C3%A8s] DOESN'T exist. [OriginalThumb=] (foldert)
04:16:14.832 T:2959281040 M:514789376 DEBUG: CPictureThumbLoader::LoadItem - For item [label=Subscription][label2=MUBI][path=app://mubi/play?id=1457&ourl=http%3A%2F%2Fmubi.com%2Ffilms%2Fthe-beaches-of-agnes&title=The+Beaches+of+Agn%C3%A8s] going to return TRUE [Not queue for background loading] (foldert)
04:16:14.834 T:2959281040 M:514789376 DEBUG: CPictureThumbLoader::LoadItem - Item [label=Rent or Buy From $2.00][label2=Vudu][path=app://vudu/play?contentid=177350] is a folder. [folderCacheThumbPath=special://masterprofile/profiles/kitachan/Thumbnails/Pictures/3/310c4222.tbn] (foldert)
04:16:14.847 T:2959281040 M:514789376 DEBUG: CPictureThumbLoader::LoadItem - CahceFolderThumb for item [label=Rent or Buy From $2.00][label2=Vudu][path=app://vudu/play?contentid=177350] DOESN'T exist. [OriginalThumb=] (foldert)
04:16:14.848 T:2959281040 M:514789376 DEBUG: CPictureThumbLoader::LoadItem - For item [label=Rent or Buy From $2.00][label2=Vudu][path=app://vudu/play?contentid=177350] going to return TRUE [Not queue for background loading] (foldert)
04:16:15.182 T:2959281040 M:514027520 DEBUG: CDirectoryCache::UpdateItem, CACHE updating dirPath = feed://featured/?limit=15 , cacheId = , item = [B]The Beaches of Agnes[/B], path = app://mubi/play?id=1457&ourl=http%3A%2F%2Fmubi.com%2Ffilms%2Fthe-beaches-of-agnes&title=The+Beaches+of+Agn%C3%A8s (dircache)
04:16:15.182 T:2959281040 M:514027520 DEBUG: CDirectoryCache::UpdateItem, found the relevant dir - strDirPath = feed://featured/?limit=15 (dircache)
04:16:15.183 T:2959281040 M:514027520 DEBUG: TouchThumbnailFile touch thumbnail file special://masterprofile/profiles/kitachan/Thumbnails/Pictures/0/0a06699e.tbn size 40670 (thm)
04:16:15.184 T:2959281040 M:514027520 DEBUG: TouchThumbnailFile touch thumbnail file special://masterprofile/profiles/kitachan/Thumbnails/Pictures/0/0a06699e.tbn already exist - update the average time total 1 files average time 495100539(thm)
04:16:16.143 T:2958228368 M:513273856 DEBUG: Interface 5C:D9:98:80:48:F0 scan complete, found 4 hosts
04:16:16.143 T:2958228368 M:513273856 DEBUG: Interface A6:81:F1:DC:53:15, not connected
04:16:16.144 T:2958228368 M:513273856 DEBUG: Interface 74:F0:6D:9F:91:6D, not connected
04:16:16.144 T:2958228368 M:513273856 DEBUG: Mapping out hosts on interface 5C:D9:98:80:48:F0
04:16:16.275 T:2957175696 M:513273856 DEBUG: CNfsDirectory::GetDirectory - found 1 NFS devices
04:16:16.276 T:2957175696 M:513273856 DEBUG: Thread 2957175696 terminating (autodelete)
04:16:24.199 T:3071600416 M:513286144 DEBUG: (dbg) FreeMem 501256/643508 Kb, FPS 48.0, CPU0: 48.8% (46.2%) Loader Q:[0] Textures:[188 (48.36 M)] SERVER: [67.225.149.139] ver: 1.5.0.23422-c00ef17
04:16:24.200 T:3071600416 M:513286144 DEBUG: (dbg)
04:16:36.711 T:3071600416 M:513286144 DEBUG: (dbg) FreeMem 501256/643508 Kb, FPS 48.0, CPU0: 51.7% (47.0%) Loader Q:[0] Textures:[188 (48.36 M)] SERVER: [67.225.149.139] ver: 1.5.0.23422-c00ef17
04:16:36.712 T:3071600416 M:513286144 DEBUG: (dbg)
04:16:43.164 T:2960333712 M:513286144 DEBUG: Thread 2960333712 terminating (autodelete)
04:16:43.497 T:2958228368 M:513294336 DEBUG: Ignoring file shares from local host and workgroup folder [WORKGROUP]
04:16:49.241 T:3071600416 M:513294336 DEBUG: (dbg) FreeMem 501264/643508 Kb, FPS 48.0, CPU0: 51.8% (39.6%) Loader Q:[0] Textures:[188 (48.36 M)] SERVER: [67.225.149.139] ver: 1.5.0.23422-c00ef17
04:16:49.241 T:3071600416 M:513294336 DEBUG: (dbg)
04:17:01.819 T:3071600416 M:513220608 DEBUG: (dbg) FreeMem 501192/643508 Kb, FPS 48.0, CPU0: 50.6% (47.8%) Loader Q:[0] Textures:[188 (48.36 M)] SERVER: [67.225.149.139] ver: 1.5.0.23422-c00ef17
04:17:01.820 T:3071600416 M:513220608 DEBUG: (dbg)
04:17:03.746 T:3010329488 M:513286144 DEBUG: CProcessSlowJob::DoWork - Enter function. [server=1][internet=1][IsStoped=0] (wdpslow)
04:17:03.746 T:3010329488 M:513286144 DEBUG: CProcessSlowJob::DoWork - Exit function. [server=1][internet=1] (wdpslow)
04:17:03.930 T:3021200272 M:513286144 INFO: CCheckInternetConnectionJob::DoWork - Checking the internet connection. [server=1][internet=1][ConnectionToInternetChanged=0] (offline)
04:17:03.930 T:3021200272 M:513286144 DEBUG: WatchDog::CheckIsConnectedToInternet - Enter function. [server=1][internet=1]. [fromJob=1] (offline)(wd)
04:17:04.104 T:3021200272 M:513294336 DEBUG: WatchDog::CheckIsConnectedToInternet - Check [http://4.ping.boxee.tv/] return [1]. [server=1][internet=1]. [fromJob=1] (offline)(wd)
04:17:04.104 T:3021200272 M:513294336 DEBUG: WatchDog::CheckIsConnectedToInternet - Exit function and return TRUE. [server=1][internet=1]. [fromJob=1] (offline)(wd)
04:17:10.890 T:2961386384 M:513302528 DEBUG: CFileScanner::Process - going to scan VIDEO shares. [m_bPaused=0][m_bStop=0] (fs)
04:17:10.891 T:2961386384 M:513302528 DEBUG: CFileScanner::Process - going to scan MUSIC shares. [m_bPaused=0][m_bStop=0] (fs)
04:17:10.892 T:2961386384 M:513302528 DEBUG: CFileScanner::Process - going to scan USER paths [UserPathsSize=0]. [m_bPaused=0][m_bStop=0] (fs)
04:17:10.892 T:2961386384 M:513302528 DEBUG: CFileScanner::Process - BEFORE sleep for [180000ms]. [m_bPaused=0][m_bStop=0] (fs)
04:17:11.102 T:2962439056 M:513302528 DEBUG: Boxee: 09/01/12 10:17:11.1023#DEBUG#bxmetadataengine.cpp:379(EngineThread)#BXMetadataEngine::EngineThread, processing folders....(resolver)
04:17:12.606 T:2958228368 M:513302528 DEBUG: Done mapping interface 5C:D9:98:80:48:F0
04:17:12.607 T:2958228368 M:513302528 DEBUG: Network scan finished
04:17:12.607 T:2958228368 M:513302528 DEBUG: Thread 2958228368 terminating (autodelete)
04:17:14.365 T:3071600416 M:513310720 DEBUG: (dbg) FreeMem 501280/643508 Kb, FPS 48.0, CPU0: 55.3% (40.4%) Loader Q:[0] Textures:[188 (48.36 M)] SERVER: [67.225.149.139] ver: 1.5.0.23422-c00ef17
04:17:14.365 T:3071600416 M:513310720 DEBUG: (dbg)
04:17:26.911 T:3071600416 M:513318912 DEBUG: (dbg) FreeMem 501288/643508 Kb, FPS 48.0, CPU0: 50.4% (44.9%) Loader Q:[0] Textures:[188 (48.36 M)] SERVER: [67.225.149.139] ver: 1.5.0.23422-c00ef17
04:17:26.911 T:3071600416 M:513323008 DEBUG: (dbg)
04:17:39.423 T:3071600416 M:513323008 DEBUG: (dbg) FreeMem 501292/643508 Kb, FPS 48.0, CPU0: 52.6% (44.3%) Loader Q:[0] Textures:[188 (48.36 M)] SERVER: [67.225.149.139] ver: 1.5.0.23422-c00ef17
04:17:39.423 T:3071600416 M:513323008 DEBUG: (dbg)
04:17:51.969 T:3071600416 M:513323008 DEBUG: (dbg) FreeMem 501292/643508 Kb, FPS 48.0, CPU0: 48.6% (45.9%) Loader Q:[0] Textures:[188 (48.36 M)] SERVER: [67.225.149.139] ver: 1.5.0.23422-c00ef17
04:17:51.969 T:3071600416 M:513323008 DEBUG: (dbg)
04:18:02.062 T:3071600416 M:513306624 DEBUG: (dbg) FreeMem 501276/643508 Kb, FPS 48.0, CPU0: 50.2% (47.8%) Loader Q:[0] Textures:[188 (48.36 M)] SERVER: [67.225.149.139] ver: 1.5.0.23422-c00ef17
04:18:02.062 T:3071600416 M:513306624 DEBUG: (dbg)
04:18:03.749 T:3010329488 M:513306624 DEBUG: CProcessSlowJob::DoWork - Enter function. [server=1][internet=1][IsStoped=0] (wdpslow)
04:18:03.749 T:3010329488 M:513306624 NOTICE: Samba is idle. Closing the remaining connections
04:18:03.752 T:3010329488 M:513306624 DEBUG: CProcessSlowJob::DoWork - Exit function. [server=1][internet=1] (wdpslow)
04:18:04.109 T:3021200272 M:513306624 INFO: CCheckInternetConnectionJob::DoWork - Checking the internet connection. [server=1][internet=1][ConnectionToInternetChanged=0] (offline)
04:18:04.110 T:3021200272 M:513306624 DEBUG: WatchDog::CheckIsConnectedToInternet - Enter function. [server=1][internet=1]. [fromJob=1] (offline)(wd)
04:18:04.189 T:3021200272 M:513306624 DEBUG: WatchDog::CheckIsConnectedToInternet - Check [http://3.ping.boxee.tv/] return [1]. [server=1][internet=1]. [fromJob=1] (offline)(wd)
04:18:04.190 T:3021200272 M:513306624 DEBUG: WatchDog::CheckIsConnectedToInternet - Exit function and return TRUE. [server=1][internet=1]. [fromJob=1] (offline)(wd)
04:18:11.349 T:2962439056 M:513306624 DEBUG: Boxee: 09/01/12 10:18:11.3498#DEBUG#bxmetadataengine.cpp:379(EngineThread)#BXMetadataEngine::EngineThread, processing folders....(resolver)
04:18:14.607 T:3071600416 M:513306624 DEBUG: (dbg) FreeMem 501276/643508 Kb, FPS 48.0, CPU0: 49.6% (46.8%) Loader Q:[0] Textures:[188 (48.36 M)] SERVER: [67.225.149.139] ver: 1.5.0.23422-c00ef17
04:18:14.608 T:3071600416 M:513306624 DEBUG: (dbg)
04:18:27.136 T:3071600416 M:513310720 DEBUG: (dbg) FreeMem 501280/643508 Kb, FPS 48.0, CPU0: 48.6% (46.4%) Loader Q:[0] Textures:[188 (48.36 M)] SERVER: [67.225.149.139] ver: 1.5.0.23422-c00ef17
04:18:27.137 T:3071600416 M:513310720 DEBUG: (dbg)
04:18:39.649 T:3071600416 M:513310720 DEBUG: (dbg) FreeMem 501280/643508 Kb, FPS 48.0, CPU0: 51.9% (43.0%) Loader Q:[0] Textures:[188 (48.36 M)] SERVER: [67.225.149.139] ver: 1.5.0.23422-c00ef17
04:18:39.649 T:3071600416 M:513310720 DEBUG: (dbg)
04:18:52.228 T:3071600416 M:513236992 DEBUG: (dbg) FreeMem 501208/643508 Kb, FPS 48.0, CPU0: 49.4% (46.8%) Loader Q:[0] Textures:[188 (48.36 M)] SERVER: [67.225.149.139] ver: 1.5.0.23422-c00ef17
04:18:52.228 T:3071600416 M:513236992 DEBUG: (dbg)
04:19:03.752 T:3010329488 M:513310720 DEBUG: CProcessSlowJob::DoWork - Enter function. [server=1][internet=1][IsStoped=0] (wdpslow)
04:19:03.753 T:3010329488 M:513310720 DEBUG: CProcessSlowJob::DoWork - Exit function. [server=1][internet=1] (wdpslow)
04:19:04.192 T:3021200272 M:513310720 INFO: CCheckInternetConnectionJob::DoWork - Checking the internet connection. [server=1][internet=1][ConnectionToInternetChanged=0] (offline)
04:19:04.193 T:3021200272 M:513310720 DEBUG: WatchDog::CheckIsConnectedToInternet - Enter function. [server=1][internet=1]. [fromJob=1] (offline)(wd)
04:19:04.273 T:3021200272 M:513310720 DEBUG: WatchDog::CheckIsConnectedToInternet - Check [http://6.ping.boxee.tv/] return [1]. [server=1][internet=1]. [fromJob=1] (offline)(wd)
04:19:04.273 T:3021200272 M:513310720 DEBUG: WatchDog::CheckIsConnectedToInternet - Exit function and return TRUE. [server=1][internet=1]. [fromJob=1] (offline)(wd)
04:19:04.740 T:3071600416 M:513314816 DEBUG: (dbg) FreeMem 501284/643508 Kb, FPS 48.0, CPU0: 51.4% (47.2%) Loader Q:[0] Textures:[188 (48.36 M)] SERVER: [67.225.149.139] ver: 1.5.0.23422-c00ef17
04:19:04.740 T:3071600416 M:513314816 DEBUG: (dbg)
04:19:11.597 T:2962439056 M:513318912 DEBUG: Boxee: 09/01/12 10:19:11.5971#DEBUG#bxmetadataengine.cpp:379(EngineThread)#BXMetadataEngine::EngineThread, processing folders....(resolver)
04:19:17.252 T:3071600416 M:513318912 DEBUG: (dbg) FreeMem 501288/643508 Kb, FPS 48.0, CPU0: 49.2% (47.2%) Loader Q:[0] Textures:[188 (48.36 M)] SERVER: [67.225.149.139] ver: 1.5.0.23422-c00ef17
04:19:17.253 T:3071600416 M:513318912 DEBUG: (dbg)
04:19:29.781 T:3071600416 M:513318912 DEBUG: (dbg) FreeMem 501288/643508 Kb, FPS 48.0, CPU0: 50.2% (42.7%) Loader Q:[0] Textures:[188 (48.36 M)] SERVER: [67.225.149.139] ver: 1.5.0.23422-c00ef17
04:19:29.782 T:3071600416 M:513318912 DEBUG: (dbg)
04:19:42.360 T:3071600416 M:513245184 DEBUG: (dbg) FreeMem 501216/643508 Kb, FPS 48.0, CPU0: 51.6% (45.5%) Loader Q:[0] Textures:[188 (48.36 M)] SERVER: [67.225.149.139] ver: 1.5.0.23422-c00ef17
04:19:42.361 T:3071600416 M:513245184 DEBUG: (dbg)
04:19:54.872 T:3071600416 M:513318912 DEBUG: (dbg) FreeMem 501288/643508 Kb, FPS 48.0, CPU0: 56.7% (36.9%) Loader Q:[0] Textures:[188 (48.36 M)] SERVER: [67.225.149.139] ver: 1.5.0.23422-c00ef17
04:19:54.873 T:3071600416 M:513318912 DEBUG: (dbg)
04:20:03.756 T:3010329488 M:513318912 DEBUG: CProcessSlowJob::DoWork - Enter function. [server=1][internet=1][IsStoped=0] (wdpslow)
04:20:03.756 T:3010329488 M:513318912 DEBUG: CProcessSlowJob::DoWork - Exit function. [server=1][internet=1] (wdpslow)
04:20:04.276 T:3021200272 M:513318912 INFO: CCheckInternetConnectionJob::DoWork - Checking the internet connection. [server=1][internet=1][ConnectionToInternetChanged=0] (offline)
04:20:04.276 T:3021200272 M:513318912 DEBUG: WatchDog::CheckIsConnectedToInternet - Enter function. [server=1][internet=1]. [fromJob=1] (offline)(wd)
04:20:04.445 T:3021200272 M:513318912 DEBUG: WatchDog::CheckIsConnectedToInternet - Check [http://8.ping.boxee.tv/] return [1]. [server=1][internet=1]. [fromJob=1] (offline)(wd)
04:20:04.445 T:3021200272 M:513318912 DEBUG: WatchDog::CheckIsConnectedToInternet - Exit function and return TRUE. [server=1][internet=1]. [fromJob=1] (offline)(wd)
04:20:07.435 T:3071600416 M:513318912 DEBUG: (dbg) FreeMem 501288/643508 Kb, FPS 48.0, CPU0: 50.4% (44.3%) Loader Q:[0] Textures:[188 (48.36 M)] SERVER: [67.225.149.139] ver: 1.5.0.23422-c00ef17
04:20:07.435 T:3071600416 M:513318912 DEBUG: (dbg)
04:20:10.896 T:2961386384 M:513323008 DEBUG: CFileScanner::Process - AFTER sleep for [180000ms]. [m_bPaused=0][m_bStop=0] (fs)
04:20:10.897 T:2961386384 M:513323008 DEBUG: CFileScanner::Process - going to scan VIDEO shares. [m_bPaused=0][m_bStop=0] (fs)
04:20:10.897 T:2961386384 M:513323008 DEBUG: CFileScanner::Process - going to scan MUSIC shares. [m_bPaused=0][m_bStop=0] (fs)
04:20:10.898 T:2961386384 M:513323008 DEBUG: CFileScanner::Process - going to scan USER paths [UserPathsSize=0]. [m_bPaused=0][m_bStop=0] (fs)
04:20:10.899 T:2961386384 M:513323008 DEBUG: CFileScanner::Process - BEFORE sleep for [180000ms]. [m_bPaused=0][m_bStop=0] (fs)
