04:16:08.171 T:2968755088 M:529928192 DEBUG: Boxee: 09/01/12 10:16:08.1717#DEBUG#bxservicesmanager.cpp:333(DoWork)#RequestServicesListFromServerTask::DoWork - After LoadFromURL. [lastRetCode=200][isLoaded=0][size=3][currSize=0] (serv)
04:16:08.172 T:2968755088 M:529928192 DEBUG: Boxee: 09/01/12 10:16:08.1722#DEBUG#bxservicesmanager.cpp:86(CopyServicesList)#BXServicesManager::CopyServicesList - going to copy servicesList [size=3]. [currSize=0] (serv)
04:16:08.172 T:2968755088 M:529932288 DEBUG: Boxee: 09/01/12 10:16:08.1726#DEBUG#bxservicesmanager.cpp:346(DoWork)#RequestServicesListFromServerTask::DoWork - Exit function (serv)
04:16:08.173 T:2967702416 M:529932288 DEBUG: CHttpCacheManager::DoneCachingURL - about to delete http://app.boxee.tv/api/bookmarks (hcm) from database
04:16:08.174 T:2967702416 M:529928192 DEBUG: CHttpCacheManager::RemoveFromRefMap remove url http://app.boxee.tv/api/bookmarks (hcm)
04:16:08.175 T:2967702416 M:529928192 DEBUG: CHttpCacheManager::UpdateRefMap Can not decrease ref count to new object http://app.boxee.tv/api/bookmarks (hcm)
04:16:08.176 T:2967702416 M:529928192 DEBUG: Boxee: 09/01/12 10:16:08.1761#DEBUG#bxwebfavoritesmanager.cpp:256(DoWork)#RequestWebFavoritesListFromServerTask::DoWork - Exit function (subs)
04:16:08.178 T:2966649744 M:529928192 DEBUG: update ref map. url http://app.boxee.tv/titles/sources new ref_count 1 progress 0 (hcm)
04:16:08.179 T:2966649744 M:529928192 DEBUG: CHttpCacheManager::StartCachingURL push http://app.boxee.tv/titles/sources to m_references (hcm)
04:16:08.189 T:2971917200 M:529936384 DEBUG: update ref map. url http://app.boxee.tv/api/get_queue?ot=tv_show new ref_count 1 progress 0 (hcm)
04:16:08.191 T:2971917200 M:529936384 DEBUG: insert http://app.boxee.tv/api/get_queue?ot=tv_show to the database (hcm)
04:16:08.193 T:2971917200 M:529936384 DEBUG: update ref map. url http://app.boxee.tv/api/get_queue?ot=tv_show new ref_count 0 progress 0 (hcm)
04:16:08.211 T:2971917200 M:529936384 DEBUG: Boxee: 09/01/12 10:16:08.2112#DEBUG#bxqueuemanager.cpp:227(GetQueueSize)#BXQueueManager::GetQueueSize - for queueList [queueType=1=tv_show] return [size=0] (queue)
04:16:08.211 T:2971917200 M:529936384 DEBUG: Boxee: 09/01/12 10:16:08.2118#DEBUG#bxqueuemanager.cpp:448(DoWork)#RequestQueueListFromServerTask::DoWork - for [typeId=1=tv_show]. [lastRetCode=200][isLoaded=0][size=21][currSize=0] (queue)
04:16:08.212 T:2971917200 M:529936384 DEBUG: Boxee: 09/01/12 10:16:08.2121#DEBUG#bxqueuemanager.cpp:227(GetQueueSize)#BXQueueManager::GetQueueSize - for queueList [queueType=1=tv_show] return [size=0] (queue)
04:16:08.212 T:2971917200 M:529936384 DEBUG: Boxee: 09/01/12 10:16:08.2125#DEBUG#bxqueuemanager.cpp:101(CopyQueueList)#BXQueueManager::CopyQueueList - going to copy queueList [queueType=1=tv_show][size=21]. [currSize=0] (queue)
04:16:08.219 T:2971917200 M:529936384 DEBUG: update ref map. url http://app.boxee.tv/api/get_queue?ot=movie new ref_count 1 progress 0 (hcm)
04:16:08.220 T:2971917200 M:529936384 DEBUG: CHttpCacheManager::StartCachingURL push http://app.boxee.tv/api/get_queue?ot=movie to m_references (hcm)
04:16:08.226 T:2969811856 M:529928192 DEBUG: Boxee: 09/01/12 10:16:08.2259#DEBUG#bxfeaturedmanager.cpp:157(DoWork)#RequestFeaturedListFromServerTask::DoWork - Enter function (feat)
04:16:08.226 T:2969811856 M:529928192 DEBUG: Boxee: 09/01/12 10:16:08.2265#DEBUG#bxfeaturedmanager.cpp:212(CanExecute)#RequestFeaturedListFromServerTask::CanExecute - Enter function.[isLoaded=0] (feat)
04:16:08.227 T:2969811856 M:529928192 DEBUG: Boxee: 09/01/12 10:16:08.2269#DEBUG#bxfeaturedmanager.cpp:222(CanExecute)#RequestFeaturedListFromServerTask::CanExecute - [isLoaded=0] -> return TRUE (feat)
04:16:08.229 T:2969811856 M:529928192 DEBUG: update ref map. url http://app.boxee.tv/api/get_featured new ref_count 1 progress 0 (hcm)
04:16:08.229 T:2969811856 M:529928192 DEBUG: CHttpCacheManager::StartCachingURL push http://app.boxee.tv/api/get_featured to m_references (hcm)
04:16:08.234 T:3019094928 M:529928192 DEBUG: Boxee: 09/01/12 10:16:08.2342#DEBUG#bxcscmanager.cpp:125(InitializeUserLists)#CBoxeeClientServerComManager::InitializeUserListsNow - Going to initialize APPBOX-APPS_LIST (bcscm)(appbox)
04:16:08.235 T:2972969872 M:529920000 DEBUG: Boxee: 09/01/12 10:16:08.2351#DEBUG#bxappboxmanager.cpp:509(DoWork)#RequestAppBoxBoxeeApplicationsListFromServerTask::DoWork - Enter function (appbox)
04:16:08.571 T:3019094928 M:529981440 DEBUG: Boxee: 09/01/12 10:16:08.5714#DEBUG#bxcscmanager.cpp:128(InitializeUserLists)#CBoxeeClientServerComManager::InitializeUserListsNow - Going to initialize APPBOX-POPU_LIST (bcscm)(appbox)
04:16:08.572 T:2966649744 M:529973248 DEBUG: update ref map. url http://app.boxee.tv/titles/sources new ref_count 1 progress 0 (hcm)
04:16:08.573 T:2966649744 M:529973248 DEBUG: insert http://app.boxee.tv/titles/sources to the database (hcm)
04:16:08.575 T:2966649744 M:529973248 DEBUG: update ref map. url http://app.boxee.tv/titles/sources new ref_count 0 progress 0 (hcm)
04:16:08.578 T:2971917200 M:529973248 DEBUG: update ref map. url http://app.boxee.tv/api/get_queue?ot=movie new ref_count 1 progress 0 (hcm)
04:16:08.580 T:2971917200 M:529973248 DEBUG: insert http://app.boxee.tv/api/get_queue?ot=movie to the database (hcm)
04:16:08.581 T:2971917200 M:529973248 DEBUG: update ref map. url http://app.boxee.tv/api/get_queue?ot=movie new ref_count 0 progress 0 (hcm)
04:16:08.585 T:2971917200 M:529973248 DEBUG: Boxee: 09/01/12 10:16:08.5854#DEBUG#bxqueuemanager.cpp:227(GetQueueSize)#BXQueueManager::GetQueueSize - for queueList [queueType=2=movie] return [size=0] (queue)
04:16:08.586 T:2971917200 M:529973248 DEBUG: Boxee: 09/01/12 10:16:08.5861#DEBUG#bxqueuemanager.cpp:448(DoWork)#RequestQueueListFromServerTask::DoWork - for [typeId=2=movie]. [lastRetCode=200][isLoaded=0][size=5][currSize=0] (queue)
04:16:08.586 T:2971917200 M:529973248 DEBUG: Boxee: 09/01/12 10:16:08.5865#DEBUG#bxqueuemanager.cpp:227(GetQueueSize)#BXQueueManager::GetQueueSize - for queueList [queueType=2=movie] return [size=0] (queue)
04:16:08.587 T:2971917200 M:529973248 DEBUG: Boxee: 09/01/12 10:16:08.5869#DEBUG#bxqueuemanager.cpp:101(CopyQueueList)#BXQueueManager::CopyQueueList - going to copy queueList [queueType=2=movie][size=5]. [currSize=0] (queue)
04:16:08.590 T:2971917200 M:529973248 DEBUG: update ref map. url http://app.boxee.tv/api/get_queue?ot=all new ref_count 1 progress 0 (hcm)
04:16:08.603 T:2971917200 M:529891328 DEBUG: CHttpCacheManager::StartCachingURL push http://app.boxee.tv/api/get_queue?ot=all to m_references (hcm)
04:16:08.606 T:2969811856 M:529891328 DEBUG: update ref map. url http://app.boxee.tv/api/get_featured new ref_count 1 progress 0 (hcm)
04:16:08.608 T:2969811856 M:529891328 DEBUG: insert http://app.boxee.tv/api/get_featured to the database (hcm)
04:16:08.609 T:2969811856 M:529891328 DEBUG: update ref map. url http://app.boxee.tv/api/get_featured new ref_count 0 progress 0 (hcm)
04:16:08.625 T:2966649744 M:529891328 DEBUG: Boxee: 09/01/12 10:16:08.6022#DEBUG#bxsourcesmanager.cpp:481(DoWork)#RequestSourcesListFromServerTask::DoWork - After LoadFromURL. [lastRetCode=200][isLoaded=0][size=83][currSize=0] (source)
04:16:08.625 T:2966649744 M:529891328 DEBUG: Boxee: 09/01/12 10:16:08.6256#DEBUG#bxsourcesmanager.cpp:100(CopySourcesList)#BXSourcesManager::CopyServicesList - going to copy sourcesList [size=83]. [currSize=0][vectorChanged=1] (source)
04:16:08.638 T:2966649744 M:529764352 DEBUG: BXSourcesManager::CopySourcesList - there was a change in the vector. sending update to the menu (source)
04:16:08.639 T:2966649744 M:529764352 ERROR: CBoxeeBrowseMenuManager::ClearMenu - FAILED to find menu [id=mn_library_movies_providers] in MenuMap. [path=] (bm)
04:16:08.639 T:2966649744 M:529764352 ERROR: CBoxeeBrowseMenuManager::ClearMenu - FAILED to find menu [id=mn_library_shows_providers] in MenuMap. [path=] (bm)
04:16:08.639 T:2966649744 M:529764352 DEBUG: Boxee: 09/01/12 10:16:08.6398#DEBUG#bxsourcesmanager.cpp:494(DoWork)#RequestSourcesListFromServerTask::DoWork - Exit function (source)
04:16:08.648 T:2969811856 M:529764352 DEBUG: Boxee: 09/01/12 10:16:08.6483#DEBUG#bxfeaturedmanager.cpp:180(DoWork)#RequestFeaturedListFromServerTask::DoWork - After LoadFromURL. [lastRetCode=200][isLoaded=0][size=40][currSize=0] (feat)
04:16:08.648 T:2969811856 M:529764352 DEBUG: Boxee: 09/01/12 10:16:08.6488#DEBUG#bxfeaturedmanager.cpp:84(CopyFeaturedList)#BXFeaturedManager::CopyFeaturedList - going to copy featuredList [size=40]. [currSize=0] (feat)
04:16:08.651 T:2967702416 M:529641472 DEBUG: Boxee: 09/01/12 10:16:08.6509#DEBUG#bxappboxmanager.cpp:610(DoWork)#RequestAppBoxPopularitiesListFromServerTask::DoWork - Enter function (appbox)(popu)
04:16:08.653 T:2967702416 M:529641472 DEBUG: update ref map. url http://app.boxee.tv/applications/popularity new ref_count 1 progress 0 (hcm)
04:16:08.653 T:2967702416 M:529641472 DEBUG: CHttpCacheManager::StartCachingURL push http://app.boxee.tv/applications/popularity to m_references (hcm)
04:16:08.661 T:3019094928 M:529641472 DEBUG: Boxee: 09/01/12 10:16:08.6611#DEBUG#bxcscmanager.cpp:131(InitializeUserLists)#CBoxeeClientServerComManager::InitializeUserListsNow - Going to initialize APPBOX-REPOS_LIST (bcscm)(repos)
04:16:08.661 T:3019094928 M:529633280 DEBUG: Boxee: 09/01/12 10:16:08.6618#DEBUG#bxcscmanager.cpp:134(InitializeUserLists)#CBoxeeClientServerComManager::InitializeUserListsNow - Going to initialize APPBOX-CATEGORIES_LIST (bcscm)(appcategories)
04:16:08.662 T:3019094928 M:529625088 DEBUG: Boxee: 09/01/12 10:16:08.6623#DEBUG#bxcscmanager.cpp:137(InitializeUserLists)#CBoxeeClientServerComManager::InitializeUserListsNow - Going to initialize APPBOX-REPOS_LIST (bcscm)(genres)
04:16:08.663 T:2968755088 M:529616896 DEBUG: Boxee: 09/01/12 10:16:08.6630#DEBUG#bxappboxmanager.cpp:667(DoWork)#RequestAppBoxRepositoriesListFromServerTask::DoWork - Enter function (repos)
04:16:08.665 T:2968755088 M:529616896 DEBUG: update ref map. url http://app.boxee.tv/api/get_repositories new ref_count 1 progress 0 (hcm)
04:16:08.996 T:2968755088 M:529641472 DEBUG: CHttpCacheManager::StartCachingURL push http://app.boxee.tv/api/get_repositories to m_references (hcm)
04:16:08.999 T:2972969872 M:529641472 DEBUG: update ref map. url http://app.boxee.tv/appindex/dlink.dsm380/1.5.0?adult=no&geo=us®ionsku=US&serialnumber=QL011AA002986 new ref_count 1 progress 0 (hcm)
04:16:08.999 T:2972969872 M:529641472 DEBUG: CHttpCacheManager::StartCachingURL push http://app.boxee.tv/appindex/dlink.dsm380/1.5.0?adult=no&geo=us®ionsku=US&serialnumber=QL011AA002986 to m_references (hcm)
04:16:09.000 T:2969811856 M:529641472 DEBUG: Boxee: 09/01/12 10:16:08.6700#DEBUG#bxfeaturedmanager.cpp:202(DoWork)#RequestFeaturedListFromServerTask::DoWork - Exit function (feat)
04:16:09.002 T:2965597072 M:529641472 DEBUG: Boxee: 09/01/12 10:16:08.19#DEBUG#bxappboxmanager.cpp:784(DoWork)#RequestAppsCategoriesListFromServerTask::DoWork - Enter function (categories)
04:16:09.005 T:2966649744 M:529641472 DEBUG: Boxee: 09/01/12 10:16:09.54#DEBUG#bxgenresmanager.cpp:248(DoWork)#CRequestVideoGenresListFromServerTask::DoWork - Enter function (genres)
04:16:09.008 T:2966649744 M:529641472 DEBUG: update ref map. url http://res.boxee.tv/titles/genres?type=movie&lang=en new ref_count 1 progress 0 (hcm)
04:16:09.008 T:2966649744 M:529641472 DEBUG: CHttpCacheManager::StartCachingURL push http://res.boxee.tv/titles/genres?type=movie&lang=en to m_references (hcm)
04:16:09.009 T:2970864528 M:529641472 DEBUG: Boxee: 09/01/12 10:16:09.90#DEBUG#bxgenresmanager.cpp:248(DoWork)#CRequestVideoGenresListFromServerTask::DoWork - Enter function (genres)
04:16:09.011 T:2970864528 M:529641472 DEBUG: update ref map. url http://res.boxee.tv/titles/genres?type=tv&lang=en new ref_count 1 progress 0 (hcm)
04:16:09.011 T:2970864528 M:529641472 DEBUG: CHttpCacheManager::StartCachingURL push http://res.boxee.tv/titles/genres?type=tv&lang=en to m_references (hcm)
04:16:09.012 T:2964544400 M:529641472 DEBUG: Boxee: 09/01/12 10:16:09.120#DEBUG#bxgenresmanager.cpp:339(DoWork)#CRequestBadWordsListFromServerTask::DoWork - Enter function (badwords)
04:16:09.012 T:3019094928 M:529641472 DEBUG: Boxee: 09/01/12 10:16:09.127#DEBUG#bxcscmanager.cpp:140(InitializeUserLists)#CBoxeeClientServerComManager::InitializeUserListsNow - Going to initialize MOVIE_TRAILER_LIST (bcscm)(trailers)
04:16:09.023 T:2964544400 M:529608704 DEBUG: update ref map. url http://res.boxee.tv/title/badwords new ref_count 1 progress 0 (hcm)
04:16:09.024 T:2964544400 M:529612800 DEBUG: CHttpCacheManager::StartCachingURL push http://res.boxee.tv/title/badwords to m_references (hcm)
04:16:09.026 T:2965597072 M:529612800 DEBUG: update ref map. url http://res.boxee.tv/applications/categories?lang=en new ref_count 1 progress 0 (hcm)
04:16:09.030 T:2965597072 M:529612800 DEBUG: CHttpCacheManager::StartCachingURL push http://res.boxee.tv/applications/categories?lang=en to m_references (hcm)
04:16:09.053 T:2969811856 M:529612800 DEBUG: Boxee: 09/01/12 10:16:09.532#DEBUG#bxtrailersmanager.cpp:127(DoWork)#CRequestVideoTrailersListFromServerTask::DoWork - Enter function (trailer)
04:16:09.055 T:2969811856 M:529612800 DEBUG: update ref map. url http://res.boxee.tv/titles/trailersections?lang=en new ref_count 1 progress 0 (hcm)
04:16:09.056 T:2969811856 M:529612800 DEBUG: CHttpCacheManager::StartCachingURL push http://res.boxee.tv/titles/trailersections?lang=en to m_references (hcm)
04:16:09.063 T:3019094928 M:529477632 DEBUG: Boxee: 09/01/12 10:16:09.630#DEBUG#bxcscmanager.cpp:143(InitializeUserLists)#CBoxeeClientServerComManager::InitializeUserListsNow - Going to initialize EXCLUDED SOURCES (bcscm)(cf)
04:16:09.064 T:2963491728 M:529469440 DEBUG: Boxee: 09/01/12 10:16:09.642#DEBUG#bxsourcesmanager.cpp:515(DoWork)#RequestExcludedSourcesFromServerTask::DoWork - Enter function (cf)
04:16:09.066 T:2963491728 M:529469440 DEBUG: update ref map. url http://app.boxee.tv/api/excluded_sources new ref_count 1 progress 0 (hcm)
04:16:09.067 T:2963491728 M:529469440 DEBUG: CHttpCacheManager::StartCachingURL push http://app.boxee.tv/api/excluded_sources to m_references (hcm)
04:16:09.073 T:3019094928 M:529461248 DEBUG: Boxee: 09/01/12 10:16:09.729#DEBUG#bxcscmanager.cpp:146(InitializeUserLists)#CBoxeeClientServerComManager::InitializeUserListsNow - Exit function. Going to return TRUE (bcscm)
04:16:09.073 T:3019094928 M:529461248 DEBUG: Boxee: 09/01/12 10:16:09.736#DEBUG#bxcscmanager.cpp:153(AddUserListsToScheduleTaskManager)#CBoxeeClientServerComManager::AddUserListsToScheduleTaskManager - Enter function (bcscm)
04:16:09.074 T:3019094928 M:529461248 DEBUG: Boxee: 09/01/12 10:16:09.740#DEBUG#bxcscmanager.cpp:157(AddUserListsToScheduleTaskManager)#CBoxeeClientServerComManager::AddUserListsToScheduleTaskManager - Going to add RECOMMENDATION task (bcscm)(rec)
04:16:09.074 T:3019094928 M:529461248 DEBUG: Boxee: 09/01/12 10:16:09.745#DEBUG#bxcscmanager.cpp:161(AddUserListsToScheduleTaskManager)#CBoxeeClientServerComManager::AddUserListsToScheduleTaskManager - Going to add QUEUE (bcscm)(queue)
04:16:09.075 T:3019094928 M:529461248 DEBUG: Boxee: 09/01/12 10:16:09.754#DEBUG#bxcscmanager.cpp:169(AddUserListsToScheduleTaskManager)#CBoxeeClientServerComManager::AddUserListsToScheduleTaskManager - Going to add APPS (bcscm)(apps)
04:16:09.075 T:3019094928 M:529461248 DEBUG: Boxee: 09/01/12 10:16:09.758#DEBUG#bxcscmanager.cpp:173(AddUserListsToScheduleTaskManager)#CBoxeeClientServerComManager::AddUserListsToScheduleTaskManager - Going to add SUBSCRIPTION (bcscm)(subs)
04:16:09.408 T:3019094928 M:529457152 DEBUG: Boxee: 09/01/12 10:16:09.4068#DEBUG#bxcscmanager.cpp:177(AddUserListsToScheduleTaskManager)#CBoxeeClientServerComManager::AddUserListsToScheduleTaskManager - Going to add WEBFAVORITES (bcscm)(subs)
04:16:09.409 T:3019094928 M:529457152 DEBUG: Boxee: 09/01/12 10:16:09.4091#DEBUG#bxcscmanager.cpp:181(AddUserListsToScheduleTaskManager)#CBoxeeClientServerComManager::AddUserListsToScheduleTaskManager - Going to add SERVICES (bcscm)(serv)
04:16:09.409 T:3019094928 M:529457152 DEBUG: Boxee: 09/01/12 10:16:09.4095#DEBUG#bxcscmanager.cpp:189(AddUserListsToScheduleTaskManager)#CBoxeeClientServerComManager::AddUserListsToScheduleTaskManager - Going to add SOURCES (bcscm)(entitle)
04:16:09.409 T:3019094928 M:529457152 DEBUG: Boxee: 09/01/12 10:16:09.4099#DEBUG#bxcscmanager.cpp:193(AddUserListsToScheduleTaskManager)#CBoxeeClientServerComManager::AddUserListsToScheduleTaskManager - Going to add FEATURED (bcscm)(feat)
04:16:09.410 T:3019094928 M:529461248 DEBUG: Boxee: 09/01/12 10:16:09.4102#DEBUG#bxcscmanager.cpp:197(AddUserListsToScheduleTaskManager)#CBoxeeClientServerComManager::AddUserListsToScheduleTaskManager - Going to add APPBOX-APPS_LIST (bcscm)(appbox)
04:16:09.410 T:3019094928 M:529461248 DEBUG: Boxee: 09/01/12 10:16:09.4106#DEBUG#bxcscmanager.cpp:201(AddUserListsToScheduleTaskManager)#CBoxeeClientServerComManager::AddUserListsToScheduleTaskManager - Going to add APPBOX-POPU_LIST (bcscm)(appbox)
04:16:09.411 T:3019094928 M:529461248 DEBUG: Boxee: 09/01/12 10:16:09.4111#DEBUG#bxcscmanager.cpp:205(AddUserListsToScheduleTaskManager)#CBoxeeClientServerComManager::AddUserListsToScheduleTaskManager - Going to add APPBOX-REPOS_LIST (bcscm)(repos)
04:16:09.411 T:3019094928 M:529461248 DEBUG: Boxee: 09/01/12 10:16:09.4116#DEBUG#bxcscmanager.cpp:209(AddUserListsToScheduleTaskManager)#CBoxeeClientServerComManager::AddUserListsToScheduleTaskManager - Going to add APPBOX-CATEGORIES (bcscm)(appcategories)
04:16:09.412 T:3019094928 M:529461248 DEBUG: Boxee: 09/01/12 10:16:09.4119#DEBUG#bxcscmanager.cpp:213(AddUserListsToScheduleTaskManager)#CBoxeeClientServerComManager::AddUserListsToScheduleTaskManager - Going to add MOVIE_TRAILERS_LIST (bcscm)(trailers)
04:16:09.412 T:3019094928 M:529461248 DEBUG: Boxee: 09/01/12 10:16:09.4124#DEBUG#bxcscmanager.cpp:217(AddUserListsToScheduleTaskManager)#CBoxeeClientServerComManager::AddUserListsToScheduleTaskManager - Exit function. Going to return TRUE (bcscm)
04:16:09.412 T:3019094928 M:529461248 DEBUG: CApplication::PostLoginInitializations - Enter function (login)
04:16:09.413 T:3019094928 M:529461248 DEBUG: CApplication::BoxeePostLoginInitializations - Enter function (login)
04:16:09.416 T:2967702416 M:529477632 DEBUG: update ref map. url http://app.boxee.tv/applications/popularity new ref_count 1 progress 0 (hcm)
04:16:09.419 T:2967702416 M:529481728 DEBUG: insert http://app.boxee.tv/applications/popularity to the database (hcm)
04:16:09.420 T:2967702416 M:529481728 DEBUG: update ref map. url http://app.boxee.tv/applications/popularity new ref_count 0 progress 0 (hcm)
04:16:09.423 T:2971917200 M:529481728 DEBUG: update ref map. url http://app.boxee.tv/api/get_queue?ot=all new ref_count 1 progress 0 (hcm)
04:16:09.427 T:2971917200 M:529481728 DEBUG: insert http://app.boxee.tv/api/get_queue?ot=all to the database (hcm)
04:16:09.432 T:2971917200 M:529485824 DEBUG: update ref map. url http://app.boxee.tv/api/get_queue?ot=all new ref_count 0 progress 0 (hcm)
04:16:09.435 T:2968755088 M:529485824 DEBUG: CHttpCacheManager::DoneCachingURL - about to delete http://app.boxee.tv/api/get_repositories (hcm) from database
04:16:09.436 T:2968755088 M:529481728 DEBUG: CHttpCacheManager::RemoveFromRefMap remove url http://app.boxee.tv/api/get_repositories (hcm)
04:16:09.437 T:2968755088 M:529481728 DEBUG: CHttpCacheManager::UpdateRefMap Can not decrease ref count to new object http://app.boxee.tv/api/get_repositories (hcm)
04:16:09.438 T:2968755088 M:529481728 DEBUG: Boxee: 09/01/12 10:16:09.4383#DEBUG#bxappboxmanager.cpp:690(DoWork)#RequestAppBoxRepositoriesListFromServerTask::DoWork - After LoadFromURL. [lastRetCode=200][isLoaded=0][size=0][currSize=0] (repos)
04:16:09.438 T:2968755088 M:529481728 DEBUG: Boxee: 09/01/12 10:16:09.4388#DEBUG#bxappboxmanager.cpp:407(CopyAppBoxRepositoriesList)#BXAppBoxManager::CopyAppBoxRepositoriesList - going to copy appBoxRepositoriesList [size=0]. [currSize=0] (repos)
04:16:09.439 T:2968755088 M:529481728 DEBUG: Boxee: 09/01/12 10:16:09.4393#DEBUG#bxappboxmanager.cpp:702(DoWork)#RequestAppBoxRepositoriesListFromServerTask::DoWork - Going to call BuildRepositoriesApplicationsList. [NumOfRepositories=0] (repos)
04:16:09.769 T:2968755088 M:529661952 DEBUG: Boxee: 09/01/12 10:16:09.7698#DEBUG#bxappboxmanager.cpp:720(BuildRepositoriesApplicationsList)#RequestAppBoxRepositoriesListFromServerTask::BuildRepositoriesApplicationsList - Enter function. [NumOfRepositories=0] (repos)
04:16:09.770 T:2968755088 M:529666048 DEBUG: Boxee: 09/01/12 10:16:09.7705#DEBUG#bxappboxmanager.cpp:708(DoWork)#RequestAppBoxRepositoriesListFromServerTask::DoWork - Call to BuildRepositoriesApplicationsList for [NumOfRepositories=0] returned [appBox3rdPartyRepositoriesApplicationsMapSize=0] (repos)
04:16:09.771 T:2968755088 M:529666048 DEBUG: Boxee: 09/01/12 10:16:09.7710#DEBUG#bxappboxmanager.cpp:198(CopyAppBox3rdPartyRepositoriesApplicationsList)#BXAppBoxManager::CopyAppBox3rdPartyRepositoriesApplicationsList - Enter function. [NumOf3rdPartysList=0][IsRepositoriesMapLoaded=0] (repos)
04:16:09.771 T:2968755088 M:529666048 DEBUG: Boxee: 09/01/12 10:16:09.7713#DEBUG#bxappboxmanager.cpp:221(CopyAppBox3rdPartyRepositoriesApplicationsList)#BXAppBoxManager::CopyAppBox3rdPartyRepositoriesApplicationsList - Exit function. [NumOf3rdPartysList=0][IsRepositoriesMapLoaded=1] (repos)
04:16:09.771 T:2968755088 M:529666048 DEBUG: Boxee: 09/01/12 10:16:09.7717#DEBUG#bxappboxmanager.cpp:713(DoWork)#RequestAppBoxRepositoriesListFromServerTask::DoWork - Exit function (repos)
04:16:09.772 T:2968755088 M:529666048 DEBUG: Boxee: 09/01/12 10:16:09.7720#DEBUG#bxtrailersmanager.cpp:127(DoWork)#CRequestVideoTrailersListFromServerTask::DoWork - Enter function (trailer)
04:16:09.773 T:3019094928 M:529539072 WARNING: CHttpCacheManager::Deinitialize - url has open event handle
04:16:09.773 T:3019094928 M:529539072 WARNING: CHttpCacheManager::Deinitialize - url has open event handle
04:16:09.773 T:3019094928 M:529539072 WARNING: CHttpCacheManager::Deinitialize - url has open event handle
04:16:09.773 T:3019094928 M:529539072 WARNING: CHttpCacheManager::Deinitialize - url has open event handle
04:16:09.774 T:3019094928 M:529539072 WARNING: CHttpCacheManager::Deinitialize - url has 1 open references
04:16:09.775 T:3019094928 M:529539072 WARNING: CHttpCacheManager::Deinitialize - url has 1 open references
04:16:09.775 T:3019094928 M:529539072 WARNING: CHttpCacheManager::Deinitialize - url has 1 open references
04:16:09.776 T:3019094928 M:529539072 WARNING: CHttpCacheManager::Deinitialize - url has 1 open references
04:16:09.776 T:3019094928 M:529539072 WARNING: CHttpCacheManager::Deinitialize - url has 1 open references
04:16:09.776 T:3019094928 M:529539072 WARNING: CHttpCacheManager::Deinitialize - url has 1 open references
04:16:09.776 T:3019094928 M:529539072 WARNING: CHttpCacheManager::Deinitialize - url has 1 open references
04:16:09.777 T:3019094928 M:529539072 DEBUG: CHttpCacheManager::ClearRefMap
04:16:09.778 T:2966649744 M:529539072 DEBUG: update ref map. url http://res.boxee.tv/titles/genres?type=movie&lang=en new ref_count 0 progress 0 (hcm)
04:16:09.779 T:2966649744 M:529539072 DEBUG: insert http://res.boxee.tv/titles/genres?type=movie&lang=en to the database (hcm)
04:16:09.781 T:2966649744 M:529539072 WARNING: CHttpCacheManager::UpdateRefMap negative reference count for url http://res.boxee.tv/titles/genres?type=movie&lang=en (hcm)
04:16:09.782 T:2966649744 M:529539072 DEBUG: BXGenresManager::SetMovieGenres, there was a change in the vector, sending update to the menu (genres)
04:16:09.784 T:2966649744 M:529539072 ERROR: CBoxeeBrowseMenuManager::ClearMenu - FAILED to find menu [id=mn_library_movies_genres] in MenuMap. [path=] (bm)
04:16:09.784 T:2964544400 M:529539072 DEBUG: update ref map. url http://res.boxee.tv/title/badwords new ref_count 0 progress 0 (hcm)
04:16:09.785 T:2964544400 M:529539072 DEBUG: insert http://res.boxee.tv/title/badwords to the database (hcm)
04:16:09.787 T:2964544400 M:529543168 WARNING: CHttpCacheManager::UpdateRefMap negative reference count for url http://res.boxee.tv/title/badwords (hcm)
04:16:10.120 T:2963491728 M:529555456 DEBUG: CHttpCacheManager::DoneCachingURL - about to delete http://app.boxee.tv/api/excluded_sources (hcm) from database
04:16:10.122 T:2963491728 M:529551360 DEBUG: CHttpCacheManager::UpdateRefMap Can not decrease ref count to new object http://app.boxee.tv/api/excluded_sources (hcm)
04:16:10.123 T:2963491728 M:529551360 DEBUG: RequestExcludedSourcesFromServerTask::DoWork - tag was found. [excludedSourcesStr=databazaar,mubi,vudu] (cf)
04:16:10.123 T:2969811856 M:529551360 DEBUG: CHttpCacheManager::DoneCachingURL - about to delete http://res.boxee.tv/titles/trailersections?lang=en (hcm) from database
04:16:10.125 T:2969811856 M:529547264 DEBUG: CHttpCacheManager::UpdateRefMap Can not decrease ref count to new object http://res.boxee.tv/titles/trailersections?lang=en (hcm)
04:16:10.127 T:2972969872 M:529547264 DEBUG: update ref map. url http://app.boxee.tv/appindex/dlink.dsm380/1.5.0?adult=no&geo=us®ionsku=US&serialnumber=QL011AA002986 new ref_count 0 progress 0 (hcm)
04:16:10.129 T:2972969872 M:529547264 DEBUG: insert http://app.boxee.tv/appindex/dlink.dsm380/1.5.0?adult=no&geo=us®ionsku=US&serialnumber=QL011AA002986 to the database (hcm)
04:16:10.131 T:2968755088 M:529547264 DEBUG: update ref map. url http://res.boxee.tv/titles/trailersections?lang=en new ref_count 1 progress 0 (hcm)
04:16:10.132 T:2968755088 M:529547264 DEBUG: CHttpCacheManager::StartCachingURL push http://res.boxee.tv/titles/trailersections?lang=en to m_references (hcm)
04:16:10.133 T:2970864528 M:529547264 DEBUG: update ref map. url http://res.boxee.tv/titles/genres?type=tv&lang=en new ref_count 0 progress 0 (hcm)
04:16:10.134 T:2970864528 M:529547264 DEBUG: insert http://res.boxee.tv/titles/genres?type=tv&lang=en to the database (hcm)
04:16:10.136 T:2970864528 M:529547264 WARNING: CHttpCacheManager::UpdateRefMap negative reference count for url http://res.boxee.tv/titles/genres?type=tv&lang=en (hcm)
04:16:10.137 T:2965597072 M:529547264 DEBUG: CHttpCacheManager::DoneCachingURL - about to delete http://res.boxee.tv/applications/categories?lang=en (hcm) from database
04:16:10.138 T:2965597072 M:529543168 DEBUG: CHttpCacheManager::UpdateRefMap Can not decrease ref count to new object http://res.boxee.tv/applications/categories?lang=en (hcm)
04:16:10.141 T:2970864528 M:529543168 DEBUG: BXGenresManager::SetTvGenres - there was a change in the vector. sending clear to the BrowseMenu (genres)
04:16:10.141 T:2970864528 M:529543168 ERROR: CBoxeeBrowseMenuManager::ClearMenu - FAILED to find menu [id=mn_library_shows_genres] in MenuMap. [path=] (bm)
04:16:10.152 T:2971917200 M:529391616 DEBUG: Boxee: 09/01/12 10:16:09.7885#DEBUG#bxqueuemanager.cpp:227(GetQueueSize)#BXQueueManager::GetQueueSize - for queueList [queueType=3=all] return [size=0] (queue)
04:16:10.153 T:2971917200 M:529391616 DEBUG: Boxee: 09/01/12 10:16:10.1533#DEBUG#bxqueuemanager.cpp:448(DoWork)#RequestQueueListFromServerTask::DoWork - for [typeId=3=all]. [lastRetCode=200][isLoaded=0][size=28][currSize=0] (queue)
04:16:10.153 T:2971917200 M:529391616 DEBUG: Boxee: 09/01/12 10:16:10.1537#DEBUG#bxqueuemanager.cpp:227(GetQueueSize)#BXQueueManager::GetQueueSize - for queueList [queueType=3=all] return [size=0] (queue)
04:16:10.154 T:2971917200 M:529391616 DEBUG: Boxee: 09/01/12 10:16:10.1543#DEBUG#bxqueuemanager.cpp:101(CopyQueueList)#BXQueueManager::CopyQueueList - going to copy queueList [queueType=3=all][size=28]. [currSize=0] (queue)
04:16:10.160 T:2971917200 M:529391616 DEBUG: Boxee: 09/01/12 10:16:10.1599#DEBUG#bxqueuemanager.cpp:462(DoWork)#RequestQueueListFromServerTask::DoWork - Exit function (queue)
04:16:10.160 T:3019094928 M:529391616 DEBUG: Initialize initialized Thumbnails manager. contains 1 files, average time 495099259
04:16:10.161 T:3019094928 M:529391616 INFO: //.boxee/UserData/profiles/kitachan/browser - check if it's a soft link and needs to be deleted (lstat 0) (file mode 16877)
04:16:10.162 T:3019094928 M:529395712 INFO: //.boxee/UserData/profiles/kitachan/Thumbnails - check if it's a soft link and needs to be deleted (lstat 0) (file mode 16877)
04:16:10.163 T:3019094928 M:529395712 INFO: //.boxee/UserData/Thumbnails - check if it's a soft link and needs to be deleted (lstat 0) (file mode 16877)
04:16:10.163 T:3019094928 M:529395712 INFO: //.boxee/UserData/apps - check if it's a soft link and needs to be deleted (lstat 0) (file mode 16877)
04:16:10.164 T:3019094928 M:529395712 ERROR: Failed to open file [//.boxee/UserData/profiles/kitachan/playbackhistory.dmp] for loading FileItemList (hs)
04:16:10.165 T:3019094928 M:529395712 ERROR: Failed to load the ItemsHistoryList from file, clearing file (bh)
04:16:10.165 T:3019094928 M:529395712 DEBUG: After loading of ItemsHistoryList from file [size=0]. Event was sent (bh)
04:16:10.166 T:3019094928 M:529395712 ERROR: Failed to open file [//.boxee/UserData/profiles/kitachan/browserhistory.dmp] for loading FileItemList (hs)
04:16:10.166 T:3019094928 M:529395712 ERROR: Failed to load the ItemsHistoryList from file, clearing file (bh)
04:16:10.498 T:3019094928 M:529424384 DEBUG: After loading of ItemsHistoryList from file [size=0]. Event was sent (bh)
04:16:10.499 T:3019094928 M:529424384 WARNING: Init rssfeeds.xml does not exist, RSS ticker will be disabled.
04:16:10.499 T:3019094928 M:529424384 WARNING: FAILED to initialize RSS Source Manager (login)
04:16:10.499 T:3019094928 M:529424384 DEBUG: CApplication::BoxeePostLoginInitializations - MetadataEngine.Enabled is enable (login)
04:16:10.502 T:2972969872 M:529424384 WARNING: CHttpCacheManager::UpdateRefMap negative reference count for url http://app.boxee.tv/appindex/dlink.dsm380/1.5.0?adult=no&geo=us®ionsku=US&serialnumber=QL011AA002986 (hcm)
04:16:10.504 T:2968755088 M:529424384 DEBUG: CHttpCacheManager::DoneCachingURL - about to delete http://res.boxee.tv/titles/trailersections?lang=en (hcm) from database
04:16:10.505 T:2968755088 M:529420288 DEBUG: CHttpCacheManager::RemoveFromRefMap remove url http://res.boxee.tv/titles/trailersections?lang=en (hcm)
04:16:10.506 T:2968755088 M:529420288 DEBUG: CHttpCacheManager::UpdateRefMap Can not decrease ref count to new object http://res.boxee.tv/titles/trailersections?lang=en (hcm)
04:16:10.507 T:2967702416 M:529420288 DEBUG: Boxee: 09/01/12 10:16:10.1685#DEBUG#bxappboxmanager.cpp:633(DoWork)#RequestAppBoxPopularitiesListFromServerTask::DoWork - After LoadFromURL. [lastRetCode=200][isLoaded=0][size=488][currSize=0] (appbox)(popu)
04:16:10.508 T:2967702416 M:529420288 DEBUG: Boxee: 09/01/12 10:16:10.5079#DEBUG#bxappboxmanager.cpp:302(CopyAppBoxPopularitiesList)#BXAppBoxManager::CopyAppBoxPopularitiesList - going to copy appBoxPopularitiesList [size=488]. [currSize=0] (appbox)(popu)
04:16:10.515 T:2969811856 M:529420288 DEBUG: Boxee: 09/01/12 10:16:10.5096#DEBUG#bxtrailersmanager.cpp:184(DoWork)#CRequestVideoTrailersListFromServerTask::DoWork - added new section: id=[LIBRARY], text=[All], path=[] (haim)
04:16:10.515 T:2969811856 M:529420288 DEBUG: Boxee: 09/01/12 10:16:10.5156#DEBUG#bxtrailersmanager.cpp:184(DoWork)#CRequestVideoTrailersListFromServerTask::DoWork - added new section: id=[GENRES], text=[Genres], path=[boxee://movies/genres] (haim)
04:16:10.516 T:2969811856 M:529420288 DEBUG: Boxee: 09/01/12 10:16:10.5160#DEBUG#bxtrailersmanager.cpp:184(DoWork)#CRequestVideoTrailersListFromServerTask::DoWork - added new section: id=[COMING_SOON], text=[Coming Soon], path=[] (haim)
04:16:10.516 T:2969811856 M:529420288 DEBUG: Boxee: 09/01/12 10:16:10.5163#DEBUG#bxtrailersmanager.cpp:184(DoWork)#CRequestVideoTrailersListFromServerTask::DoWork - added new section: id=[BOXOFFICE_TOP], text=[Box Office], path=[] (haim)
04:16:10.516 T:2969811856 M:529420288 DEBUG: BXTrailerSectionsManager::SetMovieTrailers, there was a change in the vector, sending update to the menu (trailers update)
04:16:10.516 T:2969811856 M:529420288 ERROR: CBoxeeBrowseMenuManager::ClearMenu - FAILED to find menu [id=mn_library_movies_trailers] in MenuMap. [path=] (bm)
04:16:10.517 T:3019094928 M:529424384 DEBUG: Boxee: 09/01/12 10:16:10.5173#DEBUG#bxmetadataengine.cpp:85(Start)#Boxee Metadata Engine, is starting... (resolver)
04:16:10.519 T:2968755088 M:529424384 DEBUG: Boxee: 09/01/12 10:16:10.5189#DEBUG#bxtrailersmanager.cpp:184(DoWork)#CRequestVideoTrailersListFromServerTask::DoWork - added new section: id=[LIBRARY], text=[All], path=[] (haim)
04:16:10.519 T:2968755088 M:529424384 DEBUG: Boxee: 09/01/12 10:16:10.5195#DEBUG#bxtrailersmanager.cpp:184(DoWork)#CRequestVideoTrailersListFromServerTask::DoWork - added new section: id=[GENRES], text=[Genres], path=[boxee://movies/genres] (haim)
04:16:10.519 T:2968755088 M:529424384 DEBUG: Boxee: 09/01/12 10:16:10.5198#DEBUG#bxtrailersmanager.cpp:184(DoWork)#CRequestVideoTrailersListFromServerTask::DoWork - added new section: id=[COMING_SOON], text=[Coming Soon], path=[] (haim)
04:16:10.520 T:2968755088 M:529424384 DEBUG: Boxee: 09/01/12 10:16:10.5201#DEBUG#bxtrailersmanager.cpp:184(DoWork)#CRequestVideoTrailersListFromServerTask::DoWork - added new section: id=[BOXOFFICE_TOP], text=[Box Office], path=[] (haim)
04:16:10.521 T:3019094928 M:529424384 DEBUG: Boxee: 09/01/12 10:16:10.5214#DEBUG#bxbgprocess.cpp:180(Start)#bg process [name=Video Folder Processor] initialized. [m_lazy=1=TRUE] -> MaxNumOfWorkingThreads was set to [2]
04:16:10.522 T:3019094928 M:529424384 DEBUG: Boxee: 09/01/12 10:16:10.5219#DEBUG#bxbgprocess.cpp:180(Start)#bg process [name=Audio Folder Processor] initialized. [m_lazy=1=TRUE] -> MaxNumOfWorkingThreads was set to [1]
04:16:10.522 T:3019094928 M:529424384 DEBUG: Boxee: 09/01/12 10:16:10.5222#DEBUG#bxbgprocess.cpp:180(Start)#bg process [name=Album Metadata Processor] initialized. [m_lazy=1=TRUE] -> MaxNumOfWorkingThreads was set to [1]
04:16:10.853 T:2962439056 M:529416192 DEBUG: Boxee: 09/01/12 10:16:10.8534#DEBUG#bxmetadataengine.cpp:373(EngineThread)#BXMetadataEngine::EngineThread, Boxee Metadata Engine thread starting....(resolver)
04:16:10.854 T:2962439056 M:529416192 DEBUG: Boxee: 09/01/12 10:16:10.8540#DEBUG#bxmetadataengine.cpp:379(EngineThread)#BXMetadataEngine::EngineThread, processing folders....(resolver)
04:16:10.860 T:2967702416 M:529416192 DEBUG: Boxee: 09/01/12 10:16:10.8599#DEBUG#bxappboxmanager.cpp:646(DoWork)#RequestAppBoxPopularitiesListFromServerTask::DoWork - Exit function (appbox)(popu)
04:16:10.863 T:2972969872 M:529416192 DEBUG: Boxee: 09/01/12 10:16:10.8632#DEBUG#bxappboxmanager.cpp:576(DoWork)#RequestAppBoxBoxeeApplicationsListFromServerTask::DoWork - After LoadFromURL. [lastRetCode=200][isLoaded=0][size=263][currSize=0] (appbox)
04:16:10.865 T:2972969872 M:529416192 DEBUG: Boxee: 09/01/12 10:16:10.8653#DEBUG#bxappboxmanager.cpp:76(CopyAppBoxBoxeeApplicationsList)#BXAppBoxManager::CopyAppBoxBoxeeApplicationsList - going to copy appBoxBoxeeApplicationsList [size=263]. [currSize=0] (appbox)
04:16:10.877 T:2972969872 M:529416192 DEBUG: Boxee: 09/01/12 10:16:10.8773#DEBUG#bxappboxmanager.cpp:589(DoWork)#RequestAppBoxBoxeeApplicationsListFromServerTask::DoWork - Exit function (appbox)
04:16:10.882 T:3019094928 M:529416192 INFO: Boxee File Scanner, Started (filescanner)
04:16:10.888 T:2961386384 M:529408000 DEBUG: thread start, auto delete: 0
04:16:10.888 T:2961386384 M:529408000 DEBUG: CFileScanner::Process - wait for 60000 ms before start (fs)
04:16:10.890 T:3019094928 M:529408000 DEBUG: update ref map. url http://app.boxee.tv/api/getsocialservices?format=json new ref_count 1 progress 0 (hcm)
04:16:10.891 T:3019094928 M:529408000 DEBUG: CHttpCacheManager::StartCachingURL push http://app.boxee.tv/api/getsocialservices?format=json to m_references (hcm)
04:16:11.118 T:3019094928 M:529412096 DEBUG: CHttpCacheManager::DoneCachingURL - about to delete http://app.boxee.tv/api/getsocialservices?format=json (hcm) from database
04:16:11.119 T:3019094928 M:529408000 DEBUG: CHttpCacheManager::RemoveFromRefMap remove url http://app.boxee.tv/api/getsocialservices?format=json (hcm)
04:16:11.119 T:3019094928 M:529412096 DEBUG: CHttpCacheManager::UpdateRefMap Can not decrease ref count to new object http://app.boxee.tv/api/getsocialservices?format=json (hcm)
04:16:11.121 T:3019094928 M:529412096 DEBUG: CGUIDialogBoxeeShare::RequestSocialServices::PrecacheImages, caching social services image: [ImageURL=http://www.boxee.tv/htdocs/client/svc/311-button-off.png] (share)
04:16:11.122 T:2960333712 M:529403904 DEBUG: thread start, auto delete: 1
04:16:11.131 T:3019094928 M:529403904 DEBUG: CGUIDialogBoxeeShare::RequestSocialServices::PrecacheImages, caching social services image: [ImageURL=http://www.boxee.tv/htdocs/client/svc/311-button-on.png] (share)
04:16:11.140 T:3019094928 M:529403904 DEBUG: CGUIDialogBoxeeShare::RequestSocialServices::PrecacheImages, caching social services image: [ImageURL=http://www.boxee.tv/htdocs/client/svc/413-button-off.png] (share)
04:16:11.140 T:3019094928 M:529403904 DEBUG: CGUIDialogBoxeeShare::RequestSocialServices::PrecacheImages, caching social services image: [ImageURL=http://www.boxee.tv/htdocs/client/svc/413-button-on.png] (share)
04:16:11.141 T:3019094928 M:529403904 DEBUG: CGUIDialogBoxeeShare::RequestSocialServices::PrecacheImages, caching social services image: [ImageURL=http://www.boxee.tv/htdocs/client/svc/323-button-off.png] (share)
04:16:11.141 T:3019094928 M:529403904 DEBUG: CGUIDialogBoxeeShare::RequestSocialServices::PrecacheImages, caching social services image: [ImageURL=http://www.boxee.tv/htdocs/client/svc/323-button-on.png] (share)
04:16:11.141 T:3019094928 M:529403904 DEBUG: CBoxeeSocialUtilsManager::GetSocialServicesStatus - call to get SocialServices status from server returned [jobResult=1]
04:16:11.142 T:3019094928 M:529403904 DEBUG: CBoxeeSocialUtilsManager::GetSocialServicesStatus - after parse SocialServices to FIleItemList. [NumOfSocialServices=3]
04:16:11.159 T:3019094928 M:529403904 DEBUG: Boxee: 09/01/12 10:16:11.1595#DEBUG#bxuserprofiledatabase.cpp:29(TablesExist)#File exists, check if tables are created
04:16:11.162 T:3019094928 M:529403904 DEBUG: Boxee: 09/01/12 10:16:11.1624#DEBUG#bxdatabase.cpp:402(TablesExist)#File exists, check if tables are created
04:16:11.164 T:3019094928 M:529403904 DEBUG: Boxee: 09/01/12 10:16:11.1646#DEBUG#bxdatabase.cpp:412(TablesExist)#Tables are ok. version: 11
04:16:11.165 T:3019094928 M:529403904 DEBUG: Boxee: 09/01/12 10:16:11.1653#DEBUG#GUIWindowStateDatabase.cpp:43(TablesExist)#File exists, check if tables are created
04:16:11.166 T:3019094928 M:529403904 DEBUG: CGUIWindowStateDatabase, //.boxee/UserData/profiles/kitachan/Database/boxee_window_state.db is in version 11
04:16:11.183 T:3019094928 M:529403904 DEBUG: Boxee: 09/01/12 10:16:11.1715#DEBUG#bxbgprocess.cpp:180(Start)#bg process [name=] initialized. [m_lazy=1=TRUE] -> MaxNumOfWorkingThreads was set to [1]
04:16:11.183 T:2959281040 M:529395712 DEBUG: thread start, auto delete: 0
04:16:11.184 T:2958228368 M:529387520 DEBUG: thread start, auto delete: 1
04:16:11.184 T:2958228368 M:529387520 DEBUG: Scanning interfaces for shares
04:16:11.184 T:2958228368 M:529387520 DEBUG: Interface 5C:D9:98:80:48:F0, connected
04:16:11.191 T:3019094928 M:529387520 INFO: removing tempfiles
04:16:11.192 T:3019094928 M:529387520 NOTICE: initialize done
04:16:11.197 T:3019094928 M:529387520 DEBUG: CBoxeeBrowseMenuManager::BuildMenu - [1] - adding button [label=Movie Library][path=boxeeui://movies/?category=all][id=bt_library_movies_all][isseparator=0] to menu [mn_library_movies] (bm)
04:16:11.198 T:3019094928 M:529387520 DEBUG: CBoxeeBrowseMenuManager::BuildMenu - [2] - adding button [label=Genres][path=][id=bt_library_movies_genres][isseparator=0] to menu [mn_library_movies] (bm)
04:16:11.198 T:3019094928 M:529387520 DEBUG: CBoxeeBrowseMenuManager::BuildMenu - [3] - adding button [label=Channels][path=][id=bt_library_movies_providers][isseparator=0] to menu [mn_library_movies] (bm)
04:16:11.199 T:3019094928 M:529387520 DEBUG: CBoxeeBrowseMenuManager::BuildMenu - [4] - adding button [label=][path=][id=bt_separator][isseparator=1] to menu [mn_library_movies] (bm)
04:16:11.199 T:3019094928 M:529391616 DEBUG: CBoxeeBrowseMenuManager::BuildMenu - [5] - adding button [label=Trailers][path=boxeeui://movies/?category=trailers][id=bt_library_movies_trailers][isseparator=0] to menu [mn_library_movies] (bm)
04:16:11.200 T:3019094928 M:529391616 DEBUG: CBoxeeBrowseMenuManager::BuildMenu - [6] - adding button [label=My Movies][path=boxeeui://movies/?category=local][id=bt_library_local_movies][isseparator=0] to menu [mn_library_movies] (bm)
04:16:11.200 T:3019094928 M:529391616 DEBUG: CBoxeeBrowseMenuManager::BuildMenu - [1] - adding button [label=My Movies][path=boxeeui://movies/?category=local][id=bt_local_movies_all][isseparator=0] to menu [mn_local_movies] (bm)
04:16:11.200 T:3019094928 M:529391616 DEBUG: CBoxeeBrowseMenuManager::BuildMenu - [2] - adding button [label=Genres][path=][id=bt_local_movies_genres][isseparator=0] to menu [mn_local_movies] (bm)
04:16:11.201 T:3019094928 M:529391616 DEBUG: CBoxeeBrowseMenuManager::BuildMenu - [3] - adding button [label=Sources][path=][id=bt_local_movies_sources][isseparator=0] to menu [mn_local_movies] (bm)
04:16:11.201 T:3019094928 M:529391616 DEBUG: CBoxeeBrowseMenuManager::BuildMenu - [4] - adding button [label=Unwatched][path=boxeeui://movies/?category=local&unwatched=true][id=bt_local_movies_unwatched][isseparator=0] to menu [mn_local_movies] (bm)
04:16:11.201 T:3019094928 M:529391616 DEBUG: CBoxeeBrowseMenuManager::BuildMenu - [5] - adding button [label=][path=][id=bt_separator][isseparator=1] to menu [mn_local_movies] (bm)
04:16:11.534 T:3019094928 M:529367040 DEBUG: CBoxeeBrowseMenuManager::BuildMenu - [6] - adding button [label=Movie Library][path=boxeeui://movies/?category=all][id=bt_local_library_movies_all][isseparator=0] to menu [mn_local_movies] (bm)
04:16:11.535 T:3019094928 M:529367040 DEBUG: CBoxeeBrowseMenuManager::BuildMenu - [1] - adding button [label=][path=][id=bt_separator][isseparator=1] to menu [mn_library_movies_trailers] (bm)
04:16:11.535 T:3019094928 M:529367040 DEBUG: CBoxeeBrowseMenuManager::BuildMenu - [2] - adding button [label=Movie Library][path=boxeeui://movies/?category=all][id=bt_trailers_library_movies][isseparator=0] to menu [mn_library_movies_trailers] (bm)
04:16:11.535 T:3019094928 M:529367040 DEBUG: CBoxeeBrowseMenuManager::BuildMenu - [3] - adding button [label=My Movies][path=boxeeui://movies/?category=local][id=bt_trailers_local_movies][isseparator=0] to menu [mn_library_movies_trailers] (bm)
04:16:11.536 T:3019094928 M:529367040 DEBUG: CBoxeeBrowseMenuManager::BuildMenu - [1] - adding button [label=Show Library][path=boxeeui://shows/?category=all][id=bt_library_shows_all][isseparator=0] to menu [mn_library_shows] (bm)
04:16:11.536 T:3019094928 M:529367040 DEBUG: CBoxeeBrowseMenuManager::BuildMenu - [2] - adding button [label=Genres][path=][id=bt_library_shows_genres][isseparator=0] to menu [mn_library_shows] (bm)
04:16:11.536 T:3019094928 M:529367040 DEBUG: CBoxeeBrowseMenuManager::BuildMenu - [3] - adding button [label=Channels][path=][id=bt_library_shows_providers][isseparator=0] to menu [mn_library_shows] (bm)
04:16:11.537 T:3019094928 M:529367040 DEBUG: CBoxeeBrowseMenuManager::BuildMenu - [4] - adding button [label=][path=][id=bt_separator][isseparator=1] to menu [mn_library_shows] (bm)
04:16:11.537 T:3019094928 M:529367040 DEBUG: CBoxeeBrowseMenuManager::BuildMenu - [5] - adding button [label=Favorites][path=boxeeui://shows/?category=favorite][id=bt_library_shows_favorite][isseparator=0] to menu [mn_library_shows] (bm)
04:16:11.538 T:3019094928 M:529367040 DEBUG: CBoxeeBrowseMenuManager::BuildMenu - [6] - adding button [label=My Shows][path=boxeeui://shows/?category=local][id=bt_library_shows_local][isseparator=0] to menu [mn_library_shows] (bm)
04:16:11.538 T:3019094928 M:529367040 DEBUG: CBoxeeBrowseMenuManager::BuildMenu - [1] - adding button [label=My Shows][path=boxeeui://shows/?category=local][id=bt_local_shows_all][isseparator=0] to menu [mn_local_shows] (bm)
04:16:11.539 T:3019094928 M:529367040 DEBUG: CBoxeeBrowseMenuManager::BuildMenu - [2] - adding button [label=Genres][path=][id=bt_local_shows_genres][isseparator=0] to menu [mn_local_shows] (bm)
04:16:11.539 T:3019094928 M:529371136 DEBUG: CBoxeeBrowseMenuManager::BuildMenu - [3] - adding button [label=][path=][id=bt_separator][isseparator=1] to menu [mn_local_shows] (bm)
04:16:11.539 T:3019094928 M:529371136 DEBUG: CBoxeeBrowseMenuManager::BuildMenu - [4] - adding button [label=Favorites][path=boxeeui://shows/?category=favorite][id=bt_local_shows_favorite][isseparator=0] to menu [mn_local_shows] (bm)
04:16:11.540 T:3019094928 M:529371136 DEBUG: CBoxeeBrowseMenuManager::BuildMenu - [5] - adding button [label=Show Library][path=boxeeui://shows/?category=all][id=bt_local_shows_library][isseparator=0] to menu [mn_local_shows] (bm)
04:16:11.540 T:3019094928 M:529371136 DEBUG: CBoxeeBrowseMenuManager::BuildMenu - [1] - adding button [label=Favorites][path=boxeeui://shows/?category=favorite][id=bt_favorite_shows][isseparator=0] to menu [mn_favorites_shows] (bm)
04:16:11.540 T:3019094928 M:529371136 DEBUG: CBoxeeBrowseMenuManager::BuildMenu - [2] - adding button [label=][path=][id=bt_separator][isseparator=1] to menu [mn_favorites_shows] (bm)
04:16:11.541 T:3019094928 M:529371136 DEBUG: CBoxeeBrowseMenuManager::BuildMenu - [3] - adding button [label=My Shows][path=boxeeui://shows/?category=local][id=bt_favorite_shows_local][isseparator=0] to menu [mn_favorites_shows] (bm)
04:16:11.541 T:3019094928 M:529371136 DEBUG: CBoxeeBrowseMenuManager::BuildMenu - [4] - adding button [label=Show Library][path=boxeeui://shows/?category=all][id=bt_favorite_shows_library][isseparator=0] to menu [mn_favorites_shows] (bm)
04:16:11.541 T:3019094928 M:529371136 DEBUG: CBoxeeBrowseMenuManager::BuildMenu - [1] - adding button [label=Artist][path=boxeeui://music/?category=artists][id=bt_music_by_artist][isseparator=0] to menu [mn_local_music_categories] (bm)
04:16:11.872 T:2955070352 M:529371136 DEBUG: thread start, auto delete: 1
04:16:11.872 T:2955070352 M:529371136 DEBUG: CDirectory::GetDirectory , calling g_directoryCache.GetDirectory with path: bms://all , items: 0 , retreiveAll: 0 (cache check)
04:16:11.873 T:2955070352 M:529371136 DEBUG: CDirectory::GetDirectory , g_directoryCache.GetDirectory returned false (cache check)
04:16:11.873 T:2955070352 M:529371136 DEBUG: CDirectory::GetDirectory , calling g_directoryCache.GetDirectory with path: zeroconf:// , items: 0 , retreiveAll: 0 (cache check)
04:16:11.873 T:2955070352 M:529371136 DEBUG: CDirectory::GetDirectory , g_directoryCache.GetDirectory returned false (cache check)
04:16:11.879 T:3026545552 M:529371136 DEBUG: CZeroconfBrowserAvahi::resolveCallback resolved service 'Ponyville (CIFS)' of type '_smb._tcp' in domain 'local':
04:16:11.882 T:2955070352 M:529371136 DEBUG: GetDirectory - Error getting bms://all
04:16:11.882 T:2955070352 M:529371136 DEBUG: Thread 2955070352 terminating (autodelete)
04:16:11.883 T:3019094928 M:529371136 DEBUG: CBoxeeBrowseMenuManager::BuildMenu - [2] - adding button [label=Album][path=boxeeui://music/?category=albums][id=bt_music_by_album][isseparator=0] to menu [mn_local_music_categories] (bm)
04:16:11.883 T:3019094928 M:529371136 DEBUG: CBoxeeBrowseMenuManager::BuildMenu - [1] - adding button [label=All][path=boxeeui://apps/?category=all][id=bt_apps_all][isseparator=0] to menu [mn_library_apps] (bm)
04:16:11.884 T:3019094928 M:529371136 DEBUG: CBoxeeBrowseMenuManager::BuildMenu - [2] - adding button [label=Favorites][path=boxeeui://apps/?category=favorite][id=bt_apps_favorite][isseparator=0] to menu [mn_library_apps] (bm)
04:16:11.884 T:3019094928 M:529371136 DEBUG: CBoxeeBrowseMenuManager::BuildMenu - [3] - adding button [label=Featured][path=boxeeui://apps/?category=featured&categoryfilter=99][id=bt_apps_featured][isseparator=0] to menu [mn_library_apps] (bm)
04:16:11.884 T:3019094928 M:529371136 DEBUG: CBoxeeBrowseMenuManager::BuildMenu - [4] - adding button [label=Categories][path=][id=bt_apps_categories][isseparator=0] to menu [mn_library_apps] (bm)
04:16:11.885 T:3019094928 M:529375232 DEBUG: CBoxeeBrowseMenuManager::BuildMenu - [5] - adding button [label=][path=][id=bt_separator][isseparator=1] to menu [mn_library_apps] (bm)
04:16:11.885 T:3019094928 M:529375232 DEBUG: CBoxeeBrowseMenuManager::BuildMenu - [6] - adding button [label=Repositories][path=boxeeui://apps/?category=repos][id=bt_apps_repositories][isseparator=0] to menu [mn_library_apps] (bm)
04:16:11.885 T:3019094928 M:529375232 DEBUG: CBoxeeBrowseMenuManager::BuildMenu - [1] - adding button [label=All][path=boxeeui://apps/?category=all][id=bt_apps_all][isseparator=0] to menu [mn_library_repository_apps] (bm)
04:16:11.886 T:3019094928 M:529375232 DEBUG: CBoxeeBrowseMenuManager::BuildMenu - [2] - adding button [label=Favorites][path=boxeeui://apps/?category=favorite][id=bt_apps_favorite][isseparator=0] to menu [mn_library_repository_apps] (bm)
04:16:11.886 T:3019094928 M:529375232 DEBUG: CBoxeeBrowseMenuManager::BuildMenu - [3] - adding button [label=Featured][path=boxeeui://apps/?category=featured&categoryfilter=99][id=bt_apps_featured][isseparator=0] to menu [mn_library_repository_apps] (bm)
04:16:11.886 T:3019094928 M:529375232 DEBUG: CBoxeeBrowseMenuManager::BuildMenu - [4] - adding button [label=Categories][path=][id=bt_apps_categories][isseparator=0] to menu [mn_library_repository_apps] (bm)
04:16:11.887 T:3019094928 M:529375232 DEBUG: CBoxeeBrowseMenuManager::BuildMenu - [5] - adding button [label=][path=][id=bt_separator][isseparator=1] to menu [mn_library_repository_apps] (bm)
